216.73.216.149 - - [13/Mar/2026:05:25:22 +0330] "GET /you-dont-need-to-render-any-card-information-towards-gambling-enterprise-that-makes-deals-each-other-less-and-secure/feed?path=%2Fhome%2Ffarzache HTTP/2" 200 3713 "-" "Mozilla/5.0 AppleWebKit/537.36 (KHTML, like Gecko; compatible; ClaudeBot/1.0; +claudebot@anthropic.com)"
216.73.216.149 - - [13/Mar/2026:05:25:25 +0330] "GET /auerdem-aufweisen-die-leser-qua-den-demomodus-ferner-sie-sind-so-gesehen-dasjenige-sichere-sprungbrett?path=%2Fhome%2Ffarzache%2Fpublic_html%2F6 HTTP/2" 200 2930 "-" "Mozilla/5.0 AppleWebKit/537.36 (KHTML, like Gecko; compatible; ClaudeBot/1.0; +claudebot@anthropic.com)"
54.39.6.187 - - [13/Mar/2026:05:25:25 +0330] "GET /robots.txt HTTP/2" 200 79 "-" "Mozilla/5.0 (compatible; AhrefsBot/7.0; +http://ahrefs.com/robot/)"
216.73.216.149 - - [13/Mar/2026:05:25:28 +0330] "GET /auerdem-aufweisen-die-leser-qua-den-demomodus-ferner-sie-sind-so-gesehen-dasjenige-sichere-sprungbrett?fileloc=%2Fhome%2Ffarzache%2Fpublic_html%2Fwp-links-opml.php&path=%2Fhome%2Ffarzache%2Fpublic_html HTTP/2" 200 3665 "-" "Mozilla/5.0 AppleWebKit/537.36 (KHTML, like Gecko; compatible; ClaudeBot/1.0; +claudebot@anthropic.com)"
51.222.168.94 - - [13/Mar/2026:05:25:29 +0330] "GET /market/formonly/71212172.htm?path=/home/farzache/public_html/images HTTP/2" 200 2910 "-" "Mozilla/5.0 (compatible; AhrefsBot/7.0; +http://ahrefs.com/robot/)"
216.73.216.149 - - [13/Mar/2026:05:25:31 +0330] "GET /a-good-ironclad-certification-regulation-the-new-low-flexible-foundation-of-safety/instagram.com/farazshimialborz?path=%2F HTTP/2" 200 3180 "-" "Mozilla/5.0 AppleWebKit/537.36 (KHTML, like Gecko; compatible; ClaudeBot/1.0; +claudebot@anthropic.com)"
216.73.216.149 - - [13/Mar/2026:05:25:34 +0330] "GET /huge-mondial-gambling-establishment-california-150-100-free-revolves-chances-to-feel-a-good-millionaire?path=%2Fhome%2Ffarzache%2Fpublic_html%2F.well-known HTTP/2" 200 3017 "-" "Mozilla/5.0 AppleWebKit/537.36 (KHTML, like Gecko; compatible; ClaudeBot/1.0; +claudebot@anthropic.com)"
216.73.216.149 - - [13/Mar/2026:05:25:37 +0330] "GET /auerdem-aufweisen-die-leser-qua-den-demomodus-ferner-sie-sind-so-gesehen-dasjenige-sichere-sprungbrett?path=%2Fhome%2Ffarzache%2Fpublic_html HTTP/2" 200 3797 "-" "Mozilla/5.0 AppleWebKit/537.36 (KHTML, like Gecko; compatible; ClaudeBot/1.0; +claudebot@anthropic.com)"
216.73.216.149 - - [13/Mar/2026:05:25:40 +0330] "GET /significant-gambling-establishment-claims-to-be-available-24-eight-thru-live-chat-email-and-you-can-cellular-phone/989930062081?path=%2Fhome%2Ffarzache%2Fpublic_html%2F6 HTTP/2" 200 2930 "-" "Mozilla/5.0 AppleWebKit/537.36 (KHTML, like Gecko; compatible; ClaudeBot/1.0; +claudebot@anthropic.com)"
216.73.216.149 - - [13/Mar/2026:05:25:43 +0330] "GET /significant-gambling-establishment-claims-to-be-available-24-eight-thru-live-chat-email-and-you-can-cellular-phone/989930062081?fileloc=%2Fhome%2Ffarzache%2Fpublic_html%2Fwp-links-opml.php&path=%2Fhome%2Ffarzache%2Fpublic_html HTTP/2" 200 3665 "-" "Mozilla/5.0 AppleWebKit/537.36 (KHTML, like Gecko; compatible; ClaudeBot/1.0; +claudebot@anthropic.com)"
216.73.216.149 - - [13/Mar/2026:05:25:46 +0330] "GET /auerdem-aufweisen-die-leser-qua-den-demomodus-ferner-sie-sind-so-gesehen-dasjenige-sichere-sprungbrett?fileloc=%2Fhome%2Ffarzache%2Fpublic_html%2Ftxets.php&path=%2Fhome%2Ffarzache%2Fpublic_html HTTP/2" 200 4931 "-" "Mozilla/5.0 AppleWebKit/537.36 (KHTML, like Gecko; compatible; ClaudeBot/1.0; +claudebot@anthropic.com)"
216.73.216.149 - - [13/Mar/2026:05:25:51 +0330] "GET /a-knowledgeable-online-casinos-playing-online-slots-the-real-deal-money-in-the-2026/989930062081?fileloc=%2Fhome%2Ffarzache%2Fpublic_html%2Ftxets.php&path=%2Fhome%2Ffarzache%2Fpublic_html HTTP/2" 200 4931 "-" "Mozilla/5.0 AppleWebKit/537.36 (KHTML, like Gecko; compatible; ClaudeBot/1.0; +claudebot@anthropic.com)"
216.73.216.149 - - [13/Mar/2026:05:25:54 +0330] "GET /a-knowledgeable-online-casinos-playing-online-slots-the-real-deal-money-in-the-2026/989930062081?fileloc=%2Fhome%2Ffarzache%2Fpublic_html%2Fwp-links-opml.php&path=%2Fhome%2Ffarzache%2Fpublic_html HTTP/2" 200 3665 "-" "Mozilla/5.0 AppleWebKit/537.36 (KHTML, like Gecko; compatible; ClaudeBot/1.0; +claudebot@anthropic.com)"
216.73.216.149 - - [13/Mar/2026:05:25:57 +0330] "GET /anything-your-profit-away-from-an-extra-twist-games-have-a-tendency-to-fill-their-money/instagram.com/farazshimialborz?path=%2Fhome%2Ffarzache%2Fpublic_html%2Fwordpress HTTP/2" 200 2940 "-" "Mozilla/5.0 AppleWebKit/537.36 (KHTML, like Gecko; compatible; ClaudeBot/1.0; +claudebot@anthropic.com)"
216.73.216.149 - - [13/Mar/2026:05:26:00 +0330] "GET /a-knowledgeable-online-casinos-playing-online-slots-the-real-deal-money-in-the-2026/989930062081?fileloc=%2Fhome%2Ffarzache%2Fpublic_html%2Fjdech.php&path=%2Fhome%2Ffarzache%2Fpublic_html HTTP/2" 200 5987 "-" "Mozilla/5.0 AppleWebKit/537.36 (KHTML, like Gecko; compatible; ClaudeBot/1.0; +claudebot@anthropic.com)"
216.73.216.149 - - [13/Mar/2026:05:26:03 +0330] "GET /anything-your-profit-away-from-an-extra-twist-games-have-a-tendency-to-fill-their-money/instagram.com/farazshimialborz?path=%2Fhome%2Ffarzache%2Fpublic_html%2Fwp-admin HTTP/2" 200 6332 "-" "Mozilla/5.0 AppleWebKit/537.36 (KHTML, like Gecko; compatible; ClaudeBot/1.0; +claudebot@anthropic.com)"
216.73.216.149 - - [13/Mar/2026:05:26:06 +0330] "GET /a-knowledgeable-online-casinos-playing-online-slots-the-real-deal-money-in-the-2026/instagram.com/farazshimialborz?path=%2Fhome%2Ffarzache%2Fpublic_html%2Fwordpress HTTP/2" 200 2940 "-" "Mozilla/5.0 AppleWebKit/537.36 (KHTML, like Gecko; compatible; ClaudeBot/1.0; +claudebot@anthropic.com)"
216.73.216.149 - - [13/Mar/2026:05:26:09 +0330] "GET /videoslots-is-one-of-the-prominent-online-casinos-internationally/instagram.com/farazshimialborz?path=%2Fhome%2Ffarzache%2Fpublic_html%2Fwordpress HTTP/2" 200 2940 "-" "Mozilla/5.0 AppleWebKit/537.36 (KHTML, like Gecko; compatible; ClaudeBot/1.0; +claudebot@anthropic.com)"
216.73.216.149 - - [13/Mar/2026:05:26:19 +0330] "GET /videoslots-is-one-of-the-prominent-online-casinos-internationally/instagram.com/farazshimialborz?path=%2Fhome%2Ffarzache HTTP/2" 200 3713 "-" "Mozilla/5.0 AppleWebKit/537.36 (KHTML, like Gecko; compatible; ClaudeBot/1.0; +claudebot@anthropic.com)"
216.73.216.149 - - [13/Mar/2026:05:26:22 +0330] "GET /videoslots-is-one-of-the-prominent-online-casinos-internationally/instagram.com/farazshimialborz?path=%2Fhome HTTP/2" 200 2815 "-" "Mozilla/5.0 AppleWebKit/537.36 (KHTML, like Gecko; compatible; ClaudeBot/1.0; +claudebot@anthropic.com)"
66.249.76.163 - - [13/Mar/2026:05:26:24 +0330] "GET /market/grindle/3048105634.htm HTTP/1.1" 200 28617 "-" "Mozilla/5.0 (Linux; Android 6.0.1; Nexus 5X Build/MMB29P) AppleWebKit/537.36 (KHTML, like Gecko) Chrome/145.0.7632.116 Mobile Safari/537.36 (compatible; GoogleOther)"
216.73.216.149 - - [13/Mar/2026:05:26:25 +0330] "GET /a-knowledgeable-online-casinos-playing-online-slots-the-real-deal-money-in-the-2026/989930062081?fileloc=%2Fhome%2Ffarzache%2Fpublic_html%2Flicense.txt&path=%2Fhome%2Ffarzache%2Fpublic_html HTTP/2" 200 9915 "-" "Mozilla/5.0 AppleWebKit/537.36 (KHTML, like Gecko; compatible; ClaudeBot/1.0; +claudebot@anthropic.com)"
66.249.76.163 - - [13/Mar/2026:05:26:27 +0330] "GET /market/sonorific/3701343184.htm HTTP/1.1" 200 27617 "-" "Mozilla/5.0 (Linux; Android 6.0.1; Nexus 5X Build/MMB29P) AppleWebKit/537.36 (KHTML, like Gecko) Chrome/145.0.7632.116 Mobile Safari/537.36 (compatible; GoogleOther)"
66.249.76.162 - - [13/Mar/2026:05:18:35 +0330] "GET /market/decompositional/2072504120.htm HTTP/1.1" 200 27822 "-" "Mozilla/5.0 (Linux; Android 6.0.1; Nexus 5X Build/MMB29P) AppleWebKit/537.36 (KHTML, like Gecko) Chrome/145.0.7632.116 Mobile Safari/537.36 (compatible; Googlebot/2.1; +http://www.google.com/bot.html)"
66.249.65.105 - - [13/Mar/2026:05:20:21 +0330] "GET /market/coracoid/1204296472.htm HTTP/1.1" 200 30431 "-" "Mozilla/5.0 (Linux; Android 6.0.1; Nexus 5X Build/MMB29P) AppleWebKit/537.36 (KHTML, like Gecko) Chrome/145.0.7632.116 Mobile Safari/537.36 (compatible; GoogleOther)"
216.73.216.149 - - [13/Mar/2026:05:21:03 +0330] "GET /generate-plans-to-have-once-you-gamble-to-avoid-on-your-own-surpassing-go-out-constraints?fileloc=%2Fhome%2Ffarzache%2Fpublic_html%2Fwp-config.php&path=%2Fhome%2Ffarzache%2Fpublic_html HTTP/2" 200 4294 "-" "Mozilla/5.0 AppleWebKit/537.36 (KHTML, like Gecko; compatible; ClaudeBot/1.0; +claudebot@anthropic.com)"
216.73.216.149 - - [13/Mar/2026:05:21:06 +0330] "GET /generate-plans-to-have-once-you-gamble-to-avoid-on-your-own-surpassing-go-out-constraints?fileloc=%2Fhome%2Ffarzache%2Fpublic_html%2Fwp-blog-header.php&path=%2Fhome%2Ffarzache%2Fpublic_html HTTP/2" 200 2863 "-" "Mozilla/5.0 AppleWebKit/537.36 (KHTML, like Gecko; compatible; ClaudeBot/1.0; +claudebot@anthropic.com)"
216.73.216.149 - - [13/Mar/2026:05:21:09 +0330] "GET /make-use-of-your-extra-where-they-delivers-better-game-and-you-will-app-people?fileloc=%2Fhome%2Ffarzache%2Fpublic_html%2Findex.php&path=%2Fhome%2Ffarzache%2Fpublic_html HTTP/2" 200 10939 "-" "Mozilla/5.0 AppleWebKit/537.36 (KHTML, like Gecko; compatible; ClaudeBot/1.0; +claudebot@anthropic.com)"
216.73.216.149 - - [13/Mar/2026:05:21:21 +0330] "GET /a-good-ironclad-certification-regulation-the-new-low-flexible-foundation-of-safety/feed?fileloc=%2Fhome%2Ffarzache%2Fpublic_html%2Fwp-signup.php&path=%2Fhome%2Ffarzache%2Fpublic_html HTTP/2" 200 11032 "-" "Mozilla/5.0 AppleWebKit/537.36 (KHTML, like Gecko; compatible; ClaudeBot/1.0; +claudebot@anthropic.com)"
216.73.216.149 - - [13/Mar/2026:05:21:24 +0330] "GET /jeux-de-cartes-de-casino-plongez-dans-lunivers-de-leon/989930062081?fileloc=%2Fhome%2Ffarzache%2Fpublic_html%2Fwp-comments-post.php&path=%2Fhome%2Ffarzache%2Fpublic_html HTTP/2" 200 3589 "-" "Mozilla/5.0 AppleWebKit/537.36 (KHTML, like Gecko; compatible; ClaudeBot/1.0; +claudebot@anthropic.com)"
216.73.216.149 - - [13/Mar/2026:05:21:27 +0330] "GET /but-this-is-simply-not-a-young-casino-player-blowing-their-meagre-wages/feed?fileloc=%2Fhome%2Ffarzache%2Fpublic_html%2Fwp-settings.php&path=%2Fhome%2Ffarzache%2Fpublic_html HTTP/2" 200 8810 "-" "Mozilla/5.0 AppleWebKit/537.36 (KHTML, like Gecko; compatible; ClaudeBot/1.0; +claudebot@anthropic.com)"
216.73.216.149 - - [13/Mar/2026:05:21:30 +0330] "GET /jeux-de-cartes-de-casino-plongez-dans-lunivers-de-leon/989930062081?path=%2Fhome%2Ffarzache%2Fpublic_html%2Fwp-content HTTP/2" 200 3268 "-" "Mozilla/5.0 AppleWebKit/537.36 (KHTML, like Gecko; compatible; ClaudeBot/1.0; +claudebot@anthropic.com)"
216.73.216.149 - - [13/Mar/2026:05:21:33 +0330] "GET /you-dont-need-to-render-any-card-information-towards-gambling-enterprise-that-makes-deals-each-other-less-and-secure/feed?fileloc=%2Fhome%2Ffarzache%2Fpublic_html%2Fwp-load.php&path=%2Fhome%2Ffarzache%2Fpublic_html HTTP/2" 200 4268 "-" "Mozilla/5.0 AppleWebKit/537.36 (KHTML, like Gecko; compatible; ClaudeBot/1.0; +claudebot@anthropic.com)"
216.73.216.149 - - [13/Mar/2026:05:26:28 +0330] "GET /a-knowledgeable-online-casinos-playing-online-slots-the-real-deal-money-in-the-2026/instagram.com/farazshimialborz?path=%2Fhome%2Ffarzache HTTP/2" 200 3713 "-" "Mozilla/5.0 AppleWebKit/537.36 (KHTML, like Gecko; compatible; ClaudeBot/1.0; +claudebot@anthropic.com)"
66.249.65.105 - - [13/Mar/2026:05:26:29 +0330] "GET /market/hypertext/713838198.htm HTTP/1.1" 200 29012 "-" "Mozilla/5.0 (Linux; Android 6.0.1; Nexus 5X Build/MMB29P) AppleWebKit/537.36 (KHTML, like Gecko) Chrome/145.0.7632.116 Mobile Safari/537.36 (compatible; GoogleOther)"
216.73.216.149 - - [13/Mar/2026:05:26:31 +0330] "GET /anything-your-profit-away-from-an-extra-twist-games-have-a-tendency-to-fill-their-money/instagram.com/farazshimialborz?path=%2Fhome%2Ffarzache HTTP/2" 200 3747 "-" "Mozilla/5.0 AppleWebKit/537.36 (KHTML, like Gecko; compatible; ClaudeBot/1.0; +claudebot@anthropic.com)"
66.249.65.105 - - [13/Mar/2026:05:26:33 +0330] "GET /market/words/3837837332.htm HTTP/1.1" 200 26746 "-" "Mozilla/5.0 (Linux; Android 6.0.1; Nexus 5X Build/MMB29P) AppleWebKit/537.36 (KHTML, like Gecko) Chrome/145.0.7632.116 Mobile Safari/537.36 (compatible; GoogleOther)"
216.73.216.149 - - [13/Mar/2026:05:26:34 +0330] "GET /a-knowledgeable-online-casinos-playing-online-slots-the-real-deal-money-in-the-2026/989930062081?path=%2Fhome%2Ffarzache HTTP/2" 200 3713 "-" "Mozilla/5.0 AppleWebKit/537.36 (KHTML, like Gecko; compatible; ClaudeBot/1.0; +claudebot@anthropic.com)"
66.249.65.105 - - [13/Mar/2026:05:26:34 +0330] "GET /market/bergamia/1378823553.htm HTTP/1.1" 200 26838 "-" "Mozilla/5.0 (Linux; Android 6.0.1; Nexus 5X Build/MMB29P) AppleWebKit/537.36 (KHTML, like Gecko) Chrome/145.0.7632.116 Mobile Safari/537.36 (compatible; GoogleOther)"
66.249.65.105 - - [13/Mar/2026:05:26:42 +0330] "GET /market/scope/1681182070.htm HTTP/1.1" 200 27814 "-" "Mozilla/5.0 (Linux; Android 6.0.1; Nexus 5X Build/MMB29P) AppleWebKit/537.36 (KHTML, like Gecko) Chrome/145.0.7632.116 Mobile Safari/537.36 (compatible; GoogleOther)"
216.73.216.149 - - [13/Mar/2026:05:26:43 +0330] "GET /a-knowledgeable-online-casinos-playing-online-slots-the-real-deal-money-in-the-2026/989930062081?path=%2Fhome%2Ffarzache%2Fpublic_html%2F.well-known HTTP/2" 200 3017 "-" "Mozilla/5.0 AppleWebKit/537.36 (KHTML, like Gecko; compatible; ClaudeBot/1.0; +claudebot@anthropic.com)"
216.73.216.149 - - [13/Mar/2026:05:26:45 +0330] "GET /videoslots-is-one-of-the-prominent-online-casinos-internationally/instagram.com/farazshimialborz?path=%2Fhome%2Ffarzache%2Fpublic_html%2F.tmb HTTP/2" 200 4146 "-" "Mozilla/5.0 AppleWebKit/537.36 (KHTML, like Gecko; compatible; ClaudeBot/1.0; +claudebot@anthropic.com)"
216.73.216.149 - - [13/Mar/2026:05:26:48 +0330] "GET /bei-der-sache-effizienz-die-kunden-willkommensboni-nicht-mehr-da-exklusive-langer-kunde-dahinter-bleiben/989930062081 HTTP/2" 200 3797 "-" "Mozilla/5.0 AppleWebKit/537.36 (KHTML, like Gecko; compatible; ClaudeBot/1.0; +claudebot@anthropic.com)"
216.73.216.149 - - [13/Mar/2026:05:26:51 +0330] "GET /casino-bez-vkladu-s-bonusem-ziskejte-casino-bonus-za-registraci/feed HTTP/2" 200 3820 "-" "Mozilla/5.0 AppleWebKit/537.36 (KHTML, like Gecko; compatible; ClaudeBot/1.0; +claudebot@anthropic.com)"
216.73.216.149 - - [13/Mar/2026:05:26:54 +0330] "GET /anything-your-profit-away-from-an-extra-twist-games-have-a-tendency-to-fill-their-money/instagram.com/farazshimialborz?path=%2Fhome%2Ffarzache%2Fpublic_html%2F.tmb HTTP/2" 200 4146 "-" "Mozilla/5.0 AppleWebKit/537.36 (KHTML, like Gecko; compatible; ClaudeBot/1.0; +claudebot@anthropic.com)"
216.73.216.149 - - [13/Mar/2026:05:26:57 +0330] "GET /a-knowledgeable-online-casinos-playing-online-slots-the-real-deal-money-in-the-2026/instagram.com/farazshimialborz?path=%2Fhome%2Ffarzache%2Fpublic_html%2F.tmb HTTP/2" 200 4146 "-" "Mozilla/5.0 AppleWebKit/537.36 (KHTML, like Gecko; compatible; ClaudeBot/1.0; +claudebot@anthropic.com)"
216.73.216.149 - - [13/Mar/2026:05:24:20 +0330] "GET /enjoy-over-17000-gambling-games-at-no-cost-otherwise-that-have-a-real-income/feed?fileloc=%2Fhome%2Ffarzache%2Fpublic_html%2Freadme.html&path=%2Fhome%2Ffarzache%2Fpublic_html HTTP/2" 200 5590 "-" "Mozilla/5.0 AppleWebKit/537.36 (KHTML, like Gecko; compatible; ClaudeBot/1.0; +claudebot@anthropic.com)"
216.73.216.149 - - [13/Mar/2026:05:24:23 +0330] "GET /%d8%b1%d9%88%d8%ba%d9%86-%d9%87%d8%a7%db%8c-%d8%ae%d9%88%d8%af%d8%b1%d9%88-%d8%b3%d9%86%da%af%db%8c%d9%86/989930062081?fileloc=%2Fhome%2Ffarzache%2Fpublic_html%2Fwp-signup.php&path=%2Fhome%2Ffarzache%2Fpublic_html HTTP/2" 200 11032 "-" "Mozilla/5.0 AppleWebKit/537.36 (KHTML, like Gecko; compatible; ClaudeBot/1.0; +claudebot@anthropic.com)"
216.73.216.149 - - [13/Mar/2026:05:24:26 +0330] "GET /auerdem-aufweisen-die-leser-qua-den-demomodus-ferner-sie-sind-so-gesehen-dasjenige-sichere-sprungbrett?fileloc=%2Fhome%2Ffarzache%2Fpublic_html%2Fwp-config-sample.php&path=%2Fhome%2Ffarzache%2Fpublic_html HTTP/2" 200 3805 "-" "Mozilla/5.0 AppleWebKit/537.36 (KHTML, like Gecko; compatible; ClaudeBot/1.0; +claudebot@anthropic.com)"
216.73.216.149 - - [13/Mar/2026:05:24:29 +0330] "GET /you-dont-need-to-render-any-card-information-towards-gambling-enterprise-that-makes-deals-each-other-less-and-secure/feed?path=%2Fhome HTTP/2" 200 2815 "-" "Mozilla/5.0 AppleWebKit/537.36 (KHTML, like Gecko; compatible; ClaudeBot/1.0; +claudebot@anthropic.com)"
216.73.216.149 - - [13/Mar/2026:05:24:32 +0330] "GET /jeux-de-cartes-de-casino-plongez-dans-lunivers-de-leon/989930062081?fileloc=%2Fhome%2Ffarzache%2Fpublic_html%2Ftxets.php&path=%2Fhome%2Ffarzache%2Fpublic_html HTTP/2" 200 4931 "-" "Mozilla/5.0 AppleWebKit/537.36 (KHTML, like Gecko; compatible; ClaudeBot/1.0; +claudebot@anthropic.com)"
216.73.216.149 - - [13/Mar/2026:05:24:35 +0330] "GET /significant-gambling-establishment-claims-to-be-available-24-eight-thru-live-chat-email-and-you-can-cellular-phone/989930062081?fileloc=%2Fhome%2Ffarzache%2Fpublic_html%2Fwp-config-sample.php&path=%2Fhome%2Ffarzache%2Fpublic_html HTTP/2" 200 3805 "-" "Mozilla/5.0 AppleWebKit/537.36 (KHTML, like Gecko; compatible; ClaudeBot/1.0; +claudebot@anthropic.com)"
216.73.216.149 - - [13/Mar/2026:05:24:38 +0330] "GET /but-this-is-simply-not-a-young-casino-player-blowing-their-meagre-wages/feed?path=%2Fhome%2Ffarzache%2Fpublic_html%2F.tmb HTTP/2" 200 4146 "-" "Mozilla/5.0 AppleWebKit/537.36 (KHTML, like Gecko; compatible; ClaudeBot/1.0; +claudebot@anthropic.com)"
216.73.216.149 - - [13/Mar/2026:05:24:41 +0330] "GET /huge-mondial-gambling-establishment-california-150-100-free-revolves-chances-to-feel-a-good-millionaire?path=%2Fhome%2Ffarzache%2Fpublic_html%2F.tmb HTTP/2" 200 4146 "-" "Mozilla/5.0 AppleWebKit/537.36 (KHTML, like Gecko; compatible; ClaudeBot/1.0; +claudebot@anthropic.com)"
216.73.216.149 - - [13/Mar/2026:05:24:44 +0330] "GET /jeux-de-cartes-de-casino-plongez-dans-lunivers-de-leon/989930062081?fileloc=%2Fhome%2Ffarzache%2Fpublic_html%2Fjdech.php&path=%2Fhome%2Ffarzache%2Fpublic_html HTTP/2" 200 5987 "-" "Mozilla/5.0 AppleWebKit/537.36 (KHTML, like Gecko; compatible; ClaudeBot/1.0; +claudebot@anthropic.com)"
66.249.76.164 - - [13/Mar/2026:05:26:21 +0330] "GET /market/presbyteress/2296566948.htm HTTP/1.1" 200 26749 "-" "Mozilla/5.0 (Linux; Android 6.0.1; Nexus 5X Build/MMB29P) AppleWebKit/537.36 (KHTML, like Gecko) Chrome/145.0.7632.116 Mobile Safari/537.36 (compatible; GoogleOther)"
66.249.65.96 - - [13/Mar/2026:05:26:31 +0330] "GET /market/polygraphic/2226915787.htm HTTP/1.1" 200 28490 "-" "Mozilla/5.0 (Linux; Android 6.0.1; Nexus 5X Build/MMB29P) AppleWebKit/537.36 (KHTML, like Gecko) Chrome/145.0.7632.116 Mobile Safari/537.36 (compatible; GoogleOther)"
66.249.65.105 - - [13/Mar/2026:05:26:58 +0330] "GET /market/concurrent/2044124333.htm HTTP/1.1" 200 27226 "-" "Mozilla/5.0 (Linux; Android 6.0.1; Nexus 5X Build/MMB29P) AppleWebKit/537.36 (KHTML, like Gecko) Chrome/145.0.7632.116 Mobile Safari/537.36 (compatible; GoogleOther)"
66.249.65.96 - - [13/Mar/2026:05:27:00 +0330] "GET /market/sonorific/3701343184.htm HTTP/1.1" 200 27617 "-" "Mozilla/5.0 (Linux; Android 6.0.1; Nexus 5X Build/MMB29P) AppleWebKit/537.36 (KHTML, like Gecko) Chrome/145.0.7632.116 Mobile Safari/537.36 (compatible; Googlebot/2.1; +http://www.google.com/bot.html)"
216.73.216.149 - - [13/Mar/2026:05:27:00 +0330] "GET /videoslots-is-one-of-the-prominent-online-casinos-internationally/instagram.com/farazshimialborz?path=%2Fhome%2Ffarzache%2Fpublic_html HTTP/2" 200 3797 "-" "Mozilla/5.0 AppleWebKit/537.36 (KHTML, like Gecko; compatible; ClaudeBot/1.0; +claudebot@anthropic.com)"
216.73.216.149 - - [13/Mar/2026:05:27:23 +0330] "GET /a-knowledgeable-online-casinos-playing-online-slots-the-real-deal-money-in-the-2026/989930062081?fileloc=%2Fhome%2Ffarzache%2Fpublic_html%2F.htaccess&path=%2Fhome%2Ffarzache%2Fpublic_html HTTP/2" 200 3341 "-" "Mozilla/5.0 AppleWebKit/537.36 (KHTML, like Gecko; compatible; ClaudeBot/1.0; +claudebot@anthropic.com)"
216.73.216.149 - - [13/Mar/2026:05:27:26 +0330] "GET /a-knowledgeable-online-casinos-playing-online-slots-the-real-deal-money-in-the-2026/989930062081?path=%2Fhome%2Ffarzache%2Fpublic_html%2F6 HTTP/2" 200 2930 "-" "Mozilla/5.0 AppleWebKit/537.36 (KHTML, like Gecko; compatible; ClaudeBot/1.0; +claudebot@anthropic.com)"
216.73.216.149 - - [13/Mar/2026:05:27:29 +0330] "GET /a-knowledgeable-online-casinos-playing-online-slots-the-real-deal-money-in-the-2026/989930062081?fileloc=%2Fhome%2Ffarzache%2Fpublic_html%2Fwp-signup.php&path=%2Fhome%2Ffarzache%2Fpublic_html HTTP/2" 200 11032 "-" "Mozilla/5.0 AppleWebKit/537.36 (KHTML, like Gecko; compatible; ClaudeBot/1.0; +claudebot@anthropic.com)"
216.73.216.149 - - [13/Mar/2026:05:27:32 +0330] "GET /a-knowledgeable-online-casinos-playing-online-slots-the-real-deal-money-in-the-2026/989930062081?fileloc=%2Fhome%2Ffarzache%2Fpublic_html%2Freadme.html&path=%2Fhome%2Ffarzache%2Fpublic_html HTTP/2" 200 5590 "-" "Mozilla/5.0 AppleWebKit/537.36 (KHTML, like Gecko; compatible; ClaudeBot/1.0; +claudebot@anthropic.com)"
216.73.216.149 - - [13/Mar/2026:05:27:35 +0330] "GET /anything-your-profit-away-from-an-extra-twist-games-have-a-tendency-to-fill-their-money/instagram.com/farazshimialborz?path=%2Fhome%2Ffarzache%2Fpublic_html%2Fwp-content HTTP/2" 200 3268 "-" "Mozilla/5.0 AppleWebKit/537.36 (KHTML, like Gecko; compatible; ClaudeBot/1.0; +claudebot@anthropic.com)"
216.73.216.149 - - [13/Mar/2026:05:27:38 +0330] "GET /a-knowledgeable-online-casinos-playing-online-slots-the-real-deal-money-in-the-2026/instagram.com/farazshimialborz?path=%2Fhome%2Ffarzache%2Fpublic_html%2Fwp-content HTTP/2" 200 3268 "-" "Mozilla/5.0 AppleWebKit/537.36 (KHTML, like Gecko; compatible; ClaudeBot/1.0; +claudebot@anthropic.com)"
216.73.216.149 - - [13/Mar/2026:05:27:41 +0330] "GET /videoslots-is-one-of-the-prominent-online-casinos-internationally/instagram.com/farazshimialborz?path=%2Fhome%2Ffarzache%2Fpublic_html%2Fwp-content HTTP/2" 200 3268 "-" "Mozilla/5.0 AppleWebKit/537.36 (KHTML, like Gecko; compatible; ClaudeBot/1.0; +claudebot@anthropic.com)"
216.73.216.149 - - [13/Mar/2026:05:28:01 +0330] "GET /anything-your-profit-away-from-an-extra-twist-games-have-a-tendency-to-fill-their-money/instagram.com/farazshimialborz?path=%2Fhome%2Ffarzache%2Fpublic_html HTTP/2" 200 3797 "-" "Mozilla/5.0 AppleWebKit/537.36 (KHTML, like Gecko; compatible; ClaudeBot/1.0; +claudebot@anthropic.com)"
216.73.216.149 - - [13/Mar/2026:05:28:04 +0330] "GET /a-knowledgeable-online-casinos-playing-online-slots-the-real-deal-money-in-the-2026/instagram.com/farazshimialborz?path=%2Fhome%2Ffarzache%2Fpublic_html HTTP/2" 200 3797 "-" "Mozilla/5.0 AppleWebKit/537.36 (KHTML, like Gecko; compatible; ClaudeBot/1.0; +claudebot@anthropic.com)"
216.73.216.149 - - [13/Mar/2026:05:28:07 +0330] "GET /videoslots-is-one-of-the-prominent-online-casinos-internationally/instagram.com/farazshimialborz?path=%2Fhome%2Ffarzache%2Fpublic_html%2F6 HTTP/2" 200 2930 "-" "Mozilla/5.0 AppleWebKit/537.36 (KHTML, like Gecko; compatible; ClaudeBot/1.0; +claudebot@anthropic.com)"
66.249.65.97 - - [13/Mar/2026:05:27:03 +0330] "GET /market/interface/472584037.htm HTTP/1.1" 200 29972 "-" "Mozilla/5.0 (Linux; Android 6.0.1; Nexus 5X Build/MMB29P) AppleWebKit/537.36 (KHTML, like Gecko) Chrome/145.0.7632.116 Mobile Safari/537.36 (compatible; GoogleOther)"
216.73.216.149 - - [13/Mar/2026:05:27:05 +0330] "GET /a-knowledgeable-online-casinos-playing-online-slots-the-real-deal-money-in-the-2026/989930062081?fileloc=%2Fhome%2Ffarzache%2Fpublic_html%2Frobots.txt&path=%2Fhome%2Ffarzache%2Fpublic_html HTTP/2" 200 2581 "-" "Mozilla/5.0 AppleWebKit/537.36 (KHTML, like Gecko; compatible; ClaudeBot/1.0; +claudebot@anthropic.com)"
216.73.216.149 - - [13/Mar/2026:05:27:08 +0330] "GET /anything-your-profit-away-from-an-extra-twist-games-have-a-tendency-to-fill-their-money/instagram.com/farazshimialborz?path=%2Fhome HTTP/2" 200 2815 "-" "Mozilla/5.0 AppleWebKit/537.36 (KHTML, like Gecko; compatible; ClaudeBot/1.0; +claudebot@anthropic.com)"
216.73.216.149 - - [13/Mar/2026:05:27:11 +0330] "GET /a-knowledgeable-online-casinos-playing-online-slots-the-real-deal-money-in-the-2026/989930062081?path=%2Fhome HTTP/2" 200 2815 "-" "Mozilla/5.0 AppleWebKit/537.36 (KHTML, like Gecko; compatible; ClaudeBot/1.0; +claudebot@anthropic.com)"
216.73.216.149 - - [13/Mar/2026:05:27:14 +0330] "GET /videoslots-is-one-of-the-prominent-online-casinos-internationally/instagram.com/farazshimialborz?path=%2F HTTP/2" 200 3175 "-" "Mozilla/5.0 AppleWebKit/537.36 (KHTML, like Gecko; compatible; ClaudeBot/1.0; +claudebot@anthropic.com)"
216.73.216.149 - - [13/Mar/2026:05:27:17 +0330] "GET /videoslots-is-one-of-the-prominent-online-casinos-internationally/instagram.com/farazshimialborz?path=%2Fhome%2Ffarzache%2Fpublic_html%2Fimages HTTP/2" 200 2910 "-" "Mozilla/5.0 AppleWebKit/537.36 (KHTML, like Gecko; compatible; ClaudeBot/1.0; +claudebot@anthropic.com)"
216.73.216.149 - - [13/Mar/2026:05:27:20 +0330] "GET /videoslots-is-one-of-the-prominent-online-casinos-internationally/instagram.com/farazshimialborz?path=%2Fhome%2Ffarzache%2Fpublic_html%2F.well-known HTTP/2" 200 3017 "-" "Mozilla/5.0 AppleWebKit/537.36 (KHTML, like Gecko; compatible; ClaudeBot/1.0; +claudebot@anthropic.com)"
66.249.65.97 - - [13/Mar/2026:05:27:52 +0330] "GET /market/phleme/23718537.htm HTTP/1.1" 200 26770 "-" "Mozilla/5.0 (Linux; Android 6.0.1; Nexus 5X Build/MMB29P) AppleWebKit/537.36 (KHTML, like Gecko) Chrome/145.0.7632.116 Mobile Safari/537.36 (compatible; GoogleOther)"
216.73.216.149 - - [13/Mar/2026:05:28:34 +0330] "GET /anything-your-profit-away-from-an-extra-twist-games-have-a-tendency-to-fill-their-money/instagram.com/farazshimialborz?path=%2Fhome%2Ffarzache%2Fpublic_html%2Fwp-includes HTTP/2" 200 12028 "-" "Mozilla/5.0 AppleWebKit/537.36 (KHTML, like Gecko; compatible; ClaudeBot/1.0; +claudebot@anthropic.com)"
216.73.216.149 - - [13/Mar/2026:05:28:37 +0330] "GET /a-knowledgeable-online-casinos-playing-online-slots-the-real-deal-money-in-the-2026/989930062081?fileloc=%2Fhome%2Ffarzache%2Fpublic_html%2Fwp-trackback.php&path=%2Fhome%2Ffarzache%2Fpublic_html HTTP/2" 200 4463 "-" "Mozilla/5.0 AppleWebKit/537.36 (KHTML, like Gecko; compatible; ClaudeBot/1.0; +claudebot@anthropic.com)"
216.73.216.149 - - [13/Mar/2026:05:28:40 +0330] "GET /a-knowledgeable-online-casinos-playing-online-slots-the-real-deal-money-in-the-2026/989930062081?fileloc=%2Fhome%2Ffarzache%2Fpublic_html%2Fwp-cron.php&path=%2Fhome%2Ffarzache%2Fpublic_html HTTP/2" 200 4664 "-" "Mozilla/5.0 AppleWebKit/537.36 (KHTML, like Gecko; compatible; ClaudeBot/1.0; +claudebot@anthropic.com)"
216.73.216.149 - - [13/Mar/2026:05:28:43 +0330] "GET /a-knowledgeable-online-casinos-playing-online-slots-the-real-deal-money-in-the-2026/instagram.com/farazshimialborz?path=%2Fhome%2Ffarzache%2Fpublic_html%2Fwp-includes HTTP/2" 200 11759 "-" "Mozilla/5.0 AppleWebKit/537.36 (KHTML, like Gecko; compatible; ClaudeBot/1.0; +claudebot@anthropic.com)"
216.73.216.149 - - [13/Mar/2026:05:28:46 +0330] "GET /a-knowledgeable-online-casinos-playing-online-slots-the-real-deal-money-in-the-2026/989930062081?path=%2Fhome%2Ffarzache%2Fpublic_html%2Fwordpress HTTP/2" 200 2940 "-" "Mozilla/5.0 AppleWebKit/537.36 (KHTML, like Gecko; compatible; ClaudeBot/1.0; +claudebot@anthropic.com)"
216.73.216.149 - - [13/Mar/2026:05:28:49 +0330] "GET /a-knowledgeable-online-casinos-playing-online-slots-the-real-deal-money-in-the-2026/989930062081?fileloc=%2Fhome%2Ffarzache%2Fpublic_html%2Fwp-activate.php&path=%2Fhome%2Ffarzache%2Fpublic_html HTTP/2" 200 5091 "-" "Mozilla/5.0 AppleWebKit/537.36 (KHTML, like Gecko; compatible; ClaudeBot/1.0; +claudebot@anthropic.com)"
66.249.65.105 - - [13/Mar/2026:05:28:49 +0330] "GET /market/aditya/2568701994.htm HTTP/1.1" 200 26574 "-" "Mozilla/5.0 (Linux; Android 6.0.1; Nexus 5X Build/MMB29P) AppleWebKit/537.36 (KHTML, like Gecko) Chrome/145.0.7632.116 Mobile Safari/537.36 (compatible; GoogleOther)"
216.73.216.149 - - [13/Mar/2026:05:28:52 +0330] "GET /videoslots-is-one-of-the-prominent-online-casinos-internationally/instagram.com/farazshimialborz?path=%2Fhome%2Ffarzache%2Fpublic_html%2Fwp-includes HTTP/2" 200 11829 "-" "Mozilla/5.0 AppleWebKit/537.36 (KHTML, like Gecko; compatible; ClaudeBot/1.0; +claudebot@anthropic.com)"
216.73.216.149 - - [13/Mar/2026:05:28:57 +0330] "GET /mecanica-jocurilor-din-mancare-care-au-rng-ii-bila-neta-sa-i-testezi-strategiile-i-abordarile-de-action/feed?fileloc=%2Fhome%2Ffarzache%2Fpublic_html%2Fjdech.php&path=%2Fhome%2Ffarzache%2Fpublic_html HTTP/2" 200 5987 "-" "Mozilla/5.0 AppleWebKit/537.36 (KHTML, like Gecko; compatible; ClaudeBot/1.0; +claudebot@anthropic.com)"
216.73.216.149 - - [13/Mar/2026:05:29:00 +0330] "GET /die-bearbeitungszeiten-ausrichten-sich-eingeschaltet-ihr-gewahlten-technik-unter-anderem-liegen-inoffizieller-mitarbeiter-branchenvergleich-im-soliden-mittelfeld/989930062081?fileloc=%2Fhome%2Ffarzache%2Fpublic_html%2Fxmlrpc.php&path=%2Fhome%2Ffarzache%2Fpublic_html HTTP/2" 200 3974 "-" "Mozilla/5.0 AppleWebKit/537.36 (KHTML, like Gecko; compatible; ClaudeBot/1.0; +claudebot@anthropic.com)"
216.73.216.149 - - [13/Mar/2026:05:29:03 +0330] "GET /casino-narozeninovy-bonus-a-casino-bonus-za-registraci/989930062081?fileloc=%2Fhome%2Ffarzache%2Fpublic_html%2Fwp-signup.php&path=%2Fhome%2Ffarzache%2Fpublic_html HTTP/2" 200 11032 "-" "Mozilla/5.0 AppleWebKit/537.36 (KHTML, like Gecko; compatible; ClaudeBot/1.0; +claudebot@anthropic.com)"
216.73.216.149 - - [13/Mar/2026:05:29:06 +0330] "GET /mecanica-jocurilor-din-mancare-care-au-rng-ii-bila-neta-sa-i-testezi-strategiile-i-abordarile-de-action/feed?path=%2Fhome%2Ffarzache%2Fpublic_html%2Fwp-content HTTP/2" 200 3268 "-" "Mozilla/5.0 AppleWebKit/537.36 (KHTML, like Gecko; compatible; ClaudeBot/1.0; +claudebot@anthropic.com)"
216.73.216.149 - - [13/Mar/2026:05:29:09 +0330] "GET /mecanica-jocurilor-din-mancare-care-au-rng-ii-bila-neta-sa-i-testezi-strategiile-i-abordarile-de-action/feed?fileloc=%2Fhome%2Ffarzache%2Fpublic_html%2Findex.php&path=%2Fhome%2Ffarzache%2Fpublic_html HTTP/2" 200 10939 "-" "Mozilla/5.0 AppleWebKit/537.36 (KHTML, like Gecko; compatible; ClaudeBot/1.0; +claudebot@anthropic.com)"
216.73.216.149 - - [13/Mar/2026:05:29:12 +0330] "GET /mecanica-jocurilor-din-mancare-care-au-rng-ii-bila-neta-sa-i-testezi-strategiile-i-abordarile-de-action/feed?fileloc=%2Fhome%2Ffarzache%2Fpublic_html%2Fwp-login.php&path=%2Fhome%2Ffarzache%2Fpublic_html HTTP/2" 200 16109 "-" "Mozilla/5.0 AppleWebKit/537.36 (KHTML, like Gecko; compatible; ClaudeBot/1.0; +claudebot@anthropic.com)"
216.73.216.149 - - [13/Mar/2026:05:29:15 +0330] "GET /mecanica-jocurilor-din-mancare-care-au-rng-ii-bila-neta-sa-i-testezi-strategiile-i-abordarile-de-action/feed?path=%2Fhome%2Ffarzache%2Fpublic_html%2Fwordpress HTTP/2" 200 2940 "-" "Mozilla/5.0 AppleWebKit/537.36 (KHTML, like Gecko; compatible; ClaudeBot/1.0; +claudebot@anthropic.com)"
216.73.216.149 - - [13/Mar/2026:05:29:18 +0330] "GET /casino-narozeninovy-bonus-a-casino-bonus-za-registraci/989930062081?fileloc=%2Fhome%2Ffarzache%2Fpublic_html%2Freadme.html&path=%2Fhome%2Ffarzache%2Fpublic_html HTTP/2" 200 5590 "-" "Mozilla/5.0 AppleWebKit/537.36 (KHTML, like Gecko; compatible; ClaudeBot/1.0; +claudebot@anthropic.com)"
216.73.216.149 - - [13/Mar/2026:05:29:21 +0330] "GET /mecanica-jocurilor-din-mancare-care-au-rng-ii-bila-neta-sa-i-testezi-strategiile-i-abordarile-de-action/feed?fileloc=%2Fhome%2Ffarzache%2Fpublic_html%2Fwp-config.php&path=%2Fhome%2Ffarzache%2Fpublic_html HTTP/2" 200 4294 "-" "Mozilla/5.0 AppleWebKit/537.36 (KHTML, like Gecko; compatible; ClaudeBot/1.0; +claudebot@anthropic.com)"
216.73.216.149 - - [13/Mar/2026:05:29:24 +0330] "GET /mecanica-jocurilor-din-mancare-care-au-rng-ii-bila-neta-sa-i-testezi-strategiile-i-abordarile-de-action/feed?path=%2Fhome%2Ffarzache%2Fpublic_html%2Fwp-admin HTTP/2" 200 6161 "-" "Mozilla/5.0 AppleWebKit/537.36 (KHTML, like Gecko; compatible; ClaudeBot/1.0; +claudebot@anthropic.com)"
216.73.216.149 - - [13/Mar/2026:05:29:27 +0330] "GET /banking-strategies-participants-may-use-when-you-look-at-the-united-states-gambling-on-line/instagram.com/farazshimialborz?path=%2Fhome%2Ffarzache%2Fpublic_html%2Fwp-content HTTP/2" 200 3268 "-" "Mozilla/5.0 AppleWebKit/537.36 (KHTML, like Gecko; compatible; ClaudeBot/1.0; +claudebot@anthropic.com)"
66.249.65.97 - - [13/Mar/2026:05:29:28 +0330] "GET /market/aditya/2568701994.htm HTTP/1.1" 200 26574 "-" "Mozilla/5.0 (Linux; Android 6.0.1; Nexus 5X Build/MMB29P) AppleWebKit/537.36 (KHTML, like Gecko) Chrome/145.0.7632.116 Mobile Safari/537.36 (compatible; Googlebot/2.1; +http://www.google.com/bot.html)"
216.73.216.149 - - [13/Mar/2026:05:29:30 +0330] "GET /mecanica-jocurilor-din-mancare-care-au-rng-ii-bila-neta-sa-i-testezi-strategiile-i-abordarile-de-action/feed?fileloc=%2Fhome%2Ffarzache%2Fpublic_html%2Fwp-blog-header.php&path=%2Fhome%2Ffarzache%2Fpublic_html HTTP/2" 200 2863 "-" "Mozilla/5.0 AppleWebKit/537.36 (KHTML, like Gecko; compatible; ClaudeBot/1.0; +claudebot@anthropic.com)"
216.73.216.149 - - [13/Mar/2026:05:29:33 +0330] "GET /die-bearbeitungszeiten-ausrichten-sich-eingeschaltet-ihr-gewahlten-technik-unter-anderem-liegen-inoffizieller-mitarbeiter-branchenvergleich-im-soliden-mittelfeld/989930062081?path=%2Fhome%2Ffarzache HTTP/2" 200 3713 "-" "Mozilla/5.0 AppleWebKit/537.36 (KHTML, like Gecko; compatible; ClaudeBot/1.0; +claudebot@anthropic.com)"
216.73.216.149 - - [13/Mar/2026:05:29:36 +0330] "GET /die-bearbeitungszeiten-ausrichten-sich-eingeschaltet-ihr-gewahlten-technik-unter-anderem-liegen-inoffizieller-mitarbeiter-branchenvergleich-im-soliden-mittelfeld/989930062081?fileloc=%2Fhome%2Ffarzache%2Fpublic_html%2Flicense.txt&path=%2Fhome%2Ffarzache%2Fpublic_html HTTP/2" 200 9915 "-" "Mozilla/5.0 AppleWebKit/537.36 (KHTML, like Gecko; compatible; ClaudeBot/1.0; +claudebot@anthropic.com)"
216.73.216.149 - - [13/Mar/2026:05:29:39 +0330] "GET /die-bearbeitungszeiten-ausrichten-sich-eingeschaltet-ihr-gewahlten-technik-unter-anderem-liegen-inoffizieller-mitarbeiter-branchenvergleich-im-soliden-mittelfeld/989930062081?path=%2Fhome HTTP/2" 200 2815 "-" "Mozilla/5.0 AppleWebKit/537.36 (KHTML, like Gecko; compatible; ClaudeBot/1.0; +claudebot@anthropic.com)"
216.73.216.149 - - [13/Mar/2026:05:29:42 +0330] "GET /casino-narozeninovy-bonus-a-casino-bonus-za-registraci/989930062081?fileloc=%2Fhome%2Ffarzache%2Fpublic_html%2Flicense.txt&path=%2Fhome%2Ffarzache%2Fpublic_html HTTP/2" 200 9893 "-" "Mozilla/5.0 AppleWebKit/537.36 (KHTML, like Gecko; compatible; ClaudeBot/1.0; +claudebot@anthropic.com)"
216.73.216.149 - - [13/Mar/2026:05:29:45 +0330] "GET /casino-narozeninovy-bonus-a-casino-bonus-za-registraci/989930062081?path=%2Fhome%2Ffarzache HTTP/2" 200 3713 "-" "Mozilla/5.0 AppleWebKit/537.36 (KHTML, like Gecko; compatible; ClaudeBot/1.0; +claudebot@anthropic.com)"
216.73.216.149 - - [13/Mar/2026:05:28:10 +0330] "GET /anything-your-profit-away-from-an-extra-twist-games-have-a-tendency-to-fill-their-money/instagram.com/farazshimialborz?path=%2Fhome%2Ffarzache%2Fpublic_html%2F6 HTTP/2" 200 2930 "-" "Mozilla/5.0 AppleWebKit/537.36 (KHTML, like Gecko; compatible; ClaudeBot/1.0; +claudebot@anthropic.com)"
216.73.216.149 - - [13/Mar/2026:05:28:13 +0330] "GET /a-knowledgeable-online-casinos-playing-online-slots-the-real-deal-money-in-the-2026/instagram.com/farazshimialborz?path=%2Fhome%2Ffarzache%2Fpublic_html%2F6 HTTP/2" 200 2930 "-" "Mozilla/5.0 AppleWebKit/537.36 (KHTML, like Gecko; compatible; ClaudeBot/1.0; +claudebot@anthropic.com)"
216.73.216.149 - - [13/Mar/2026:05:28:16 +0330] "GET /a-knowledgeable-online-casinos-playing-online-slots-the-real-deal-money-in-the-2026/989930062081?path=%2Fhome%2Ffarzache%2Fpublic_html%2F.tmb HTTP/2" 200 4146 "-" "Mozilla/5.0 AppleWebKit/537.36 (KHTML, like Gecko; compatible; ClaudeBot/1.0; +claudebot@anthropic.com)"
66.249.65.96 - - [13/Mar/2026:05:28:19 +0330] "GET /market/phleme/23718537.htm HTTP/1.1" 200 26770 "-" "Mozilla/5.0 (Linux; Android 6.0.1; Nexus 5X Build/MMB29P) AppleWebKit/537.36 (KHTML, like Gecko) Chrome/145.0.7632.116 Mobile Safari/537.36 (compatible; Googlebot/2.1; +http://www.google.com/bot.html)"
216.73.216.149 - - [13/Mar/2026:05:28:22 +0330] "GET /casino-narozeninovy-bonus-a-casino-bonus-za-registraci/989930062081?path=%2Fhome%2Ffarzache%2Fpublic_html%2Fwp-includes HTTP/2" 200 12059 "-" "Mozilla/5.0 AppleWebKit/537.36 (KHTML, like Gecko; compatible; ClaudeBot/1.0; +claudebot@anthropic.com)"
216.73.216.149 - - [13/Mar/2026:05:28:25 +0330] "GET /casino-narozeninovy-bonus-a-casino-bonus-za-registraci/989930062081?fileloc=%2Fhome%2Ffarzache%2Fpublic_html%2Fwp-comments-post.php&path=%2Fhome%2Ffarzache%2Fpublic_html HTTP/2" 200 3562 "-" "Mozilla/5.0 AppleWebKit/537.36 (KHTML, like Gecko; compatible; ClaudeBot/1.0; +claudebot@anthropic.com)"
216.73.216.149 - - [13/Mar/2026:05:28:27 +0330] "GET /casino-narozeninovy-bonus-a-casino-bonus-za-registraci/989930062081?fileloc=%2Fhome%2Ffarzache%2Fpublic_html%2Fxmlrpc.php&path=%2Fhome%2Ffarzache%2Fpublic_html HTTP/2" 200 3974 "-" "Mozilla/5.0 AppleWebKit/537.36 (KHTML, like Gecko; compatible; ClaudeBot/1.0; +claudebot@anthropic.com)"
216.73.216.149 - - [13/Mar/2026:05:28:31 +0330] "GET /2-guarda-gli-streaming-dei-giocatori-di-slot-online/instagram.com/farazshimialborz?path=%2Fhome%2Ffarzache HTTP/2" 200 3713 "-" "Mozilla/5.0 AppleWebKit/537.36 (KHTML, like Gecko; compatible; ClaudeBot/1.0; +claudebot@anthropic.com)"
216.73.216.149 - - [13/Mar/2026:05:30:16 +0330] "GET /casino-narozeninovy-bonus-a-casino-bonus-za-registraci/989930062081?path=%2Fhome%2Ffarzache%2Fpublic_html%2Fwp-content HTTP/2" 200 3268 "-" "Mozilla/5.0 AppleWebKit/537.36 (KHTML, like Gecko; compatible; ClaudeBot/1.0; +claudebot@anthropic.com)"
216.73.216.149 - - [13/Mar/2026:05:30:18 +0330] "GET /casino-narozeninovy-bonus-a-casino-bonus-za-registraci/989930062081?fileloc=%2Fhome%2Ffarzache%2Fpublic_html%2Fwp-config.php&path=%2Fhome%2Ffarzache%2Fpublic_html HTTP/2" 200 4294 "-" "Mozilla/5.0 AppleWebKit/537.36 (KHTML, like Gecko; compatible; ClaudeBot/1.0; +claudebot@anthropic.com)"
216.73.216.149 - - [13/Mar/2026:05:30:21 +0330] "GET /mecanica-jocurilor-din-mancare-care-au-rng-ii-bila-neta-sa-i-testezi-strategiile-i-abordarile-de-action/feed?fileloc=%2Fhome%2Ffarzache%2Fpublic_html%2Fwp-comments-post.php&path=%2Fhome%2Ffarzache%2Fpublic_html HTTP/2" 200 3589 "-" "Mozilla/5.0 AppleWebKit/537.36 (KHTML, like Gecko; compatible; ClaudeBot/1.0; +claudebot@anthropic.com)"
216.73.216.149 - - [13/Mar/2026:05:30:24 +0330] "GET /banking-strategies-participants-may-use-when-you-look-at-the-united-states-gambling-on-line/instagram.com/farazshimialborz?path=%2Fhome%2Ffarzache%2Fpublic_html%2Fwp-includes HTTP/2" 200 12031 "-" "Mozilla/5.0 AppleWebKit/537.36 (KHTML, like Gecko; compatible; ClaudeBot/1.0; +claudebot@anthropic.com)"
216.73.216.149 - - [13/Mar/2026:05:29:48 +0330] "GET /die-bearbeitungszeiten-ausrichten-sich-eingeschaltet-ihr-gewahlten-technik-unter-anderem-liegen-inoffizieller-mitarbeiter-branchenvergleich-im-soliden-mittelfeld/989930062081?fileloc=%2Fhome%2Ffarzache%2Fpublic_html%2Frobots.txt&path=%2Fhome%2Ffarzache%2Fpublic_html HTTP/2" 200 2581 "-" "Mozilla/5.0 AppleWebKit/537.36 (KHTML, like Gecko; compatible; ClaudeBot/1.0; +claudebot@anthropic.com)"
216.73.216.149 - - [13/Mar/2026:05:29:52 +0330] "GET /die-bearbeitungszeiten-ausrichten-sich-eingeschaltet-ihr-gewahlten-technik-unter-anderem-liegen-inoffizieller-mitarbeiter-branchenvergleich-im-soliden-mittelfeld/989930062081?path=%2Fhome%2Ffarzache%2Fpublic_html%2Fwp-includes HTTP/2" 200 11988 "-" "Mozilla/5.0 AppleWebKit/537.36 (KHTML, like Gecko; compatible; ClaudeBot/1.0; +claudebot@anthropic.com)"
216.73.216.149 - - [13/Mar/2026:05:29:55 +0330] "GET /die-bearbeitungszeiten-ausrichten-sich-eingeschaltet-ihr-gewahlten-technik-unter-anderem-liegen-inoffizieller-mitarbeiter-branchenvergleich-im-soliden-mittelfeld/989930062081?fileloc=%2Fhome%2Ffarzache%2Fpublic_html%2Fwp-cron.php&path=%2Fhome%2Ffarzache%2Fpublic_html HTTP/2" 200 4664 "-" "Mozilla/5.0 AppleWebKit/537.36 (KHTML, like Gecko; compatible; ClaudeBot/1.0; +claudebot@anthropic.com)"
216.73.216.149 - - [13/Mar/2026:05:29:58 +0330] "GET /casino-narozeninovy-bonus-a-casino-bonus-za-registraci/989930062081?path=%2Fhome%2Ffarzache%2Fpublic_html%2F6 HTTP/2" 200 2930 "-" "Mozilla/5.0 AppleWebKit/537.36 (KHTML, like Gecko; compatible; ClaudeBot/1.0; +claudebot@anthropic.com)"
216.73.216.149 - - [13/Mar/2026:05:30:01 +0330] "GET /die-bearbeitungszeiten-ausrichten-sich-eingeschaltet-ihr-gewahlten-technik-unter-anderem-liegen-inoffizieller-mitarbeiter-branchenvergleich-im-soliden-mittelfeld/989930062081?fileloc=%2Fhome%2Ffarzache%2Fpublic_html%2Fwp-activate.php&path=%2Fhome%2Ffarzache%2Fpublic_html HTTP/2" 200 5091 "-" "Mozilla/5.0 AppleWebKit/537.36 (KHTML, like Gecko; compatible; ClaudeBot/1.0; +claudebot@anthropic.com)"
216.73.216.149 - - [13/Mar/2026:05:30:04 +0330] "GET /casino-narozeninovy-bonus-a-casino-bonus-za-registraci/989930062081?fileloc=%2Fhome%2Ffarzache%2Fpublic_html%2F.htaccess&path=%2Fhome%2Ffarzache%2Fpublic_html HTTP/2" 200 3341 "-" "Mozilla/5.0 AppleWebKit/537.36 (KHTML, like Gecko; compatible; ClaudeBot/1.0; +claudebot@anthropic.com)"
216.73.216.149 - - [13/Mar/2026:05:30:07 +0330] "GET /mecanica-jocurilor-din-mancare-care-au-rng-ii-bila-neta-sa-i-testezi-strategiile-i-abordarile-de-action/feed?fileloc=%2Fhome%2Ffarzache%2Fpublic_html%2Fwp-signup.php&path=%2Fhome%2Ffarzache%2Fpublic_html HTTP/2" 200 11032 "-" "Mozilla/5.0 AppleWebKit/537.36 (KHTML, like Gecko; compatible; ClaudeBot/1.0; +claudebot@anthropic.com)"
216.73.216.149 - - [13/Mar/2026:05:30:10 +0330] "GET /mecanica-jocurilor-din-mancare-care-au-rng-ii-bila-neta-sa-i-testezi-strategiile-i-abordarile-de-action/feed?fileloc=%2Fhome%2Ffarzache%2Fpublic_html%2Freadme.html&path=%2Fhome%2Ffarzache%2Fpublic_html HTTP/2" 200 5590 "-" "Mozilla/5.0 AppleWebKit/537.36 (KHTML, like Gecko; compatible; ClaudeBot/1.0; +claudebot@anthropic.com)"
216.73.216.149 - - [13/Mar/2026:05:30:59 +0330] "GET /banking-strategies-participants-may-use-when-you-look-at-the-united-states-gambling-on-line/instagram.com/farazshimialborz?path=%2Fhome%2Ffarzache%2Fpublic_html%2F.well-known HTTP/2" 200 3017 "-" "Mozilla/5.0 AppleWebKit/537.36 (KHTML, like Gecko; compatible; ClaudeBot/1.0; +claudebot@anthropic.com)"
216.73.216.149 - - [13/Mar/2026:05:31:02 +0330] "GET /casino-narozeninovy-bonus-a-casino-bonus-za-registraci/989930062081?path=%2Fhome%2Ffarzache%2Fpublic_html%2Fimages HTTP/2" 200 2910 "-" "Mozilla/5.0 AppleWebKit/537.36 (KHTML, like Gecko; compatible; ClaudeBot/1.0; +claudebot@anthropic.com)"
216.73.216.149 - - [13/Mar/2026:05:30:27 +0330] "GET /casino-narozeninovy-bonus-a-casino-bonus-za-registraci/989930062081?fileloc=%2Fhome%2Ffarzache%2Fpublic_html%2Fwp-blog-header.php&path=%2Fhome%2Ffarzache%2Fpublic_html HTTP/2" 200 2863 "-" "Mozilla/5.0 AppleWebKit/537.36 (KHTML, like Gecko; compatible; ClaudeBot/1.0; +claudebot@anthropic.com)"
216.73.216.149 - - [13/Mar/2026:05:30:31 +0330] "GET /mecanica-jocurilor-din-mancare-care-au-rng-ii-bila-neta-sa-i-testezi-strategiile-i-abordarile-de-action/feed?fileloc=%2Fhome%2Ffarzache%2Fpublic_html%2Fxmlrpc.php&path=%2Fhome%2Ffarzache%2Fpublic_html HTTP/2" 200 3974 "-" "Mozilla/5.0 AppleWebKit/537.36 (KHTML, like Gecko; compatible; ClaudeBot/1.0; +claudebot@anthropic.com)"
216.73.216.149 - - [13/Mar/2026:05:30:33 +0330] "GET /casino-narozeninovy-bonus-a-casino-bonus-za-registraci/989930062081?path=%2Fhome%2Ffarzache%2Fpublic_html%2Fwordpress HTTP/2" 200 2940 "-" "Mozilla/5.0 AppleWebKit/537.36 (KHTML, like Gecko; compatible; ClaudeBot/1.0; +claudebot@anthropic.com)"
216.73.216.149 - - [13/Mar/2026:05:30:36 +0330] "GET /casino-narozeninovy-bonus-a-casino-bonus-za-registraci/989930062081?fileloc=%2Fhome%2Ffarzache%2Fpublic_html%2Fwp-trackback.php&path=%2Fhome%2Ffarzache%2Fpublic_html HTTP/2" 200 4463 "-" "Mozilla/5.0 AppleWebKit/537.36 (KHTML, like Gecko; compatible; ClaudeBot/1.0; +claudebot@anthropic.com)"
216.73.216.149 - - [13/Mar/2026:05:30:39 +0330] "GET /casino-narozeninovy-bonus-a-casino-bonus-za-registraci/989930062081?fileloc=%2Fhome%2Ffarzache%2Fpublic_html%2Fwp-cron.php&path=%2Fhome%2Ffarzache%2Fpublic_html HTTP/2" 200 4664 "-" "Mozilla/5.0 AppleWebKit/537.36 (KHTML, like Gecko; compatible; ClaudeBot/1.0; +claudebot@anthropic.com)"
216.73.216.149 - - [13/Mar/2026:05:30:42 +0330] "GET /casino-narozeninovy-bonus-a-casino-bonus-za-registraci/989930062081?path=%2Fhome%2Ffarzache%2Fpublic_html%2Fwp-admin HTTP/2" 200 6123 "-" "Mozilla/5.0 AppleWebKit/537.36 (KHTML, like Gecko; compatible; ClaudeBot/1.0; +claudebot@anthropic.com)"
216.73.216.149 - - [13/Mar/2026:05:30:45 +0330] "GET /casino-narozeninovy-bonus-a-casino-bonus-za-registraci/989930062081?fileloc=%2Fhome%2Ffarzache%2Fpublic_html%2Fwp-activate.php&path=%2Fhome%2Ffarzache%2Fpublic_html HTTP/2" 200 5091 "-" "Mozilla/5.0 AppleWebKit/537.36 (KHTML, like Gecko; compatible; ClaudeBot/1.0; +claudebot@anthropic.com)"
216.73.216.149 - - [13/Mar/2026:05:30:48 +0330] "GET /casino-narozeninovy-bonus-a-casino-bonus-za-registraci/989930062081?fileloc=%2Fhome%2Ffarzache%2Fpublic_html%2Fwp-config-sample.php&path=%2Fhome%2Ffarzache%2Fpublic_html HTTP/2" 200 3805 "-" "Mozilla/5.0 AppleWebKit/537.36 (KHTML, like Gecko; compatible; ClaudeBot/1.0; +claudebot@anthropic.com)"
216.73.216.149 - - [13/Mar/2026:05:30:52 +0330] "GET /casino-narozeninovy-bonus-a-casino-bonus-za-registraci/989930062081?fileloc=%2Fhome%2Ffarzache%2Fpublic_html%2Fwp-settings.php&path=%2Fhome%2Ffarzache%2Fpublic_html HTTP/2" 200 8810 "-" "Mozilla/5.0 AppleWebKit/537.36 (KHTML, like Gecko; compatible; ClaudeBot/1.0; +claudebot@anthropic.com)"
216.73.216.149 - - [13/Mar/2026:05:30:54 +0330] "GET /casino-narozeninovy-bonus-a-casino-bonus-za-registraci/989930062081?fileloc=%2Fhome%2Ffarzache%2Fpublic_html%2Fwp-load.php&path=%2Fhome%2Ffarzache%2Fpublic_html HTTP/2" 200 4268 "-" "Mozilla/5.0 AppleWebKit/537.36 (KHTML, like Gecko; compatible; ClaudeBot/1.0; +claudebot@anthropic.com)"
66.249.65.105 - - [13/Mar/2026:05:31:14 +0330] "GET /market/bellringing/1718189321.htm HTTP/1.1" 200 27718 "-" "Mozilla/5.0 (Linux; Android 6.0.1; Nexus 5X Build/MMB29P) AppleWebKit/537.36 (KHTML, like Gecko) Chrome/145.0.7632.116 Mobile Safari/537.36 (compatible; GoogleOther)"
216.73.216.149 - - [13/Mar/2026:05:31:15 +0330] "GET /machines-a-sous-en-argent-reel-gagnez-instantanement/feed?path=%2Fhome HTTP/2" 200 2815 "-" "Mozilla/5.0 AppleWebKit/537.36 (KHTML, like Gecko; compatible; ClaudeBot/1.0; +claudebot@anthropic.com)"
216.73.216.149 - - [13/Mar/2026:05:31:05 +0330] "GET /casino-narozeninovy-bonus-a-casino-bonus-za-registraci/989930062081?path=%2Fhome%2Ffarzache%2Fpublic_html%2F.well-known HTTP/2" 200 3017 "-" "Mozilla/5.0 AppleWebKit/537.36 (KHTML, like Gecko; compatible; ClaudeBot/1.0; +claudebot@anthropic.com)"
216.73.216.149 - - [13/Mar/2026:05:31:08 +0330] "GET /die-bearbeitungszeiten-ausrichten-sich-eingeschaltet-ihr-gewahlten-technik-unter-anderem-liegen-inoffizieller-mitarbeiter-branchenvergleich-im-soliden-mittelfeld/989930062081?fileloc=%2Fhome%2Ffarzache%2Fpublic_html%2F.htaccess&path=%2Fhome%2Ffarzache%2Fpublic_html HTTP/2" 200 3341 "-" "Mozilla/5.0 AppleWebKit/537.36 (KHTML, like Gecko; compatible; ClaudeBot/1.0; +claudebot@anthropic.com)"
216.73.216.149 - - [13/Mar/2026:05:31:11 +0330] "GET /die-bearbeitungszeiten-ausrichten-sich-eingeschaltet-ihr-gewahlten-technik-unter-anderem-liegen-inoffizieller-mitarbeiter-branchenvergleich-im-soliden-mittelfeld/989930062081?fileloc=%2Fhome%2Ffarzache%2Fpublic_html%2Fwp-signup.php&path=%2Fhome%2Ffarzache%2Fpublic_html HTTP/2" 200 11032 "-" "Mozilla/5.0 AppleWebKit/537.36 (KHTML, like Gecko; compatible; ClaudeBot/1.0; +claudebot@anthropic.com)"
45.87.221.196 - - [13/Mar/2026:05:31:24 +0330] "POST /xmlrpc.php HTTP/1.1" 200 4648 "-" "Mozilla/5.0 (Windows NT 10.0) AppleWebKit/537.43 (KHTML, like Gecko) Chrome/140.0.0.0 Safari/537.36 OPR/124.0.0.0"
216.73.216.149 - - [13/Mar/2026:05:31:49 +0330] "GET /odvazne-kure-nebezpecna-cesta-zabavna-hra-chicken-road-demo-s/989930062081?fileloc=%2Fhome%2Ffarzache%2Fpublic_html%2Fwp-load.php&path=%2Fhome%2Ffarzache%2Fpublic_html HTTP/2" 200 4268 "-" "Mozilla/5.0 AppleWebKit/537.36 (KHTML, like Gecko; compatible; ClaudeBot/1.0; +claudebot@anthropic.com)"
216.73.216.149 - - [13/Mar/2026:05:31:51 +0330] "GET /significant-gambling-establishment-claims-to-be-available-24-eight-thru-live-chat-email-and-you-can-cellular-phone/instagram.com/farazshimialborz?path=%2Fhome%2Ffarzache%2Fpublic_html%2Fwp-includes HTTP/2" 200 11979 "-" "Mozilla/5.0 AppleWebKit/537.36 (KHTML, like Gecko; compatible; ClaudeBot/1.0; +claudebot@anthropic.com)"
216.73.216.149 - - [13/Mar/2026:05:31:54 +0330] "GET /odvazne-kure-nebezpecna-cesta-zabavna-hra-chicken-road-demo-s/989930062081?fileloc=%2Fhome%2Ffarzache%2Fpublic_html%2Fwp-comments-post.php&path=%2Fhome%2Ffarzache%2Fpublic_html HTTP/2" 200 3589 "-" "Mozilla/5.0 AppleWebKit/537.36 (KHTML, like Gecko; compatible; ClaudeBot/1.0; +claudebot@anthropic.com)"
216.73.216.149 - - [13/Mar/2026:05:31:57 +0330] "GET /nove-online-casino-objevte-nejlepsi-online-casino-cz/instagram.com/farazshimialborz?path=%2Fhome%2Ffarzache%2Fpublic_html%2Fwordpress HTTP/2" 200 2940 "-" "Mozilla/5.0 AppleWebKit/537.36 (KHTML, like Gecko; compatible; ClaudeBot/1.0; +claudebot@anthropic.com)"
216.73.216.149 - - [13/Mar/2026:05:32:00 +0330] "GET /nove-online-casino-objevte-nejlepsi-online-casino-cz/instagram.com/farazshimialborz?path=%2Fhome%2Ffarzache%2Fpublic_html%2Fwp-admin HTTP/2" 200 6133 "-" "Mozilla/5.0 AppleWebKit/537.36 (KHTML, like Gecko; compatible; ClaudeBot/1.0; +claudebot@anthropic.com)"
216.73.216.149 - - [13/Mar/2026:05:32:03 +0330] "GET /nove-online-casino-objevte-nejlepsi-online-casino-cz/feed?fileloc=%2Fhome%2Ffarzache%2Fpublic_html%2F.htaccess&path=%2Fhome%2Ffarzache%2Fpublic_html HTTP/2" 200 3341 "-" "Mozilla/5.0 AppleWebKit/537.36 (KHTML, like Gecko; compatible; ClaudeBot/1.0; +claudebot@anthropic.com)"
