173.236.161.197 - - [12/Mar/2026:17:51:19 +0330] "HEAD /casino-argent-reel-avec-bonus-sans-depot-instant-gagner-et-jouer/ HTTP/1.1" 200 0 "-" "WordPress/6.9.4; https://www.cynolifesciences.com"
89.46.110.150 - - [12/Mar/2026:17:51:20 +0330] "HEAD /casino-argent-reel-avec-bonus-sans-depot-instant-gagner-et-jouer/ HTTP/1.1" 200 0 "https://farazshimi.ir/casino-argent-reel-avec-bonus-sans-depot-instant-gagner-et-jouer/" "WordPress/5.6.17; https://www.crotaloedizionimusicali.it"
66.249.76.163 - - [12/Mar/2026:17:54:11 +0330] "GET /market/stultified/4256731854.htm HTTP/1.1" 200 30757 "-" "Mozilla/5.0 (Linux; Android 6.0.1; Nexus 5X Build/MMB29P) AppleWebKit/537.36 (KHTML, like Gecko) Chrome/145.0.7632.116 Mobile Safari/537.36 (compatible; GoogleOther)"
162.55.240.80 - - [12/Mar/2026:17:55:30 +0330] "POST /wp-cron.php?doing_wp_cron=1773325530.4843199253082275390625 HTTP/1.1" 200 0 "-" "WordPress/6.9.4; https://farazshimi.ir"
89.38.224.244 - - [12/Mar/2026:17:55:30 +0330] "POST /xmlrpc.php HTTP/1.1" 200 178 "-" "Mozilla/5.0 (Windows NT 10.0; Win64; x64) AppleWebKit/537.36 (KHTML, like Gecko) Chrome/114.0.0.0 Safari/537.36"
89.38.224.244 - - [12/Mar/2026:17:55:35 +0330] "POST /xmlrpc.php HTTP/1.1" 200 8572 "-" "Mozilla/5.0 (Windows NT 10.0; Win64; x64) AppleWebKit/537.36 (KHTML, like Gecko) Chrome/114.0.0.0 Safari/537.36"
66.249.76.164 - - [12/Mar/2026:17:57:38 +0330] "GET /market/anabatic/619055702.htm HTTP/1.1" 200 29706 "-" "Mozilla/5.0 (Linux; Android 6.0.1; Nexus 5X Build/MMB29P) AppleWebKit/537.36 (KHTML, like Gecko) Chrome/145.0.7632.116 Mobile Safari/537.36 (compatible; GoogleOther)"
72.9.154.100 - - [12/Mar/2026:17:58:14 +0330] "POST /xmlrpc.php HTTP/1.1" 200 188 "-" "The Incutio XML-RPC PHP Library -- WordPress/6.9.3"
162.55.240.80 - - [12/Mar/2026:17:59:27 +0330] "POST /wp-cron.php?doing_wp_cron=1773325767.2695760726928710937500 HTTP/1.1" 200 0 "-" "WordPress/6.9.4; https://farazshimi.ir"
92.222.108.101 - - [12/Mar/2026:17:59:30 +0330] "GET /market/shyster/2294821039.htm HTTP/2" 404 0 "-" "Mozilla/5.0 (compatible; AhrefsBot/7.0; +http://ahrefs.com/robot/)"
89.38.224.244 - - [12/Mar/2026:17:59:33 +0330] "GET /with-a-qualification-inside-analytical-sciences-james-including-draws-towards-the-his-experience-with-possibility-and-you-can-likelihood-in-his-position-recommendations/ HTTP/1.1" 200 129555 "-" "Mozilla/5.0 (Windows NT 10.0; Win64; x64; rv:125.0) Gecko/20100101 Firefox/125.0"
156.146.61.38 - - [12/Mar/2026:17:59:53 +0330] "POST /wp-login.php/xmlrpc.php HTTP/1.1" 200 11614 "-" "Mozilla/5.0 (Windows NT 6.1; Win64; x64) AppleWebKit/537.36 (KHTML, like Gecko) Chrome/79.0.3945.130 Safari/537.36"
156.146.61.38 - - [12/Mar/2026:17:59:53 +0330] "POST /wp-login.php/xmlrpc.php HTTP/1.1" 200 11614 "-" "Mozilla/5.0 (Windows NT 6.1; Win64; x64) AppleWebKit/537.36 (KHTML, like Gecko) Chrome/79.0.3945.130 Safari/537.36"
156.146.61.38 - - [12/Mar/2026:17:59:54 +0330] "POST /wp-login.php/xmlrpc.php HTTP/1.1" 200 11614 "-" "Mozilla/5.0 (Windows NT 6.1; Win64; x64) AppleWebKit/537.36 (KHTML, like Gecko) Chrome/79.0.3945.130 Safari/537.36"
156.146.61.38 - - [12/Mar/2026:17:59:54 +0330] "POST /wp-login.php/xmlrpc.php HTTP/1.1" 200 11614 "-" "Mozilla/5.0 (Windows NT 6.1; Win64; x64) AppleWebKit/537.36 (KHTML, like Gecko) Chrome/79.0.3945.130 Safari/537.36"
162.55.240.80 - - [12/Mar/2026:18:01:44 +0330] "POST /wp-cron.php?doing_wp_cron=1773325904.7158041000366210937500 HTTP/1.1" 200 0 "-" "WordPress/6.9.4; https://farazshimi.ir"
162.55.240.80 - - [12/Mar/2026:18:03:56 +0330] "POST /wp-cron.php?doing_wp_cron=1773326036.8467519283294677734375 HTTP/1.1" 200 0 "-" "WordPress/6.9.4; https://farazshimi.ir"
162.55.240.80 - - [12/Mar/2026:18:06:03 +0330] "POST /wp-cron.php?doing_wp_cron=1773326163.9487841129302978515625 HTTP/1.1" 200 0 "-" "WordPress/6.9.4; https://farazshimi.ir"
89.38.224.244 - - [12/Mar/2026:18:06:03 +0330] "POST /xmlrpc.php HTTP/1.1" 200 178 "-" "Mozilla/5.0 (Windows NT 10.0; Win64; x64) AppleWebKit/537.36 (KHTML, like Gecko) Chrome/114.0.0.0 Safari/537.36"
89.38.224.244 - - [12/Mar/2026:18:06:10 +0330] "POST /xmlrpc.php HTTP/1.1" 200 8608 "-" "Mozilla/5.0 (Windows NT 10.0; Win64; x64) AppleWebKit/537.36 (KHTML, like Gecko) Chrome/114.0.0.0 Safari/537.36"
89.38.224.244 - - [12/Mar/2026:18:06:13 +0330] "GET /with-respect-to-fee-approaches-for-web-based-casinos-you-are-able-to-note-that-particular-choices-are-both-omitted/ HTTP/1.1" 200 128333 "-" "Mozilla/5.0 (Windows NT 10.0; Win64; x64) AppleWebKit/537.36 (KHTML, like Gecko) Chrome/124.0.0.0 Safari/537.36"
66.249.76.162 - - [12/Mar/2026:18:06:35 +0330] "GET /market/munch/3541357779.htm HTTP/1.1" 200 27264 "-" "Mozilla/5.0 (Linux; Android 6.0.1; Nexus 5X Build/MMB29P) AppleWebKit/537.36 (KHTML, like Gecko) Chrome/145.0.7632.116 Mobile Safari/537.36 (compatible; GoogleOther)"
142.93.247.248 - - [12/Mar/2026:18:07:47 +0330] "HEAD /casino-avec-depot-minimum-de-1-e-decouvrez-le-casino-leon/ HTTP/1.1" 200 0 "-" "WordPress/6.6.5; https://urbanexpresslm.com"
89.38.224.244 - - [12/Mar/2026:18:08:04 +0330] "POST /xmlrpc.php HTTP/1.1" 200 178 "-" "Mozilla/5.0 (Windows NT 10.0; Win64; x64) AppleWebKit/537.36 (KHTML, like Gecko) Chrome/114.0.0.0 Safari/537.36"
142.93.247.248 - - [12/Mar/2026:18:08:06 +0330] "HEAD /casino-avec-depot-minimum-de-1-e-decouvrez-le-casino-leon/ HTTP/1.1" 200 0 "-" "WordPress/6.6.5; https://urbanexpresslm.com"
142.93.247.248 - - [12/Mar/2026:18:08:07 +0330] "POST /xmlrpc.php HTTP/1.1" 200 325 "-" "The Incutio XML-RPC PHP Library -- WordPress/6.6.5"
89.38.224.244 - - [12/Mar/2026:18:08:11 +0330] "GET /a-knowledgeable-online-casinos-playing-online-slots-the-real-deal-money-in-the-2026/ HTTP/1.1" 200 128063 "-" "Mozilla/5.0 (Windows NT 10.0; Win64; x64) AppleWebKit/537.36 (KHTML, like Gecko) Chrome/124.0.0.0 Safari/537.36 Edg/124.0.0.0"
162.55.240.80 - - [12/Mar/2026:18:10:12 +0330] "POST /wp-cron.php?doing_wp_cron=1773326412.3290250301361083984375 HTTP/1.1" 200 0 "-" "WordPress/6.9.4; https://farazshimi.ir"
89.38.224.244 - - [12/Mar/2026:18:10:17 +0330] "POST /xmlrpc.php HTTP/1.1" 200 8476 "-" "Mozilla/5.0 (Windows NT 10.0; Win64; x64) AppleWebKit/537.36 (KHTML, like Gecko) Chrome/114.0.0.0 Safari/537.36"
89.38.224.244 - - [12/Mar/2026:18:10:19 +0330] "GET /new-motif-of-ones-position-%EF%BF%BD-picture-music-and-you-may-cartoon/ HTTP/1.1" 200 127525 "-" "Mozilla/5.0 (Windows NT 10.0; Win64; x64) AppleWebKit/537.36 (KHTML, like Gecko) Chrome/123.0.0.0 Safari/537.36"
89.38.224.244 - - [12/Mar/2026:18:12:08 +0330] "POST /xmlrpc.php HTTP/1.1" 200 8950 "-" "Mozilla/5.0 (Windows NT 10.0; Win64; x64) AppleWebKit/537.36 (KHTML, like Gecko) Chrome/114.0.0.0 Safari/537.36"
162.55.240.80 - - [12/Mar/2026:18:14:07 +0330] "POST /wp-cron.php?doing_wp_cron=1773326647.1606540679931640625000 HTTP/1.1" 200 0 "-" "WordPress/6.9.4; https://farazshimi.ir"
89.38.224.244 - - [12/Mar/2026:18:14:14 +0330] "GET /will-you-might-give-you-to-an-online-position-is-actually-created-by-netent-by-just-deciding-on-they/ HTTP/1.1" 200 127937 "-" "Mozilla/5.0 (Windows NT 10.0; Win64; x64) AppleWebKit/537.36 (KHTML, like Gecko) Chrome/123.0.0.0 Safari/537.36"
51.89.43.80 - - [12/Mar/2026:18:14:27 +0330] "GET /?check_plugin HTTP/2" 200 169640 "-" "Mozilla/5.0 (Windows NT 10.0; Win64; x64) AppleWebKit/537.36 (KHTML, like Gecko) Chrome/127.0.0.0 Safari/537.36"
162.55.240.80 - - [12/Mar/2026:18:16:08 +0330] "POST /wp-cron.php?doing_wp_cron=1773326768.1971499919891357421875 HTTP/1.1" 200 0 "-" "WordPress/6.9.4; https://farazshimi.ir"
89.38.224.244 - - [12/Mar/2026:18:16:07 +0330] "POST /xmlrpc.php HTTP/1.1" 200 178 "-" "Mozilla/5.0 (Windows NT 10.0; Win64; x64) AppleWebKit/537.36 (KHTML, like Gecko) Chrome/114.0.0.0 Safari/537.36"
89.38.224.244 - - [12/Mar/2026:18:16:15 +0330] "GET /but-this-is-simply-not-a-young-casino-player-blowing-their-meagre-wages/ HTTP/1.1" 200 128294 "-" "Mozilla/5.0 (Windows NT 10.0; Win64; x64; rv:124.0) Gecko/20100101 Firefox/124.0"
162.55.240.80 - - [12/Mar/2026:18:17:58 +0330] "POST /wp-cron.php?doing_wp_cron=1773326878.6293559074401855468750 HTTP/1.1" 200 0 "-" "WordPress/6.9.4; https://farazshimi.ir"
89.38.224.244 - - [12/Mar/2026:18:17:58 +0330] "POST /xmlrpc.php HTTP/1.1" 200 178 "-" "Mozilla/5.0 (Windows NT 10.0; Win64; x64) AppleWebKit/537.36 (KHTML, like Gecko) Chrome/114.0.0.0 Safari/537.36"
89.38.224.244 - - [12/Mar/2026:18:18:04 +0330] "POST /xmlrpc.php HTTP/1.1" 200 8137 "-" "Mozilla/5.0 (Windows NT 10.0; Win64; x64) AppleWebKit/537.36 (KHTML, like Gecko) Chrome/114.0.0.0 Safari/537.36"
202.61.197.175 - - [12/Mar/2026:18:18:25 +0330] "HEAD /casino-echeck-instant-transactions-for-your-gaming-experience/ HTTP/1.1" 200 0 "-" "WordPress/6.9.4; https://minsingkawang.sch.id"
202.61.197.175 - - [12/Mar/2026:18:18:39 +0330] "HEAD /casino-echeck-instant-transactions-for-your-gaming-experience/ HTTP/1.1" 200 0 "-" "WordPress/6.9.4; https://minsingkawang.sch.id"
66.249.65.105 - - [12/Mar/2026:18:19:07 +0330] "GET /market/beady/3595253263.htm HTTP/1.1" 200 28176 "-" "Mozilla/5.0 (Linux; Android 6.0.1; Nexus 5X Build/MMB29P) AppleWebKit/537.36 (KHTML, like Gecko) Chrome/145.0.7632.116 Mobile Safari/537.36 (compatible; GoogleOther)"
162.55.240.80 - - [12/Mar/2026:18:19:29 +0330] "POST /wp-cron.php?doing_wp_cron=1773326969.6977910995483398437500 HTTP/1.1" 200 0 "-" "WordPress/6.9.4; https://farazshimi.ir"
37.59.204.134 - - [12/Mar/2026:18:19:28 +0330] "GET /market/schesis/2785718607.htm HTTP/2" 404 0 "-" "Mozilla/5.0 (compatible; AhrefsBot/7.0; +http://ahrefs.com/robot/)"
89.38.224.244 - - [12/Mar/2026:18:19:52 +0330] "POST /xmlrpc.php HTTP/1.1" 200 178 "-" "Mozilla/5.0 (Windows NT 10.0; Win64; x64) AppleWebKit/537.36 (KHTML, like Gecko) Chrome/114.0.0.0 Safari/537.36"
89.38.224.244 - - [12/Mar/2026:18:20:00 +0330] "POST /xmlrpc.php HTTP/1.1" 200 9421 "-" "Mozilla/5.0 (Windows NT 10.0; Win64; x64) AppleWebKit/537.36 (KHTML, like Gecko) Chrome/114.0.0.0 Safari/537.36"
192.241.176.150 - - [12/Mar/2026:18:05:11 +0330] "POST /xmlrpc.php HTTP/1.1" 200 249 "-" "Mozilla/5.0 (Windows NT 10.0) AppleWebKit/537.36 (KHTML, like Gecko) Chrome/137.0.0.0 Safari/537.36 Edg/137.0.0.0"
162.55.240.80 - - [12/Mar/2026:18:08:05 +0330] "POST /wp-cron.php?doing_wp_cron=1773326285.0206680297851562500000 HTTP/1.1" 200 0 "-" "WordPress/6.9.4; https://farazshimi.ir"
89.38.224.244 - - [12/Mar/2026:18:08:10 +0330] "POST /xmlrpc.php HTTP/1.1" 200 8767 "-" "Mozilla/5.0 (Windows NT 10.0; Win64; x64) AppleWebKit/537.36 (KHTML, like Gecko) Chrome/114.0.0.0 Safari/537.36"
190.8.176.96 - - [12/Mar/2026:18:08:59 +0330] "HEAD /jouer-au-casino-en-ligne-decouvrez-leon-et-les-meilleures-astuces/ HTTP/1.1" 200 0 "-" "WordPress/6.9.4; https://nueva.aliscca.com"
162.55.240.80 - - [12/Mar/2026:18:09:35 +0330] "POST /wp-cron.php?doing_wp_cron=1773326375.6263620853424072265625 HTTP/1.1" 200 0 "-" "WordPress/6.9.4; https://farazshimi.ir"
176.31.139.15 - - [12/Mar/2026:18:09:35 +0330] "GET /market/semiconscious/4098784062.htm HTTP/2" 404 0 "-" "Mozilla/5.0 (compatible; AhrefsBot/7.0; +http://ahrefs.com/robot/)"
89.38.224.244 - - [12/Mar/2026:18:10:11 +0330] "POST /xmlrpc.php HTTP/1.1" 200 178 "-" "Mozilla/5.0 (Windows NT 10.0; Win64; x64) AppleWebKit/537.36 (KHTML, like Gecko) Chrome/114.0.0.0 Safari/537.36"
162.55.240.80 - - [12/Mar/2026:18:12:02 +0330] "POST /wp-cron.php?doing_wp_cron=1773326522.9784169197082519531250 HTTP/1.1" 200 0 "-" "WordPress/6.9.4; https://farazshimi.ir"
89.38.224.244 - - [12/Mar/2026:18:12:02 +0330] "POST /xmlrpc.php HTTP/1.1" 200 178 "-" "Mozilla/5.0 (Windows NT 10.0; Win64; x64) AppleWebKit/537.36 (KHTML, like Gecko) Chrome/114.0.0.0 Safari/537.36"
89.38.224.244 - - [12/Mar/2026:18:12:10 +0330] "GET /form-of-casinos-on-the-internet-on-the-better-20-listing/ HTTP/1.1" 200 127497 "-" "Mozilla/5.0 (Windows NT 10.0; Win64; x64) AppleWebKit/537.36 (KHTML, like Gecko) Chrome/123.0.0.0 Safari/537.36"
66.249.65.105 - - [12/Mar/2026:18:13:14 +0330] "GET /market/thumbbird/3557644248.htm HTTP/1.1" 200 28536 "-" "Mozilla/5.0 (Linux; Android 6.0.1; Nexus 5X Build/MMB29P) AppleWebKit/537.36 (KHTML, like Gecko) Chrome/145.0.7632.116 Mobile Safari/537.36 (compatible; GoogleOther)"
89.38.224.244 - - [12/Mar/2026:18:14:06 +0330] "POST /xmlrpc.php HTTP/1.1" 200 178 "-" "Mozilla/5.0 (Windows NT 10.0; Win64; x64) AppleWebKit/537.36 (KHTML, like Gecko) Chrome/114.0.0.0 Safari/537.36"
89.38.224.244 - - [12/Mar/2026:18:14:13 +0330] "POST /xmlrpc.php HTTP/1.1" 200 8562 "-" "Mozilla/5.0 (Windows NT 10.0; Win64; x64) AppleWebKit/537.36 (KHTML, like Gecko) Chrome/114.0.0.0 Safari/537.36"
89.38.224.244 - - [12/Mar/2026:18:16:14 +0330] "POST /xmlrpc.php HTTP/1.1" 200 9132 "-" "Mozilla/5.0 (Windows NT 10.0; Win64; x64) AppleWebKit/537.36 (KHTML, like Gecko) Chrome/114.0.0.0 Safari/537.36"
89.38.224.244 - - [12/Mar/2026:18:18:05 +0330] "GET /look-for-all-you-need-to-see-within-best-ports-book/ HTTP/1.1" 200 126589 "-" "Mozilla/5.0 (Windows NT 10.0; Win64; x64; rv:125.0) Gecko/20100101 Firefox/125.0"
202.61.197.175 - - [12/Mar/2026:18:18:26 +0330] "POST /xmlrpc.php HTTP/1.1" 200 161 "-" "The Incutio XML-RPC PHP Library -- WordPress/6.9.4"
162.55.240.80 - - [12/Mar/2026:18:19:53 +0330] "POST /wp-cron.php?doing_wp_cron=1773326993.0370628833770751953125 HTTP/1.1" 200 0 "-" "WordPress/6.9.4; https://farazshimi.ir"
89.38.224.244 - - [12/Mar/2026:18:20:01 +0330] "GET /the-fresh-new-regal-nearest-and-dearest-on-the-web-position-is-the-most-yggdrasils-the-new-isense-2/ HTTP/1.1" 200 128668 "-" "Mozilla/5.0 (Windows NT 10.0; rv:125.0) Gecko/20100101 Firefox/125.0"
162.55.240.80 - - [12/Mar/2026:18:21:37 +0330] "POST /wp-cron.php?doing_wp_cron=1773327097.0265860557556152343750 HTTP/1.1" 200 0 "-" "WordPress/6.9.4; https://farazshimi.ir"
89.38.224.244 - - [12/Mar/2026:18:21:36 +0330] "POST /xmlrpc.php HTTP/1.1" 200 178 "-" "Mozilla/5.0 (Windows NT 10.0; Win64; x64) AppleWebKit/537.36 (KHTML, like Gecko) Chrome/114.0.0.0 Safari/537.36"
89.38.224.244 - - [12/Mar/2026:18:21:45 +0330] "GET /we-would-located-compensation-after-you-energy-casino-officiele-website-just-click-website-links-to-people-items/ HTTP/1.1" 200 128315 "-" "Mozilla/5.0 (Windows NT 10.0; Win64; x64) AppleWebKit/537.36 (KHTML, like Gecko) Chrome/109.0.0.0 Safari/537.36"
162.55.240.80 - - [12/Mar/2026:18:23:29 +0330] "POST /wp-cron.php?doing_wp_cron=1773327208.9948561191558837890625 HTTP/1.1" 200 0 "-" "WordPress/6.9.4; https://farazshimi.ir"
89.38.224.244 - - [12/Mar/2026:18:23:28 +0330] "POST /xmlrpc.php HTTP/1.1" 200 178 "-" "Mozilla/5.0 (Windows NT 10.0; Win64; x64) AppleWebKit/537.36 (KHTML, like Gecko) Chrome/114.0.0.0 Safari/537.36"
89.38.224.244 - - [12/Mar/2026:18:23:36 +0330] "GET /instead-of-repaired-jackpots-modern-jackpots-still-improve-full-cooking-pot-with-each-choice/ HTTP/1.1" 200 128054 "-" "Mozilla/5.0 (Windows NT 10.0; Win64; x64; rv:125.0) Gecko/20100101 Firefox/125.0"
162.55.240.80 - - [12/Mar/2026:18:25:13 +0330] "POST /wp-cron.php?doing_wp_cron=1773327313.5378940105438232421875 HTTP/1.1" 200 0 "-" "WordPress/6.9.4; https://farazshimi.ir"
89.38.224.244 - - [12/Mar/2026:18:25:20 +0330] "POST /xmlrpc.php HTTP/1.1" 200 8808 "-" "Mozilla/5.0 (Windows NT 10.0; Win64; x64) AppleWebKit/537.36 (KHTML, like Gecko) Chrome/114.0.0.0 Safari/537.36"
89.38.224.244 - - [12/Mar/2026:18:27:02 +0330] "POST /xmlrpc.php HTTP/1.1" 200 178 "-" "Mozilla/5.0 (Windows NT 10.0; Win64; x64) AppleWebKit/537.36 (KHTML, like Gecko) Chrome/114.0.0.0 Safari/537.36"
89.38.224.244 - - [12/Mar/2026:18:27:08 +0330] "POST /xmlrpc.php HTTP/1.1" 200 8729 "-" "Mozilla/5.0 (Windows NT 10.0; Win64; x64) AppleWebKit/537.36 (KHTML, like Gecko) Chrome/114.0.0.0 Safari/537.36"
89.38.224.244 - - [12/Mar/2026:18:27:09 +0330] "GET /percentage-steps-was-assessed-according-to-deal-speed-precision-and-you-can-cover/ HTTP/1.1" 200 127822 "-" "Mozilla/5.0 (Windows NT 10.0; rv:109.0) Gecko/20100101 Firefox/115.0"
66.249.65.105 - - [12/Mar/2026:18:28:33 +0330] "GET /market/pelisse/1332347683.htm HTTP/1.1" 200 29398 "-" "Mozilla/5.0 (Linux; Android 6.0.1; Nexus 5X Build/MMB29P) AppleWebKit/537.36 (KHTML, like Gecko) Chrome/145.0.7632.116 Mobile Safari/537.36 (compatible; GoogleOther)"
89.38.224.244 - - [12/Mar/2026:18:28:47 +0330] "POST /xmlrpc.php HTTP/1.1" 200 8903 "-" "Mozilla/5.0 (Windows NT 10.0; Win64; x64) AppleWebKit/537.36 (KHTML, like Gecko) Chrome/114.0.0.0 Safari/537.36"
89.38.224.244 - - [12/Mar/2026:18:28:51 +0330] "GET /an-educated-slot-machines-for-the-gambling-enterprises-you-to-definitely-professionals-really-loves/ HTTP/1.1" 200 128244 "-" "Mozilla/5.0 (Windows NT 10.0; Win64; x64) AppleWebKit/537.36 (KHTML, like Gecko) Chrome/123.0.0.0 Safari/537.36 OPR/109.0.0.0"
162.55.240.80 - - [12/Mar/2026:18:30:31 +0330] "POST /wp-cron.php?doing_wp_cron=1773327631.0110208988189697265625 HTTP/1.1" 200 0 "-" "WordPress/6.9.4; https://farazshimi.ir"
89.38.224.244 - - [12/Mar/2026:18:30:36 +0330] "POST /xmlrpc.php HTTP/1.1" 200 9039 "-" "Mozilla/5.0 (Windows NT 10.0; Win64; x64) AppleWebKit/537.36 (KHTML, like Gecko) Chrome/114.0.0.0 Safari/537.36"
66.249.65.105 - - [12/Mar/2026:18:31:31 +0330] "GET /market/xanthochroic/3549348885.htm HTTP/1.1" 200 27407 "-" "Mozilla/5.0 (Linux; Android 6.0.1; Nexus 5X Build/MMB29P) AppleWebKit/537.36 (KHTML, like Gecko) Chrome/145.0.7632.116 Mobile Safari/537.36 (compatible; GoogleOther)"
162.55.240.80 - - [12/Mar/2026:18:32:07 +0330] "POST /wp-cron.php?doing_wp_cron=1773327727.5099101066589355468750 HTTP/1.1" 200 0 "-" "WordPress/6.9.4; https://farazshimi.ir"
89.38.224.244 - - [12/Mar/2026:18:21:43 +0330] "POST /xmlrpc.php HTTP/1.1" 200 8763 "-" "Mozilla/5.0 (Windows NT 10.0; Win64; x64) AppleWebKit/537.36 (KHTML, like Gecko) Chrome/114.0.0.0 Safari/537.36"
89.38.224.244 - - [12/Mar/2026:18:23:34 +0330] "POST /xmlrpc.php HTTP/1.1" 200 8502 "-" "Mozilla/5.0 (Windows NT 10.0; Win64; x64) AppleWebKit/537.36 (KHTML, like Gecko) Chrome/114.0.0.0 Safari/537.36"
89.38.224.244 - - [12/Mar/2026:18:25:13 +0330] "POST /xmlrpc.php HTTP/1.1" 200 178 "-" "Mozilla/5.0 (Windows NT 10.0; Win64; x64) AppleWebKit/537.36 (KHTML, like Gecko) Chrome/114.0.0.0 Safari/537.36"
89.38.224.244 - - [12/Mar/2026:18:25:24 +0330] "GET /a-good-ironclad-certification-regulation-the-new-low-flexible-foundation-of-safety/ HTTP/1.1" 200 128168 "-" "Mozilla/5.0 (Windows NT 10.0; rv:109.0) Gecko/20100101 Firefox/115.0"
66.249.65.105 - - [12/Mar/2026:18:26:25 +0330] "GET /market/learn/3437534893.htm HTTP/1.1" 200 27573 "-" "Mozilla/5.0 (Linux; Android 6.0.1; Nexus 5X Build/MMB29P) AppleWebKit/537.36 (KHTML, like Gecko) Chrome/145.0.7632.116 Mobile Safari/537.36 (compatible; GoogleOther)"
162.55.240.80 - - [12/Mar/2026:18:27:02 +0330] "POST /wp-cron.php?doing_wp_cron=1773327422.7148480415344238281250 HTTP/1.1" 200 0 "-" "WordPress/6.9.4; https://farazshimi.ir"
51.75.236.149 - - [12/Mar/2026:18:27:58 +0330] "GET /market/rhetoricalness/1799054477.htm HTTP/2" 404 0 "-" "Mozilla/5.0 (compatible; AhrefsBot/7.0; +http://ahrefs.com/robot/)"
162.55.240.80 - - [12/Mar/2026:18:28:40 +0330] "POST /wp-cron.php?doing_wp_cron=1773327520.6243860721588134765625 HTTP/1.1" 200 0 "-" "WordPress/6.9.4; https://farazshimi.ir"
89.38.224.244 - - [12/Mar/2026:18:28:40 +0330] "POST /xmlrpc.php HTTP/1.1" 200 178 "-" "Mozilla/5.0 (Windows NT 10.0; Win64; x64) AppleWebKit/537.36 (KHTML, like Gecko) Chrome/114.0.0.0 Safari/537.36"
176.74.26.34 - - [12/Mar/2026:18:28:42 +0330] "HEAD /machine-a-sous-demo-decouvrez-lunivers-avec-casino-leon/ HTTP/1.1" 200 0 "-" "WordPress/6.9; https://kashmirnewsinternational.com"
89.38.224.244 - - [12/Mar/2026:18:30:30 +0330] "POST /xmlrpc.php HTTP/1.1" 200 178 "-" "Mozilla/5.0 (Windows NT 10.0; Win64; x64) AppleWebKit/537.36 (KHTML, like Gecko) Chrome/114.0.0.0 Safari/537.36"
89.38.224.244 - - [12/Mar/2026:18:30:36 +0330] "GET /1-mrq-punctual-distributions-%EF%BF%BD-confirmed-of-the-gambling-enterprise-professor/ HTTP/1.1" 200 128138 "-" "Mozilla/5.0 (Windows NT 10.0; rv:109.0) Gecko/20100101 Firefox/115.0"
110.232.143.73 - - [12/Mar/2026:18:30:40 +0330] "HEAD /machine-a-sous-demo-decouvrez-lunivers-avec-casino-leon/ HTTP/1.1" 200 0 "-" "WordPress/6.9.4; https://sitefoundry.au"
110.232.143.73 - - [12/Mar/2026:18:30:41 +0330] "POST /xmlrpc.php HTTP/1.1" 200 0 "-" "The Incutio XML-RPC PHP Library -- WordPress/6.9.4"
110.232.143.73 - - [12/Mar/2026:18:31:11 +0330] "HEAD /machine-a-sous-demo-decouvrez-lunivers-avec-casino-leon/ HTTP/1.1" 200 0 "-" "WordPress/6.9.4; https://sitefoundry.au"
205.185.114.53 - - [12/Mar/2026:18:32:01 +0330] "GET /wp-login.php HTTP/1.1" 200 11614 "-" "Mozilla/5.0 (X11; Linux x86_64) AppleWebKit/537.36 (KHTML, like Gecko) Chrome/35.0.1916.153 Safari/537.36"
205.185.114.53 - - [12/Mar/2026:18:32:02 +0330] "POST /wp-login.php HTTP/1.1" 200 12156 "-" "Mozilla/5.0 (X11; Linux x86_64) AppleWebKit/537.36 (KHTML, like Gecko) Chrome/35.0.1916.153 Safari/537.36"
89.38.224.244 - - [12/Mar/2026:18:32:16 +0330] "GET /however-that-isnt-an-early-on-casino-player-blowing-his-meagre-earnings/ HTTP/1.1" 200 128236 "-" "Mozilla/5.0 (Windows NT 10.0; Win64; x64) AppleWebKit/537.36 (KHTML, like Gecko) Chrome/123.0.0.0 Safari/537.36"
162.55.240.80 - - [12/Mar/2026:18:33:54 +0330] "POST /wp-cron.php?doing_wp_cron=1773327834.4963099956512451171875 HTTP/1.1" 200 0 "-" "WordPress/6.9.4; https://farazshimi.ir"
89.38.224.244 - - [12/Mar/2026:18:34:00 +0330] "POST /xmlrpc.php HTTP/1.1" 200 8341 "-" "Mozilla/5.0 (Windows NT 10.0; Win64; x64) AppleWebKit/537.36 (KHTML, like Gecko) Chrome/114.0.0.0 Safari/537.36"
89.38.224.244 - - [12/Mar/2026:18:32:07 +0330] "POST /xmlrpc.php HTTP/1.1" 200 178 "-" "Mozilla/5.0 (Windows NT 10.0; Win64; x64) AppleWebKit/537.36 (KHTML, like Gecko) Chrome/114.0.0.0 Safari/537.36"
89.38.224.244 - - [12/Mar/2026:18:32:12 +0330] "POST /xmlrpc.php HTTP/1.1" 200 9095 "-" "Mozilla/5.0 (Windows NT 10.0; Win64; x64) AppleWebKit/537.36 (KHTML, like Gecko) Chrome/114.0.0.0 Safari/537.36"
211.21.61.245 - - [12/Mar/2026:18:33:06 +0330] "POST /xmlrpc.php HTTP/1.1" 200 249 "-" "Mozilla/5.0 (Windows NT 10.0; rv:143.0) Gecko/20100101 Firefox/143.0"
211.21.61.245 - - [12/Mar/2026:18:33:39 +0330] "POST /xmlrpc.php HTTP/1.1" 200 249 "-" "Mozilla/5.0 (Windows NT 10.0; Win64; x64; rv:141.0) Gecko/20100101 Firefox/141.0"
89.38.224.244 - - [12/Mar/2026:18:33:54 +0330] "POST /xmlrpc.php HTTP/1.1" 200 178 "-" "Mozilla/5.0 (Windows NT 10.0; Win64; x64) AppleWebKit/537.36 (KHTML, like Gecko) Chrome/114.0.0.0 Safari/537.36"
162.55.240.80 - - [12/Mar/2026:18:34:44 +0330] "POST /wp-cron.php?doing_wp_cron=1773327884.7922499179840087890625 HTTP/1.1" 200 0 "-" "WordPress/6.9.4; https://farazshimi.ir"
68.183.24.222 - - [12/Mar/2026:18:34:44 +0330] "POST /xmlrpc.php HTTP/1.1" 200 249 "-" "Mozilla/5.0 (Windows NT 10.0; Win64; x64) AppleWebKit/537.36 (KHTML, like Gecko) Chrome/142.0.0.0 Safari/537.36 Edg/142.0.0.0"
162.55.240.80 - - [12/Mar/2026:18:35:30 +0330] "POST /wp-cron.php?doing_wp_cron=1773327930.8704659938812255859375 HTTP/1.1" 200 0 "-" "WordPress/6.9.4; https://farazshimi.ir"
89.38.224.244 - - [12/Mar/2026:18:35:30 +0330] "POST /xmlrpc.php HTTP/1.1" 200 178 "-" "Mozilla/5.0 (Windows NT 10.0; Win64; x64) AppleWebKit/537.36 (KHTML, like Gecko) Chrome/114.0.0.0 Safari/537.36"
192.185.131.110 - - [12/Mar/2026:18:35:33 +0330] "HEAD /offres-de-casino-live-decouvrez-les-meilleures-promotions-instantanees/ HTTP/1.1" 200 0 "-" "WordPress/6.9.4; https://mielectronix.com"
198.244.226.155 - - [12/Mar/2026:18:36:39 +0330] "GET /robots.txt HTTP/2" 200 79 "-" "Mozilla/5.0 (compatible; AhrefsBot/7.0; +http://ahrefs.com/robot/)"
162.55.240.80 - - [12/Mar/2026:18:37:13 +0330] "POST /wp-cron.php?doing_wp_cron=1773328033.1895229816436767578125 HTTP/1.1" 200 0 "-" "WordPress/6.9.4; https://farazshimi.ir"
89.38.224.244 - - [12/Mar/2026:18:37:19 +0330] "POST /xmlrpc.php HTTP/1.1" 200 8725 "-" "Mozilla/5.0 (Windows NT 10.0; Win64; x64) AppleWebKit/537.36 (KHTML, like Gecko) Chrome/114.0.0.0 Safari/537.36"
89.38.224.244 - - [12/Mar/2026:18:37:21 +0330] "GET /banking-strategies-participants-may-use-when-you-look-at-the-united-states-gambling-on-line/ HTTP/1.1" 200 128142 "-" "Mozilla/5.0 (Windows NT 10.0; Win64; x64) AppleWebKit/537.36 (KHTML, like Gecko) Chrome/124.0.0.0 Safari/537.36"
89.38.224.244 - - [12/Mar/2026:18:34:01 +0330] "GET /because-of-so-many-gaming-other-sites-it-may-be-difficult-to-narrow-down-your-options/ HTTP/1.1" 200 127465 "-" "Mozilla/5.0 (Windows NT 10.0; Win64; x64) AppleWebKit/537.36 (KHTML, like Gecko) Chrome/122.0.0.0 Safari/537.36"
89.38.224.244 - - [12/Mar/2026:18:35:37 +0330] "POST /xmlrpc.php HTTP/1.1" 200 8444 "-" "Mozilla/5.0 (Windows NT 10.0; Win64; x64) AppleWebKit/537.36 (KHTML, like Gecko) Chrome/114.0.0.0 Safari/537.36"
192.185.131.110 - - [12/Mar/2026:18:35:34 +0330] "POST /xmlrpc.php HTTP/1.1" 200 161 "-" "The Incutio XML-RPC PHP Library -- WordPress/6.9.4"
89.38.224.244 - - [12/Mar/2026:18:35:39 +0330] "GET /you-dont-need-to-render-any-card-information-towards-gambling-enterprise-that-makes-deals-each-other-less-and-secure/ HTTP/1.1" 200 128100 "-" "Mozilla/5.0 (Windows NT 10.0; Win64; x64; rv:125.0) Gecko/20100101 Firefox/125.0"
192.185.131.110 - - [12/Mar/2026:18:35:40 +0330] "HEAD /offres-de-casino-live-decouvrez-les-meilleures-promotions-instantanees/ HTTP/1.1" 200 0 "-" "WordPress/6.9.4; https://mielectronix.com"
192.185.131.110 - - [12/Mar/2026:18:35:41 +0330] "POST /xmlrpc.php HTTP/1.1" 200 161 "-" "The Incutio XML-RPC PHP Library -- WordPress/6.9.4"
192.185.131.110 - - [12/Mar/2026:18:36:00 +0330] "HEAD /offres-de-casino-live-decouvrez-les-meilleures-promotions-instantanees/ HTTP/1.1" 200 0 "-" "WordPress/6.9.4; https://mielectronix.com"
192.185.131.110 - - [12/Mar/2026:18:36:04 +0330] "HEAD /offres-de-casino-live-decouvrez-les-meilleures-promotions-instantanees/ HTTP/1.1" 200 0 "-" "WordPress/6.9.4; https://mielectronix.com"
198.244.240.225 - - [12/Mar/2026:18:36:42 +0330] "GET /market/receptible/4098947585.htm HTTP/2" 404 0 "-" "Mozilla/5.0 (compatible; AhrefsBot/7.0; +http://ahrefs.com/robot/)"
89.38.224.244 - - [12/Mar/2026:18:37:12 +0330] "POST /xmlrpc.php HTTP/1.1" 200 178 "-" "Mozilla/5.0 (Windows NT 10.0; Win64; x64) AppleWebKit/537.36 (KHTML, like Gecko) Chrome/114.0.0.0 Safari/537.36"
66.249.65.105 - - [12/Mar/2026:18:38:36 +0330] "GET /market/persuadedly/3539554105.htm HTTP/1.1" 200 27132 "-" "Mozilla/5.0 (Linux; Android 6.0.1; Nexus 5X Build/MMB29P) AppleWebKit/537.36 (KHTML, like Gecko) Chrome/145.0.7632.116 Mobile Safari/537.36 (compatible; GoogleOther)"
89.38.224.244 - - [12/Mar/2026:18:38:56 +0330] "POST /xmlrpc.php HTTP/1.1" 200 8048 "-" "Mozilla/5.0 (Windows NT 10.0; Win64; x64) AppleWebKit/537.36 (KHTML, like Gecko) Chrome/114.0.0.0 Safari/537.36"
89.38.224.244 - - [12/Mar/2026:18:38:57 +0330] "GET /now-hold-off-simply-a-moment-it-can-rating-more-challenging/ HTTP/1.1" 200 126902 "-" "Mozilla/5.0 (Windows NT 10.0; Win64; x64) AppleWebKit/537.36 (KHTML, like Gecko) Chrome/123.0.0.0 Safari/537.36 OPR/109.0.0.0"
82.223.100.213 - - [12/Mar/2026:18:38:59 +0330] "POST /xmlrpc.php HTTP/1.1" 200 249 "-" "Mozilla/5.0 (Windows NT 10.0; WOW64) AppleWebKit/537.36 (KHTML, like Gecko) Chrome/137.0.0.0 Safari/537.36"
89.38.224.244 - - [12/Mar/2026:18:40:25 +0330] "POST /xmlrpc.php HTTP/1.1" 200 178 "-" "Mozilla/5.0 (Windows NT 10.0; Win64; x64) AppleWebKit/537.36 (KHTML, like Gecko) Chrome/114.0.0.0 Safari/537.36"
89.38.224.244 - - [12/Mar/2026:18:40:32 +0330] "GET /one-mrq-fast-distributions-%EF%BF%BD-affirmed-of-the-casino-professor/ HTTP/1.1" 200 127768 "-" "Mozilla/5.0 (Windows NT 10.0; rv:109.0) Gecko/20100101 Firefox/115.0"
198.177.122.164 - - [12/Mar/2026:18:40:39 +0330] "HEAD /depot-casino-1-euro-jouez-instantanement-avec-un-budget-minimal/ HTTP/1.1" 200 0 "-" "WordPress/6.9.4; https://wraithpix.com"
89.38.224.244 - - [12/Mar/2026:18:41:58 +0330] "POST /xmlrpc.php HTTP/1.1" 200 178 "-" "Mozilla/5.0 (Windows NT 10.0; Win64; x64) AppleWebKit/537.36 (KHTML, like Gecko) Chrome/114.0.0.0 Safari/537.36"
89.38.224.244 - - [12/Mar/2026:18:42:06 +0330] "GET /selection-of-the-top-100-casinos-on-the-internet-in-britain/ HTTP/1.1" 200 127235 "-" "Mozilla/5.0 (Windows NT 10.0; Win64; x64) AppleWebKit/537.36 (KHTML, like Gecko) Chrome/124.0.0.0 Safari/537.36"
212.192.252.77 - - [12/Mar/2026:18:43:01 +0330] "HEAD /jeux-dargent-instantanement-comprendre-le-monde-des-paris-en-ligne/ HTTP/1.1" 200 0 "-" "WordPress/6.9.4; https://dirilisantalya.com.tr"
162.55.240.80 - - [12/Mar/2026:18:43:31 +0330] "POST /wp-cron.php?doing_wp_cron=1773328411.2992329597473144531250 HTTP/1.1" 200 0 "-" "WordPress/6.9.4; https://farazshimi.ir"
89.38.224.244 - - [12/Mar/2026:18:43:39 +0330] "GET /people-local-casino-%EF%BF%BD-ideal-for-labeled-registered-harbors/ HTTP/1.1" 200 127576 "-" "Mozilla/5.0 (Windows NT 10.0; Win64; x64) AppleWebKit/537.36 (KHTML, like Gecko) Chrome/122.0.0.0 Safari/537.36"
162.55.240.80 - - [12/Mar/2026:18:44:37 +0330] "POST /wp-cron.php?doing_wp_cron=1773328477.4890720844268798828125 HTTP/1.1" 200 0 "-" "WordPress/6.9.4; https://farazshimi.ir"
198.244.226.80 - - [12/Mar/2026:18:44:36 +0330] "GET /market/numdah/3483237076.htm HTTP/2" 404 0 "-" "Mozilla/5.0 (compatible; AhrefsBot/7.0; +http://ahrefs.com/robot/)"
190.8.176.9 - - [12/Mar/2026:18:45:00 +0330] "POST /xmlrpc.php HTTP/1.1" 200 188 "-" "The Incutio XML-RPC PHP Library -- WordPress/6.9.4"
162.55.240.80 - - [12/Mar/2026:18:45:13 +0330] "POST /wp-cron.php?doing_wp_cron=1773328513.6146929264068603515625 HTTP/1.1" 200 0 "-" "WordPress/6.9.4; https://farazshimi.ir"
89.38.224.244 - - [12/Mar/2026:18:45:19 +0330] "POST /xmlrpc.php HTTP/1.1" 200 9054 "-" "Mozilla/5.0 (Windows NT 10.0; Win64; x64) AppleWebKit/537.36 (KHTML, like Gecko) Chrome/114.0.0.0 Safari/537.36"
89.38.224.244 - - [12/Mar/2026:18:45:20 +0330] "GET /videoslots-is-one-of-the-prominent-online-casinos-internationally/ HTTP/1.1" 200 127667 "-" "Mozilla/5.0 (Windows NT 10.0; rv:125.0) Gecko/20100101 Firefox/125.0"
162.55.240.80 - - [12/Mar/2026:18:38:50 +0330] "POST /wp-cron.php?doing_wp_cron=1773328130.0432391166687011718750 HTTP/1.1" 200 0 "-" "WordPress/6.9.4; https://farazshimi.ir"
89.38.224.244 - - [12/Mar/2026:18:38:49 +0330] "POST /xmlrpc.php HTTP/1.1" 200 178 "-" "Mozilla/5.0 (Windows NT 10.0; Win64; x64) AppleWebKit/537.36 (KHTML, like Gecko) Chrome/114.0.0.0 Safari/537.36"
162.55.240.80 - - [12/Mar/2026:18:40:25 +0330] "POST /wp-cron.php?doing_wp_cron=1773328225.6488389968872070312500 HTTP/1.1" 200 0 "-" "WordPress/6.9.4; https://farazshimi.ir"
89.38.224.244 - - [12/Mar/2026:18:40:31 +0330] "POST /xmlrpc.php HTTP/1.1" 200 9157 "-" "Mozilla/5.0 (Windows NT 10.0; Win64; x64) AppleWebKit/537.36 (KHTML, like Gecko) Chrome/114.0.0.0 Safari/537.36"
66.249.65.105 - - [12/Mar/2026:18:41:13 +0330] "GET /market/reascension/3858436813.htm HTTP/1.1" 200 27820 "-" "Mozilla/5.0 (Linux; Android 6.0.1; Nexus 5X Build/MMB29P) AppleWebKit/537.36 (KHTML, like Gecko) Chrome/145.0.7632.116 Mobile Safari/537.36 (compatible; GoogleOther)"
162.55.240.80 - - [12/Mar/2026:18:41:58 +0330] "POST /wp-cron.php?doing_wp_cron=1773328318.4886689186096191406250 HTTP/1.1" 200 0 "-" "WordPress/6.9.4; https://farazshimi.ir"
89.38.224.244 - - [12/Mar/2026:18:42:04 +0330] "POST /xmlrpc.php HTTP/1.1" 200 8632 "-" "Mozilla/5.0 (Windows NT 10.0; Win64; x64) AppleWebKit/537.36 (KHTML, like Gecko) Chrome/114.0.0.0 Safari/537.36"
89.38.224.244 - - [12/Mar/2026:18:43:30 +0330] "POST /xmlrpc.php HTTP/1.1" 200 178 "-" "Mozilla/5.0 (Windows NT 10.0; Win64; x64) AppleWebKit/537.36 (KHTML, like Gecko) Chrome/114.0.0.0 Safari/537.36"
89.38.224.244 - - [12/Mar/2026:18:43:37 +0330] "POST /xmlrpc.php HTTP/1.1" 200 8928 "-" "Mozilla/5.0 (Windows NT 10.0; Win64; x64) AppleWebKit/537.36 (KHTML, like Gecko) Chrome/114.0.0.0 Safari/537.36"
212.192.252.77 - - [12/Mar/2026:18:43:37 +0330] "HEAD /jeux-dargent-instantanement-comprendre-le-monde-des-paris-en-ligne/ HTTP/1.1" 200 0 "-" "WordPress/6.9.4; https://dirilisantalya.com.tr"
212.192.252.77 - - [12/Mar/2026:18:43:38 +0330] "POST /xmlrpc.php HTTP/1.1" 200 339 "-" "The Incutio XML-RPC PHP Library -- WordPress/6.9.4"
190.8.176.9 - - [12/Mar/2026:18:44:59 +0330] "HEAD /les-meilleures-machines-a-sous-en-ligne-sur-casino-leon/ HTTP/1.1" 200 0 "-" "WordPress/6.9.4; https://detailingcompanyca.com"
89.38.224.244 - - [12/Mar/2026:18:45:13 +0330] "POST /xmlrpc.php HTTP/1.1" 200 178 "-" "Mozilla/5.0 (Windows NT 10.0; Win64; x64) AppleWebKit/537.36 (KHTML, like Gecko) Chrome/114.0.0.0 Safari/537.36"
190.8.176.9 - - [12/Mar/2026:18:45:33 +0330] "HEAD /les-meilleures-machines-a-sous-en-ligne-sur-casino-leon/ HTTP/1.1" 200 0 "-" "WordPress/6.9.4; https://detailingcompanyca.com"
4.205.20.132 - - [12/Mar/2026:18:49:53 +0330] "GET /1.php HTTP/1.1" 404 0 "-" "Mozilla/5.0 (Windows NT 10.0; Win64; x64) AppleWebKit/537.36 (KHTML, like Gecko) Chrome/120.0.0.0 Safari/537.36"
4.205.20.132 - - [12/Mar/2026:18:49:54 +0330] "GET /wp-content/uploads/2024/ HTTP/1.1" 200 1095 "-" "Mozilla/5.0 (Windows NT 10.0; Win64; x64) AppleWebKit/537.36 (KHTML, like Gecko) Chrome/120.0.0.0 Safari/537.36"
4.205.20.132 - - [12/Mar/2026:18:49:54 +0330] "GET /wp-content/uploads/wp-login.php HTTP/1.1" 404 0 "-" "Mozilla/5.0 (Windows NT 10.0; Win64; x64) AppleWebKit/537.36 (KHTML, like Gecko) Chrome/120.0.0.0 Safari/537.36"
4.205.20.132 - - [12/Mar/2026:18:49:55 +0330] "GET /wp-corn-sample.php HTTP/1.1" 404 0 "-" "Mozilla/5.0 (Windows NT 10.0; Win64; x64) AppleWebKit/537.36 (KHTML, like Gecko) Chrome/120.0.0.0 Safari/537.36"
4.205.20.132 - - [12/Mar/2026:18:49:55 +0330] "GET /wp-content/uploads/ HTTP/1.1" 200 1035 "-" "Mozilla/5.0 (Windows NT 10.0; Win64; x64) AppleWebKit/537.36 (KHTML, like Gecko) Chrome/120.0.0.0 Safari/537.36"
4.205.20.132 - - [12/Mar/2026:18:49:55 +0330] "GET /wp-admin/js/index.php HTTP/1.1" 302 0 "-" "Mozilla/5.0 (Windows NT 10.0; Win64; x64) AppleWebKit/537.36 (KHTML, like Gecko) Chrome/120.0.0.0 Safari/537.36"
4.205.20.132 - - [12/Mar/2026:18:49:56 +0330] "GET /wp-admin/css/index.php HTTP/1.1" 302 0 "-" "Mozilla/5.0 (Windows NT 10.0; Win64; x64) AppleWebKit/537.36 (KHTML, like Gecko) Chrome/120.0.0.0 Safari/537.36"
4.205.20.132 - - [12/Mar/2026:18:49:56 +0330] "GET /server.php HTTP/1.1" 404 0 "-" "Mozilla/5.0 (Windows NT 10.0; Win64; x64) AppleWebKit/537.36 (KHTML, like Gecko) Chrome/120.0.0.0 Safari/537.36"
4.205.20.132 - - [12/Mar/2026:18:49:57 +0330] "GET /wp-includes/Requests/library/ HTTP/1.1" 200 628 "-" "Mozilla/5.0 (Windows NT 10.0; Win64; x64) AppleWebKit/537.36 (KHTML, like Gecko) Chrome/120.0.0.0 Safari/537.36"
4.205.20.132 - - [12/Mar/2026:18:49:57 +0330] "GET /wp-admin/js/ HTTP/1.1" 200 3632 "-" "Mozilla/5.0 (Windows NT 10.0; Win64; x64) AppleWebKit/537.36 (KHTML, like Gecko) Chrome/120.0.0.0 Safari/537.36"
4.205.20.132 - - [12/Mar/2026:18:49:57 +0330] "GET /wso.php HTTP/1.1" 404 0 "-" "Mozilla/5.0 (Windows NT 10.0; Win64; x64) AppleWebKit/537.36 (KHTML, like Gecko) Chrome/120.0.0.0 Safari/537.36"
4.205.20.132 - - [12/Mar/2026:18:49:58 +0330] "GET /wp-includes/images/crystal/ HTTP/1.1" 200 1184 "-" "Mozilla/5.0 (Windows NT 10.0; Win64; x64) AppleWebKit/537.36 (KHTML, like Gecko) Chrome/120.0.0.0 Safari/537.36"
4.205.20.132 - - [12/Mar/2026:18:49:58 +0330] "GET /wp-file.php HTTP/1.1" 404 0 "-" "Mozilla/5.0 (Windows NT 10.0; Win64; x64) AppleWebKit/537.36 (KHTML, like Gecko) Chrome/120.0.0.0 Safari/537.36"
4.205.20.132 - - [12/Mar/2026:18:49:59 +0330] "GET /adminfuns.php HTTP/1.1" 404 0 "-" "Mozilla/5.0 (Windows NT 10.0; Win64; x64) AppleWebKit/537.36 (KHTML, like Gecko) Chrome/120.0.0.0 Safari/537.36"
4.205.20.132 - - [12/Mar/2026:18:49:59 +0330] "GET /wk/index.php HTTP/1.1" 301 0 "-" "Mozilla/5.0 (Windows NT 10.0; Win64; x64) AppleWebKit/537.36 (KHTML, like Gecko) Chrome/120.0.0.0 Safari/537.36"
4.205.20.132 - - [12/Mar/2026:18:50:00 +0330] "GET /wp-admin.php HTTP/1.1" 404 0 "-" "Mozilla/5.0 (Windows NT 10.0; Win64; x64) AppleWebKit/537.36 (KHTML, like Gecko) Chrome/120.0.0.0 Safari/537.36"
4.205.20.132 - - [12/Mar/2026:18:50:01 +0330] "GET /wp-content/themes/admin.php HTTP/1.1" 404 0 "-" "Mozilla/5.0 (Windows NT 10.0; Win64; x64) AppleWebKit/537.36 (KHTML, like Gecko) Chrome/120.0.0.0 Safari/537.36"
4.205.20.132 - - [12/Mar/2026:18:50:02 +0330] "GET /wp-includes/block-bindings/ HTTP/1.1" 200 744 "-" "Mozilla/5.0 (Windows NT 10.0; Win64; x64) AppleWebKit/537.36 (KHTML, like Gecko) Chrome/120.0.0.0 Safari/537.36"
4.205.20.132 - - [12/Mar/2026:18:50:02 +0330] "GET /xmrlpc.php HTTP/1.1" 404 0 "-" "Mozilla/5.0 (Windows NT 10.0; Win64; x64) AppleWebKit/537.36 (KHTML, like Gecko) Chrome/120.0.0.0 Safari/537.36"
4.205.20.132 - - [12/Mar/2026:18:50:02 +0330] "GET /wp-includes/SimplePie/about.php HTTP/1.1" 404 0 "-" "Mozilla/5.0 (Windows NT 10.0; Win64; x64) AppleWebKit/537.36 (KHTML, like Gecko) Chrome/120.0.0.0 Safari/537.36"
4.205.20.132 - - [12/Mar/2026:18:50:03 +0330] "GET /wp-admin/file.php HTTP/1.1" 302 0 "-" "Mozilla/5.0 (Windows NT 10.0; Win64; x64) AppleWebKit/537.36 (KHTML, like Gecko) Chrome/120.0.0.0 Safari/537.36"
4.205.20.132 - - [12/Mar/2026:18:50:03 +0330] "GET /wp-includes/rest-api/fields/ HTTP/1.1" 200 754 "-" "Mozilla/5.0 (Windows NT 10.0; Win64; x64) AppleWebKit/537.36 (KHTML, like Gecko) Chrome/120.0.0.0 Safari/537.36"
4.205.20.132 - - [12/Mar/2026:18:50:03 +0330] "GET /atomlib.php HTTP/1.1" 404 0 "-" "Mozilla/5.0 (Windows NT 10.0; Win64; x64) AppleWebKit/537.36 (KHTML, like Gecko) Chrome/120.0.0.0 Safari/537.36"
4.205.20.132 - - [12/Mar/2026:18:50:04 +0330] "GET /css/index.php HTTP/1.1" 301 0 "-" "Mozilla/5.0 (Windows NT 10.0; Win64; x64) AppleWebKit/537.36 (KHTML, like Gecko) Chrome/120.0.0.0 Safari/537.36"
4.205.20.132 - - [12/Mar/2026:18:50:05 +0330] "GET /wp-content/et-cache/ HTTP/1.1" 404 0 "-" "Mozilla/5.0 (Windows NT 10.0; Win64; x64) AppleWebKit/537.36 (KHTML, like Gecko) Chrome/120.0.0.0 Safari/537.36"
4.205.20.132 - - [12/Mar/2026:18:50:06 +0330] "GET /about.php HTTP/1.1" 404 0 "-" "Mozilla/5.0 (Windows NT 10.0; Win64; x64) AppleWebKit/537.36 (KHTML, like Gecko) Chrome/120.0.0.0 Safari/537.36"
4.205.20.132 - - [12/Mar/2026:18:50:06 +0330] "GET /wp-content/uploads/admin.php HTTP/1.1" 404 0 "-" "Mozilla/5.0 (Windows NT 10.0; Win64; x64) AppleWebKit/537.36 (KHTML, like Gecko) Chrome/120.0.0.0 Safari/537.36"
4.205.20.132 - - [12/Mar/2026:18:50:07 +0330] "GET /wp-content/index.php HTTP/1.1" 403 787 "-" "Mozilla/5.0 (Windows NT 10.0; Win64; x64) AppleWebKit/537.36 (KHTML, like Gecko) Chrome/120.0.0.0 Safari/537.36"
4.205.20.132 - - [12/Mar/2026:18:50:07 +0330] "GET /wp-includes/js/index.php HTTP/1.1" 301 0 "-" "Mozilla/5.0 (Windows NT 10.0; Win64; x64) AppleWebKit/537.36 (KHTML, like Gecko) Chrome/120.0.0.0 Safari/537.36"
4.205.20.132 - - [12/Mar/2026:18:50:08 +0330] "GET /wp-includes/rest-api/ HTTP/1.1" 200 1083 "-" "Mozilla/5.0 (Windows NT 10.0; Win64; x64) AppleWebKit/537.36 (KHTML, like Gecko) Chrome/120.0.0.0 Safari/537.36"
4.205.20.132 - - [12/Mar/2026:18:50:08 +0330] "GET /admin.php HTTP/1.1" 404 0 "-" "Mozilla/5.0 (Windows NT 10.0; Win64; x64) AppleWebKit/537.36 (KHTML, like Gecko) Chrome/120.0.0.0 Safari/537.36"
4.205.20.132 - - [12/Mar/2026:18:50:08 +0330] "GET /wp-includes/blocks/block/ HTTP/1.1" 200 617 "-" "Mozilla/5.0 (Windows NT 10.0; Win64; x64) AppleWebKit/537.36 (KHTML, like Gecko) Chrome/120.0.0.0 Safari/537.36"
4.205.20.132 - - [12/Mar/2026:18:50:09 +0330] "GET /as.php HTTP/1.1" 404 0 "-" "Mozilla/5.0 (Windows NT 10.0; Win64; x64) AppleWebKit/537.36 (KHTML, like Gecko) Chrome/120.0.0.0 Safari/537.36"
4.205.20.132 - - [12/Mar/2026:18:50:09 +0330] "GET /wp-includes/PHPMailer/index.php HTTP/1.1" 301 0 "-" "Mozilla/5.0 (Windows NT 10.0; Win64; x64) AppleWebKit/537.36 (KHTML, like Gecko) Chrome/120.0.0.0 Safari/537.36"
4.205.20.132 - - [12/Mar/2026:18:50:10 +0330] "GET /buy.php HTTP/1.1" 404 0 "-" "Mozilla/5.0 (Windows NT 10.0; Win64; x64) AppleWebKit/537.36 (KHTML, like Gecko) Chrome/120.0.0.0 Safari/537.36"
4.205.20.132 - - [12/Mar/2026:18:50:11 +0330] "GET /wp.php HTTP/1.1" 404 0 "-" "Mozilla/5.0 (Windows NT 10.0; Win64; x64) AppleWebKit/537.36 (KHTML, like Gecko) Chrome/120.0.0.0 Safari/537.36"
4.205.20.132 - - [12/Mar/2026:18:50:11 +0330] "GET /wp-admin/images/index.php HTTP/1.1" 302 0 "-" "Mozilla/5.0 (Windows NT 10.0; Win64; x64) AppleWebKit/537.36 (KHTML, like Gecko) Chrome/120.0.0.0 Safari/537.36"
4.205.20.132 - - [12/Mar/2026:18:50:12 +0330] "GET /about.PHP HTTP/1.1" 404 0 "-" "Mozilla/5.0 (Windows NT 10.0; Win64; x64) AppleWebKit/537.36 (KHTML, like Gecko) Chrome/120.0.0.0 Safari/537.36"
4.205.20.132 - - [12/Mar/2026:18:50:12 +0330] "GET /ioxi-o.php HTTP/1.1" 404 0 "-" "Mozilla/5.0 (Windows NT 10.0; Win64; x64) AppleWebKit/537.36 (KHTML, like Gecko) Chrome/120.0.0.0 Safari/537.36"
4.205.20.132 - - [12/Mar/2026:18:50:13 +0330] "GET /wp-content/uploads/index.php HTTP/1.1" 301 0 "-" "Mozilla/5.0 (Windows NT 10.0; Win64; x64) AppleWebKit/537.36 (KHTML, like Gecko) Chrome/120.0.0.0 Safari/537.36"
4.205.20.132 - - [12/Mar/2026:18:50:14 +0330] "GET /wp-content/edit.php HTTP/1.1" 404 0 "-" "Mozilla/5.0 (Windows NT 10.0; Win64; x64) AppleWebKit/537.36 (KHTML, like Gecko) Chrome/120.0.0.0 Safari/537.36"
4.205.20.132 - - [12/Mar/2026:18:50:15 +0330] "GET /sf.php HTTP/1.1" 404 0 "-" "Mozilla/5.0 (Windows NT 10.0; Win64; x64) AppleWebKit/537.36 (KHTML, like Gecko) Chrome/120.0.0.0 Safari/537.36"
4.205.20.132 - - [12/Mar/2026:18:50:15 +0330] "GET /wp-includes/index.php HTTP/1.1" 301 0 "-" "Mozilla/5.0 (Windows NT 10.0; Win64; x64) AppleWebKit/537.36 (KHTML, like Gecko) Chrome/120.0.0.0 Safari/537.36"
4.205.20.132 - - [12/Mar/2026:18:50:16 +0330] "GET /file.php HTTP/1.1" 404 0 "-" "Mozilla/5.0 (Windows NT 10.0; Win64; x64) AppleWebKit/537.36 (KHTML, like Gecko) Chrome/120.0.0.0 Safari/537.36"
4.205.20.132 - - [12/Mar/2026:18:50:17 +0330] "GET /wp-admin/css/colors/modern/ HTTP/1.1" 200 743 "-" "Mozilla/5.0 (Windows NT 10.0; Win64; x64) AppleWebKit/537.36 (KHTML, like Gecko) Chrome/120.0.0.0 Safari/537.36"
4.205.20.132 - - [12/Mar/2026:18:50:17 +0330] "GET /cgi-bin/ HTTP/1.1" 404 0 "-" "Mozilla/5.0 (Windows NT 10.0; Win64; x64) AppleWebKit/537.36 (KHTML, like Gecko) Chrome/120.0.0.0 Safari/537.36"
4.205.20.132 - - [12/Mar/2026:18:50:17 +0330] "GET /test1.php HTTP/1.1" 404 0 "-" "Mozilla/5.0 (Windows NT 10.0; Win64; x64) AppleWebKit/537.36 (KHTML, like Gecko) Chrome/120.0.0.0 Safari/537.36"
4.205.20.132 - - [12/Mar/2026:18:50:18 +0330] "GET /wp-cron.php HTTP/1.1" 200 0 "-" "Mozilla/5.0 (Windows NT 10.0; Win64; x64) AppleWebKit/537.36 (KHTML, like Gecko) Chrome/120.0.0.0 Safari/537.36"
4.205.20.132 - - [12/Mar/2026:18:50:18 +0330] "GET /wp-includes/block-supports/ HTTP/1.1" 200 1536 "-" "Mozilla/5.0 (Windows NT 10.0; Win64; x64) AppleWebKit/537.36 (KHTML, like Gecko) Chrome/120.0.0.0 Safari/537.36"
4.205.20.132 - - [12/Mar/2026:18:50:18 +0330] "GET /404.php HTTP/1.1" 404 0 "-" "Mozilla/5.0 (Windows NT 10.0; Win64; x64) AppleWebKit/537.36 (KHTML, like Gecko) Chrome/120.0.0.0 Safari/537.36"
4.205.20.132 - - [12/Mar/2026:18:50:19 +0330] "GET /wp-content/1.php HTTP/1.1" 404 0 "-" "Mozilla/5.0 (Windows NT 10.0; Win64; x64) AppleWebKit/537.36 (KHTML, like Gecko) Chrome/120.0.0.0 Safari/537.36"
4.205.20.132 - - [12/Mar/2026:18:50:20 +0330] "GET /images/index.php HTTP/1.1" 301 0 "-" "Mozilla/5.0 (Windows NT 10.0; Win64; x64) AppleWebKit/537.36 (KHTML, like Gecko) Chrome/120.0.0.0 Safari/537.36"
51.195.183.141 - - [12/Mar/2026:18:53:29 +0330] "GET /market/manqueller/210578214.htm HTTP/2" 404 0 "-" "Mozilla/5.0 (compatible; AhrefsBot/7.0; +http://ahrefs.com/robot/)"
131.153.172.162 - - [12/Mar/2026:18:47:33 +0330] "HEAD /machines-a-sous-en-argent-reel-gagnez-instantanement/ HTTP/1.1" 200 0 "-" "WordPress/6.8.5; https://expression-web-tutorial.com"
131.153.172.162 - - [12/Mar/2026:18:47:34 +0330] "POST /xmlrpc.php HTTP/1.1" 200 304 "-" "The Incutio XML-RPC PHP Library -- WordPress/6.8.5"
131.153.172.162 - - [12/Mar/2026:18:47:54 +0330] "HEAD /machines-a-sous-en-argent-reel-gagnez-instantanement/ HTTP/1.1" 200 0 "-" "WordPress/6.8.5; https://expression-web-tutorial.com"
66.249.76.164 - - [12/Mar/2026:18:48:34 +0330] "GET /market/finitely/3521021200.htm HTTP/1.1" 200 27302 "-" "Mozilla/5.0 (Linux; Android 6.0.1; Nexus 5X Build/MMB29P) AppleWebKit/537.36 (KHTML, like Gecko) Chrome/145.0.7632.116 Mobile Safari/537.36 (compatible; GoogleOther)"
162.55.240.80 - - [12/Mar/2026:18:49:54 +0330] "POST /wp-cron.php?doing_wp_cron=1773328794.3291809558868408203125 HTTP/1.1" 200 0 "-" "WordPress/6.9.4; https://farazshimi.ir"
212.192.252.77 - - [12/Mar/2026:18:56:21 +0330] "HEAD /casino-en-ligne-prefere-jouez-instantanement-et-decouvrez-lexcitation/ HTTP/1.1" 200 0 "-" "WordPress/6.9.4; https://dirilisantalya.com.tr"
89.38.224.244 - - [12/Mar/2026:18:56:34 +0330] "POST /xmlrpc.php HTTP/1.1" 200 178 "-" "Mozilla/5.0 (Windows NT 10.0; Win64; x64) AppleWebKit/537.36 (KHTML, like Gecko) Chrome/114.0.0.0 Safari/537.36"
89.38.224.244 - - [12/Mar/2026:18:56:39 +0330] "POST /xmlrpc.php HTTP/1.1" 200 9614 "-" "Mozilla/5.0 (Windows NT 10.0; Win64; x64) AppleWebKit/537.36 (KHTML, like Gecko) Chrome/114.0.0.0 Safari/537.36"
89.38.224.244 - - [12/Mar/2026:18:56:40 +0330] "GET /for-every-single-reputation-examines-the-center-features-online-game-offerings-extra-formations-commission-options-and-you-may-commitment-to-athlete-help-and-you-may-responsible-playing/ HTTP/1.1" 200 130417 "-" "Mozilla/5.0 (Windows NT 10.0; Win64; x64; rv:124.0) Gecko/20100101 Firefox/124.0"
216.73.216.145 - - [12/Mar/2026:18:57:32 +0330] "GET /robots.txt HTTP/2" 200 79 "-" "Mozilla/5.0 AppleWebKit/537.36 (KHTML, like Gecko; compatible; ClaudeBot/1.0; +claudebot@anthropic.com)"
216.73.216.145 - - [12/Mar/2026:18:57:33 +0330] "GET /robots.txt HTTP/2" 200 79 "-" "-"
216.73.216.145 - - [12/Mar/2026:18:57:33 +0330] "GET /casino-avec-croupier-en-direct-decouvrez-lexperience-unique-de-betify HTTP/2" 301 0 "-" "Mozilla/5.0 AppleWebKit/537.36 (KHTML, like Gecko; compatible; ClaudeBot/1.0; +claudebot@anthropic.com)"
216.73.216.145 - - [12/Mar/2026:18:57:33 +0330] "GET /casino-avec-croupier-en-direct-decouvrez-lexperience-unique-de-betify/ HTTP/2" 200 28197 "https://farazshimi.ir/casino-avec-croupier-en-direct-decouvrez-lexperience-unique-de-betify" "Mozilla/5.0 AppleWebKit/537.36 (KHTML, like Gecko; compatible; ClaudeBot/1.0; +claudebot@anthropic.com)"
162.55.240.80 - - [12/Mar/2026:19:00:43 +0330] "POST /wp-cron.php?doing_wp_cron=1773329443.5120439529418945312500 HTTP/1.1" 200 0 "-" "WordPress/6.9.4; https://farazshimi.ir"
89.38.224.244 - - [12/Mar/2026:19:00:50 +0330] "POST /xmlrpc.php HTTP/1.1" 200 8798 "-" "Mozilla/5.0 (Windows NT 10.0; Win64; x64) AppleWebKit/537.36 (KHTML, like Gecko) Chrome/114.0.0.0 Safari/537.36"
66.249.65.105 - - [12/Mar/2026:19:01:37 +0330] "GET /market/diagram/3045372184.htm HTTP/1.1" 200 26293 "-" "Mozilla/5.0 (Linux; Android 6.0.1; Nexus 5X Build/MMB29P) AppleWebKit/537.36 (KHTML, like Gecko) Chrome/145.0.7632.116 Mobile Safari/537.36 (compatible; GoogleOther)"
192.95.29.25 - - [12/Mar/2026:19:02:43 +0330] "HEAD /casino-argent-reel-avec-bonus-sans-depot-instant-gagner-et-jouer/ HTTP/1.1" 200 0 "https://farazshimi.ir/casino-argent-reel-avec-bonus-sans-depot-instant-gagner-et-jouer/" "WordPress/5.8.13; https://clinicasinapse.com"
162.55.240.80 - - [12/Mar/2026:19:03:16 +0330] "POST /wp-cron.php?doing_wp_cron=1773329596.9602780342102050781250 HTTP/1.1" 200 0 "-" "WordPress/6.9.4; https://farazshimi.ir"
89.38.224.244 - - [12/Mar/2026:19:03:16 +0330] "POST /xmlrpc.php HTTP/1.1" 200 178 "-" "Mozilla/5.0 (Windows NT 10.0; Win64; x64) AppleWebKit/537.36 (KHTML, like Gecko) Chrome/114.0.0.0 Safari/537.36"
217.182.195.225 - - [12/Mar/2026:19:04:04 +0330] "GET /robots.txt HTTP/1.1" 200 79 "-" "Mozilla/5.0 (compatible; MJ12bot/v1.4.8; http://mj12bot.com/)"
162.55.240.80 - - [12/Mar/2026:19:04:08 +0330] "POST /wp-cron.php?doing_wp_cron=1773329648.7887780666351318359375 HTTP/1.1" 200 0 "-" "WordPress/6.9.4; https://farazshimi.ir"
217.182.195.225 - - [12/Mar/2026:19:04:08 +0330] "GET /%D8%AC%D8%B9%D8%A8%D9%87-%D8%AF%D9%86%D8%AF%D9%87-%D8%A7%D8%AA%D9%88%D9%85%D8%A7%D8%AA%DB%8C%DA%A9-automatic-transmission/ HTTP/1.1" 200 28692 "-" "Mozilla/5.0 (compatible; MJ12bot/v1.4.8; http://mj12bot.com/)"
217.182.195.225 - - [12/Mar/2026:19:04:12 +0330] "GET /%D8%AC%D8%B9%D8%A8%D9%87-%D8%AF%D9%86%D8%AF%D9%87-%D8%AF%D8%B3%D8%AA%DB%8C-manual-gearbox/ HTTP/1.1" 200 27961 "-" "Mozilla/5.0 (compatible; MJ12bot/v1.4.8; http://mj12bot.com/)"
217.182.195.225 - - [12/Mar/2026:19:04:16 +0330] "GET /%D8%B1%D9%88%D8%BA%D9%86-%D8%AF%D9%86%D8%AF%D9%87-%D8%A8%D8%B1%D8%A7%DB%8C-%D8%AE%D9%88%D8%AF%D8%B1%D9%88%E2%80%8C%D9%87%D8%A7%DB%8C-%DA%AF%DB%8C%D8%B1%D8%A8%DA%A9%D8%B3-%D8%A7%D8%AA%D9%88%D9%85%D8%A7/ HTTP/1.1" 200 28077 "-" "Mozilla/5.0 (compatible; MJ12bot/v1.4.8; http://mj12bot.com/)"
217.182.195.225 - - [12/Mar/2026:19:04:20 +0330] "GET /%D8%B1%D9%88%D8%BA%D9%86-%D9%87%D8%A7%DB%8C-%D8%AE%D9%88%D8%AF%D8%B1%D9%88-%D8%B3%D9%86%DA%AF%DB%8C%D9%86/ HTTP/1.1" 200 26409 "-" "Mozilla/5.0 (compatible; MJ12bot/v1.4.8; http://mj12bot.com/)"
217.182.195.225 - - [12/Mar/2026:19:04:25 +0330] "GET /%D8%B2%D9%85%D8%A7%D9%86-%D8%AA%D8%B9%D9%88%DB%8C%D8%B6-%D9%88%D8%A7%D8%B3%DA%A9%D8%A7%D8%B2%DB%8C%D9%86/ HTTP/1.1" 200 27182 "-" "Mozilla/5.0 (compatible; MJ12bot/v1.4.8; http://mj12bot.com/)"
217.182.195.225 - - [12/Mar/2026:19:04:29 +0330] "GET /%D9%86%D8%B4%D8%A7%D9%86%D9%87%E2%80%8C%D9%87%D8%A7%DB%8C-%D8%AA%D8%B9%D9%88%DB%8C%D8%B6-%D9%88-%D9%86%D8%B4%D8%AA%DB%8C-%D8%B1%D9%88%D8%BA%D9%86-%DA%AF%DB%8C%D8%B1%D8%A8%DA%A9%D8%B3/ HTTP/1.1" 200 27754 "-" "Mozilla/5.0 (compatible; MJ12bot/v1.4.8; http://mj12bot.com/)"
217.182.195.225 - - [12/Mar/2026:19:04:33 +0330] "GET /category/%D8%A7%DB%8C%D9%86%D8%AA%D8%B1%D9%86%D8%AA/feed/ HTTP/1.1" 200 1054 "-" "Mozilla/5.0 (compatible; MJ12bot/v1.4.8; http://mj12bot.com/)"
217.182.195.225 - - [12/Mar/2026:19:04:37 +0330] "GET /category/%D9%85%D9%82%D8%A7%D9%84%D8%A7%D8%AA/feed/ HTTP/1.1" 200 7354 "-" "Mozilla/5.0 (compatible; MJ12bot/v1.4.8; http://mj12bot.com/)"
