89.38.224.244 - - [12/Mar/2026:16:50:23 +0330] "POST /xmlrpc.php HTTP/1.1" 200 9998 "-" "Mozilla/5.0 (Windows NT 10.0; Win64; x64) AppleWebKit/537.36 (KHTML, like Gecko) Chrome/114.0.0.0 Safari/537.36"
66.249.76.162 - - [12/Mar/2026:16:50:55 +0330] "GET /market/propone/2438589569.htm HTTP/1.1" 200 27822 "-" "Mozilla/5.0 (Linux; Android 6.0.1; Nexus 5X Build/MMB29P) AppleWebKit/537.36 (KHTML, like Gecko) Chrome/145.0.7632.116 Mobile Safari/537.36 (compatible; GoogleOther)"
66.249.65.96 - - [12/Mar/2026:16:51:21 +0330] "GET /market/propone/2438589569.htm HTTP/1.1" 200 27822 "-" "Mozilla/5.0 (Linux; Android 6.0.1; Nexus 5X Build/MMB29P) AppleWebKit/537.36 (KHTML, like Gecko) Chrome/145.0.7632.116 Mobile Safari/537.36 (compatible; Googlebot/2.1; +http://www.google.com/bot.html)"
162.55.240.80 - - [12/Mar/2026:16:52:37 +0330] "POST /wp-cron.php?doing_wp_cron=1773321757.9099709987640380859375 HTTP/1.1" 200 0 "-" "WordPress/6.9.4; https://farazshimi.ir"
89.38.224.244 - - [12/Mar/2026:16:52:37 +0330] "POST /xmlrpc.php HTTP/1.1" 200 178 "-" "Mozilla/5.0 (Windows NT 10.0; Win64; x64) AppleWebKit/537.36 (KHTML, like Gecko) Chrome/114.0.0.0 Safari/537.36"
89.38.224.244 - - [12/Mar/2026:16:52:44 +0330] "GET /die-traktandum-provider-ihr-spielsaal-spiele-uff-einen-merkmale-von-btc-spielcasino/ HTTP/1.1" 200 128959 "-" "Mozilla/5.0 (Windows NT 10.0; Win64; x64; rv:124.0) Gecko/20100101 Firefox/124.0"
185.254.255.34 - - [12/Mar/2026:16:54:51 +0330] "HEAD /les-meilleures-machines-a-sous-en-ligne-sur-casino-leon/ HTTP/1.0" 200 0 "-" "WordPress/4.5.24; https://happytel.hr"
89.38.224.244 - - [12/Mar/2026:16:54:58 +0330] "GET /bei-der-sache-effizienz-die-kunden-willkommensboni-nicht-mehr-da-exklusive-langer-kunde-dahinter-bleiben/ HTTP/1.1" 200 129581 "-" "Mozilla/5.0 (Windows NT 10.0; Win64; x64) AppleWebKit/537.36 (KHTML, like Gecko) Chrome/122.0.0.0 Safari/537.36"
95.216.244.46 - - [12/Mar/2026:16:55:08 +0330] "GET /bonusy-pri-pervom-depozite-dlia-novykh-igrokov-kazino/ HTTP/1.1" 200 35057 "-" "Screaming Frog SEO Spider/19.1"
176.113.83.150 - - [12/Mar/2026:16:56:32 +0330] "GET /bonusy-pri-pervom-depozite-dlia-novykh-igrokov-kazino/ HTTP/1.1" 200 35057 "-" "Mozilla/5.0 (Windows NT 10.0; Win64; x64) AppleWebKit/537.36 (KHTML, like Gecko) Chrome/91.0.4472.124 Safari/537.36"
176.113.83.150 - - [12/Mar/2026:16:56:34 +0330] "GET /bonusy-pri-pervom-depozite-dlia-novykh-igrokov-kazino/ HTTP/1.1" 200 35050 "-" "Mozilla/5.0 (Windows NT 10.0; Win64; x64) AppleWebKit/537.36 (KHTML, like Gecko) Chrome/91.0.4472.124 Safari/537.36"
89.38.224.244 - - [12/Mar/2026:16:56:58 +0330] "POST /xmlrpc.php HTTP/1.1" 200 178 "-" "Mozilla/5.0 (Windows NT 10.0; Win64; x64) AppleWebKit/537.36 (KHTML, like Gecko) Chrome/114.0.0.0 Safari/537.36"
142.132.135.82 - - [12/Mar/2026:16:56:59 +0330] "HEAD /application-de-casino-mobile-decouvrez-betify-pour-jouer-en-ligne/ HTTP/1.1" 200 0 "-" "WordPress/6.9.4; https://lirat.org"
146.103.45.4 - - [12/Mar/2026:16:57:06 +0330] "HEAD /machine-a-sous-demo-decouvrez-lunivers-avec-casino-leon/ HTTP/1.1" 200 0 "-" "WordPress/6.9.4; https://skybola88slot.com"
162.55.240.80 - - [12/Mar/2026:16:49:34 +0330] "POST /wp-cron.php?doing_wp_cron=1773321574.3219690322875976562500 HTTP/1.1" 200 0 "-" "WordPress/6.9.4; https://farazshimi.ir"
185.40.84.146 - - [12/Mar/2026:16:49:35 +0330] "POST /xmlrpc.php HTTP/1.1" 200 188 "-" "The Incutio XML-RPC PHP Library -- WordPress/6.9.4"
162.55.240.80 - - [12/Mar/2026:16:50:18 +0330] "POST /wp-cron.php?doing_wp_cron=1773321618.8014008998870849609375 HTTP/1.1" 200 0 "-" "WordPress/6.9.4; https://farazshimi.ir"
89.38.224.244 - - [12/Mar/2026:16:50:25 +0330] "GET /an-dieser-stelle-finden-sie-gunstgewerblerin-enorme-auslese-aktiv-slot-auffuhren-are-living-spielen-via-gutem-rtp/ HTTP/1.1" 200 129756 "-" "Mozilla/5.0 (Windows NT 10.0; Win64; x64) AppleWebKit/537.36 (KHTML, like Gecko) Chrome/122.0.0.0 Safari/537.36"
159.69.28.178 - - [12/Mar/2026:16:52:16 +0330] "POST /xmlrpc.php HTTP/1.1" 200 249 "-" "Mozilla/5.0 (Windows NT 10.0) AppleWebKit/537.36 (KHTML, like Gecko) Chrome/142.0.0.0 Safari/537.36"
50.6.229.148 - - [12/Mar/2026:16:52:27 +0330] "POST /wp-content/plugins/really-simple-ssl/lets-encrypt/vendor/fbett/le_acme2/src/LE_ACME2/Cache/sections.php HTTP/2" 403 787 "-" "Mozilla/5.0 (Macintosh; Intel Mac OS X 10_15_7) AppleWebKit/537.36 (KHTML, like Gecko) Chrome/119.0.0.0 Safari/537.36"
89.38.224.244 - - [12/Mar/2026:16:52:44 +0330] "POST /xmlrpc.php HTTP/1.1" 200 9616 "-" "Mozilla/5.0 (Windows NT 10.0; Win64; x64) AppleWebKit/537.36 (KHTML, like Gecko) Chrome/114.0.0.0 Safari/537.36"
162.55.240.80 - - [12/Mar/2026:16:54:52 +0330] "POST /wp-cron.php?doing_wp_cron=1773321892.5126090049743652343750 HTTP/1.1" 200 0 "-" "WordPress/6.9.4; https://farazshimi.ir"
89.38.224.244 - - [12/Mar/2026:16:54:51 +0330] "POST /xmlrpc.php HTTP/1.1" 200 178 "-" "Mozilla/5.0 (Windows NT 10.0; Win64; x64) AppleWebKit/537.36 (KHTML, like Gecko) Chrome/114.0.0.0 Safari/537.36"
185.254.255.34 - - [12/Mar/2026:16:54:52 +0330] "HEAD /les-meilleures-machines-a-sous-en-ligne-sur-casino-leon/ HTTP/1.0" 200 0 "-" "WordPress/4.5.24; https://happytel.hr"
185.254.255.34 - - [12/Mar/2026:16:54:53 +0330] "POST /xmlrpc.php HTTP/1.0" 200 188 "-" "The Incutio XML-RPC PHP Library -- WordPress/4.5.24"
89.38.224.244 - - [12/Mar/2026:16:54:57 +0330] "POST /xmlrpc.php HTTP/1.1" 200 10188 "-" "Mozilla/5.0 (Windows NT 10.0; Win64; x64) AppleWebKit/537.36 (KHTML, like Gecko) Chrome/114.0.0.0 Safari/537.36"
132.148.178.14 - - [12/Mar/2026:16:56:32 +0330] "HEAD /crypto-casino-sans-kyc-instantaneite-et-avantages/ HTTP/1.1" 200 0 "-" "WordPress/6.7.4; https://www.prophetfox.com"
66.249.76.164 - - [12/Mar/2026:16:56:52 +0330] "GET /market/labelled/3809107793.htm HTTP/1.1" 200 27382 "-" "Mozilla/5.0 (Linux; Android 6.0.1; Nexus 5X Build/MMB29P) AppleWebKit/537.36 (KHTML, like Gecko) Chrome/145.0.7632.116 Mobile Safari/537.36 (compatible; GoogleOther)"
162.55.240.80 - - [12/Mar/2026:16:56:58 +0330] "POST /wp-cron.php?doing_wp_cron=1773322018.9406819343566894531250 HTTP/1.1" 200 0 "-" "WordPress/6.9.4; https://farazshimi.ir"
89.38.224.244 - - [12/Mar/2026:16:57:04 +0330] "POST /xmlrpc.php HTTP/1.1" 200 9293 "-" "Mozilla/5.0 (Windows NT 10.0; Win64; x64) AppleWebKit/537.36 (KHTML, like Gecko) Chrome/114.0.0.0 Safari/537.36"
89.38.224.244 - - [12/Mar/2026:16:57:04 +0330] "GET /auerdem-aufweisen-die-leser-qua-den-demomodus-ferner-sie-sind-so-gesehen-dasjenige-sichere-sprungbrett/ HTTP/1.1" 200 128919 "-" "Mozilla/5.0 (Windows NT 10.0; Win64; x64) AppleWebKit/537.36 (KHTML, like Gecko) Chrome/122.0.0.0 Safari/537.36"
82.223.49.50 - - [12/Mar/2026:16:57:21 +0330] "POST /xmlrpc.php HTTP/1.1" 200 249 "-" "Mozilla/5.0 (Windows NT 10.0; Win64; x64) AppleWebKit/537.43 (KHTML, like Gecko) Chrome/138.0.0.0 Safari/537.36 OPR/122.0.0.0"
156.38.230.147 - - [12/Mar/2026:16:57:42 +0330] "HEAD /jeux-dargent-en-ligne-avec-argent-reel-decouvrez-leon/ HTTP/1.1" 200 0 "https://farazshimi.ir/jeux-dargent-en-ligne-avec-argent-reel-decouvrez-leon/" "WordPress/6.0.11; https://tstzaneen.co.za"
156.38.230.147 - - [12/Mar/2026:16:57:43 +0330] "POST /xmlrpc.php HTTP/1.1" 200 161 "https://farazshimi.ir/xmlrpc.php" "The Incutio XML-RPC PHP Library -- WordPress/6.0.11"
72.167.125.79 - - [12/Mar/2026:16:58:52 +0330] "HEAD /depot-casino-1-euro-jouez-instantanement-avec-un-budget-minimal/ HTTP/1.1" 200 0 "-" "WordPress/6.3.8; https://presale-vancouver.ca"
72.167.125.79 - - [12/Mar/2026:16:58:53 +0330] "POST /xmlrpc.php HTTP/1.1" 200 343 "-" "The Incutio XML-RPC PHP Library -- WordPress/6.3.8"
146.103.45.4 - - [12/Mar/2026:16:59:58 +0330] "HEAD /machine-a-sous-demo-decouvrez-lunivers-avec-casino-leon/ HTTP/1.1" 200 0 "-" "WordPress/6.9.4; https://skybola88slot.com"
94.16.106.119 - - [12/Mar/2026:17:02:44 +0330] "POST /xmlrpc.php HTTP/1.1" 200 161 "https://farazshimi.ir/xmlrpc.php" "The Incutio XML-RPC PHP Library -- WordPress/5.8.12"
45.130.228.60 - - [12/Mar/2026:17:02:55 +0330] "HEAD /avis-casino-decouvrez-les-meilleures-offres-avec-betify/ HTTP/1.1" 200 0 "-" "WordPress/6.4.8; https://dhoomdetergents.com"
94.16.106.119 - - [12/Mar/2026:17:03:05 +0330] "HEAD /casino-avec-depot-minimum-de-1-e-decouvrez-le-casino-leon/ HTTP/1.1" 200 0 "https://farazshimi.ir/casino-avec-depot-minimum-de-1-e-decouvrez-le-casino-leon/" "WordPress/5.8.12; https://petrusan.es"
87.253.157.27 - - [12/Mar/2026:17:03:18 +0330] "HEAD /offres-de-casino-live-decouvrez-les-meilleures-promotions-instantanees/ HTTP/1.1" 200 0 "https://farazshimi.ir/offres-de-casino-live-decouvrez-les-meilleures-promotions-instantanees/" "WordPress/5.6.1; http://mesman.nl"
18.158.215.243 - - [12/Mar/2026:17:03:23 +0330] "HEAD /bonus-de-bienvenue-casino-sans-depot-chez-leon-maximisez-vos-gains/ HTTP/1.1" 200 0 "https://farazshimi.ir/bonus-de-bienvenue-casino-sans-depot-chez-leon-maximisez-vos-gains/" "WordPress/6.0.2; https://faq.meeriad.com"
207.154.213.63 - - [12/Mar/2026:17:03:29 +0330] "POST /xmlrpc.php HTTP/1.1" 200 249 "-" "Mozilla/5.0 (Windows NT 10.0; Win64; x64; rv:141.0) Gecko/20100101 Firefox/141.0"
18.158.215.243 - - [12/Mar/2026:17:03:35 +0330] "HEAD /bonus-de-bienvenue-casino-sans-depot-chez-leon-maximisez-vos-gains/ HTTP/1.1" 200 0 "https://farazshimi.ir/bonus-de-bienvenue-casino-sans-depot-chez-leon-maximisez-vos-gains/" "WordPress/6.0.2; https://faq.meeriad.com"
15.235.54.203 - - [12/Mar/2026:17:03:44 +0330] "POST /xmlrpc.php HTTP/1.1" 200 222 "-" "The Incutio XML-RPC PHP Library -- WordPress/6.9.4"
93.127.208.121 - - [12/Mar/2026:17:03:50 +0330] "POST /xmlrpc.php HTTP/1.1" 200 277 "https://farazshimi.ir/xmlrpc.php" "The Incutio XML-RPC PHP Library -- WordPress/6.1"
93.127.208.121 - - [12/Mar/2026:17:04:13 +0330] "HEAD /avis-casino-decouvrez-les-meilleures-offres-avec-betify/ HTTP/1.1" 200 0 "https://farazshimi.ir/avis-casino-decouvrez-les-meilleures-offres-avec-betify/" "WordPress/6.1; https://chaihouse.menuqtr.com"
72.167.125.79 - - [12/Mar/2026:17:05:15 +0330] "HEAD /depot-casino-1-euro-jouez-instantanement-avec-un-budget-minimal/ HTTP/1.1" 200 0 "-" "WordPress/6.3.8; https://presale-vancouver.ca"
94.242.61.156 - - [12/Mar/2026:17:05:28 +0330] "HEAD /machine-a-sous-demo-plongez-dans-lunivers-de-casino-leon/ HTTP/1.1" 200 0 "-" "WordPress/6.9.3; http://watchxxxfree.club"
66.249.65.96 - - [12/Mar/2026:17:05:59 +0330] "GET /market/reliableness/1421406108.htm HTTP/1.1" 200 27197 "-" "Mozilla/5.0 (Linux; Android 6.0.1; Nexus 5X Build/MMB29P) AppleWebKit/537.36 (KHTML, like Gecko) Chrome/145.0.7632.116 Mobile Safari/537.36 (compatible; GoogleOther)"
18.130.146.28 - - [12/Mar/2026:17:06:23 +0330] "POST /wp-login.php/xmlrpc.php HTTP/1.1" 200 11614 "-" "Mozilla/5.0 (X11; Linux x86_64) AppleWebKit/537.36 (KHTML, like Gecko) Chrome/114.0.0.0 Safari/537.36 Vivaldi/5.3.2679.68"
18.130.146.28 - - [12/Mar/2026:17:06:23 +0330] "POST /wp-login.php/xmlrpc.php HTTP/1.1" 200 11614 "-" "Mozilla/5.0 (X11; Linux x86_64) AppleWebKit/537.36 (KHTML, like Gecko) Chrome/114.0.0.0 Safari/537.36 Vivaldi/5.3.2679.68"
18.130.146.28 - - [12/Mar/2026:17:06:24 +0330] "POST /wp-login.php/xmlrpc.php HTTP/1.1" 200 11614 "-" "Mozilla/5.0 (X11; Linux x86_64) AppleWebKit/537.36 (KHTML, like Gecko) Chrome/114.0.0.0 Safari/537.36 Vivaldi/5.3.2679.68"
156.38.230.147 - - [12/Mar/2026:16:58:23 +0330] "HEAD /jeux-dargent-en-ligne-avec-argent-reel-decouvrez-leon/ HTTP/1.1" 200 0 "https://farazshimi.ir/jeux-dargent-en-ligne-avec-argent-reel-decouvrez-leon/" "WordPress/6.0.11; https://tstzaneen.co.za"
162.55.240.80 - - [12/Mar/2026:16:59:59 +0330] "POST /wp-cron.php?doing_wp_cron=1773322199.0226569175720214843750 HTTP/1.1" 200 0 "-" "WordPress/6.9.4; https://farazshimi.ir"
66.249.65.97 - - [12/Mar/2026:17:00:46 +0330] "GET /market/remonstrative/1853862179.htm HTTP/1.1" 200 27752 "-" "Mozilla/5.0 (Linux; Android 6.0.1; Nexus 5X Build/MMB29P) AppleWebKit/537.36 (KHTML, like Gecko) Chrome/145.0.7632.116 Mobile Safari/537.36 (compatible; GoogleOther)"
66.249.65.96 - - [12/Mar/2026:17:01:38 +0330] "GET /market/remonstrative/1853862179.htm HTTP/1.1" 200 27752 "-" "Mozilla/5.0 (Linux; Android 6.0.1; Nexus 5X Build/MMB29P) AppleWebKit/537.36 (KHTML, like Gecko) Chrome/145.0.7632.116 Mobile Safari/537.36 (compatible; Googlebot/2.1; +http://www.google.com/bot.html)"
94.16.106.119 - - [12/Mar/2026:17:02:44 +0330] "HEAD /casino-avec-depot-minimum-de-1-e-decouvrez-le-casino-leon/ HTTP/1.1" 200 0 "https://farazshimi.ir/casino-avec-depot-minimum-de-1-e-decouvrez-le-casino-leon/" "WordPress/5.8.12; https://petrusan.es"
45.130.228.60 - - [12/Mar/2026:17:02:56 +0330] "POST /xmlrpc.php HTTP/1.1" 200 345 "-" "The Incutio XML-RPC PHP Library -- WordPress/6.4.8"
45.130.228.60 - - [12/Mar/2026:17:03:13 +0330] "HEAD /avis-casino-decouvrez-les-meilleures-offres-avec-betify/ HTTP/1.1" 200 0 "-" "WordPress/6.4.8; https://dhoomdetergents.com"
15.235.54.203 - - [12/Mar/2026:17:03:23 +0330] "HEAD /machines-a-sous-en-argent-reel-gagnez-instantanement/ HTTP/1.1" 200 0 "-" "WordPress/6.9.4; https://agency.evilsalesman.com"
18.158.215.243 - - [12/Mar/2026:17:03:24 +0330] "POST /xmlrpc.php HTTP/1.1" 200 161 "https://farazshimi.ir/xmlrpc.php" "The Incutio XML-RPC PHP Library -- WordPress/6.0.2"
15.235.54.203 - - [12/Mar/2026:17:03:40 +0330] "HEAD /machines-a-sous-en-argent-reel-gagnez-instantanement/ HTTP/1.1" 200 0 "-" "WordPress/6.9.4; https://agency.evilsalesman.com"
15.235.54.203 - - [12/Mar/2026:17:03:43 +0330] "HEAD /machines-a-sous-en-argent-reel-gagnez-instantanement/ HTTP/1.1" 200 0 "-" "WordPress/6.9.4; https://agency.evilsalesman.com"
15.235.54.203 - - [12/Mar/2026:17:03:41 +0330] "POST /xmlrpc.php HTTP/1.1" 200 327 "-" "The Incutio XML-RPC PHP Library -- WordPress/6.9.4"
93.127.208.121 - - [12/Mar/2026:17:03:49 +0330] "HEAD /avis-casino-decouvrez-les-meilleures-offres-avec-betify/ HTTP/1.1" 200 0 "https://farazshimi.ir/avis-casino-decouvrez-les-meilleures-offres-avec-betify/" "WordPress/6.1; https://chaihouse.menuqtr.com"
162.55.240.80 - - [12/Mar/2026:17:04:12 +0330] "POST /wp-cron.php?doing_wp_cron=1773322452.5717720985412597656250 HTTP/1.1" 200 0 "-" "WordPress/6.9.4; https://farazshimi.ir"
92.222.108.102 - - [12/Mar/2026:17:04:11 +0330] "GET /market/umpress/1954167471.htm HTTP/2" 404 0 "-" "Mozilla/5.0 (compatible; AhrefsBot/7.0; +http://ahrefs.com/robot/)"
72.167.125.79 - - [12/Mar/2026:17:05:09 +0330] "HEAD /depot-casino-1-euro-jouez-instantanement-avec-un-budget-minimal/ HTTP/1.1" 200 0 "-" "WordPress/6.3.8; https://presale-vancouver.ca"
72.167.125.79 - - [12/Mar/2026:17:05:10 +0330] "HEAD /depot-casino-1-euro-jouez-instantanement-avec-un-budget-minimal/ HTTP/1.1" 200 0 "-" "WordPress/6.3.8; https://presale-vancouver.ca"
72.167.125.79 - - [12/Mar/2026:17:05:13 +0330] "HEAD /depot-casino-1-euro-jouez-instantanement-avec-un-budget-minimal/ HTTP/1.1" 200 0 "-" "WordPress/6.3.8; https://presale-vancouver.ca"
66.249.76.162 - - [12/Mar/2026:17:07:20 +0330] "GET /market/tidewaiter/2586109106.htm HTTP/1.1" 200 26913 "-" "Mozilla/5.0 (Linux; Android 6.0.1; Nexus 5X Build/MMB29P) AppleWebKit/537.36 (KHTML, like Gecko) Chrome/145.0.7632.116 Mobile Safari/537.36 (compatible; Googlebot/2.1; +http://www.google.com/bot.html)"
162.55.240.80 - - [12/Mar/2026:17:08:08 +0330] "POST /wp-cron.php?doing_wp_cron=1773322688.9457581043243408203125 HTTP/1.1" 200 0 "-" "WordPress/6.9.4; https://farazshimi.ir"
18.130.146.28 - - [12/Mar/2026:17:06:24 +0330] "POST /wp-login.php/xmlrpc.php HTTP/1.1" 200 11614 "-" "Mozilla/5.0 (X11; Linux x86_64) AppleWebKit/537.36 (KHTML, like Gecko) Chrome/114.0.0.0 Safari/537.36 Vivaldi/5.3.2679.68"
136.243.228.194 - - [12/Mar/2026:17:06:28 +0330] "GET /jeux-dargent-decouvrez-betify-et-son-impact-sur-le-paysage-du-divertissement-en-france/ HTTP/1.1" 200 27491 "-" "Mozilla/5.0 (compatible; DataForSeoBot/1.0; +https://dataforseo.com/dataforseo-bot)"
66.249.76.163 - - [12/Mar/2026:17:06:41 +0330] "GET /market/tidewaiter/2586109106.htm HTTP/1.1" 200 26913 "-" "Mozilla/5.0 (Linux; Android 6.0.1; Nexus 5X Build/MMB29P) AppleWebKit/537.36 (KHTML, like Gecko) Chrome/145.0.7632.116 Mobile Safari/537.36 (compatible; GoogleOther)"
64.225.103.66 - - [12/Mar/2026:17:07:55 +0330] "HEAD /jouer-au-casino-en-ligne-decouvrez-leon-et-les-meilleures-astuces/ HTTP/1.1" 200 0 "https://farazshimi.ir/jouer-au-casino-en-ligne-decouvrez-leon-et-les-meilleures-astuces/" "WordPress/5.3.6; https://demo.booknetic.com"
89.38.224.244 - - [12/Mar/2026:17:08:08 +0330] "POST /xmlrpc.php HTTP/1.1" 200 178 "-" "Mozilla/5.0 (Windows NT 10.0; Win64; x64) AppleWebKit/537.36 (KHTML, like Gecko) Chrome/114.0.0.0 Safari/537.36"
90.156.142.31 - - [12/Mar/2026:17:08:12 +0330] "POST /xmlrpc.php HTTP/1.1" 200 249 "-" "Mozilla/5.0 (Windows NT 10.0; Win64; x64) AppleWebKit/537.43 (KHTML, like Gecko) Chrome/140.0.0.0 Safari/537.36 OPR/124.0.0.0"
89.38.224.244 - - [12/Mar/2026:17:08:16 +0330] "GET /les-grands-jeu-avec-ambiguite-sur-le-770-salle-de-jeu-un-peu/ HTTP/1.1" 200 127461 "-" "Mozilla/5.0 (Windows NT 10.0; Win64; x64; rv:125.0) Gecko/20100101 Firefox/125.0"
64.225.103.66 - - [12/Mar/2026:17:08:24 +0330] "POST /xmlrpc.php HTTP/1.1" 200 188 "https://farazshimi.ir/xmlrpc.php" "The Incutio XML-RPC PHP Library -- WordPress/5.3.6"
94.242.61.156 - - [12/Mar/2026:17:08:48 +0330] "HEAD /machine-a-sous-demo-plongez-dans-lunivers-de-casino-leon/ HTTP/1.1" 200 0 "-" "WordPress/6.9.3; http://watchxxxfree.club"
94.242.61.156 - - [12/Mar/2026:17:08:49 +0330] "POST /xmlrpc.php HTTP/1.1" 200 161 "-" "The Incutio XML-RPC PHP Library -- WordPress/6.9.3"
66.249.65.105 - - [12/Mar/2026:17:09:07 +0330] "GET /market/incenter/1334452066.htm HTTP/1.1" 200 27029 "-" "Mozilla/5.0 (Linux; Android 6.0.1; Nexus 5X Build/MMB29P) AppleWebKit/537.36 (KHTML, like Gecko) Chrome/145.0.7632.116 Mobile Safari/537.36 (compatible; GoogleOther)"
162.55.240.80 - - [12/Mar/2026:17:09:23 +0330] "POST /wp-cron.php?doing_wp_cron=1773322763.9886679649353027343750 HTTP/1.1" 200 0 "-" "WordPress/6.9.4; https://farazshimi.ir"
35.81.118.111 - - [12/Mar/2026:17:09:23 +0330] "HEAD /machine-a-sous-demo-decouvrez-lunivers-avec-casino-leon/ HTTP/1.1" 200 0 "-" "WordPress/6.5.3; https://discountdance.theopenxpress.com"
34.32.210.146 - - [12/Mar/2026:17:10:48 +0330] "HEAD /bonus-casino-bitcoin-profitez-davantages-instantanes/ HTTP/1.1" 200 0 "https://farazshimi.ir/bonus-casino-bitcoin-profitez-davantages-instantanes/" "WordPress/5.5.3; https://tutortudelft.sportlink-clubsites.nl"
68.178.244.120 - - [12/Mar/2026:17:11:42 +0330] "POST /xmlrpc.php HTTP/1.1" 200 188 "https://farazshimi.ir/xmlrpc.php" "The Incutio XML-RPC PHP Library -- WordPress/6.1.9"
66.249.76.164 - - [12/Mar/2026:17:12:29 +0330] "GET /market/pragmatic/4254977808.htm HTTP/1.1" 200 29638 "-" "Mozilla/5.0 (Linux; Android 6.0.1; Nexus 5X Build/MMB29P) AppleWebKit/537.36 (KHTML, like Gecko) Chrome/145.0.7632.116 Mobile Safari/537.36 (compatible; GoogleOther)"
81.19.145.53 - - [12/Mar/2026:17:12:48 +0330] "POST /xmlrpc.php HTTP/1.1" 200 188 "-" "The Incutio XML-RPC PHP Library -- WordPress/6.9.4"
81.19.145.53 - - [12/Mar/2026:17:13:29 +0330] "HEAD /offres-de-casino-live-decouvrez-les-meilleures-promotions-instantanees/ HTTP/1.1" 200 0 "-" "WordPress/6.9.4; https://www.lmg-realestate.com"
162.55.240.80 - - [12/Mar/2026:17:14:25 +0330] "POST /wp-cron.php?doing_wp_cron=1773323065.4498798847198486328125 HTTP/1.1" 200 0 "-" "WordPress/6.9.4; https://farazshimi.ir"
102.130.123.40 - - [12/Mar/2026:17:14:24 +0330] "HEAD /bonus-de-bienvenue-casino-sans-depot-decouvrez-loco-win/ HTTP/1.1" 200 0 "-" "WordPress/6.9.4; https://ajmconsulting.co.za"
89.38.224.244 - - [12/Mar/2026:17:08:14 +0330] "POST /xmlrpc.php HTTP/1.1" 200 8594 "-" "Mozilla/5.0 (Windows NT 10.0; Win64; x64) AppleWebKit/537.36 (KHTML, like Gecko) Chrome/114.0.0.0 Safari/537.36"
64.225.103.66 - - [12/Mar/2026:17:08:24 +0330] "HEAD /jouer-au-casino-en-ligne-decouvrez-leon-et-les-meilleures-astuces/ HTTP/1.1" 200 0 "https://farazshimi.ir/jouer-au-casino-en-ligne-decouvrez-leon-et-les-meilleures-astuces/" "WordPress/5.3.6; https://demo.booknetic.com"
66.249.65.96 - - [12/Mar/2026:17:10:47 +0330] "GET /market/mediocris/1993228253.htm HTTP/1.1" 200 27503 "-" "Mozilla/5.0 (Linux; Android 6.0.1; Nexus 5X Build/MMB29P) AppleWebKit/537.36 (KHTML, like Gecko) Chrome/145.0.7632.116 Mobile Safari/537.36 (compatible; GoogleOther)"
66.249.65.105 - - [12/Mar/2026:17:10:56 +0330] "GET /market/typesetting/3602644597.htm HTTP/1.1" 200 26953 "-" "Mozilla/5.0 (Linux; Android 6.0.1; Nexus 5X Build/MMB29P) AppleWebKit/537.36 (KHTML, like Gecko) Chrome/145.0.7632.116 Mobile Safari/537.36 (compatible; GoogleOther)"
66.249.65.97 - - [12/Mar/2026:17:11:17 +0330] "GET /market/mediocris/1993228253.htm HTTP/1.1" 200 27503 "-" "Mozilla/5.0 (Linux; Android 6.0.1; Nexus 5X Build/MMB29P) AppleWebKit/537.36 (KHTML, like Gecko) Chrome/145.0.7632.116 Mobile Safari/537.36 (compatible; Googlebot/2.1; +http://www.google.com/bot.html)"
68.178.244.120 - - [12/Mar/2026:17:11:41 +0330] "HEAD /depot-casino-1-euro-jouer-malin-avec-casino-leon/ HTTP/1.1" 200 0 "https://farazshimi.ir/depot-casino-1-euro-jouer-malin-avec-casino-leon/" "WordPress/6.1.9; https://kelseyjphotos.com"
68.178.244.120 - - [12/Mar/2026:17:12:24 +0330] "HEAD /depot-casino-1-euro-jouer-malin-avec-casino-leon/ HTTP/1.1" 200 0 "https://farazshimi.ir/depot-casino-1-euro-jouer-malin-avec-casino-leon/" "WordPress/6.1.9; https://kelseyjphotos.com"
81.19.145.53 - - [12/Mar/2026:17:12:47 +0330] "HEAD /offres-de-casino-live-decouvrez-les-meilleures-promotions-instantanees/ HTTP/1.1" 200 0 "-" "WordPress/6.9.4; https://www.lmg-realestate.com"
199.250.203.172 - - [12/Mar/2026:17:13:23 +0330] "HEAD /bonus-de-bienvenue-casino-sans-depot-chez-leon-maximisez-vos-gains/ HTTP/1.1" 200 0 "-" "WordPress/6.7.5; https://stream-ship.com"
199.250.203.172 - - [12/Mar/2026:17:13:24 +0330] "POST /xmlrpc.php HTTP/1.1" 200 325 "-" "The Incutio XML-RPC PHP Library -- WordPress/6.7.5"
199.250.203.172 - - [12/Mar/2026:17:13:59 +0330] "HEAD /bonus-de-bienvenue-casino-sans-depot-chez-leon-maximisez-vos-gains/ HTTP/1.1" 200 0 "-" "WordPress/6.7.5; https://stream-ship.com"
102.130.123.40 - - [12/Mar/2026:17:14:27 +0330] "POST /xmlrpc.php HTTP/1.1" 200 338 "-" "The Incutio XML-RPC PHP Library -- WordPress/6.9.4"
86.38.243.6 - - [12/Mar/2026:17:14:45 +0330] "HEAD /roulette-de-casino-en-ligne-decouvrez-betify/ HTTP/1.1" 200 0 "-" "WordPress/6.4.2; https://cfa.finenvision.com"
86.38.243.6 - - [12/Mar/2026:17:14:46 +0330] "POST /xmlrpc.php HTTP/1.1" 200 340 "-" "The Incutio XML-RPC PHP Library -- WordPress/6.4.2"
86.38.243.6 - - [12/Mar/2026:17:15:24 +0330] "HEAD /roulette-de-casino-en-ligne-decouvrez-betify/ HTTP/1.1" 200 0 "-" "WordPress/6.4.2; https://cfa.finenvision.com"
66.249.65.96 - - [12/Mar/2026:17:17:09 +0330] "GET /market/proctodaeum/2053006963.htm HTTP/1.1" 200 27639 "-" "Mozilla/5.0 (Linux; Android 6.0.1; Nexus 5X Build/MMB29P) AppleWebKit/537.36 (KHTML, like Gecko) Chrome/145.0.7632.116 Mobile Safari/537.36 (compatible; Googlebot/2.1; +http://www.google.com/bot.html)"
176.58.127.86 - - [12/Mar/2026:17:18:11 +0330] "HEAD /casino-en-ligne-prefere-jouez-instantanement-et-decouvrez-lexcitation/ HTTP/1.1" 200 0 "https://farazshimi.ir/casino-en-ligne-prefere-jouez-instantanement-et-decouvrez-lexcitation/" "WordPress/4.9.28; https://stmforum.com/preview"
93.127.208.121 - - [12/Mar/2026:17:18:48 +0330] "POST /xmlrpc.php HTTP/1.1" 200 342 "https://farazshimi.ir/xmlrpc.php" "The Incutio XML-RPC PHP Library -- WordPress/6.1.10"
162.55.240.80 - - [12/Mar/2026:17:19:17 +0330] "POST /wp-cron.php?doing_wp_cron=1773323357.5977089405059814453125 HTTP/1.1" 200 0 "-" "WordPress/6.9.4; https://farazshimi.ir"
50.63.26.195 - - [12/Mar/2026:17:19:38 +0330] "HEAD /offres-de-casino-live-decouvrez-les-meilleures-promotions-instantanees/ HTTP/1.1" 200 0 "-" "WordPress/6.9.4; https://amerihealthenterprises.com"
50.63.26.195 - - [12/Mar/2026:17:19:39 +0330] "POST /xmlrpc.php HTTP/1.1" 200 367 "-" "The Incutio XML-RPC PHP Library -- WordPress/6.9.4"
93.127.208.121 - - [12/Mar/2026:17:19:53 +0330] "HEAD /application-de-casino-mobile-decouvrez-betify-pour-jouer-en-ligne/ HTTP/1.1" 200 0 "https://farazshimi.ir/application-de-casino-mobile-decouvrez-betify-pour-jouer-en-ligne/" "WordPress/6.1.10; https://may.menuqtr.com"
162.55.240.80 - - [12/Mar/2026:17:20:09 +0330] "POST /wp-cron.php?doing_wp_cron=1773323409.3853669166564941406250 HTTP/1.1" 200 0 "-" "WordPress/6.9.4; https://farazshimi.ir"
192.99.101.162 - - [12/Mar/2026:17:21:34 +0330] "POST /xmlrpc.php HTTP/1.1" 200 161 "-" "The Incutio XML-RPC PHP Library -- WordPress/6.8.1"
102.130.123.40 - - [12/Mar/2026:17:14:54 +0330] "HEAD /bonus-de-bienvenue-casino-sans-depot-decouvrez-loco-win/ HTTP/1.1" 200 0 "-" "WordPress/6.9.4; https://ajmconsulting.co.za"
92.222.108.100 - - [12/Mar/2026:17:15:17 +0330] "GET /market/troutling/1903365085.htm HTTP/2" 404 0 "-" "Mozilla/5.0 (compatible; AhrefsBot/7.0; +http://ahrefs.com/robot/)"
136.243.228.194 - - [12/Mar/2026:17:16:06 +0330] "GET /crypto-casino-sans-kyc-instantaneite-et-avantages/ HTTP/1.1" 200 27778 "-" "Mozilla/5.0 (compatible; DataForSeoBot/1.0; +https://dataforseo.com/dataforseo-bot)"
66.249.76.164 - - [12/Mar/2026:17:16:33 +0330] "GET /market/proctodaeum/2053006963.htm HTTP/1.1" 200 27639 "-" "Mozilla/5.0 (Linux; Android 6.0.1; Nexus 5X Build/MMB29P) AppleWebKit/537.36 (KHTML, like Gecko) Chrome/145.0.7632.116 Mobile Safari/537.36 (compatible; GoogleOther)"
209.141.57.163 - - [12/Mar/2026:17:16:49 +0330] "GET /wp-login.php HTTP/1.1" 200 11614 "-" "Mozilla/5.0 (Macintosh; Intel Mac OS X 10_9_2) AppleWebKit/537.75.14 (KHTML, like Gecko) Version/7.0.3 Safari/537.75.14"
209.141.57.163 - - [12/Mar/2026:17:16:49 +0330] "POST /wp-login.php HTTP/1.1" 200 12156 "-" "Mozilla/5.0 (Macintosh; Intel Mac OS X 10_9_2) AppleWebKit/537.75.14 (KHTML, like Gecko) Version/7.0.3 Safari/537.75.14"
47.128.114.140 - - [12/Mar/2026:17:18:41 +0330] "GET /robots.txt HTTP/1.1" 200 79 "-" "Mozilla/5.0 (Linux; Android 5.0) AppleWebKit/537.36 (KHTML, like Gecko) Mobile Safari/537.36 (compatible; Bytespider; spider-feedback@bytedance.com)"
93.127.208.121 - - [12/Mar/2026:17:18:47 +0330] "HEAD /application-de-casino-mobile-decouvrez-betify-pour-jouer-en-ligne/ HTTP/1.1" 200 0 "https://farazshimi.ir/application-de-casino-mobile-decouvrez-betify-pour-jouer-en-ligne/" "WordPress/6.1.10; https://may.menuqtr.com"
8.36.41.149 - - [12/Mar/2026:17:19:16 +0330] "HEAD /crypto-casino-sans-kyc-instantaneite-et-avantages/ HTTP/1.1" 200 0 "-" "WordPress/6.9.4; https://clearinghouseaccucheck.com"
89.38.224.244 - - [12/Mar/2026:17:20:09 +0330] "POST /xmlrpc.php HTTP/1.1" 200 178 "-" "Mozilla/5.0 (Windows NT 10.0; Win64; x64) AppleWebKit/537.36 (KHTML, like Gecko) Chrome/114.0.0.0 Safari/537.36"
89.38.224.244 - - [12/Mar/2026:17:20:14 +0330] "POST /xmlrpc.php HTTP/1.1" 200 13676 "-" "Mozilla/5.0 (Windows NT 10.0; Win64; x64) AppleWebKit/537.36 (KHTML, like Gecko) Chrome/114.0.0.0 Safari/537.36"
89.38.224.244 - - [12/Mar/2026:17:20:17 +0330] "GET /mas-grandes-juegos-sobre-ruletas-cual-se-puede-existir-referente-a-su-celular-o-movil/ HTTP/1.1" 200 132318 "-" "Mozilla/5.0 (Windows NT 10.0; Win64; x64) AppleWebKit/537.36 (KHTML, like Gecko) Chrome/124.0.0.0 Safari/537.36"
51.79.82.34 - - [12/Mar/2026:17:20:33 +0330] "HEAD /casino-en-ligne-prefere-jouez-instantanement-et-decouvrez-lexcitation/ HTTP/1.1" 200 0 "-" "WordPress/6.8.5; https://studyglobalservice.com"
50.63.26.195 - - [12/Mar/2026:17:20:48 +0330] "HEAD /offres-de-casino-live-decouvrez-les-meilleures-promotions-instantanees/ HTTP/1.1" 200 0 "-" "WordPress/6.9.4; https://amerihealthenterprises.com"
192.99.101.162 - - [12/Mar/2026:17:21:33 +0330] "HEAD /machine-a-sous-demo-plongez-dans-lunivers-de-casino-leon/ HTTP/1.1" 200 0 "-" "WordPress/6.8.1; https://yclmarketing.co.tz"
51.79.82.34 - - [12/Mar/2026:17:22:00 +0330] "HEAD /casino-en-ligne-prefere-jouez-instantanement-et-decouvrez-lexcitation/ HTTP/1.1" 200 0 "-" "WordPress/6.8.5; https://studyglobalservice.com"
192.99.101.162 - - [12/Mar/2026:17:22:57 +0330] "HEAD /machine-a-sous-demo-plongez-dans-lunivers-de-casino-leon/ HTTP/1.1" 200 0 "-" "WordPress/6.8.1; https://yclmarketing.co.tz"
66.249.65.96 - - [12/Mar/2026:17:23:13 +0330] "GET /market/minter/80578114.htm HTTP/1.1" 200 28201 "-" "Mozilla/5.0 (Linux; Android 6.0.1; Nexus 5X Build/MMB29P) AppleWebKit/537.36 (KHTML, like Gecko) Chrome/145.0.7632.116 Mobile Safari/537.36 (compatible; GoogleOther)"
216.245.218.186 - - [12/Mar/2026:17:26:28 +0330] "HEAD /jouer-au-casino-en-ligne-decouvrez-leon-et-les-meilleures-astuces/ HTTP/1.1" 200 0 "-" "WordPress/6.9.4; https://verovoz.com"
66.249.65.97 - - [12/Mar/2026:17:27:45 +0330] "GET /market/grumbler/1624578857.htm HTTP/1.1" 200 27547 "-" "Mozilla/5.0 (Linux; Android 6.0.1; Nexus 5X Build/MMB29P) AppleWebKit/537.36 (KHTML, like Gecko) Chrome/145.0.7632.116 Mobile Safari/537.36 (compatible; Googlebot/2.1; +http://www.google.com/bot.html)"
66.249.76.164 - - [12/Mar/2026:17:27:49 +0330] "GET /market/substitutionally/901451796.htm HTTP/1.1" 200 27511 "-" "Mozilla/5.0 (Linux; Android 6.0.1; Nexus 5X Build/MMB29P) AppleWebKit/537.36 (KHTML, like Gecko) Chrome/145.0.7632.116 Mobile Safari/537.36 (compatible; Googlebot/2.1; +http://www.google.com/bot.html)"
66.249.76.162 - - [12/Mar/2026:17:28:17 +0330] "GET /market/remake/1461213869.htm HTTP/1.1" 200 27019 "-" "Mozilla/5.0 (Linux; Android 6.0.1; Nexus 5X Build/MMB29P) AppleWebKit/537.36 (KHTML, like Gecko) Chrome/145.0.7632.116 Mobile Safari/537.36 (compatible; Googlebot/2.1; +http://www.google.com/bot.html)"
162.55.240.80 - - [12/Mar/2026:17:29:05 +0330] "POST /wp-cron.php?doing_wp_cron=1773323945.3986079692840576171875 HTTP/1.1" 200 0 "-" "WordPress/6.9.4; https://farazshimi.ir"
68.66.200.210 - - [12/Mar/2026:17:29:05 +0330] "POST /xmlrpc.php HTTP/1.1" 200 327 "-" "The Incutio XML-RPC PHP Library -- WordPress/6.9.1"
185.45.66.32 - - [12/Mar/2026:17:30:19 +0330] "HEAD /depot-casino-1-euro-decouvrez-betify-pour-vos-jeux-en-ligne/ HTTP/1.1" 200 0 "-" "WordPress/6.9.4; https://calligraphyartstore.com"
185.45.66.32 - - [12/Mar/2026:17:30:20 +0330] "POST /xmlrpc.php HTTP/1.1" 200 293 "-" "The Incutio XML-RPC PHP Library -- WordPress/6.9.4"
103.115.10.83 - - [12/Mar/2026:17:30:46 +0330] "HEAD /jeux-de-cartes-de-casino-plongez-dans-lunivers-de-leon/ HTTP/1.1" 200 0 "-" "WordPress/6.9.4; https://raglandaircraft.com"
103.115.10.83 - - [12/Mar/2026:17:30:47 +0330] "POST /xmlrpc.php HTTP/1.1" 200 303 "-" "The Incutio XML-RPC PHP Library -- WordPress/6.9.4"
66.249.76.164 - - [12/Mar/2026:17:31:25 +0330] "GET /bonusy-pri-pervom-depozite-dlia-novykh-igrokov-kazino/ HTTP/1.1" 200 28893 "-" "Mozilla/5.0 (Linux; Android 6.0.1; Nexus 5X Build/MMB29P) AppleWebKit/537.36 (KHTML, like Gecko) Chrome/145.0.7632.116 Mobile Safari/537.36 (compatible; Googlebot/2.1; +http://www.google.com/bot.html)"
51.79.82.34 - - [12/Mar/2026:17:22:01 +0330] "POST /xmlrpc.php HTTP/1.1" 200 161 "-" "The Incutio XML-RPC PHP Library -- WordPress/6.8.5"
68.178.222.81 - - [12/Mar/2026:17:22:16 +0330] "HEAD /casino-en-ligne-prefere-pourquoi-choisir-leon/ HTTP/1.1" 200 0 "-" "WordPress/6.9.4; https://laurelstreetsmiles.com"
68.178.222.81 - - [12/Mar/2026:17:22:17 +0330] "POST /xmlrpc.php HTTP/1.1" 200 325 "-" "The Incutio XML-RPC PHP Library -- WordPress/6.9.4"
68.178.222.81 - - [12/Mar/2026:17:22:41 +0330] "HEAD /casino-en-ligne-prefere-pourquoi-choisir-leon/ HTTP/1.1" 200 0 "-" "WordPress/6.9.4; https://laurelstreetsmiles.com"
162.55.240.80 - - [12/Mar/2026:17:25:21 +0330] "POST /wp-cron.php?doing_wp_cron=1773323721.2534968852996826171875 HTTP/1.1" 200 0 "-" "WordPress/6.9.4; https://farazshimi.ir"
5.39.1.252 - - [12/Mar/2026:17:25:20 +0330] "GET /market/transacting/1236081534.htm HTTP/2" 404 0 "-" "Mozilla/5.0 (compatible; AhrefsBot/7.0; +http://ahrefs.com/robot/)"
162.55.240.80 - - [12/Mar/2026:17:25:57 +0330] "POST /wp-cron.php?doing_wp_cron=1773323757.8155119419097900390625 HTTP/1.1" 200 0 "-" "WordPress/6.9.4; https://farazshimi.ir"
81.186.225.115 - - [12/Mar/2026:17:25:57 +0330] "HEAD /le-video-poker-tout-savoir-sur-ce-jeu-de-casino-a-leon/ HTTP/1.1" 200 0 "https://farazshimi.ir/le-video-poker-tout-savoir-sur-ce-jeu-de-casino-a-leon/" "WordPress/6.1.10; https://techtools.pl"
8.36.41.149 - - [12/Mar/2026:17:26:29 +0330] "HEAD /crypto-casino-sans-kyc-instantaneite-et-avantages/ HTTP/1.1" 200 0 "-" "WordPress/6.9.4; https://clearinghouseaccucheck.com"
216.245.218.186 - - [12/Mar/2026:17:26:29 +0330] "POST /xmlrpc.php HTTP/1.1" 200 316 "-" "The Incutio XML-RPC PHP Library -- WordPress/6.9.4"
8.36.41.149 - - [12/Mar/2026:17:26:32 +0330] "POST /xmlrpc.php HTTP/1.1" 200 251 "-" "The Incutio XML-RPC PHP Library -- WordPress/6.9.4"
216.245.218.186 - - [12/Mar/2026:17:27:02 +0330] "HEAD /jouer-au-casino-en-ligne-decouvrez-leon-et-les-meilleures-astuces/ HTTP/1.1" 200 0 "-" "WordPress/6.9.4; https://verovoz.com"
66.249.65.105 - - [12/Mar/2026:17:27:59 +0330] "GET /market/booker/2558021859.htm HTTP/1.1" 200 24670 "-" "Mozilla/5.0 (Linux; Android 6.0.1; Nexus 5X Build/MMB29P) AppleWebKit/537.36 (KHTML, like Gecko) Chrome/145.0.7632.116 Mobile Safari/537.36 (compatible; Googlebot/2.1; +http://www.google.com/bot.html)"
66.249.65.105 - - [12/Mar/2026:17:28:03 +0330] "GET /market/spitalhouse/4069574351.htm HTTP/1.1" 200 27089 "-" "Mozilla/5.0 (Linux; Android 6.0.1; Nexus 5X Build/MMB29P) AppleWebKit/537.36 (KHTML, like Gecko) Chrome/145.0.7632.116 Mobile Safari/537.36 (compatible; Googlebot/2.1; +http://www.google.com/bot.html)"
66.249.76.162 - - [12/Mar/2026:17:28:09 +0330] "GET /market/crusher/1076237723.htm HTTP/1.1" 200 26864 "-" "Mozilla/5.0 (Linux; Android 6.0.1; Nexus 5X Build/MMB29P) AppleWebKit/537.36 (KHTML, like Gecko) Chrome/145.0.7632.116 Mobile Safari/537.36 (compatible; Googlebot/2.1; +http://www.google.com/bot.html)"
66.249.65.105 - - [12/Mar/2026:17:28:14 +0330] "GET /market/dianthera/1059625855.htm HTTP/1.1" 200 28883 "-" "Mozilla/5.0 (Linux; Android 6.0.1; Nexus 5X Build/MMB29P) AppleWebKit/537.36 (KHTML, like Gecko) Chrome/145.0.7632.116 Mobile Safari/537.36 (compatible; Googlebot/2.1; +http://www.google.com/bot.html)"
68.66.200.210 - - [12/Mar/2026:17:29:04 +0330] "HEAD /depot-casino-1-euro-jouer-malin-avec-casino-leon/ HTTP/1.1" 200 0 "-" "WordPress/6.9.1; https://next-gen.pk"
68.66.200.210 - - [12/Mar/2026:17:29:17 +0330] "HEAD /depot-casino-1-euro-jouer-malin-avec-casino-leon/ HTTP/1.1" 200 0 "-" "WordPress/6.9.1; https://next-gen.pk"
185.45.66.32 - - [12/Mar/2026:17:29:49 +0330] "HEAD /depot-casino-1-euro-decouvrez-betify-pour-vos-jeux-en-ligne/ HTTP/1.1" 200 0 "-" "WordPress/6.9.4; https://calligraphyartstore.com"
103.115.10.83 - - [12/Mar/2026:17:31:04 +0330] "HEAD /jeux-de-cartes-de-casino-plongez-dans-lunivers-de-leon/ HTTP/1.1" 200 0 "-" "WordPress/6.9.4; https://raglandaircraft.com"
66.249.65.105 - - [12/Mar/2026:17:31:50 +0330] "GET /market/jacobean/2318485523.htm HTTP/1.1" 200 27845 "-" "Mozilla/5.0 (Linux; Android 6.0.1; Nexus 5X Build/MMB29P) AppleWebKit/537.36 (KHTML, like Gecko) Chrome/145.0.7632.116 Mobile Safari/537.36 (compatible; Googlebot/2.1; +http://www.google.com/bot.html)"
66.249.65.97 - - [12/Mar/2026:17:32:11 +0330] "GET /market/denfilade/1585903831.htm HTTP/1.1" 200 27811 "-" "Mozilla/5.0 (Linux; Android 6.0.1; Nexus 5X Build/MMB29P) AppleWebKit/537.36 (KHTML, like Gecko) Chrome/145.0.7632.116 Mobile Safari/537.36 (compatible; Googlebot/2.1; +http://www.google.com/bot.html)"
66.249.65.97 - - [12/Mar/2026:17:32:14 +0330] "GET /market/limbered/2250139210.htm HTTP/1.1" 200 27468 "-" "Mozilla/5.0 (Linux; Android 6.0.1; Nexus 5X Build/MMB29P) AppleWebKit/537.36 (KHTML, like Gecko) Chrome/145.0.7632.116 Mobile Safari/537.36 (compatible; Googlebot/2.1; +http://www.google.com/bot.html)"
31.11.36.238 - - [12/Mar/2026:17:32:20 +0330] "POST /xmlrpc.php HTTP/1.1" 200 161 "https://farazshimi.ir/xmlrpc.php" "The Incutio XML-RPC PHP Library -- WordPress/5.8.13"
66.249.76.162 - - [12/Mar/2026:17:32:27 +0330] "GET /market/pygobranchia/436635214.htm HTTP/1.1" 200 28525 "-" "Mozilla/5.0 (Linux; Android 6.0.1; Nexus 5X Build/MMB29P) AppleWebKit/537.36 (KHTML, like Gecko) Chrome/145.0.7632.116 Mobile Safari/537.36 (compatible; Googlebot/2.1; +http://www.google.com/bot.html)"
108.128.226.65 - - [12/Mar/2026:17:32:37 +0330] "POST /xmlrpc.php HTTP/1.1" 200 188 "-" "The Incutio XML-RPC PHP Library -- WordPress/6.9.4"
66.249.65.96 - - [12/Mar/2026:17:33:01 +0330] "GET /market/giber/913590641.htm HTTP/1.1" 200 24821 "-" "Mozilla/5.0 (Linux; Android 6.0.1; Nexus 5X Build/MMB29P) AppleWebKit/537.36 (KHTML, like Gecko) Chrome/145.0.7632.116 Mobile Safari/537.36 (compatible; Googlebot/2.1; +http://www.google.com/bot.html)"
89.38.224.244 - - [12/Mar/2026:17:35:12 +0330] "POST /xmlrpc.php HTTP/1.1" 200 178 "-" "Mozilla/5.0 (Windows NT 10.0; Win64; x64) AppleWebKit/537.36 (KHTML, like Gecko) Chrome/114.0.0.0 Safari/537.36"
195.167.159.167 - - [12/Mar/2026:17:36:34 +0330] "HEAD /depot-casino-1-euro-jouer-malin-avec-casino-leon/ HTTP/1.1" 200 0 "-" "WordPress/6.9; https://cyfrowastrefa.net"
89.38.224.244 - - [12/Mar/2026:17:39:20 +0330] "POST /xmlrpc.php HTTP/1.1" 200 178 "-" "Mozilla/5.0 (Windows NT 10.0; Win64; x64) AppleWebKit/537.36 (KHTML, like Gecko) Chrome/114.0.0.0 Safari/537.36"
89.38.224.244 - - [12/Mar/2026:17:39:26 +0330] "POST /xmlrpc.php HTTP/1.1" 200 8759 "-" "Mozilla/5.0 (Windows NT 10.0; Win64; x64) AppleWebKit/537.36 (KHTML, like Gecko) Chrome/114.0.0.0 Safari/537.36"
89.38.224.244 - - [12/Mar/2026:17:41:21 +0330] "POST /xmlrpc.php HTTP/1.1" 200 178 "-" "Mozilla/5.0 (Windows NT 10.0; Win64; x64) AppleWebKit/537.36 (KHTML, like Gecko) Chrome/114.0.0.0 Safari/537.36"
89.38.224.244 - - [12/Mar/2026:17:41:28 +0330] "POST /xmlrpc.php HTTP/1.1" 200 8963 "-" "Mozilla/5.0 (Windows NT 10.0; Win64; x64) AppleWebKit/537.36 (KHTML, like Gecko) Chrome/114.0.0.0 Safari/537.36"
108.128.226.65 - - [12/Mar/2026:17:41:51 +0330] "HEAD /casino-echeck-instant-transactions-for-your-gaming-experience/ HTTP/1.1" 200 0 "-" "WordPress/6.9.4; https://portfolio1.elevateom.com"
108.128.226.65 - - [12/Mar/2026:17:42:56 +0330] "POST /xmlrpc.php HTTP/1.1" 200 188 "-" "The Incutio XML-RPC PHP Library -- WordPress/6.9.4"
162.55.240.80 - - [12/Mar/2026:17:43:35 +0330] "POST /wp-cron.php?doing_wp_cron=1773324815.9091780185699462890625 HTTP/1.1" 200 0 "-" "WordPress/6.9.4; https://farazshimi.ir"
89.38.224.244 - - [12/Mar/2026:17:43:35 +0330] "POST /xmlrpc.php HTTP/1.1" 200 178 "-" "Mozilla/5.0 (Windows NT 10.0; Win64; x64) AppleWebKit/537.36 (KHTML, like Gecko) Chrome/114.0.0.0 Safari/537.36"
89.38.224.244 - - [12/Mar/2026:17:43:41 +0330] "POST /xmlrpc.php HTTP/1.1" 200 9078 "-" "Mozilla/5.0 (Windows NT 10.0; Win64; x64) AppleWebKit/537.36 (KHTML, like Gecko) Chrome/114.0.0.0 Safari/537.36"
31.11.36.238 - - [12/Mar/2026:17:32:19 +0330] "HEAD /jeux-de-cartes-de-casino-plongez-dans-lunivers-de-leon/ HTTP/1.1" 200 0 "https://farazshimi.ir/jeux-de-cartes-de-casino-plongez-dans-lunivers-de-leon/" "WordPress/5.8.13; https://www.mlivevents.com"
31.11.36.238 - - [12/Mar/2026:17:32:36 +0330] "HEAD /jeux-de-cartes-de-casino-plongez-dans-lunivers-de-leon/ HTTP/1.1" 200 0 "https://farazshimi.ir/jeux-de-cartes-de-casino-plongez-dans-lunivers-de-leon/" "WordPress/5.8.13; https://www.mlivevents.com"
108.128.226.65 - - [12/Mar/2026:17:32:36 +0330] "HEAD /jouer-au-casino-en-ligne-decouvrez-leon-et-les-meilleures-astuces/ HTTP/1.1" 200 0 "-" "WordPress/6.9.4; https://portfolio1.elevateom.com"
108.128.226.65 - - [12/Mar/2026:17:33:57 +0330] "HEAD /jouer-au-casino-en-ligne-decouvrez-leon-et-les-meilleures-astuces/ HTTP/1.1" 200 0 "-" "WordPress/6.9.4; https://portfolio1.elevateom.com"
162.55.240.80 - - [12/Mar/2026:17:34:33 +0330] "POST /wp-cron.php?doing_wp_cron=1773324273.5770740509033203125000 HTTP/1.1" 200 0 "-" "WordPress/6.9.4; https://farazshimi.ir"
176.31.139.27 - - [12/Mar/2026:17:34:32 +0330] "GET /market/tenancy/4268646093.htm HTTP/2" 404 0 "-" "Mozilla/5.0 (compatible; AhrefsBot/7.0; +http://ahrefs.com/robot/)"
162.55.240.80 - - [12/Mar/2026:17:35:12 +0330] "POST /wp-cron.php?doing_wp_cron=1773324312.4759979248046875000000 HTTP/1.1" 200 0 "-" "WordPress/6.9.4; https://farazshimi.ir"
89.38.224.244 - - [12/Mar/2026:17:35:17 +0330] "POST /xmlrpc.php HTTP/1.1" 200 9190 "-" "Mozilla/5.0 (Windows NT 10.0; Win64; x64) AppleWebKit/537.36 (KHTML, like Gecko) Chrome/114.0.0.0 Safari/537.36"
89.38.224.244 - - [12/Mar/2026:17:35:18 +0330] "GET /il-svago-dei-bisca-a-capacita-di-lato-durante-i-giochi-online/ HTTP/1.1" 200 127911 "-" "Mozilla/5.0 (Windows NT 10.0; Win64; x64; rv:125.0) Gecko/20100101 Firefox/125.0"
162.55.240.80 - - [12/Mar/2026:17:39:21 +0330] "POST /wp-cron.php?doing_wp_cron=1773324561.0391039848327636718750 HTTP/1.1" 200 0 "-" "WordPress/6.9.4; https://farazshimi.ir"
89.38.224.244 - - [12/Mar/2026:17:39:26 +0330] "GET /2-guarda-gli-streaming-dei-giocatori-di-slot-online/ HTTP/1.1" 200 127162 "-" "Mozilla/5.0 (Windows NT 10.0; Win64; x64) AppleWebKit/537.36 (KHTML, like Gecko) Chrome/124.0.0.0 Safari/537.36"
203.99.146.53 - - [12/Mar/2026:17:39:50 +0330] "HEAD /bonus-de-bienvenue-casino-sans-depot-decouvrez-loco-win/ HTTP/1.1" 200 0 "-" "WordPress/6.3.2; https://daea.com.hk"
203.99.146.53 - - [12/Mar/2026:17:40:11 +0330] "HEAD /bonus-de-bienvenue-casino-sans-depot-decouvrez-loco-win/ HTTP/1.1" 200 0 "-" "WordPress/6.3.2; https://daea.com.hk"
66.249.76.164 - - [12/Mar/2026:17:40:17 +0330] "GET /market/multiplicative/1503852382.htm HTTP/1.1" 200 28749 "-" "Mozilla/5.0 (Linux; Android 6.0.1; Nexus 5X Build/MMB29P) AppleWebKit/537.36 (KHTML, like Gecko) Chrome/145.0.7632.116 Mobile Safari/537.36 (compatible; GoogleOther)"
162.55.240.80 - - [12/Mar/2026:17:41:22 +0330] "POST /wp-cron.php?doing_wp_cron=1773324682.1854341030120849609375 HTTP/1.1" 200 0 "-" "WordPress/6.9.4; https://farazshimi.ir"
89.38.224.244 - - [12/Mar/2026:17:41:29 +0330] "GET /con-laggiunta-di-questi-grandi-classici-ci-sono-addirittura-gente-giochi-durante-dealer-per-periodo-pratico-come/ HTTP/1.1" 200 128391 "-" "Mozilla/5.0 (Windows NT 10.0; Win64; x64) AppleWebKit/537.36 (KHTML, like Gecko) Chrome/123.0.0.0 Safari/537.36 OPR/109.0.0.0"
108.128.226.65 - - [12/Mar/2026:17:42:55 +0330] "HEAD /casino-echeck-instant-transactions-for-your-gaming-experience/ HTTP/1.1" 200 0 "-" "WordPress/6.9.4; https://portfolio1.elevateom.com"
89.38.224.244 - - [12/Mar/2026:17:43:43 +0330] "GET /per-qualche-casi-e-necessario-addirittura-il-linguaggio-bic-swift/ HTTP/1.1" 200 128164 "-" "Mozilla/5.0 (Windows NT 10.0; Win64; x64; rv:124.0) Gecko/20100101 Firefox/124.0"
162.55.240.80 - - [12/Mar/2026:17:45:37 +0330] "POST /wp-cron.php?doing_wp_cron=1773324937.0008900165557861328125 HTTP/1.1" 200 0 "-" "WordPress/6.9.4; https://farazshimi.ir"
37.59.204.159 - - [12/Mar/2026:17:43:53 +0330] "GET /market/somniloquy/1867720782.htm HTTP/2" 404 0 "-" "Mozilla/5.0 (compatible; AhrefsBot/7.0; +http://ahrefs.com/robot/)"
15.235.227.89 - - [12/Mar/2026:17:47:02 +0330] "POST /xmlrpc.php HTTP/1.1" 200 188 "-" "The Incutio XML-RPC PHP Library -- WordPress/6.9.4"
159.223.226.118 - - [12/Mar/2026:17:47:35 +0330] "POST /xmlrpc.php HTTP/1.1" 200 249 "-" "Mozilla/5.0 (Windows NT 10.0; WOW64) AppleWebKit/537.36 (KHTML, like Gecko) Chrome/140.0.0.0 Safari/537.36 Edg/140.0.0.0"
15.235.227.89 - - [12/Mar/2026:17:45:36 +0330] "HEAD /les-meilleures-machines-a-sous-en-ligne-sur-casino-leon/ HTTP/1.1" 200 0 "-" "WordPress/6.9.4; https://fowziasfabrics.com"
15.235.227.89 - - [12/Mar/2026:17:46:06 +0330] "HEAD /les-meilleures-machines-a-sous-en-ligne-sur-casino-leon/ HTTP/1.1" 200 0 "-" "WordPress/6.9.4; https://fowziasfabrics.com"
15.235.227.89 - - [12/Mar/2026:17:47:01 +0330] "HEAD /depot-casino-1-euro-jouer-malin-avec-casino-leon/ HTTP/1.1" 200 0 "-" "WordPress/6.9.4; https://fowziasfabrics.com"
15.235.227.89 - - [12/Mar/2026:17:47:24 +0330] "HEAD /depot-casino-1-euro-jouer-malin-avec-casino-leon/ HTTP/1.1" 200 0 "-" "WordPress/6.9.4; https://fowziasfabrics.com"
45.158.29.34 - - [12/Mar/2026:17:48:11 +0330] "HEAD /casino-avec-depot-minimum-de-1-e-decouvrez-le-casino-leon/ HTTP/1.1" 200 0 "https://farazshimi.ir/casino-avec-depot-minimum-de-1-e-decouvrez-le-casino-leon/" "WordPress/6.1.10; https://www.sofa-lab.com"
66.249.76.163 - - [12/Mar/2026:17:48:16 +0330] "GET /market/housemaster/1905719715.htm HTTP/1.1" 200 27087 "-" "Mozilla/5.0 (Linux; Android 6.0.1; Nexus 5X Build/MMB29P) AppleWebKit/537.36 (KHTML, like Gecko) Chrome/145.0.7632.116 Mobile Safari/537.36 (compatible; GoogleOther)"
162.55.240.80 - - [12/Mar/2026:17:51:15 +0330] "POST /wp-cron.php?doing_wp_cron=1773325275.6571450233459472656250 HTTP/1.1" 200 0 "-" "WordPress/6.9.4; https://farazshimi.ir"
190.8.176.9 - - [12/Mar/2026:17:51:46 +0330] "HEAD /casino-avec-croupier-en-direct-decouvrez-lexperience-unique-de-betify/ HTTP/1.1" 200 0 "-" "WordPress/6.9.4; https://detailingcompanyca.com"
94.23.188.193 - - [12/Mar/2026:17:51:55 +0330] "GET /market/smiling/1974292065.htm HTTP/2" 404 0 "-" "Mozilla/5.0 (compatible; AhrefsBot/7.0; +http://ahrefs.com/robot/)"
59.125.102.142 - - [12/Mar/2026:17:52:09 +0330] "POST /xmlrpc.php HTTP/1.1" 200 249 "-" "Mozilla/5.0 (Windows NT 10.0) AppleWebKit/537.43 (KHTML, like Gecko) Chrome/140.0.0.0 Safari/537.36 OPR/124.0.0.0"
89.38.224.244 - - [12/Mar/2026:17:55:36 +0330] "GET /but-if-you-need-more-spicy-spins-large-volatility-ports-certainly-are-the-route-to-take/ HTTP/1.1" 200 127686 "-" "Mozilla/5.0 (Windows NT 10.0; Win64; x64) AppleWebKit/537.36 (KHTML, like Gecko) Chrome/124.0.0.0 Safari/537.36 Edg/124.0.0.0"
72.9.154.100 - - [12/Mar/2026:17:58:13 +0330] "HEAD /jeux-dargent-en-ligne-avec-argent-reel-decouvrez-leon/ HTTP/1.1" 200 0 "-" "WordPress/6.9.3; https://diaper.blubela.com"
66.249.76.162 - - [12/Mar/2026:17:58:34 +0330] "GET /market/snacks/4119683374.htm HTTP/1.1" 200 26628 "-" "Mozilla/5.0 (Linux; Android 6.0.1; Nexus 5X Build/MMB29P) AppleWebKit/537.36 (KHTML, like Gecko) Chrome/145.0.7632.116 Mobile Safari/537.36 (compatible; GoogleOther)"
162.55.240.80 - - [12/Mar/2026:17:59:08 +0330] "POST /wp-cron.php?doing_wp_cron=1773325748.5535750389099121093750 HTTP/1.1" 200 0 "-" "WordPress/6.9.4; https://farazshimi.ir"
72.9.154.100 - - [12/Mar/2026:17:59:07 +0330] "HEAD /jeux-dargent-en-ligne-avec-argent-reel-decouvrez-leon/ HTTP/1.1" 200 0 "-" "WordPress/6.9.3; https://diaper.blubela.com"
89.38.224.244 - - [12/Mar/2026:17:59:26 +0330] "POST /xmlrpc.php HTTP/1.1" 200 178 "-" "Mozilla/5.0 (Windows NT 10.0; Win64; x64) AppleWebKit/537.36 (KHTML, like Gecko) Chrome/114.0.0.0 Safari/537.36"
89.38.224.244 - - [12/Mar/2026:17:59:32 +0330] "POST /xmlrpc.php HTTP/1.1" 200 9018 "-" "Mozilla/5.0 (Windows NT 10.0; Win64; x64) AppleWebKit/537.36 (KHTML, like Gecko) Chrome/114.0.0.0 Safari/537.36"
209.141.55.158 - - [12/Mar/2026:18:00:21 +0330] "GET /wp-login.php HTTP/1.1" 200 11614 "-" "Mozilla/5.0 (Macintosh; Intel Mac OS X 10_9_4) AppleWebKit/537.36 (KHTML, like Gecko) Chrome/36.0.1985.143 Safari/537.36"
209.141.55.158 - - [12/Mar/2026:18:00:22 +0330] "POST /wp-login.php HTTP/1.1" 200 12156 "-" "Mozilla/5.0 (Macintosh; Intel Mac OS X 10_9_4) AppleWebKit/537.36 (KHTML, like Gecko) Chrome/36.0.1985.143 Safari/537.36"
54.36.142.130 - - [12/Mar/2026:18:00:51 +0330] "HEAD /depot-casino-1-euro-decouvrez-betify-pour-vos-jeux-en-ligne/ HTTP/1.1" 200 0 "-" "WordPress/6.9.4; https://lia-securite.com"
54.36.142.130 - - [12/Mar/2026:18:00:52 +0330] "POST /xmlrpc.php HTTP/1.1" 200 336 "-" "The Incutio XML-RPC PHP Library -- WordPress/6.9.4"
54.36.142.130 - - [12/Mar/2026:18:01:17 +0330] "HEAD /depot-casino-1-euro-decouvrez-betify-pour-vos-jeux-en-ligne/ HTTP/1.1" 200 0 "-" "WordPress/6.9.4; https://lia-securite.com"
89.38.224.244 - - [12/Mar/2026:18:01:43 +0330] "POST /xmlrpc.php HTTP/1.1" 200 178 "-" "Mozilla/5.0 (Windows NT 10.0; Win64; x64) AppleWebKit/537.36 (KHTML, like Gecko) Chrome/114.0.0.0 Safari/537.36"
148.72.2.183 - - [12/Mar/2026:18:01:47 +0330] "HEAD /machine-a-sous-demo-decouvrez-lunivers-avec-casino-leon/ HTTP/1.1" 200 0 "-" "WordPress/6.9.4; https://bluemindcare.com"
89.38.224.244 - - [12/Mar/2026:18:01:50 +0330] "POST /xmlrpc.php HTTP/1.1" 200 8605 "-" "Mozilla/5.0 (Windows NT 10.0; Win64; x64) AppleWebKit/537.36 (KHTML, like Gecko) Chrome/114.0.0.0 Safari/537.36"
148.72.2.183 - - [12/Mar/2026:18:01:48 +0330] "POST /xmlrpc.php HTTP/1.1" 200 351 "-" "The Incutio XML-RPC PHP Library -- WordPress/6.9.4"
89.38.224.244 - - [12/Mar/2026:18:01:51 +0330] "GET /coastline-life-is-a-be-a-beneficial-playtech-slot-filled-up-with-summertime-vibes/ HTTP/1.1" 200 128258 "-" "Mozilla/5.0 (Windows NT 10.0; rv:109.0) Gecko/20100101 Firefox/115.0"
148.72.2.183 - - [12/Mar/2026:18:02:47 +0330] "HEAD /machine-a-sous-demo-decouvrez-lunivers-avec-casino-leon/ HTTP/1.1" 200 0 "-" "WordPress/6.9.4; https://bluemindcare.com"
89.38.224.244 - - [12/Mar/2026:18:03:56 +0330] "POST /xmlrpc.php HTTP/1.1" 200 178 "-" "Mozilla/5.0 (Windows NT 10.0; Win64; x64) AppleWebKit/537.36 (KHTML, like Gecko) Chrome/114.0.0.0 Safari/537.36"
89.38.224.244 - - [12/Mar/2026:18:04:02 +0330] "POST /xmlrpc.php HTTP/1.1" 200 8743 "-" "Mozilla/5.0 (Windows NT 10.0; Win64; x64) AppleWebKit/537.36 (KHTML, like Gecko) Chrome/114.0.0.0 Safari/537.36"
162.55.240.80 - - [12/Mar/2026:18:04:05 +0330] "POST /wp-cron.php?doing_wp_cron=1773326045.0355980396270751953125 HTTP/1.1" 200 0 "-" "WordPress/6.9.4; https://farazshimi.ir"
89.38.224.244 - - [12/Mar/2026:18:04:04 +0330] "GET /generate-plans-to-have-once-you-gamble-to-avoid-on-your-own-surpassing-go-out-constraints/ HTTP/1.1" 200 127963 "-" "Mozilla/5.0 (Windows NT 10.0; Win64; x64; rv:125.0) Gecko/20100101 Firefox/125.0"
190.8.176.9 - - [12/Mar/2026:17:51:14 +0330] "HEAD /casino-avec-croupier-en-direct-decouvrez-lexperience-unique-de-betify/ HTTP/1.1" 200 0 "-" "WordPress/6.9.4; https://detailingcompanyca.com"
190.8.176.9 - - [12/Mar/2026:17:51:16 +0330] "POST /xmlrpc.php HTTP/1.1" 200 188 "-" "The Incutio XML-RPC PHP Library -- WordPress/6.9.4"
