4.205.20.132 - - [12/Mar/2026:21:15:54 +0330] "GET /wp-admin/a.php HTTP/1.1" 302 0 "-" "Mozilla/5.0 (Windows NT 10.0; Win64; x64) AppleWebKit/537.36 (KHTML, like Gecko) Chrome/120.0.0.0 Safari/537.36"
4.205.20.132 - - [12/Mar/2026:21:15:54 +0330] "GET /wp-admin/alfa.php HTTP/1.1" 302 0 "-" "Mozilla/5.0 (Windows NT 10.0; Win64; x64) AppleWebKit/537.36 (KHTML, like Gecko) Chrome/120.0.0.0 Safari/537.36"
4.205.20.132 - - [12/Mar/2026:21:15:55 +0330] "GET /wp-admin/css/colors HTTP/1.1" 301 795 "-" "Mozilla/5.0 (Windows NT 10.0; Win64; x64) AppleWebKit/537.36 (KHTML, like Gecko) Chrome/120.0.0.0 Safari/537.36"
4.205.20.132 - - [12/Mar/2026:21:15:55 +0330] "GET /wp-admin/js/widgets/ HTTP/1.1" 200 1274 "-" "Mozilla/5.0 (Windows NT 10.0; Win64; x64) AppleWebKit/537.36 (KHTML, like Gecko) Chrome/120.0.0.0 Safari/537.36"
4.205.20.132 - - [12/Mar/2026:21:15:55 +0330] "GET /wp-admin/network/index.php HTTP/1.1" 403 787 "-" "Mozilla/5.0 (Windows NT 10.0; Win64; x64) AppleWebKit/537.36 (KHTML, like Gecko) Chrome/120.0.0.0 Safari/537.36"
4.205.20.132 - - [12/Mar/2026:21:15:55 +0330] "GET /wp-content/plugins/core-plugin/include.php HTTP/1.1" 404 0 "-" "Mozilla/5.0 (Windows NT 10.0; Win64; x64) AppleWebKit/537.36 (KHTML, like Gecko) Chrome/120.0.0.0 Safari/537.36"
4.205.20.132 - - [12/Mar/2026:21:15:56 +0330] "GET /wp-includes/IXR/test1.php HTTP/1.1" 404 0 "-" "Mozilla/5.0 (Windows NT 10.0; Win64; x64) AppleWebKit/537.36 (KHTML, like Gecko) Chrome/120.0.0.0 Safari/537.36"
4.205.20.132 - - [12/Mar/2026:21:15:57 +0330] "GET /wp-includes/js/crop/cropper.php HTTP/1.1" 404 0 "-" "Mozilla/5.0 (Windows NT 10.0; Win64; x64) AppleWebKit/537.36 (KHTML, like Gecko) Chrome/120.0.0.0 Safari/537.36"
4.205.20.132 - - [12/Mar/2026:21:15:58 +0330] "GET /wp-content/themes/ HTTP/1.1" 403 787 "-" "Mozilla/5.0 (Windows NT 10.0; Win64; x64) AppleWebKit/537.36 (KHTML, like Gecko) Chrome/120.0.0.0 Safari/537.36"
4.205.20.132 - - [12/Mar/2026:21:15:58 +0330] "GET /wp-includes/ID3/ HTTP/1.1" 200 1410 "-" "Mozilla/5.0 (Windows NT 10.0; Win64; x64) AppleWebKit/537.36 (KHTML, like Gecko) Chrome/120.0.0.0 Safari/537.36"
162.55.240.80 - - [12/Mar/2026:21:14:01 +0330] "POST /wp-cron.php?doing_wp_cron=1773337441.2287130355834960937500 HTTP/1.1" 200 0 "-" "WordPress/6.9.4; https://farazshimi.ir"
57.141.18.24 - - [12/Mar/2026:21:14:00 +0330] "GET /1-mrq-punctual-distributions-%ef%bf%bd-confirmed-of-the-gambling-enterprise-professor/instagram.com/farazshimialborz HTTP/2" 404 0 "-" "meta-externalagent/1.1 (+https://developers.facebook.com/docs/sharing/webmasters/crawler)"
35.187.115.6 - - [12/Mar/2026:21:14:59 +0330] "POST /xmlrpc.php HTTP/1.1" 200 249 "-" "Mozilla/5.0 (Windows NT 10.0; WOW64; rv:140.0) Gecko/20100101 Firefox/140.0"
162.55.240.80 - - [12/Mar/2026:21:18:34 +0330] "POST /wp-cron.php?doing_wp_cron=1773337714.4469459056854248046875 HTTP/1.1" 200 0 "-" "WordPress/6.9.4; https://farazshimi.ir"
211.21.61.245 - - [12/Mar/2026:21:18:34 +0330] "POST /xmlrpc.php HTTP/1.1" 200 249 "-" "Mozilla/5.0 (Windows NT 10.0; Win64; x64; rv:142.0) Gecko/20100101 Firefox/142.0"
93.158.90.71 - - [12/Mar/2026:21:19:05 +0330] "GET / HTTP/1.1" 200 40592 "http://farazshimi.ir/" "Mozilla/5.0 (iPhone; CPU iPhone OS 16_3 like Mac OS X) AppleWebKit/605.1.15 (KHTML, like Gecko) CriOS/122.0.6261.89 Mobile/15E148 Safari/604"
93.158.90.67 - - [12/Mar/2026:21:19:06 +0330] "GET /%d8%b1%d9%88%d8%ba%d9%86-%d9%87%d8%a7%db%8c-%d9%81%d8%b1%d8%a7%db%8c%d9%86%d8%af-%d9%84%d8%a7%d8%b3%d8%aa%db%8c%da%a9/ HTTP/1.1" 200 28120 "-" "Mozilla/5.0 (iPhone; CPU iPhone OS 16_3 like Mac OS X) AppleWebKit/605.1.15 (KHTML, like Gecko) CriOS/122.0.6261.89 Mobile/15E148 Safari/604"
93.158.90.70 - - [12/Mar/2026:21:19:07 +0330] "GET /%d8%b1%d9%88%d8%ba%d9%86-%d9%87%d8%a7%db%8c-%d8%ae%d9%88%d8%af%d8%b1%d9%88-%d8%b3%d9%86%da%af%db%8c%d9%86-2/ HTTP/1.1" 200 27875 "-" "Mozilla/5.0 (iPhone; CPU iPhone OS 16_3 like Mac OS X) AppleWebKit/605.1.15 (KHTML, like Gecko) CriOS/122.0.6261.89 Mobile/15E148 Safari/604"
45.9.251.115 - - [12/Mar/2026:21:20:16 +0330] "POST /xmlrpc.php HTTP/1.1" 200 178 "-" "Mozilla/5.0 (Windows NT 10.0; Win64; x64) AppleWebKit/537.36 (KHTML, like Gecko) Chrome/114.0.0.0 Safari/537.36"
45.9.251.115 - - [12/Mar/2026:21:20:21 +0330] "POST /xmlrpc.php HTTP/1.1" 200 11086 "-" "Mozilla/5.0 (Windows NT 10.0; Win64; x64) AppleWebKit/537.36 (KHTML, like Gecko) Chrome/114.0.0.0 Safari/537.36"
45.9.251.115 - - [12/Mar/2026:21:20:22 +0330] "GET /online-casino-he-gods-zeus-exactly-who-brings-big-has-and-you-can-jackpots-into-the-reels/ HTTP/1.1" 200 130352 "-" "Mozilla/5.0 (Windows NT 10.0; rv:125.0) Gecko/20100101 Firefox/125.0"
209.141.40.112 - - [12/Mar/2026:21:23:50 +0330] "GET /wp-login.php HTTP/1.1" 200 3306 "-" "Mozilla/5.0 (Windows NT 10.0; Win64; x64; rv:131.0) Gecko/20100101 Firefox/131.0"
162.55.240.80 - - [12/Mar/2026:21:24:12 +0330] "POST /wp-cron.php?doing_wp_cron=1773338052.2604660987854003906250 HTTP/1.1" 200 0 "-" "WordPress/6.9.4; https://farazshimi.ir"
66.249.65.105 - - [12/Mar/2026:21:24:57 +0330] "GET /market/quinizarin/2265915502.htm HTTP/1.1" 200 28483 "-" "Mozilla/5.0 (Linux; Android 6.0.1; Nexus 5X Build/MMB29P) AppleWebKit/537.36 (KHTML, like Gecko) Chrome/145.0.7632.116 Mobile Safari/537.36 (compatible; Googlebot/2.1; +http://www.google.com/bot.html)"
66.249.65.105 - - [12/Mar/2026:21:26:44 +0330] "GET /market/objectionably/328607273.htm HTTP/1.1" 200 27087 "-" "Mozilla/5.0 (Linux; Android 6.0.1; Nexus 5X Build/MMB29P) AppleWebKit/537.36 (KHTML, like Gecko) Chrome/145.0.7632.116 Mobile Safari/537.36 (compatible; Googlebot/2.1; +http://www.google.com/bot.html)"
162.55.240.80 - - [12/Mar/2026:21:27:03 +0330] "POST /wp-cron.php?doing_wp_cron=1773338223.5753240585327148437500 HTTP/1.1" 200 0 "-" "WordPress/6.9.4; https://farazshimi.ir"
57.141.18.0 - - [12/Mar/2026:21:27:02 +0330] "GET /mas-grandes-juegos-sobre-ruletas-cual-se-puede-existir-referente-a-su-celular-o-movil/ HTTP/2" 200 133086 "-" "meta-externalagent/1.1 (+https://developers.facebook.com/docs/sharing/webmasters/crawler)"
93.158.90.71 - - [12/Mar/2026:21:19:08 +0330] "GET /%d8%b1%d9%88%d8%ba%d9%86-%d9%87%d8%a7%db%8c-%d8%ae%d9%88%d8%af%d8%b1%d9%88-%d8%b3%d8%a8%da%a9-2/ HTTP/1.1" 200 27645 "-" "Mozilla/5.0 (iPhone; CPU iPhone OS 16_3 like Mac OS X) AppleWebKit/605.1.15 (KHTML, like Gecko) CriOS/122.0.6261.89 Mobile/15E148 Safari/604"
103.112.151.48 - - [12/Mar/2026:21:19:39 +0330] "GET /wp-mail.php HTTP/2" 404 0 "-" "Mozilla/5.0 (Windows NT 10.0; Win64; x64) AppleWebKit/537.36 (KHTML, like Gecko) Chrome/145.0.0.0 Safari/537.36"
162.55.240.80 - - [12/Mar/2026:21:20:16 +0330] "POST /wp-cron.php?doing_wp_cron=1773337816.7010200023651123046875 HTTP/1.1" 200 0 "-" "WordPress/6.9.4; https://farazshimi.ir"
51.195.215.41 - - [12/Mar/2026:21:24:11 +0330] "GET /market/unstarch/2062673918.htm HTTP/2" 404 0 "-" "Mozilla/5.0 (compatible; AhrefsBot/7.0; +http://ahrefs.com/robot/)"
66.249.76.162 - - [12/Mar/2026:21:25:29 +0330] "GET /market/misavize/2778101006.htm HTTP/1.1" 200 28403 "-" "Mozilla/5.0 (Linux; Android 6.0.1; Nexus 5X Build/MMB29P) AppleWebKit/537.36 (KHTML, like Gecko) Chrome/145.0.7632.116 Mobile Safari/537.36 (compatible; Googlebot/2.1; +http://www.google.com/bot.html)"
66.249.65.96 - - [12/Mar/2026:21:26:06 +0330] "GET /market/moodily/2321492391.htm HTTP/1.1" 200 27706 "-" "Mozilla/5.0 (Linux; Android 6.0.1; Nexus 5X Build/MMB29P) AppleWebKit/537.36 (KHTML, like Gecko) Chrome/145.0.7632.116 Mobile Safari/537.36 (compatible; Googlebot/2.1; +http://www.google.com/bot.html)"
66.249.76.163 - - [12/Mar/2026:21:26:21 +0330] "GET /market/sheatfish/1990504992.htm HTTP/1.1" 200 27186 "-" "Mozilla/5.0 (Linux; Android 6.0.1; Nexus 5X Build/MMB29P) AppleWebKit/537.36 (KHTML, like Gecko) Chrome/145.0.7632.116 Mobile Safari/537.36 (compatible; Googlebot/2.1; +http://www.google.com/bot.html)"
66.249.65.96 - - [12/Mar/2026:21:27:02 +0330] "GET /market/eared/2416960364.htm HTTP/1.1" 200 27818 "-" "Mozilla/5.0 (Linux; Android 6.0.1; Nexus 5X Build/MMB29P) AppleWebKit/537.36 (KHTML, like Gecko) Chrome/145.0.7632.116 Mobile Safari/537.36 (compatible; Googlebot/2.1; +http://www.google.com/bot.html)"
192.241.176.150 - - [12/Mar/2026:21:27:18 +0330] "POST /xmlrpc.php HTTP/1.1" 200 249 "-" "Mozilla/5.0 (Windows NT 10.0) AppleWebKit/537.36 (KHTML, like Gecko) Chrome/137.0.0.0 Safari/537.36 Edg/137.0.0.0"
162.55.240.80 - - [12/Mar/2026:21:27:31 +0330] "POST /wp-cron.php?doing_wp_cron=1773338251.2581551074981689453125 HTTP/1.1" 200 0 "-" "WordPress/6.9.4; https://farazshimi.ir"
45.9.251.115 - - [12/Mar/2026:21:27:30 +0330] "POST /xmlrpc.php HTTP/1.1" 200 178 "-" "Mozilla/5.0 (Windows NT 10.0; Win64; x64) AppleWebKit/537.36 (KHTML, like Gecko) Chrome/114.0.0.0 Safari/537.36"
45.9.251.115 - - [12/Mar/2026:21:27:36 +0330] "POST /xmlrpc.php HTTP/1.1" 200 11205 "-" "Mozilla/5.0 (Windows NT 10.0; Win64; x64) AppleWebKit/537.36 (KHTML, like Gecko) Chrome/114.0.0.0 Safari/537.36"
45.9.251.115 - - [12/Mar/2026:21:27:38 +0330] "GET /fishin-bins-off-gold-position-motif-limits-pays-symbols/ HTTP/1.1" 200 130029 "-" "Mozilla/5.0 (Windows NT 10.0; rv:109.0) Gecko/20100101 Firefox/115.0"
57.141.18.84 - - [12/Mar/2026:21:28:57 +0330] "GET /mas-grandes-juegos-sobre-ruletas-cual-se-puede-existir-referente-a-su-celular-o-movil/instagram.com/farazshimialborz HTTP/2" 404 0 "-" "meta-externalagent/1.1 (+https://developers.facebook.com/docs/sharing/webmasters/crawler)"
66.249.65.105 - - [12/Mar/2026:21:29:18 +0330] "GET /market/favaginous/22059670.htm HTTP/1.1" 200 27889 "-" "Mozilla/5.0 (Linux; Android 6.0.1; Nexus 5X Build/MMB29P) AppleWebKit/537.36 (KHTML, like Gecko) Chrome/145.0.7632.116 Mobile Safari/537.36 (compatible; Googlebot/2.1; +http://www.google.com/bot.html)"
57.141.18.23 - - [12/Mar/2026:21:31:27 +0330] "GET /?p=618 HTTP/2" 301 0 "-" "meta-externalagent/1.1 (+https://developers.facebook.com/docs/sharing/webmasters/crawler)"
162.55.240.80 - - [12/Mar/2026:21:32:15 +0330] "POST /wp-cron.php?doing_wp_cron=1773338535.3665781021118164062500 HTTP/1.1" 200 0 "-" "WordPress/6.9.4; https://farazshimi.ir"
198.244.242.21 - - [12/Mar/2026:21:32:26 +0330] "GET /market/saccharous/2066050607.htm HTTP/2" 404 0 "-" "Mozilla/5.0 (compatible; AhrefsBot/7.0; +http://ahrefs.com/robot/)"
162.55.240.80 - - [12/Mar/2026:21:35:31 +0330] "POST /wp-cron.php?doing_wp_cron=1773338731.8076629638671875000000 HTTP/1.1" 200 0 "-" "WordPress/6.9.4; https://farazshimi.ir"
216.73.216.145 - - [12/Mar/2026:21:35:31 +0330] "GET /google-play-get-aplicaiile-de-jocuri-de-noroc-i-pentru-cazino-jocurile-care-au-dealeri-reali HTTP/2" 301 0 "-" "Mozilla/5.0 AppleWebKit/537.36 (KHTML, like Gecko; compatible; ClaudeBot/1.0; +claudebot@anthropic.com)"
216.73.216.145 - - [12/Mar/2026:21:35:31 +0330] "GET /google-play-get-aplicaiile-de-jocuri-de-noroc-i-pentru-cazino-jocurile-care-au-dealeri-reali/ HTTP/2" 200 27135 "https://farazshimi.ir/google-play-get-aplicaiile-de-jocuri-de-noroc-i-pentru-cazino-jocurile-care-au-dealeri-reali" "Mozilla/5.0 AppleWebKit/537.36 (KHTML, like Gecko; compatible; ClaudeBot/1.0; +claudebot@anthropic.com)"
57.141.18.109 - - [12/Mar/2026:21:36:04 +0330] "GET /rdv%d9%82%db%8c%d8%b1/instagram.com/farazshimialborz HTTP/2" 404 0 "-" "meta-externalagent/1.1 (+https://developers.facebook.com/docs/sharing/webmasters/crawler)"
162.55.240.80 - - [12/Mar/2026:21:36:06 +0330] "POST /wp-cron.php?doing_wp_cron=1773338766.7651789188385009765625 HTTP/1.1" 200 0 "-" "WordPress/6.9.4; https://farazshimi.ir"
45.9.251.115 - - [12/Mar/2026:21:36:06 +0330] "POST /xmlrpc.php HTTP/1.1" 200 178 "-" "Mozilla/5.0 (Windows NT 10.0; Win64; x64) AppleWebKit/537.36 (KHTML, like Gecko) Chrome/114.0.0.0 Safari/537.36"
45.9.251.115 - - [12/Mar/2026:21:36:12 +0330] "POST /xmlrpc.php HTTP/1.1" 200 8072 "-" "Mozilla/5.0 (Windows NT 10.0; Win64; x64) AppleWebKit/537.36 (KHTML, like Gecko) Chrome/114.0.0.0 Safari/537.36"
45.9.251.115 - - [12/Mar/2026:21:36:13 +0330] "GET /have-fun-with-the-best-and-you-can-latest-free-slots-youll-never-score-bored/ HTTP/1.1" 200 127011 "-" "Mozilla/5.0 (Windows NT 10.0; Win64; x64) AppleWebKit/537.36 (KHTML, like Gecko) Chrome/123.0.0.0 Safari/537.36"
57.141.18.51 - - [12/Mar/2026:21:27:29 +0330] "GET /mas-grandes-juegos-sobre-ruletas-cual-se-puede-existir-referente-a-su-celular-o-movil/feed/ HTTP/2" 200 1021 "-" "meta-externalagent/1.1 (+https://developers.facebook.com/docs/sharing/webmasters/crawler)"
162.55.240.80 - - [12/Mar/2026:21:30:03 +0330] "POST /wp-cron.php?doing_wp_cron=1773338403.1821179389953613281250 HTTP/1.1" 200 0 "-" "WordPress/6.9.4; https://farazshimi.ir"
57.141.18.10 - - [12/Mar/2026:21:30:02 +0330] "GET /wp-json/wp/v2/posts/536 HTTP/2" 200 9278 "-" "meta-externalagent/1.1 (+https://developers.facebook.com/docs/sharing/webmasters/crawler)"
57.141.18.88 - - [12/Mar/2026:21:32:01 +0330] "GET /le-video-poker-tout-savoir-sur-ce-jeu-de-casino-a-leon/989930062081 HTTP/2" 301 0 "-" "meta-externalagent/1.1 (+https://developers.facebook.com/docs/sharing/webmasters/crawler)"
45.9.251.115 - - [12/Mar/2026:21:32:14 +0330] "POST /xmlrpc.php HTTP/1.1" 200 178 "-" "Mozilla/5.0 (Windows NT 10.0; Win64; x64) AppleWebKit/537.36 (KHTML, like Gecko) Chrome/114.0.0.0 Safari/537.36"
57.141.18.50 - - [12/Mar/2026:21:32:19 +0330] "GET /bonusy-pri-pervom-depozite-dlia-novykh-igrokov-kazino/989930062081 HTTP/2" 301 0 "-" "meta-externalagent/1.1 (+https://developers.facebook.com/docs/sharing/webmasters/crawler)"
45.9.251.115 - - [12/Mar/2026:21:32:21 +0330] "POST /xmlrpc.php HTTP/1.1" 200 8885 "-" "Mozilla/5.0 (Windows NT 10.0; Win64; x64) AppleWebKit/537.36 (KHTML, like Gecko) Chrome/114.0.0.0 Safari/537.36"
45.9.251.115 - - [12/Mar/2026:21:32:21 +0330] "GET /faith-the-most-techniques-when-selecting-where-to-experience/ HTTP/1.1" 200 127329 "-" "Mozilla/5.0 (Windows NT 10.0; Win64; x64; rv:124.0) Gecko/20100101 Firefox/124.0"
216.73.216.145 - - [12/Mar/2026:21:32:34 +0330] "GET /robots.txt HTTP/2" 200 79 "-" "Mozilla/5.0 AppleWebKit/537.36 (KHTML, like Gecko; compatible; ClaudeBot/1.0; +claudebot@anthropic.com)"
216.73.216.145 - - [12/Mar/2026:21:32:34 +0330] "GET /crypto-casino-sans-kyc-instantaneite-et-avantages/instagram.com/farazshimialborz HTTP/2" 404 0 "-" "Mozilla/5.0 AppleWebKit/537.36 (KHTML, like Gecko; compatible; ClaudeBot/1.0; +claudebot@anthropic.com)"
57.141.18.10 - - [12/Mar/2026:21:35:48 +0330] "GET /wp-json/wp/v2/posts/650 HTTP/2" 200 6973 "-" "meta-externalagent/1.1 (+https://developers.facebook.com/docs/sharing/webmasters/crawler)"
57.141.18.33 - - [12/Mar/2026:21:36:35 +0330] "GET /test-2/989930062081 HTTP/2" 301 0 "-" "meta-externalagent/1.1 (+https://developers.facebook.com/docs/sharing/webmasters/crawler)"
216.73.216.145 - - [12/Mar/2026:21:36:58 +0330] "GET /crypto-casino-sans-kyc-instantaneite-et-avantages/feed HTTP/2" 301 0 "-" "Mozilla/5.0 AppleWebKit/537.36 (KHTML, like Gecko; compatible; ClaudeBot/1.0; +claudebot@anthropic.com)"
216.73.216.145 - - [12/Mar/2026:21:36:59 +0330] "GET /crypto-casino-sans-kyc-instantaneite-et-avantages/feed/ HTTP/2" 200 508 "https://farazshimi.ir/crypto-casino-sans-kyc-instantaneite-et-avantages/feed" "Mozilla/5.0 AppleWebKit/537.36 (KHTML, like Gecko; compatible; ClaudeBot/1.0; +claudebot@anthropic.com)"
216.73.216.145 - - [12/Mar/2026:21:37:50 +0330] "GET /?p=608 HTTP/2" 301 0 "-" "Mozilla/5.0 AppleWebKit/537.36 (KHTML, like Gecko; compatible; ClaudeBot/1.0; +claudebot@anthropic.com)"
216.73.216.145 - - [12/Mar/2026:21:37:51 +0330] "GET /crypto-casino-sans-kyc-instantaneite-et-avantages/ HTTP/2" 200 27783 "https://farazshimi.ir/?p=608" "Mozilla/5.0 AppleWebKit/537.36 (KHTML, like Gecko; compatible; ClaudeBot/1.0; +claudebot@anthropic.com)"
57.141.18.79 - - [12/Mar/2026:21:39:51 +0330] "GET /wp-json/oembed/1.0/embed?url=https%3A%2F%2Ffarazshimi.ir%2Fbut-this-is-simply-not-a-young-casino-player-blowing-their-meagre-wages%2F HTTP/2" 200 2573 "-" "meta-externalagent/1.1 (+https://developers.facebook.com/docs/sharing/webmasters/crawler)"
57.141.18.65 - - [12/Mar/2026:21:40:14 +0330] "GET /home/instagram.com/farazshimialborz HTTP/2" 404 0 "-" "meta-externalagent/1.1 (+https://developers.facebook.com/docs/sharing/webmasters/crawler)"
57.141.18.114 - - [12/Mar/2026:21:41:16 +0330] "GET /wp-json/oembed/1.0/embed?url=https%3A%2F%2Ffarazshimi.ir%2Fpariaza-la-cele-mai-populare-case-din-jocuri-de-noroc-telecomanda-cu-privire-la-romania%2F HTTP/2" 200 2653 "-" "meta-externalagent/1.1 (+https://developers.facebook.com/docs/sharing/webmasters/crawler)"
162.55.240.80 - - [12/Mar/2026:21:42:06 +0330] "POST /wp-cron.php?doing_wp_cron=1773339126.7441229820251464843750 HTTP/1.1" 200 0 "-" "WordPress/6.9.4; https://farazshimi.ir"
45.9.251.115 - - [12/Mar/2026:21:42:06 +0330] "POST /xmlrpc.php HTTP/1.1" 200 178 "-" "Mozilla/5.0 (Windows NT 10.0; Win64; x64) AppleWebKit/537.36 (KHTML, like Gecko) Chrome/114.0.0.0 Safari/537.36"
45.9.251.115 - - [12/Mar/2026:21:42:11 +0330] "POST /xmlrpc.php HTTP/1.1" 200 8844 "-" "Mozilla/5.0 (Windows NT 10.0; Win64; x64) AppleWebKit/537.36 (KHTML, like Gecko) Chrome/114.0.0.0 Safari/537.36"
45.9.251.115 - - [12/Mar/2026:21:42:12 +0330] "GET /it-takes-careful-consideration-from-licensing-games-assortment-added-bonus-formations-customer-care-and-percentage-possibilities/ HTTP/1.1" 200 128828 "-" "Mozilla/5.0 (Windows NT 10.0; Win64; x64) AppleWebKit/537.36 (KHTML, like Gecko) Chrome/124.0.0.0 Safari/537.36"
57.141.18.0 - - [12/Mar/2026:21:43:19 +0330] "GET /pol-zovatel-skie-funktsii-epicstar-dlia-vsekh-na-platforme/instagram.com/farazshimialborz HTTP/2" 404 0 "-" "meta-externalagent/1.1 (+https://developers.facebook.com/docs/sharing/webmasters/crawler)"
57.141.18.29 - - [12/Mar/2026:21:43:27 +0330] "GET /zerkalo-pinko-kazino-kak-naiti-i-ispol-zovat/instagram.com/farazshimialborz HTTP/2" 404 0 "-" "meta-externalagent/1.1 (+https://developers.facebook.com/docs/sharing/webmasters/crawler)"
66.249.76.163 - - [12/Mar/2026:21:38:21 +0330] "GET /market/stigmata/1964376037.htm HTTP/1.1" 200 26956 "-" "Mozilla/5.0 (Linux; Android 6.0.1; Nexus 5X Build/MMB29P) AppleWebKit/537.36 (KHTML, like Gecko) Chrome/145.0.7632.116 Mobile Safari/537.36 (compatible; Googlebot/2.1; +http://www.google.com/bot.html)"
162.55.240.80 - - [12/Mar/2026:21:39:19 +0330] "POST /wp-cron.php?doing_wp_cron=1773338959.5364658832550048828125 HTTP/1.1" 200 0 "-" "WordPress/6.9.4; https://farazshimi.ir"
45.9.251.115 - - [12/Mar/2026:21:39:19 +0330] "POST /xmlrpc.php HTTP/1.1" 200 178 "-" "Mozilla/5.0 (Windows NT 10.0; Win64; x64) AppleWebKit/537.36 (KHTML, like Gecko) Chrome/114.0.0.0 Safari/537.36"
45.9.251.115 - - [12/Mar/2026:21:39:24 +0330] "POST /xmlrpc.php HTTP/1.1" 200 8710 "-" "Mozilla/5.0 (Windows NT 10.0; Win64; x64) AppleWebKit/537.36 (KHTML, like Gecko) Chrome/114.0.0.0 Safari/537.36"
216.73.216.145 - - [12/Mar/2026:21:39:24 +0330] "GET /crypto-casino-sans-kyc-instantaneite-et-avantages/989930062081 HTTP/2" 301 0 "-" "Mozilla/5.0 AppleWebKit/537.36 (KHTML, like Gecko; compatible; ClaudeBot/1.0; +claudebot@anthropic.com)"
45.9.251.115 - - [12/Mar/2026:21:39:25 +0330] "GET /just-shortly-after-day-enjoys-lapsed-usually-improved-restrictions-be-accessible/ HTTP/1.1" 200 127762 "-" "Mozilla/5.0 (Windows NT 10.0; Win64; x64) AppleWebKit/537.36 (KHTML, like Gecko) Chrome/124.0.0.0 Safari/537.36 Edg/124.0.0.0"
216.73.216.145 - - [12/Mar/2026:21:39:25 +0330] "GET /crypto-casino-sans-kyc-instantaneite-et-avantages/ HTTP/2" 200 27763 "https://farazshimi.ir/crypto-casino-sans-kyc-instantaneite-et-avantages/989930062081" "Mozilla/5.0 AppleWebKit/537.36 (KHTML, like Gecko; compatible; ClaudeBot/1.0; +claudebot@anthropic.com)"
57.141.18.75 - - [12/Mar/2026:21:39:30 +0330] "GET /wp-json/wp/v2/posts/445 HTTP/2" 200 8565 "-" "meta-externalagent/1.1 (+https://developers.facebook.com/docs/sharing/webmasters/crawler)"
216.73.216.145 - - [12/Mar/2026:21:40:16 +0330] "GET /grateful-fantasies-spielbank-ist-und-bleibt-ihr-weiteres-prominentes-gangbar-bitcoin-casino-dies-spieler-alle-ihr-eidgenossenschaft-anzieht HTTP/2" 301 0 "-" "Mozilla/5.0 AppleWebKit/537.36 (KHTML, like Gecko; compatible; ClaudeBot/1.0; +claudebot@anthropic.com)"
216.73.216.145 - - [12/Mar/2026:21:40:17 +0330] "GET /grateful-fantasies-spielbank-ist-und-bleibt-ihr-weiteres-prominentes-gangbar-bitcoin-casino-dies-spieler-alle-ihr-eidgenossenschaft-anzieht/ HTTP/2" 200 28828 "https://farazshimi.ir/grateful-fantasies-spielbank-ist-und-bleibt-ihr-weiteres-prominentes-gangbar-bitcoin-casino-dies-spieler-alle-ihr-eidgenossenschaft-anzieht" "Mozilla/5.0 AppleWebKit/537.36 (KHTML, like Gecko; compatible; ClaudeBot/1.0; +claudebot@anthropic.com)"
216.73.216.145 - - [12/Mar/2026:21:40:18 +0330] "GET /jeux-dargent-instantanement-comprendre-le-monde-des-paris-en-ligne HTTP/2" 301 0 "-" "Mozilla/5.0 AppleWebKit/537.36 (KHTML, like Gecko; compatible; ClaudeBot/1.0; +claudebot@anthropic.com)"
216.73.216.145 - - [12/Mar/2026:21:40:19 +0330] "GET /jeux-dargent-instantanement-comprendre-le-monde-des-paris-en-ligne/ HTTP/2" 200 27643 "https://farazshimi.ir/jeux-dargent-instantanement-comprendre-le-monde-des-paris-en-ligne" "Mozilla/5.0 AppleWebKit/537.36 (KHTML, like Gecko; compatible; ClaudeBot/1.0; +claudebot@anthropic.com)"
198.244.168.50 - - [12/Mar/2026:21:41:18 +0330] "GET /market/loutish/211790313.htm HTTP/2" 404 0 "-" "Mozilla/5.0 (compatible; AhrefsBot/7.0; +http://ahrefs.com/robot/)"
57.141.18.95 - - [12/Mar/2026:21:42:36 +0330] "GET /depot-casino-1-euro-jouez-instantanement-avec-un-budget-minimal/ HTTP/2" 200 130452 "-" "meta-externalagent/1.1 (+https://developers.facebook.com/docs/sharing/webmasters/crawler)"
45.9.251.115 - - [12/Mar/2026:21:44:52 +0330] "POST /xmlrpc.php HTTP/1.1" 200 178 "-" "Mozilla/5.0 (Windows NT 10.0; Win64; x64) AppleWebKit/537.36 (KHTML, like Gecko) Chrome/114.0.0.0 Safari/537.36"
209.141.55.158 - - [12/Mar/2026:21:44:53 +0330] "GET /wp-login.php HTTP/1.1" 200 11614 "-" "Mozilla/5.0 (X11; Ubuntu; Linux i686; rv:31.0) Gecko/20100101 Firefox/31.0"
209.141.55.158 - - [12/Mar/2026:21:44:54 +0330] "POST /wp-login.php HTTP/1.1" 200 12156 "-" "Mozilla/5.0 (X11; Ubuntu; Linux i686; rv:31.0) Gecko/20100101 Firefox/31.0"
45.9.251.115 - - [12/Mar/2026:21:44:58 +0330] "POST /xmlrpc.php HTTP/1.1" 200 8469 "-" "Mozilla/5.0 (Windows NT 10.0; Win64; x64) AppleWebKit/537.36 (KHTML, like Gecko) Chrome/114.0.0.0 Safari/537.36"
45.9.251.115 - - [12/Mar/2026:21:45:02 +0330] "GET /common-problems-which-have-vouchers-and-ways-to-augment-them/ HTTP/1.1" 200 127510 "-" "Mozilla/5.0 (Windows NT 10.0; Win64; x64) AppleWebKit/537.36 (KHTML, like Gecko) Chrome/123.0.0.0 Safari/537.36 OPR/109.0.0.0"
57.141.18.49 - - [12/Mar/2026:21:46:30 +0330] "GET /wp-json/oembed/1.0/embed?url=https%3A%2F%2Ffarazshimi.ir%2Fcasino-bez-vkladu-s-bonusem-ziskejte-casino-bonus-za-registraci%2F HTTP/2" 200 2551 "-" "meta-externalagent/1.1 (+https://developers.facebook.com/docs/sharing/webmasters/crawler)"
162.55.240.80 - - [12/Mar/2026:21:47:46 +0330] "POST /wp-cron.php?doing_wp_cron=1773339466.5998470783233642578125 HTTP/1.1" 200 0 "-" "WordPress/6.9.4; https://farazshimi.ir"
57.141.18.35 - - [12/Mar/2026:21:48:15 +0330] "GET /?p=650 HTTP/2" 301 0 "-" "meta-externalagent/1.1 (+https://developers.facebook.com/docs/sharing/webmasters/crawler)"
57.141.18.99 - - [12/Mar/2026:21:49:48 +0330] "GET /wp-json/wp/v2/posts/532 HTTP/2" 200 9243 "-" "meta-externalagent/1.1 (+https://developers.facebook.com/docs/sharing/webmasters/crawler)"
57.141.18.0 - - [12/Mar/2026:21:50:06 +0330] "GET /wp-json/wp/v2/pages/156 HTTP/2" 200 1379 "-" "meta-externalagent/1.1 (+https://developers.facebook.com/docs/sharing/webmasters/crawler)"
216.73.216.145 - - [12/Mar/2026:21:50:12 +0330] "GET /machines/feed HTTP/2" 301 0 "-" "Mozilla/5.0 AppleWebKit/537.36 (KHTML, like Gecko; compatible; ClaudeBot/1.0; +claudebot@anthropic.com)"
216.73.216.145 - - [12/Mar/2026:21:50:12 +0330] "GET /machines/feed/ HTTP/2" 200 448 "https://farazshimi.ir/machines/feed" "Mozilla/5.0 AppleWebKit/537.36 (KHTML, like Gecko; compatible; ClaudeBot/1.0; +claudebot@anthropic.com)"
216.73.216.145 - - [12/Mar/2026:21:50:14 +0330] "GET /category/public HTTP/2" 301 0 "-" "Mozilla/5.0 AppleWebKit/537.36 (KHTML, like Gecko; compatible; ClaudeBot/1.0; +claudebot@anthropic.com)"
216.73.216.145 - - [12/Mar/2026:21:50:15 +0330] "GET /category/public/ HTTP/2" 200 24201 "https://farazshimi.ir/category/public" "Mozilla/5.0 AppleWebKit/537.36 (KHTML, like Gecko; compatible; ClaudeBot/1.0; +claudebot@anthropic.com)"
216.73.216.145 - - [12/Mar/2026:21:50:17 +0330] "GET /home/feed HTTP/2" 301 0 "-" "Mozilla/5.0 AppleWebKit/537.36 (KHTML, like Gecko; compatible; ClaudeBot/1.0; +claudebot@anthropic.com)"
216.73.216.145 - - [12/Mar/2026:21:50:18 +0330] "GET /home/feed/ HTTP/2" 200 454 "https://farazshimi.ir/home/feed" "Mozilla/5.0 AppleWebKit/537.36 (KHTML, like Gecko; compatible; ClaudeBot/1.0; +claudebot@anthropic.com)"
216.73.216.145 - - [12/Mar/2026:21:50:20 +0330] "GET /technology/feed HTTP/2" 301 0 "-" "Mozilla/5.0 AppleWebKit/537.36 (KHTML, like Gecko; compatible; ClaudeBot/1.0; +claudebot@anthropic.com)"
216.73.216.145 - - [12/Mar/2026:21:50:20 +0330] "GET /technology/feed/ HTTP/2" 200 446 "https://farazshimi.ir/technology/feed" "Mozilla/5.0 AppleWebKit/537.36 (KHTML, like Gecko; compatible; ClaudeBot/1.0; +claudebot@anthropic.com)"
216.73.216.145 - - [12/Mar/2026:21:50:23 +0330] "GET /author/root HTTP/2" 301 0 "-" "Mozilla/5.0 AppleWebKit/537.36 (KHTML, like Gecko; compatible; ClaudeBot/1.0; +claudebot@anthropic.com)"
162.55.240.80 - - [12/Mar/2026:21:44:12 +0330] "POST /wp-cron.php?doing_wp_cron=1773339252.9151799678802490234375 HTTP/1.1" 200 0 "-" "WordPress/6.9.4; https://farazshimi.ir"
57.141.18.36 - - [12/Mar/2026:21:44:12 +0330] "GET /wp-json/wp/v2/pages/95 HTTP/2" 200 1510 "-" "meta-externalagent/1.1 (+https://developers.facebook.com/docs/sharing/webmasters/crawler)"
162.55.240.80 - - [12/Mar/2026:21:44:52 +0330] "POST /wp-cron.php?doing_wp_cron=1773339292.9282441139221191406250 HTTP/1.1" 200 0 "-" "WordPress/6.9.4; https://farazshimi.ir"
57.141.18.56 - - [12/Mar/2026:21:45:59 +0330] "GET /wp-json/wp/v2/posts/480 HTTP/2" 200 9730 "-" "meta-externalagent/1.1 (+https://developers.facebook.com/docs/sharing/webmasters/crawler)"
45.9.251.115 - - [12/Mar/2026:21:47:46 +0330] "POST /xmlrpc.php HTTP/1.1" 200 178 "-" "Mozilla/5.0 (Windows NT 10.0; Win64; x64) AppleWebKit/537.36 (KHTML, like Gecko) Chrome/114.0.0.0 Safari/537.36"
45.9.251.115 - - [12/Mar/2026:21:47:51 +0330] "POST /xmlrpc.php HTTP/1.1" 200 8352 "-" "Mozilla/5.0 (Windows NT 10.0; Win64; x64) AppleWebKit/537.36 (KHTML, like Gecko) Chrome/114.0.0.0 Safari/537.36"
45.9.251.115 - - [12/Mar/2026:21:47:53 +0330] "GET /how-come-casinos-for-the-canada-bring-no-deposit-incentives/ HTTP/1.1" 200 127009 "-" "Mozilla/5.0 (Windows NT 10.0; Win64; x64) AppleWebKit/537.36 (KHTML, like Gecko) Chrome/123.0.0.0 Safari/537.36 OPR/109.0.0.0"
66.249.76.164 - - [12/Mar/2026:21:47:58 +0330] "GET /market/depending/3555004075.htm HTTP/1.1" 200 27182 "-" "Mozilla/5.0 (Linux; Android 6.0.1; Nexus 5X Build/MMB29P) AppleWebKit/537.36 (KHTML, like Gecko) Chrome/145.0.7632.116 Mobile Safari/537.36 (compatible; GoogleOther)"
162.55.240.80 - - [12/Mar/2026:21:49:30 +0330] "POST /wp-cron.php?doing_wp_cron=1773339570.7563290596008300781250 HTTP/1.1" 200 0 "-" "WordPress/6.9.4; https://farazshimi.ir"
198.244.168.248 - - [12/Mar/2026:21:49:30 +0330] "GET /market/howitzers/3883524513.htm HTTP/2" 404 0 "-" "Mozilla/5.0 (compatible; AhrefsBot/7.0; +http://ahrefs.com/robot/)"
216.73.216.145 - - [12/Mar/2026:21:50:30 +0330] "GET /?p=698 HTTP/2" 301 0 "-" "Mozilla/5.0 AppleWebKit/537.36 (KHTML, like Gecko; compatible; ClaudeBot/1.0; +claudebot@anthropic.com)"
216.73.216.145 - - [12/Mar/2026:21:50:31 +0330] "GET /for-every-single-reputation-examines-the-center-features-online-game-offerings-extra-formations-commission-options-and-you-may-commitment-to-athlete-help-and-you-may-responsible-playing/ HTTP/2" 200 27821 "https://farazshimi.ir/?p=698" "Mozilla/5.0 AppleWebKit/537.36 (KHTML, like Gecko; compatible; ClaudeBot/1.0; +claudebot@anthropic.com)"
216.73.216.145 - - [12/Mar/2026:21:50:33 +0330] "GET /?p=95 HTTP/2" 301 0 "-" "Mozilla/5.0 AppleWebKit/537.36 (KHTML, like Gecko; compatible; ClaudeBot/1.0; +claudebot@anthropic.com)"
216.73.216.145 - - [12/Mar/2026:21:50:33 +0330] "GET /home/ HTTP/2" 200 28714 "https://farazshimi.ir/?p=95" "Mozilla/5.0 AppleWebKit/537.36 (KHTML, like Gecko; compatible; ClaudeBot/1.0; +claudebot@anthropic.com)"
216.73.216.145 - - [12/Mar/2026:21:50:36 +0330] "GET /?p=9 HTTP/2" 301 0 "-" "Mozilla/5.0 AppleWebKit/537.36 (KHTML, like Gecko; compatible; ClaudeBot/1.0; +claudebot@anthropic.com)"
216.73.216.145 - - [12/Mar/2026:21:50:37 +0330] "GET /company/ HTTP/2" 200 25729 "https://farazshimi.ir/?p=9" "Mozilla/5.0 AppleWebKit/537.36 (KHTML, like Gecko; compatible; ClaudeBot/1.0; +claudebot@anthropic.com)"
216.73.216.145 - - [12/Mar/2026:21:50:39 +0330] "GET /?p=7 HTTP/2" 301 0 "-" "Mozilla/5.0 AppleWebKit/537.36 (KHTML, like Gecko; compatible; ClaudeBot/1.0; +claudebot@anthropic.com)"
216.73.216.145 - - [12/Mar/2026:21:50:39 +0330] "GET /services/ HTTP/2" 200 25723 "https://farazshimi.ir/?p=7" "Mozilla/5.0 AppleWebKit/537.36 (KHTML, like Gecko; compatible; ClaudeBot/1.0; +claudebot@anthropic.com)"
216.73.216.145 - - [12/Mar/2026:21:50:42 +0330] "GET /range/989930062081 HTTP/2" 301 0 "-" "Mozilla/5.0 AppleWebKit/537.36 (KHTML, like Gecko; compatible; ClaudeBot/1.0; +claudebot@anthropic.com)"
216.73.216.145 - - [12/Mar/2026:21:50:23 +0330] "GET /author/root/ HTTP/2" 200 24372 "https://farazshimi.ir/author/root" "Mozilla/5.0 AppleWebKit/537.36 (KHTML, like Gecko; compatible; ClaudeBot/1.0; +claudebot@anthropic.com)"
162.55.240.80 - - [12/Mar/2026:21:50:37 +0330] "POST /wp-cron.php?doing_wp_cron=1773339637.1552379131317138671875 HTTP/1.1" 200 0 "-" "WordPress/6.9.4; https://farazshimi.ir"
45.9.251.115 - - [12/Mar/2026:21:50:36 +0330] "POST /xmlrpc.php HTTP/1.1" 200 178 "-" "Mozilla/5.0 (Windows NT 10.0; Win64; x64) AppleWebKit/537.36 (KHTML, like Gecko) Chrome/114.0.0.0 Safari/537.36"
45.9.251.115 - - [12/Mar/2026:21:50:42 +0330] "POST /xmlrpc.php HTTP/1.1" 200 11327 "-" "Mozilla/5.0 (Windows NT 10.0; Win64; x64) AppleWebKit/537.36 (KHTML, like Gecko) Chrome/114.0.0.0 Safari/537.36"
45.9.251.115 - - [12/Mar/2026:21:50:43 +0330] "GET /enjoy-over-17000-gambling-games-at-no-cost-otherwise-that-have-a-real-income/ HTTP/1.1" 200 130138 "-" "Mozilla/5.0 (Windows NT 10.0; rv:109.0) Gecko/20100101 Firefox/115.0"
57.128.117.142 - - [12/Mar/2026:21:51:03 +0330] "POST /xmlrpc.php HTTP/1.1" 200 249 "-" "Mozilla/5.0 (Windows NT 10.0; WOW64) AppleWebKit/537.36 (KHTML, like Gecko) Chrome/137.0.0.0 Safari/537.36 Edg/137.0.0.0"
216.73.216.145 - - [12/Mar/2026:21:51:38 +0330] "GET /?p=11 HTTP/2" 301 0 "-" "Mozilla/5.0 AppleWebKit/537.36 (KHTML, like Gecko; compatible; ClaudeBot/1.0; +claudebot@anthropic.com)"
216.73.216.145 - - [12/Mar/2026:21:51:39 +0330] "GET /range/ HTTP/2" 200 25174 "https://farazshimi.ir/?p=11" "Mozilla/5.0 AppleWebKit/537.36 (KHTML, like Gecko; compatible; ClaudeBot/1.0; +claudebot@anthropic.com)"
216.73.216.145 - - [12/Mar/2026:21:51:41 +0330] "GET /?p=157 HTTP/2" 301 0 "-" "Mozilla/5.0 AppleWebKit/537.36 (KHTML, like Gecko; compatible; ClaudeBot/1.0; +claudebot@anthropic.com)"
216.73.216.145 - - [12/Mar/2026:21:51:41 +0330] "GET /where-to-buy/ HTTP/2" 200 24996 "https://farazshimi.ir/?p=157" "Mozilla/5.0 AppleWebKit/537.36 (KHTML, like Gecko; compatible; ClaudeBot/1.0; +claudebot@anthropic.com)"
216.73.216.145 - - [12/Mar/2026:21:51:44 +0330] "GET /?p=504 HTTP/2" 301 0 "-" "Mozilla/5.0 AppleWebKit/537.36 (KHTML, like Gecko; compatible; ClaudeBot/1.0; +claudebot@anthropic.com)"
216.73.216.145 - - [12/Mar/2026:21:51:44 +0330] "GET /roulette-de-casino-en-ligne-decouvrez-betify/ HTTP/2" 200 27757 "https://farazshimi.ir/?p=504" "Mozilla/5.0 AppleWebKit/537.36 (KHTML, like Gecko; compatible; ClaudeBot/1.0; +claudebot@anthropic.com)"
216.73.216.145 - - [12/Mar/2026:21:51:47 +0330] "GET /?p=43 HTTP/2" 301 0 "-" "Mozilla/5.0 AppleWebKit/537.36 (KHTML, like Gecko; compatible; ClaudeBot/1.0; +claudebot@anthropic.com)"
216.73.216.145 - - [12/Mar/2026:21:51:47 +0330] "GET /contact-and-support/ HTTP/2" 200 26557 "https://farazshimi.ir/?p=43" "Mozilla/5.0 AppleWebKit/537.36 (KHTML, like Gecko; compatible; ClaudeBot/1.0; +claudebot@anthropic.com)"
216.73.216.145 - - [12/Mar/2026:21:51:50 +0330] "GET /?p=255 HTTP/2" 301 0 "-" "Mozilla/5.0 AppleWebKit/537.36 (KHTML, like Gecko; compatible; ClaudeBot/1.0; +claudebot@anthropic.com)"
216.73.216.145 - - [12/Mar/2026:21:51:50 +0330] "GET /rdv%d9%82%db%8c%d8%b1/ HTTP/2" 200 23532 "https://farazshimi.ir/?p=255" "Mozilla/5.0 AppleWebKit/537.36 (KHTML, like Gecko; compatible; ClaudeBot/1.0; +claudebot@anthropic.com)"
216.73.216.145 - - [12/Mar/2026:21:51:55 +0330] "GET /range/instagram.com/farazshimialborz HTTP/2" 404 0 "-" "Mozilla/5.0 AppleWebKit/537.36 (KHTML, like Gecko; compatible; ClaudeBot/1.0; +claudebot@anthropic.com)"
216.73.216.145 - - [12/Mar/2026:21:51:58 +0330] "GET /author/admlnlx/page/2 HTTP/2" 301 0 "-" "Mozilla/5.0 AppleWebKit/537.36 (KHTML, like Gecko; compatible; ClaudeBot/1.0; +claudebot@anthropic.com)"
216.73.216.145 - - [12/Mar/2026:21:51:58 +0330] "GET /author/admlnlx/page/2/ HTTP/2" 200 25148 "https://farazshimi.ir/author/admlnlx/page/2" "Mozilla/5.0 AppleWebKit/537.36 (KHTML, like Gecko; compatible; ClaudeBot/1.0; +claudebot@anthropic.com)"
216.73.216.145 - - [12/Mar/2026:21:52:01 +0330] "GET /contact/989930062081 HTTP/2" 301 0 "-" "Mozilla/5.0 AppleWebKit/537.36 (KHTML, like Gecko; compatible; ClaudeBot/1.0; +claudebot@anthropic.com)"
216.73.216.145 - - [12/Mar/2026:21:52:01 +0330] "GET /contact/ HTTP/2" 200 25309 "https://farazshimi.ir/contact/989930062081" "Mozilla/5.0 AppleWebKit/537.36 (KHTML, like Gecko; compatible; ClaudeBot/1.0; +claudebot@anthropic.com)"
216.73.216.145 - - [12/Mar/2026:21:52:04 +0330] "GET /contact-and-support/feed HTTP/2" 301 0 "-" "Mozilla/5.0 AppleWebKit/537.36 (KHTML, like Gecko; compatible; ClaudeBot/1.0; +claudebot@anthropic.com)"
216.73.216.145 - - [12/Mar/2026:21:52:04 +0330] "GET /contact-and-support/feed/ HTTP/2" 200 468 "https://farazshimi.ir/contact-and-support/feed" "Mozilla/5.0 AppleWebKit/537.36 (KHTML, like Gecko; compatible; ClaudeBot/1.0; +claudebot@anthropic.com)"
216.73.216.145 - - [12/Mar/2026:21:52:07 +0330] "GET /wp-content/uploads/betheme/css/post-249.css HTTP/2" 200 52 "-" "Mozilla/5.0 AppleWebKit/537.36 (KHTML, like Gecko; compatible; ClaudeBot/1.0; +claudebot@anthropic.com)"
216.73.216.145 - - [12/Mar/2026:21:52:32 +0330] "GET /author/admlnlx/page/8 HTTP/2" 301 0 "-" "Mozilla/5.0 AppleWebKit/537.36 (KHTML, like Gecko; compatible; ClaudeBot/1.0; +claudebot@anthropic.com)"
216.73.216.145 - - [12/Mar/2026:21:52:33 +0330] "GET /author/admlnlx/page/8/ HTTP/2" 200 25203 "https://farazshimi.ir/author/admlnlx/page/8" "Mozilla/5.0 AppleWebKit/537.36 (KHTML, like Gecko; compatible; ClaudeBot/1.0; +claudebot@anthropic.com)"
216.73.216.145 - - [12/Mar/2026:21:52:36 +0330] "GET /author/admlnlx/page/5 HTTP/2" 301 0 "-" "Mozilla/5.0 AppleWebKit/537.36 (KHTML, like Gecko; compatible; ClaudeBot/1.0; +claudebot@anthropic.com)"
216.73.216.145 - - [12/Mar/2026:21:52:37 +0330] "GET /author/admlnlx/page/5/ HTTP/2" 200 25262 "https://farazshimi.ir/author/admlnlx/page/5" "Mozilla/5.0 AppleWebKit/537.36 (KHTML, like Gecko; compatible; ClaudeBot/1.0; +claudebot@anthropic.com)"
216.73.216.145 - - [12/Mar/2026:21:52:39 +0330] "GET /author/admlnlx/page/7 HTTP/2" 301 0 "-" "Mozilla/5.0 AppleWebKit/537.36 (KHTML, like Gecko; compatible; ClaudeBot/1.0; +claudebot@anthropic.com)"
216.73.216.145 - - [12/Mar/2026:21:52:40 +0330] "GET /author/admlnlx/page/7/ HTTP/2" 200 25272 "https://farazshimi.ir/author/admlnlx/page/7" "Mozilla/5.0 AppleWebKit/537.36 (KHTML, like Gecko; compatible; ClaudeBot/1.0; +claudebot@anthropic.com)"
216.73.216.145 - - [12/Mar/2026:21:52:42 +0330] "GET /author/admlnlx/page/4 HTTP/2" 301 0 "-" "Mozilla/5.0 AppleWebKit/537.36 (KHTML, like Gecko; compatible; ClaudeBot/1.0; +claudebot@anthropic.com)"
216.73.216.145 - - [12/Mar/2026:21:52:43 +0330] "GET /author/admlnlx/page/4/ HTTP/2" 200 25327 "https://farazshimi.ir/author/admlnlx/page/4" "Mozilla/5.0 AppleWebKit/537.36 (KHTML, like Gecko; compatible; ClaudeBot/1.0; +claudebot@anthropic.com)"
216.73.216.145 - - [12/Mar/2026:21:52:45 +0330] "GET /author/admlnlx/page/3 HTTP/2" 301 0 "-" "Mozilla/5.0 AppleWebKit/537.36 (KHTML, like Gecko; compatible; ClaudeBot/1.0; +claudebot@anthropic.com)"
216.73.216.145 - - [12/Mar/2026:21:52:46 +0330] "GET /author/admlnlx/page/3/ HTTP/2" 200 25244 "https://farazshimi.ir/author/admlnlx/page/3" "Mozilla/5.0 AppleWebKit/537.36 (KHTML, like Gecko; compatible; ClaudeBot/1.0; +claudebot@anthropic.com)"
216.73.216.145 - - [12/Mar/2026:21:53:15 +0330] "GET /home/989930062081 HTTP/2" 301 0 "-" "Mozilla/5.0 AppleWebKit/537.36 (KHTML, like Gecko; compatible; ClaudeBot/1.0; +claudebot@anthropic.com)"
216.73.216.145 - - [12/Mar/2026:21:53:16 +0330] "GET /home/ HTTP/2" 200 28703 "https://farazshimi.ir/home/989930062081" "Mozilla/5.0 AppleWebKit/537.36 (KHTML, like Gecko; compatible; ClaudeBot/1.0; +claudebot@anthropic.com)"
216.73.216.145 - - [12/Mar/2026:21:53:18 +0330] "GET /author/admlnlx/page/9 HTTP/2" 301 0 "-" "Mozilla/5.0 AppleWebKit/537.36 (KHTML, like Gecko; compatible; ClaudeBot/1.0; +claudebot@anthropic.com)"
216.73.216.145 - - [12/Mar/2026:21:50:43 +0330] "GET /range/ HTTP/2" 200 25174 "https://farazshimi.ir/range/989930062081" "Mozilla/5.0 AppleWebKit/537.36 (KHTML, like Gecko; compatible; ClaudeBot/1.0; +claudebot@anthropic.com)"
216.73.216.145 - - [12/Mar/2026:21:50:48 +0330] "GET /?p=13 HTTP/2" 301 0 "-" "Mozilla/5.0 AppleWebKit/537.36 (KHTML, like Gecko; compatible; ClaudeBot/1.0; +claudebot@anthropic.com)"
216.73.216.145 - - [12/Mar/2026:21:50:48 +0330] "GET /contact/ HTTP/2" 200 25309 "https://farazshimi.ir/?p=13" "Mozilla/5.0 AppleWebKit/537.36 (KHTML, like Gecko; compatible; ClaudeBot/1.0; +claudebot@anthropic.com)"
216.73.216.145 - - [12/Mar/2026:21:50:50 +0330] "GET /technology/989930062081 HTTP/2" 301 0 "-" "Mozilla/5.0 AppleWebKit/537.36 (KHTML, like Gecko; compatible; ClaudeBot/1.0; +claudebot@anthropic.com)"
216.73.216.145 - - [12/Mar/2026:21:50:51 +0330] "GET /technology/ HTTP/2" 200 26018 "https://farazshimi.ir/technology/989930062081" "Mozilla/5.0 AppleWebKit/537.36 (KHTML, like Gecko; compatible; ClaudeBot/1.0; +claudebot@anthropic.com)"
216.73.216.145 - - [12/Mar/2026:21:50:53 +0330] "GET /?p=37 HTTP/2" 301 0 "-" "Mozilla/5.0 AppleWebKit/537.36 (KHTML, like Gecko; compatible; ClaudeBot/1.0; +claudebot@anthropic.com)"
216.73.216.145 - - [12/Mar/2026:21:50:54 +0330] "GET /machines/ HTTP/2" 200 25121 "https://farazshimi.ir/?p=37" "Mozilla/5.0 AppleWebKit/537.36 (KHTML, like Gecko; compatible; ClaudeBot/1.0; +claudebot@anthropic.com)"
216.73.216.145 - - [12/Mar/2026:21:50:56 +0330] "GET /?p=249 HTTP/2" 301 0 "-" "Mozilla/5.0 AppleWebKit/537.36 (KHTML, like Gecko; compatible; ClaudeBot/1.0; +claudebot@anthropic.com)"
216.73.216.145 - - [12/Mar/2026:21:50:57 +0330] "GET /%d8%af%d9%88%d8%af%d9%87-2/ HTTP/2" 200 23711 "https://farazshimi.ir/?p=249" "Mozilla/5.0 AppleWebKit/537.36 (KHTML, like Gecko; compatible; ClaudeBot/1.0; +claudebot@anthropic.com)"
216.73.216.145 - - [12/Mar/2026:21:50:59 +0330] "GET /?p=50 HTTP/2" 301 0 "-" "Mozilla/5.0 AppleWebKit/537.36 (KHTML, like Gecko; compatible; ClaudeBot/1.0; +claudebot@anthropic.com)"
216.73.216.145 - - [12/Mar/2026:21:51:00 +0330] "GET /news/ HTTP/2" 200 23327 "https://farazshimi.ir/?p=50" "Mozilla/5.0 AppleWebKit/537.36 (KHTML, like Gecko; compatible; ClaudeBot/1.0; +claudebot@anthropic.com)"
57.141.18.113 - - [12/Mar/2026:21:51:28 +0330] "GET /il-svago-dei-bisca-a-capacita-di-lato-durante-i-giochi-online/ HTTP/2" 200 128534 "-" "meta-externalagent/1.1 (+https://developers.facebook.com/docs/sharing/webmasters/crawler)"
57.141.18.68 - - [12/Mar/2026:21:52:06 +0330] "GET /wp-json/wp/v2/posts/624 HTTP/2" 200 8081 "-" "meta-externalagent/1.1 (+https://developers.facebook.com/docs/sharing/webmasters/crawler)"
162.55.240.80 - - [12/Mar/2026:21:52:59 +0330] "POST /wp-cron.php?doing_wp_cron=1773339779.2712690830230712890625 HTTP/1.1" 200 0 "-" "WordPress/6.9.4; https://farazshimi.ir"
45.9.251.115 - - [12/Mar/2026:21:52:58 +0330] "POST /xmlrpc.php HTTP/1.1" 200 178 "-" "Mozilla/5.0 (Windows NT 10.0; Win64; x64) AppleWebKit/537.36 (KHTML, like Gecko) Chrome/114.0.0.0 Safari/537.36"
45.9.251.115 - - [12/Mar/2026:21:53:04 +0330] "POST /xmlrpc.php HTTP/1.1" 200 8728 "-" "Mozilla/5.0 (Windows NT 10.0; Win64; x64) AppleWebKit/537.36 (KHTML, like Gecko) Chrome/114.0.0.0 Safari/537.36"
45.9.251.115 - - [12/Mar/2026:21:53:04 +0330] "GET /anything-your-profit-away-from-an-extra-twist-games-have-a-tendency-to-fill-their-money/ HTTP/1.1" 200 127799 "-" "Mozilla/5.0 (Windows NT 10.0; Win64; x64) AppleWebKit/537.36 (KHTML, like Gecko) Chrome/123.0.0.0 Safari/537.36 OPR/109.0.0.0"
216.73.216.145 - - [12/Mar/2026:21:53:31 +0330] "GET /technology/instagram.com/farazshimialborz HTTP/2" 404 0 "-" "Mozilla/5.0 AppleWebKit/537.36 (KHTML, like Gecko; compatible; ClaudeBot/1.0; +claudebot@anthropic.com)"
216.73.216.145 - - [12/Mar/2026:21:53:33 +0330] "GET /author/admlnlx/page/24 HTTP/2" 301 0 "-" "Mozilla/5.0 AppleWebKit/537.36 (KHTML, like Gecko; compatible; ClaudeBot/1.0; +claudebot@anthropic.com)"
216.73.216.145 - - [12/Mar/2026:21:53:34 +0330] "GET /author/admlnlx/page/24/ HTTP/2" 200 24964 "https://farazshimi.ir/author/admlnlx/page/24" "Mozilla/5.0 AppleWebKit/537.36 (KHTML, like Gecko; compatible; ClaudeBot/1.0; +claudebot@anthropic.com)"
216.73.216.145 - - [12/Mar/2026:21:53:36 +0330] "GET /author/admlnlx/page/20 HTTP/2" 301 0 "-" "Mozilla/5.0 AppleWebKit/537.36 (KHTML, like Gecko; compatible; ClaudeBot/1.0; +claudebot@anthropic.com)"
57.141.18.99 - - [12/Mar/2026:21:53:37 +0330] "GET /wp-json/oembed/1.0/embed?url=https%3A%2F%2Ffarazshimi.ir%2Fle-video-poker-tout-savoir-sur-ce-jeu-de-casino-a-leon%2F HTTP/2" 200 2524 "-" "meta-externalagent/1.1 (+https://developers.facebook.com/docs/sharing/webmasters/crawler)"
216.73.216.145 - - [12/Mar/2026:21:53:37 +0330] "GET /author/admlnlx/page/20/ HTTP/2" 200 24953 "https://farazshimi.ir/author/admlnlx/page/20" "Mozilla/5.0 AppleWebKit/537.36 (KHTML, like Gecko; compatible; ClaudeBot/1.0; +claudebot@anthropic.com)"
216.73.216.145 - - [12/Mar/2026:21:53:39 +0330] "GET /author/admlnlx/page/18 HTTP/2" 301 0 "-" "Mozilla/5.0 AppleWebKit/537.36 (KHTML, like Gecko; compatible; ClaudeBot/1.0; +claudebot@anthropic.com)"
216.73.216.145 - - [12/Mar/2026:21:53:40 +0330] "GET /author/admlnlx/page/18/ HTTP/2" 200 25023 "https://farazshimi.ir/author/admlnlx/page/18" "Mozilla/5.0 AppleWebKit/537.36 (KHTML, like Gecko; compatible; ClaudeBot/1.0; +claudebot@anthropic.com)"
216.73.216.145 - - [12/Mar/2026:21:53:42 +0330] "GET /author/admlnlx/page/19 HTTP/2" 301 0 "-" "Mozilla/5.0 AppleWebKit/537.36 (KHTML, like Gecko; compatible; ClaudeBot/1.0; +claudebot@anthropic.com)"
216.73.216.145 - - [12/Mar/2026:21:53:43 +0330] "GET /author/admlnlx/page/19/ HTTP/2" 200 25043 "https://farazshimi.ir/author/admlnlx/page/19" "Mozilla/5.0 AppleWebKit/537.36 (KHTML, like Gecko; compatible; ClaudeBot/1.0; +claudebot@anthropic.com)"
216.73.216.145 - - [12/Mar/2026:21:53:53 +0330] "GET /contact/instagram.com/farazshimialborz HTTP/2" 404 0 "-" "Mozilla/5.0 AppleWebKit/537.36 (KHTML, like Gecko; compatible; ClaudeBot/1.0; +claudebot@anthropic.com)"
216.73.216.145 - - [12/Mar/2026:21:53:56 +0330] "GET /contact-and-support/989930062081 HTTP/2" 301 0 "-" "Mozilla/5.0 AppleWebKit/537.36 (KHTML, like Gecko; compatible; ClaudeBot/1.0; +claudebot@anthropic.com)"
216.73.216.145 - - [12/Mar/2026:21:53:57 +0330] "GET /contact-and-support/ HTTP/2" 200 26557 "https://farazshimi.ir/contact-and-support/989930062081" "Mozilla/5.0 AppleWebKit/537.36 (KHTML, like Gecko; compatible; ClaudeBot/1.0; +claudebot@anthropic.com)"
216.73.216.145 - - [12/Mar/2026:21:53:59 +0330] "GET /company/989930062081 HTTP/2" 301 0 "-" "Mozilla/5.0 AppleWebKit/537.36 (KHTML, like Gecko; compatible; ClaudeBot/1.0; +claudebot@anthropic.com)"
216.73.216.145 - - [12/Mar/2026:21:53:59 +0330] "GET /company/ HTTP/2" 200 25729 "https://farazshimi.ir/company/989930062081" "Mozilla/5.0 AppleWebKit/537.36 (KHTML, like Gecko; compatible; ClaudeBot/1.0; +claudebot@anthropic.com)"
216.73.216.145 - - [12/Mar/2026:21:54:02 +0330] "GET /author/admlnlx/989930062081 HTTP/2" 404 0 "-" "Mozilla/5.0 AppleWebKit/537.36 (KHTML, like Gecko; compatible; ClaudeBot/1.0; +claudebot@anthropic.com)"
162.55.240.80 - - [12/Mar/2026:21:54:05 +0330] "POST /wp-cron.php?doing_wp_cron=1773339845.9902570247650146484375 HTTP/1.1" 200 0 "-" "WordPress/6.9.4; https://farazshimi.ir"
216.73.216.145 - - [12/Mar/2026:21:54:05 +0330] "GET /where-to-buy/feed HTTP/2" 301 0 "-" "Mozilla/5.0 AppleWebKit/537.36 (KHTML, like Gecko; compatible; ClaudeBot/1.0; +claudebot@anthropic.com)"
216.73.216.145 - - [12/Mar/2026:21:54:06 +0330] "GET /where-to-buy/feed/ HTTP/2" 200 460 "https://farazshimi.ir/where-to-buy/feed" "Mozilla/5.0 AppleWebKit/537.36 (KHTML, like Gecko; compatible; ClaudeBot/1.0; +claudebot@anthropic.com)"
216.73.216.145 - - [12/Mar/2026:21:54:55 +0330] "GET /news/989930062081 HTTP/2" 301 0 "-" "Mozilla/5.0 AppleWebKit/537.36 (KHTML, like Gecko; compatible; ClaudeBot/1.0; +claudebot@anthropic.com)"
216.73.216.145 - - [12/Mar/2026:21:53:19 +0330] "GET /author/admlnlx/page/9/ HTTP/2" 200 25279 "https://farazshimi.ir/author/admlnlx/page/9" "Mozilla/5.0 AppleWebKit/537.36 (KHTML, like Gecko; compatible; ClaudeBot/1.0; +claudebot@anthropic.com)"
216.73.216.145 - - [12/Mar/2026:21:53:21 +0330] "GET /author/admlnlx/page/22 HTTP/2" 301 0 "-" "Mozilla/5.0 AppleWebKit/537.36 (KHTML, like Gecko; compatible; ClaudeBot/1.0; +claudebot@anthropic.com)"
216.73.216.145 - - [12/Mar/2026:21:53:22 +0330] "GET /author/admlnlx/page/22/ HTTP/2" 200 24991 "https://farazshimi.ir/author/admlnlx/page/22" "Mozilla/5.0 AppleWebKit/537.36 (KHTML, like Gecko; compatible; ClaudeBot/1.0; +claudebot@anthropic.com)"
216.73.216.145 - - [12/Mar/2026:21:53:24 +0330] "GET /author/admlnlx/page/6 HTTP/2" 301 0 "-" "Mozilla/5.0 AppleWebKit/537.36 (KHTML, like Gecko; compatible; ClaudeBot/1.0; +claudebot@anthropic.com)"
216.73.216.145 - - [12/Mar/2026:21:53:25 +0330] "GET /author/admlnlx/page/6/ HTTP/2" 200 25201 "https://farazshimi.ir/author/admlnlx/page/6" "Mozilla/5.0 AppleWebKit/537.36 (KHTML, like Gecko; compatible; ClaudeBot/1.0; +claudebot@anthropic.com)"
216.73.216.145 - - [12/Mar/2026:21:53:27 +0330] "GET /machines/989930062081 HTTP/2" 301 0 "-" "Mozilla/5.0 AppleWebKit/537.36 (KHTML, like Gecko; compatible; ClaudeBot/1.0; +claudebot@anthropic.com)"
216.73.216.145 - - [12/Mar/2026:21:53:28 +0330] "GET /machines/ HTTP/2" 200 25121 "https://farazshimi.ir/machines/989930062081" "Mozilla/5.0 AppleWebKit/537.36 (KHTML, like Gecko; compatible; ClaudeBot/1.0; +claudebot@anthropic.com)"
57.141.18.93 - - [12/Mar/2026:21:54:06 +0330] "GET /application-de-casino-mobile-jouez-instantanement-a-vos-jeux-preferes/989930062081 HTTP/2" 301 0 "-" "meta-externalagent/1.1 (+https://developers.facebook.com/docs/sharing/webmasters/crawler)"
216.73.216.145 - - [12/Mar/2026:21:55:24 +0330] "GET /tag/%db%8c%d8%a7%d8%aa%d8%a7%d9%82%d8%a7%d9%86 HTTP/2" 301 0 "-" "Mozilla/5.0 AppleWebKit/537.36 (KHTML, like Gecko; compatible; ClaudeBot/1.0; +claudebot@anthropic.com)"
216.73.216.145 - - [12/Mar/2026:21:55:24 +0330] "GET /tag/%db%8c%d8%a7%d8%aa%d8%a7%d9%82%d8%a7%d9%86/ HTTP/2" 200 24702 "https://farazshimi.ir/tag/%db%8c%d8%a7%d8%aa%d8%a7%d9%82%d8%a7%d9%86" "Mozilla/5.0 AppleWebKit/537.36 (KHTML, like Gecko; compatible; ClaudeBot/1.0; +claudebot@anthropic.com)"
216.73.216.145 - - [12/Mar/2026:21:55:26 +0330] "GET /tag/%d9%88%d8%a7%d8%b3%da%a9%d8%a7%d8%b2%db%8c%d9%86 HTTP/2" 301 0 "-" "Mozilla/5.0 AppleWebKit/537.36 (KHTML, like Gecko; compatible; ClaudeBot/1.0; +claudebot@anthropic.com)"
216.73.216.145 - - [12/Mar/2026:21:55:27 +0330] "GET /tag/%d9%88%d8%a7%d8%b3%da%a9%d8%a7%d8%b2%db%8c%d9%86/ HTTP/2" 200 24622 "https://farazshimi.ir/tag/%d9%88%d8%a7%d8%b3%da%a9%d8%a7%d8%b2%db%8c%d9%86" "Mozilla/5.0 AppleWebKit/537.36 (KHTML, like Gecko; compatible; ClaudeBot/1.0; +claudebot@anthropic.com)"
45.9.251.115 - - [12/Mar/2026:21:55:28 +0330] "POST /xmlrpc.php HTTP/1.1" 200 178 "-" "Mozilla/5.0 (Windows NT 10.0; Win64; x64) AppleWebKit/537.36 (KHTML, like Gecko) Chrome/114.0.0.0 Safari/537.36"
216.73.216.145 - - [12/Mar/2026:21:55:29 +0330] "GET /pick-added-bonus-within-signal-up-and-make-your-first-put-within-this-seven-days HTTP/2" 301 0 "-" "Mozilla/5.0 AppleWebKit/537.36 (KHTML, like Gecko; compatible; ClaudeBot/1.0; +claudebot@anthropic.com)"
216.73.216.145 - - [12/Mar/2026:21:55:30 +0330] "GET /pick-added-bonus-within-signal-up-and-make-your-first-put-within-this-seven-days/ HTTP/2" 200 27349 "https://farazshimi.ir/pick-added-bonus-within-signal-up-and-make-your-first-put-within-this-seven-days" "Mozilla/5.0 AppleWebKit/537.36 (KHTML, like Gecko; compatible; ClaudeBot/1.0; +claudebot@anthropic.com)"
216.73.216.145 - - [12/Mar/2026:21:55:32 +0330] "GET /category/%d9%85%d9%82%d8%a7%d9%84%d8%a7%d8%aa HTTP/2" 301 0 "-" "Mozilla/5.0 AppleWebKit/537.36 (KHTML, like Gecko; compatible; ClaudeBot/1.0; +claudebot@anthropic.com)"
216.73.216.145 - - [12/Mar/2026:21:55:33 +0330] "GET /category/%d9%85%d9%82%d8%a7%d9%84%d8%a7%d8%aa/ HTTP/2" 200 25576 "https://farazshimi.ir/category/%d9%85%d9%82%d8%a7%d9%84%d8%a7%d8%aa" "Mozilla/5.0 AppleWebKit/537.36 (KHTML, like Gecko; compatible; ClaudeBot/1.0; +claudebot@anthropic.com)"
45.9.251.115 - - [12/Mar/2026:21:55:34 +0330] "POST /xmlrpc.php HTTP/1.1" 200 8821 "-" "Mozilla/5.0 (Windows NT 10.0; Win64; x64) AppleWebKit/537.36 (KHTML, like Gecko) Chrome/114.0.0.0 Safari/537.36"
