HEX
Server: LiteSpeed
System: Linux server25.dn-server.com 4.18.0-477.13.1.lve.el7h.x86_64 #1 SMP Thu Jun 1 16:49:27 UTC 2023 x86_64
User: farzache (3006)
PHP: 7.4.33
Disabled: show_source, system, shell_exec, passthru, exec, popen, proc_open
Upload Files
File: /home/farzache/access-logs/farazshimi.ir-ssl_log
62.84.185.56 - - [12/Mar/2026:15:43:53 +0330] "GET /robots.txt HTTP/1.1" 200 79 "-" "Mozilla/5.0 (compatible; MJ12bot/v1.4.8; http://mj12bot.com/)"
62.84.185.56 - - [12/Mar/2026:15:43:57 +0330] "GET /rdv%D9%82%DB%8C%D8%B1/ HTTP/1.1" 200 23540 "-" "Mozilla/5.0 (compatible; MJ12bot/v1.4.8; http://mj12bot.com/)"
162.55.240.80 - - [12/Mar/2026:15:44:06 +0330] "POST /wp-cron.php?doing_wp_cron=1773317646.8614990711212158203125 HTTP/1.1" 200 0 "-" "WordPress/6.9.4; https://farazshimi.ir"
165.227.61.66 - - [12/Mar/2026:15:44:47 +0330] "POST /xmlrpc.php HTTP/1.1" 200 249 "-" "Mozilla/5.0 (Windows NT 10.0; Win64; x64) AppleWebKit/537.36 (KHTML, like Gecko) Chrome/141.0.0.0 Safari/537.36"
23.92.177.29 - - [12/Mar/2026:15:46:24 +0330] "HEAD /offres-de-casino-live-avec-loco-win-decouvrez-les-meilleures-options-en-ligne/ HTTP/1.1" 200 0 "-" "WordPress/6.7.2; https://durdanatariq.com"
23.92.177.29 - - [12/Mar/2026:15:46:25 +0330] "POST /xmlrpc.php HTTP/1.1" 200 345 "-" "The Incutio XML-RPC PHP Library -- WordPress/6.7.2"
66.249.65.96 - - [12/Mar/2026:15:46:44 +0330] "GET /market/denfilade/1585903831.htm HTTP/1.1" 200 27811 "-" "Mozilla/5.0 (Linux; Android 6.0.1; Nexus 5X Build/MMB29P) AppleWebKit/537.36 (KHTML, like Gecko) Chrome/145.0.7632.116 Mobile Safari/537.36 (compatible; GoogleOther)"
23.92.177.29 - - [12/Mar/2026:15:46:57 +0330] "HEAD /offres-de-casino-live-avec-loco-win-decouvrez-les-meilleures-options-en-ligne/ HTTP/1.1" 200 0 "-" "WordPress/6.7.2; https://durdanatariq.com"
162.55.240.80 - - [12/Mar/2026:15:50:29 +0330] "POST /wp-cron.php?doing_wp_cron=1773318029.3071949481964111328125 HTTP/1.1" 200 0 "-" "WordPress/6.9.4; https://farazshimi.ir"
20.157.117.99 - - [12/Mar/2026:15:50:28 +0330] "HEAD /offres-de-casino-live-avec-loco-win-decouvrez-les-meilleures-options-en-ligne/ HTTP/1.1" 200 0 "https://farazshimi.ir/offres-de-casino-live-avec-loco-win-decouvrez-les-meilleures-options-en-ligne/" "WordPress/5.3; https://asatraininghub.vus.edu.vn"
20.157.117.99 - - [12/Mar/2026:15:51:45 +0330] "POST /xmlrpc.php HTTP/1.1" 200 161 "https://farazshimi.ir/xmlrpc.php" "The Incutio XML-RPC PHP Library -- WordPress/5.3"
162.55.240.80 - - [12/Mar/2026:15:55:02 +0330] "POST /wp-cron.php?doing_wp_cron=1773318302.1395080089569091796875 HTTP/1.1" 200 0 "-" "WordPress/6.9.4; https://farazshimi.ir"
72.167.125.79 - - [12/Mar/2026:15:55:01 +0330] "HEAD /casino-avec-croupier-en-direct-decouvrez-lexperience-unique-de-betify/ HTTP/1.1" 200 0 "-" "WordPress/6.3.8; https://presale-vancouver.ca"
72.167.125.79 - - [12/Mar/2026:15:55:42 +0330] "HEAD /casino-avec-croupier-en-direct-decouvrez-lexperience-unique-de-betify/ HTTP/1.1" 200 0 "-" "WordPress/6.3.8; https://presale-vancouver.ca"
72.167.125.79 - - [12/Mar/2026:15:55:44 +0330] "POST /xmlrpc.php HTTP/1.1" 200 355 "-" "The Incutio XML-RPC PHP Library -- WordPress/6.3.8"
176.123.8.198 - - [12/Mar/2026:15:58:23 +0330] "GET /jeux-dargent-en-ligne-avec-argent-reel-decouvrez-leon/ HTTP/1.1" 200 130990 "-" "Mozilla/5.0 (Windows NT 10.0; Win64; x64) AppleWebKit/537.36 (KHTML, like Gecko) Chrome/120.0.0.0 Safari/537.36"
87.253.157.27 - - [12/Mar/2026:15:59:11 +0330] "HEAD /casino-avec-croupier-en-direct-decouvrez-lexperience-unique-de-betify/ HTTP/1.1" 200 0 "https://farazshimi.ir/casino-avec-croupier-en-direct-decouvrez-lexperience-unique-de-betify/" "WordPress/5.6.1; http://mesman.nl"
162.241.85.189 - - [12/Mar/2026:16:00:12 +0330] "POST /xmlrpc.php HTTP/1.1" 200 332 "-" "The Incutio XML-RPC PHP Library -- WordPress/6.9"
162.241.85.189 - - [12/Mar/2026:16:00:48 +0330] "HEAD /offres-de-casino-live-avec-loco-win-decouvrez-les-meilleures-options-en-ligne/ HTTP/1.1" 200 0 "-" "WordPress/6.9; https://dbhpsvisakhapatnam.com"
176.123.8.198 - - [12/Mar/2026:16:01:00 +0330] "GET /jouer-au-casino-en-ligne-decouvrez-leon-et-les-meilleures-astuces/ HTTP/1.1" 200 129516 "-" "Mozilla/5.0 (Windows NT 10.0; Win64; x64) AppleWebKit/537.36 (KHTML, like Gecko) Chrome/120.0.0.0 Safari/537.36"
162.55.240.80 - - [12/Mar/2026:15:43:58 +0330] "POST /wp-cron.php?doing_wp_cron=1773317638.1399669647216796875000 HTTP/1.1" 200 0 "-" "WordPress/6.9.4; https://farazshimi.ir"
62.84.185.56 - - [12/Mar/2026:15:44:01 +0330] "GET /%D8%AF%D9%88%D8%AF%D9%87-2/ HTTP/1.1" 200 23679 "-" "Mozilla/5.0 (compatible; MJ12bot/v1.4.8; http://mj12bot.com/)"
62.84.185.56 - - [12/Mar/2026:15:44:06 +0330] "GET /%D8%B1%D9%88%D8%BA%D9%86-%D9%84%D8%A7%D8%B3%D8%AA%DB%8C%DA%A9/ HTTP/1.1" 200 26512 "-" "Mozilla/5.0 (compatible; MJ12bot/v1.4.8; http://mj12bot.com/)"
178.175.136.73 - - [12/Mar/2026:15:48:56 +0330] "POST / HTTP/2" 200 40522 "-" "Mozilla/5.0 (Macintosh; Intel Mac OS X 10_15_7) AppleWebKit/605.1.15 (KHTML, like Gecko) Version/15.5 Safari/605.1.15"
20.157.117.99 - - [12/Mar/2026:15:51:43 +0330] "HEAD /offres-de-casino-live-avec-loco-win-decouvrez-les-meilleures-options-en-ligne/ HTTP/1.1" 200 0 "https://farazshimi.ir/offres-de-casino-live-avec-loco-win-decouvrez-les-meilleures-options-en-ligne/" "WordPress/5.3; https://asatraininghub.vus.edu.vn"
148.251.52.137 - - [12/Mar/2026:15:53:46 +0330] "HEAD /roulette-de-casino-en-ligne-decouvrez-betify/ HTTP/1.1" 200 0 "-" "WordPress/6.9.4; https://tmp.chrisbrookes.com"
176.123.8.198 - - [12/Mar/2026:15:58:25 +0330] "GET /bonus-de-bienvenue-casino-sans-depot-chez-leon-maximisez-vos-gains/ HTTP/1.1" 200 129847 "-" "Mozilla/5.0 (Windows NT 10.0; Win64; x64) AppleWebKit/537.36 (KHTML, like Gecko) Chrome/120.0.0.0 Safari/537.36"
176.123.8.198 - - [12/Mar/2026:15:58:46 +0330] "GET /les-meilleures-machines-a-sous-en-ligne-sur-casino-leon/ HTTP/1.1" 200 129544 "-" "Mozilla/5.0 (Windows NT 10.0; Win64; x64) AppleWebKit/537.36 (KHTML, like Gecko) Chrome/120.0.0.0 Safari/537.36"
162.55.240.80 - - [12/Mar/2026:15:59:06 +0330] "POST /wp-cron.php?doing_wp_cron=1773318546.8886549472808837890625 HTTP/1.1" 200 0 "-" "WordPress/6.9.4; https://farazshimi.ir"
176.123.8.198 - - [12/Mar/2026:15:59:06 +0330] "GET /depot-casino-1-euro-jouer-malin-avec-casino-leon/ HTTP/1.1" 200 129759 "-" "Mozilla/5.0 (Windows NT 10.0; Win64; x64) AppleWebKit/537.36 (KHTML, like Gecko) Chrome/120.0.0.0 Safari/537.36"
176.123.8.198 - - [12/Mar/2026:15:59:40 +0330] "GET /le-video-poker-tout-savoir-sur-ce-jeu-de-casino-a-leon/ HTTP/1.1" 200 129510 "-" "Mozilla/5.0 (Windows NT 10.0; Win64; x64) AppleWebKit/537.36 (KHTML, like Gecko) Chrome/120.0.0.0 Safari/537.36"
176.123.8.198 - - [12/Mar/2026:15:59:57 +0330] "GET /casino-avec-depot-minimum-de-1-e-decouvrez-le-casino-leon/ HTTP/1.1" 200 129747 "-" "Mozilla/5.0 (Windows NT 10.0; Win64; x64) AppleWebKit/537.36 (KHTML, like Gecko) Chrome/120.0.0.0 Safari/537.36"
162.241.85.189 - - [12/Mar/2026:16:00:11 +0330] "HEAD /offres-de-casino-live-avec-loco-win-decouvrez-les-meilleures-options-en-ligne/ HTTP/1.1" 200 0 "-" "WordPress/6.9; https://dbhpsvisakhapatnam.com"
176.123.8.198 - - [12/Mar/2026:16:00:17 +0330] "GET /jeux-de-cartes-de-casino-plongez-dans-lunivers-de-leon/ HTTP/1.1" 200 128843 "-" "Mozilla/5.0 (Windows NT 10.0; Win64; x64) AppleWebKit/537.36 (KHTML, like Gecko) Chrome/120.0.0.0 Safari/537.36"
176.123.8.198 - - [12/Mar/2026:16:00:38 +0330] "GET /machine-a-sous-demo-plongez-dans-lunivers-de-casino-leon/ HTTP/1.1" 200 129893 "-" "Mozilla/5.0 (Windows NT 10.0; Win64; x64) AppleWebKit/537.36 (KHTML, like Gecko) Chrome/120.0.0.0 Safari/537.36"
74.7.227.56 - - [12/Mar/2026:16:01:44 +0330] "GET /machine-a-sous-demo-decouvrez-les-meilleures-options-sur-betify/ HTTP/2" 200 27468 "http://social.clikearte.com.ar" "Mozilla/5.0 AppleWebKit/537.36 (KHTML, like Gecko; compatible; GPTBot/1.3; +https://openai.com/gptbot)"
74.7.227.56 - - [12/Mar/2026:16:01:47 +0330] "GET /wp-json/wp/v2/posts/492 HTTP/2" 200 3257 "https://farazshimi.ir/machine-a-sous-demo-decouvrez-les-meilleures-options-sur-betify/" "Mozilla/5.0 AppleWebKit/537.36 (KHTML, like Gecko; compatible; GPTBot/1.3; +https://openai.com/gptbot)"
74.7.227.56 - - [12/Mar/2026:16:01:50 +0330] "GET /?p=492 HTTP/2" 301 0 "https://farazshimi.ir/machine-a-sous-demo-decouvrez-les-meilleures-options-sur-betify/" "Mozilla/5.0 AppleWebKit/537.36 (KHTML, like Gecko; compatible; GPTBot/1.3; +https://openai.com/gptbot)"
74.7.227.56 - - [12/Mar/2026:16:01:51 +0330] "GET /machine-a-sous-demo-decouvrez-les-meilleures-options-sur-betify/ HTTP/2" 200 27468 "https://farazshimi.ir/?p=492" "Mozilla/5.0 AppleWebKit/537.36 (KHTML, like Gecko; compatible; GPTBot/1.3; +https://openai.com/gptbot)"
74.7.227.56 - - [12/Mar/2026:16:01:53 +0330] "GET /machine-a-sous-demo-decouvrez-les-meilleures-options-sur-betify/feed/ HTTP/2" 200 533 "https://farazshimi.ir/machine-a-sous-demo-decouvrez-les-meilleures-options-sur-betify/" "Mozilla/5.0 AppleWebKit/537.36 (KHTML, like Gecko; compatible; GPTBot/1.3; +https://openai.com/gptbot)"
176.123.8.198 - - [12/Mar/2026:16:01:54 +0330] "GET /bonus-casino-bitcoin-profitez-davantages-instantanes/ HTTP/1.1" 200 130429 "-" "Mozilla/5.0 (Windows NT 10.0; Win64; x64) AppleWebKit/537.36 (KHTML, like Gecko) Chrome/120.0.0.0 Safari/537.36"
74.7.227.56 - - [12/Mar/2026:16:01:57 +0330] "GET /wp-content/plugins/agency/css/agency_style.css?ver=6.9.4 HTTP/2" 200 2651 "https://farazshimi.ir/machine-a-sous-demo-decouvrez-les-meilleures-options-sur-betify/" "Mozilla/5.0 AppleWebKit/537.36 (KHTML, like Gecko; compatible; GPTBot/1.3; +https://openai.com/gptbot)"
74.7.227.56 - - [12/Mar/2026:16:02:00 +0330] "GET /wp-includes/js/wp-emoji-release.min.js?ver=6.9.4 HTTP/2" 200 4949 "https://farazshimi.ir/machine-a-sous-demo-decouvrez-les-meilleures-options-sur-betify/" "Mozilla/5.0 AppleWebKit/537.36 (KHTML, like Gecko; compatible; GPTBot/1.3; +https://openai.com/gptbot)"
74.7.227.56 - - [12/Mar/2026:16:02:03 +0330] "GET /depot-au-casino-guide-complet-avec-betify/ HTTP/2" 200 27276 "https://farazshimi.ir/machine-a-sous-demo-decouvrez-les-meilleures-options-sur-betify/" "Mozilla/5.0 AppleWebKit/537.36 (KHTML, like Gecko; compatible; GPTBot/1.3; +https://openai.com/gptbot)"
74.7.227.56 - - [12/Mar/2026:16:02:06 +0330] "GET /casino-avec-croupier-en-direct-decouvrez-lexperience-unique-de-betify/ HTTP/2" 200 28047 "https://farazshimi.ir/machine-a-sous-demo-decouvrez-les-meilleures-options-sur-betify/" "Mozilla/5.0 AppleWebKit/537.36 (KHTML, like Gecko; compatible; GPTBot/1.3; +https://openai.com/gptbot)"
74.7.227.56 - - [12/Mar/2026:16:02:09 +0330] "GET /crypto-casino-sans-kyc-instantaneite-et-avantages/ HTTP/2" 200 27487 "https://farazshimi.ir/machine-a-sous-demo-decouvrez-les-meilleures-options-sur-betify/" "Mozilla/5.0 AppleWebKit/537.36 (KHTML, like Gecko; compatible; GPTBot/1.3; +https://openai.com/gptbot)"
74.7.227.56 - - [12/Mar/2026:16:02:12 +0330] "GET /wp-json/oembed/1.0/embed?format=xml&url=https%3A%2F%2Ffarazshimi.ir%2Fmachine-a-sous-demo-decouvrez-les-meilleures-options-sur-betify%2F HTTP/2" 200 1194 "https://farazshimi.ir/machine-a-sous-demo-decouvrez-les-meilleures-options-sur-betify/" "Mozilla/5.0 AppleWebKit/537.36 (KHTML, like Gecko; compatible; GPTBot/1.3; +https://openai.com/gptbot)"
74.7.227.56 - - [12/Mar/2026:16:02:16 +0330] "GET /machine-a-sous-demo-decouvrez-les-meilleures-options-sur-betify/989930062081 HTTP/2" 301 0 "https://farazshimi.ir/machine-a-sous-demo-decouvrez-les-meilleures-options-sur-betify/" "Mozilla/5.0 AppleWebKit/537.36 (KHTML, like Gecko; compatible; GPTBot/1.3; +https://openai.com/gptbot)"
74.7.227.56 - - [12/Mar/2026:16:02:16 +0330] "GET /machine-a-sous-demo-decouvrez-les-meilleures-options-sur-betify/ HTTP/2" 200 27468 "https://farazshimi.ir/machine-a-sous-demo-decouvrez-les-meilleures-options-sur-betify/989930062081" "Mozilla/5.0 AppleWebKit/537.36 (KHTML, like Gecko; compatible; GPTBot/1.3; +https://openai.com/gptbot)"
176.123.8.198 - - [12/Mar/2026:16:02:18 +0330] "GET /offres-de-casino-live-decouvrez-les-meilleures-promotions-instantanees/ HTTP/1.1" 200 130717 "-" "Mozilla/5.0 (Windows NT 10.0; Win64; x64) AppleWebKit/537.36 (KHTML, like Gecko) Chrome/120.0.0.0 Safari/537.36"
74.7.227.56 - - [12/Mar/2026:16:02:19 +0330] "GET /wp-json/oembed/1.0/embed?url=https%3A%2F%2Ffarazshimi.ir%2Fmachine-a-sous-demo-decouvrez-les-meilleures-options-sur-betify%2F HTTP/2" 200 1152 "https://farazshimi.ir/machine-a-sous-demo-decouvrez-les-meilleures-options-sur-betify/" "Mozilla/5.0 AppleWebKit/537.36 (KHTML, like Gecko; compatible; GPTBot/1.3; +https://openai.com/gptbot)"
74.7.227.56 - - [12/Mar/2026:16:02:22 +0330] "GET /machine-a-sous-demo-decouvrez-les-meilleures-options-sur-betify/instagram.com/farazshimialborz HTTP/2" 404 0 "https://farazshimi.ir/machine-a-sous-demo-decouvrez-les-meilleures-options-sur-betify/" "Mozilla/5.0 AppleWebKit/537.36 (KHTML, like Gecko; compatible; GPTBot/1.3; +https://openai.com/gptbot)"
74.7.227.56 - - [12/Mar/2026:16:02:25 +0330] "GET /depot-au-casino-guide-complet-avec-betify/feed/ HTTP/2" 200 498 "https://farazshimi.ir/depot-au-casino-guide-complet-avec-betify/" "Mozilla/5.0 AppleWebKit/537.36 (KHTML, like Gecko; compatible; GPTBot/1.3; +https://openai.com/gptbot)"
74.7.227.56 - - [12/Mar/2026:16:02:28 +0330] "GET /avis-casino-decouvrez-les-meilleures-offres-avec-betify/ HTTP/2" 200 27764 "https://farazshimi.ir/depot-au-casino-guide-complet-avec-betify/" "Mozilla/5.0 AppleWebKit/537.36 (KHTML, like Gecko; compatible; GPTBot/1.3; +https://openai.com/gptbot)"
74.7.227.56 - - [12/Mar/2026:16:02:31 +0330] "GET /depot-au-casino-guide-complet-avec-betify/instagram.com/farazshimialborz HTTP/2" 404 0 "https://farazshimi.ir/depot-au-casino-guide-complet-avec-betify/" "Mozilla/5.0 AppleWebKit/537.36 (KHTML, like Gecko; compatible; GPTBot/1.3; +https://openai.com/gptbot)"
74.7.227.56 - - [12/Mar/2026:16:02:34 +0330] "GET /wp-json/wp/v2/posts/490 HTTP/2" 200 3057 "https://farazshimi.ir/depot-au-casino-guide-complet-avec-betify/" "Mozilla/5.0 AppleWebKit/537.36 (KHTML, like Gecko; compatible; GPTBot/1.3; +https://openai.com/gptbot)"
69.163.178.216 - - [12/Mar/2026:16:02:26 +0330] "POST /xmlrpc.php HTTP/1.1" 200 161 "-" "The Incutio XML-RPC PHP Library -- WordPress/6.9.4"
74.7.227.56 - - [12/Mar/2026:16:02:37 +0330] "GET /wp-json/oembed/1.0/embed?format=xml&url=https%3A%2F%2Ffarazshimi.ir%2Fdepot-au-casino-guide-complet-avec-betify%2F HTTP/2" 200 1165 "https://farazshimi.ir/depot-au-casino-guide-complet-avec-betify/" "Mozilla/5.0 AppleWebKit/537.36 (KHTML, like Gecko; compatible; GPTBot/1.3; +https://openai.com/gptbot)"
74.7.227.56 - - [12/Mar/2026:16:02:41 +0330] "GET /wp-json/oembed/1.0/embed?format=xml&url=https%3A%2F%2Ffarazshimi.ir%2Fcasino-avec-croupier-en-direct-decouvrez-lexperience-unique-de-betify%2F HTTP/2" 200 1204 "https://farazshimi.ir/casino-avec-croupier-en-direct-decouvrez-lexperience-unique-de-betify/" "Mozilla/5.0 AppleWebKit/537.36 (KHTML, like Gecko; compatible; GPTBot/1.3; +https://openai.com/gptbot)"
74.7.227.56 - - [12/Mar/2026:16:02:43 +0330] "GET /crypto-casino-sans-kyc-instantaneite-et-avantages/989930062081 HTTP/2" 301 0 "https://farazshimi.ir/crypto-casino-sans-kyc-instantaneite-et-avantages/" "Mozilla/5.0 AppleWebKit/537.36 (KHTML, like Gecko; compatible; GPTBot/1.3; +https://openai.com/gptbot)"
74.7.227.56 - - [12/Mar/2026:16:02:44 +0330] "GET /crypto-casino-sans-kyc-instantaneite-et-avantages/ HTTP/2" 200 27487 "https://farazshimi.ir/crypto-casino-sans-kyc-instantaneite-et-avantages/989930062081" "Mozilla/5.0 AppleWebKit/537.36 (KHTML, like Gecko; compatible; GPTBot/1.3; +https://openai.com/gptbot)"
74.7.227.56 - - [12/Mar/2026:16:02:47 +0330] "GET /wp-json/oembed/1.0/embed?format=xml&url=https%3A%2F%2Ffarazshimi.ir%2Fcrypto-casino-sans-kyc-instantaneite-et-avantages%2F HTTP/2" 200 1167 "https://farazshimi.ir/crypto-casino-sans-kyc-instantaneite-et-avantages/" "Mozilla/5.0 AppleWebKit/537.36 (KHTML, like Gecko; compatible; GPTBot/1.3; +https://openai.com/gptbot)"
74.7.227.56 - - [12/Mar/2026:16:02:50 +0330] "GET /wp-json/wp/v2/posts/496 HTTP/2" 200 3757 "https://farazshimi.ir/casino-avec-croupier-en-direct-decouvrez-lexperience-unique-de-betify/" "Mozilla/5.0 AppleWebKit/537.36 (KHTML, like Gecko; compatible; GPTBot/1.3; +https://openai.com/gptbot)"
74.7.227.56 - - [12/Mar/2026:16:02:53 +0330] "GET /wp-json/wp/v2/posts/608 HTTP/2" 200 3388 "https://farazshimi.ir/crypto-casino-sans-kyc-instantaneite-et-avantages/" "Mozilla/5.0 AppleWebKit/537.36 (KHTML, like Gecko; compatible; GPTBot/1.3; +https://openai.com/gptbot)"
74.7.227.56 - - [12/Mar/2026:16:02:56 +0330] "GET /casino-avec-croupier-en-direct-decouvrez-lexperience-unique-de-betify/989930062081 HTTP/2" 301 0 "https://farazshimi.ir/casino-avec-croupier-en-direct-decouvrez-lexperience-unique-de-betify/" "Mozilla/5.0 AppleWebKit/537.36 (KHTML, like Gecko; compatible; GPTBot/1.3; +https://openai.com/gptbot)"
74.7.227.56 - - [12/Mar/2026:16:02:57 +0330] "GET /casino-avec-croupier-en-direct-decouvrez-lexperience-unique-de-betify/ HTTP/2" 200 28047 "https://farazshimi.ir/casino-avec-croupier-en-direct-decouvrez-lexperience-unique-de-betify/989930062081" "Mozilla/5.0 AppleWebKit/537.36 (KHTML, like Gecko; compatible; GPTBot/1.3; +https://openai.com/gptbot)"
176.123.8.198 - - [12/Mar/2026:16:02:59 +0330] "GET /depot-casino-1-euro-jouez-instantanement-avec-un-budget-minimal/ HTTP/1.1" 200 130221 "-" "Mozilla/5.0 (Windows NT 10.0; Win64; x64) AppleWebKit/537.36 (KHTML, like Gecko) Chrome/120.0.0.0 Safari/537.36"
74.7.227.56 - - [12/Mar/2026:16:02:59 +0330] "GET /roulette-de-casino-en-ligne-decouvrez-betify/ HTTP/2" 200 27729 "https://farazshimi.ir/casino-avec-croupier-en-direct-decouvrez-lexperience-unique-de-betify/" "Mozilla/5.0 AppleWebKit/537.36 (KHTML, like Gecko; compatible; GPTBot/1.3; +https://openai.com/gptbot)"
74.7.227.56 - - [12/Mar/2026:16:03:02 +0330] "GET /wp-json/oembed/1.0/embed?format=xml&url=https%3A%2F%2Ffarazshimi.ir%2Favis-casino-decouvrez-les-meilleures-offres-avec-betify%2F HTTP/2" 200 1174 "https://farazshimi.ir/avis-casino-decouvrez-les-meilleures-offres-avec-betify/" "Mozilla/5.0 AppleWebKit/537.36 (KHTML, like Gecko; compatible; GPTBot/1.3; +https://openai.com/gptbot)"
74.7.227.56 - - [12/Mar/2026:16:03:06 +0330] "GET /avis-casino-decouvrez-les-meilleures-offres-avec-betify/feed/ HTTP/2" 200 517 "https://farazshimi.ir/avis-casino-decouvrez-les-meilleures-offres-avec-betify/" "Mozilla/5.0 AppleWebKit/537.36 (KHTML, like Gecko; compatible; GPTBot/1.3; +https://openai.com/gptbot)"
74.7.227.56 - - [12/Mar/2026:16:03:09 +0330] "GET /avis-casino-decouvrez-les-meilleures-offres-avec-betify/instagram.com/farazshimialborz HTTP/2" 404 0 "https://farazshimi.ir/avis-casino-decouvrez-les-meilleures-offres-avec-betify/" "Mozilla/5.0 AppleWebKit/537.36 (KHTML, like Gecko; compatible; GPTBot/1.3; +https://openai.com/gptbot)"
74.7.227.56 - - [12/Mar/2026:16:03:12 +0330] "GET /crypto-casino-sans-kyc-instantaneite-et-avantages/instagram.com/farazshimialborz HTTP/2" 404 0 "https://farazshimi.ir/crypto-casino-sans-kyc-instantaneite-et-avantages/" "Mozilla/5.0 AppleWebKit/537.36 (KHTML, like Gecko; compatible; GPTBot/1.3; +https://openai.com/gptbot)"
74.7.227.56 - - [12/Mar/2026:16:03:15 +0330] "GET /?p=490 HTTP/2" 301 0 "https://farazshimi.ir/depot-au-casino-guide-complet-avec-betify/" "Mozilla/5.0 AppleWebKit/537.36 (KHTML, like Gecko; compatible; GPTBot/1.3; +https://openai.com/gptbot)"
74.7.227.56 - - [12/Mar/2026:16:03:16 +0330] "GET /depot-au-casino-guide-complet-avec-betify/ HTTP/2" 200 27276 "https://farazshimi.ir/?p=490" "Mozilla/5.0 AppleWebKit/537.36 (KHTML, like Gecko; compatible; GPTBot/1.3; +https://openai.com/gptbot)"
74.7.227.56 - - [12/Mar/2026:16:03:18 +0330] "GET /?p=608 HTTP/2" 301 0 "https://farazshimi.ir/crypto-casino-sans-kyc-instantaneite-et-avantages/" "Mozilla/5.0 AppleWebKit/537.36 (KHTML, like Gecko; compatible; GPTBot/1.3; +https://openai.com/gptbot)"
74.7.227.56 - - [12/Mar/2026:16:03:19 +0330] "GET /crypto-casino-sans-kyc-instantaneite-et-avantages/ HTTP/2" 200 27487 "https://farazshimi.ir/?p=608" "Mozilla/5.0 AppleWebKit/537.36 (KHTML, like Gecko; compatible; GPTBot/1.3; +https://openai.com/gptbot)"
74.7.227.56 - - [12/Mar/2026:16:03:22 +0330] "GET /?p=496 HTTP/2" 301 0 "https://farazshimi.ir/casino-avec-croupier-en-direct-decouvrez-lexperience-unique-de-betify/" "Mozilla/5.0 AppleWebKit/537.36 (KHTML, like Gecko; compatible; GPTBot/1.3; +https://openai.com/gptbot)"
74.7.227.56 - - [12/Mar/2026:16:03:22 +0330] "GET /casino-avec-croupier-en-direct-decouvrez-lexperience-unique-de-betify/ HTTP/2" 200 28047 "https://farazshimi.ir/?p=496" "Mozilla/5.0 AppleWebKit/537.36 (KHTML, like Gecko; compatible; GPTBot/1.3; +https://openai.com/gptbot)"
74.7.227.56 - - [12/Mar/2026:16:03:25 +0330] "GET /depot-au-casino-guide-complet-avec-betify/989930062081 HTTP/2" 301 0 "https://farazshimi.ir/depot-au-casino-guide-complet-avec-betify/" "Mozilla/5.0 AppleWebKit/537.36 (KHTML, like Gecko; compatible; GPTBot/1.3; +https://openai.com/gptbot)"
74.7.227.56 - - [12/Mar/2026:16:03:25 +0330] "GET /depot-au-casino-guide-complet-avec-betify/ HTTP/2" 200 27276 "https://farazshimi.ir/depot-au-casino-guide-complet-avec-betify/989930062081" "Mozilla/5.0 AppleWebKit/537.36 (KHTML, like Gecko; compatible; GPTBot/1.3; +https://openai.com/gptbot)"
74.7.227.56 - - [12/Mar/2026:16:03:28 +0330] "GET /?p=484 HTTP/2" 301 0 "https://farazshimi.ir/avis-casino-decouvrez-les-meilleures-offres-avec-betify/" "Mozilla/5.0 AppleWebKit/537.36 (KHTML, like Gecko; compatible; GPTBot/1.3; +https://openai.com/gptbot)"
74.7.227.56 - - [12/Mar/2026:16:03:29 +0330] "GET /avis-casino-decouvrez-les-meilleures-offres-avec-betify/ HTTP/2" 200 27764 "https://farazshimi.ir/?p=484" "Mozilla/5.0 AppleWebKit/537.36 (KHTML, like Gecko; compatible; GPTBot/1.3; +https://openai.com/gptbot)"
74.7.227.56 - - [12/Mar/2026:16:03:31 +0330] "GET /casino-avec-croupier-en-direct-decouvrez-lexperience-unique-de-betify/instagram.com/farazshimialborz HTTP/2" 404 0 "https://farazshimi.ir/casino-avec-croupier-en-direct-decouvrez-lexperience-unique-de-betify/" "Mozilla/5.0 AppleWebKit/537.36 (KHTML, like Gecko; compatible; GPTBot/1.3; +https://openai.com/gptbot)"
74.7.227.56 - - [12/Mar/2026:16:03:34 +0330] "GET /wp-json/wp/v2/posts/504 HTTP/2" 200 3450 "https://farazshimi.ir/roulette-de-casino-en-ligne-decouvrez-betify/" "Mozilla/5.0 AppleWebKit/537.36 (KHTML, like Gecko; compatible; GPTBot/1.3; +https://openai.com/gptbot)"
74.7.227.56 - - [12/Mar/2026:16:03:37 +0330] "GET /roulette-de-casino-en-ligne-decouvrez-betify/feed/ HTTP/2" 200 517 "https://farazshimi.ir/roulette-de-casino-en-ligne-decouvrez-betify/" "Mozilla/5.0 AppleWebKit/537.36 (KHTML, like Gecko; compatible; GPTBot/1.3; +https://openai.com/gptbot)"
74.7.227.56 - - [12/Mar/2026:16:03:40 +0330] "GET /?p=504 HTTP/2" 301 0 "https://farazshimi.ir/roulette-de-casino-en-ligne-decouvrez-betify/" "Mozilla/5.0 AppleWebKit/537.36 (KHTML, like Gecko; compatible; GPTBot/1.3; +https://openai.com/gptbot)"
74.7.227.56 - - [12/Mar/2026:16:03:41 +0330] "GET /roulette-de-casino-en-ligne-decouvrez-betify/ HTTP/2" 200 27729 "https://farazshimi.ir/?p=504" "Mozilla/5.0 AppleWebKit/537.36 (KHTML, like Gecko; compatible; GPTBot/1.3; +https://openai.com/gptbot)"
74.7.227.56 - - [12/Mar/2026:16:03:43 +0330] "GET /roulette-de-casino-en-ligne-decouvrez-betify/instagram.com/farazshimialborz HTTP/2" 404 0 "https://farazshimi.ir/roulette-de-casino-en-ligne-decouvrez-betify/" "Mozilla/5.0 AppleWebKit/537.36 (KHTML, like Gecko; compatible; GPTBot/1.3; +https://openai.com/gptbot)"
74.7.227.56 - - [12/Mar/2026:16:03:47 +0330] "GET /roulette-de-casino-en-ligne-decouvrez-betify/989930062081 HTTP/2" 301 0 "https://farazshimi.ir/roulette-de-casino-en-ligne-decouvrez-betify/" "Mozilla/5.0 AppleWebKit/537.36 (KHTML, like Gecko; compatible; GPTBot/1.3; +https://openai.com/gptbot)"
74.7.227.56 - - [12/Mar/2026:16:03:48 +0330] "GET /roulette-de-casino-en-ligne-decouvrez-betify/ HTTP/2" 200 27729 "https://farazshimi.ir/roulette-de-casino-en-ligne-decouvrez-betify/989930062081" "Mozilla/5.0 AppleWebKit/537.36 (KHTML, like Gecko; compatible; GPTBot/1.3; +https://openai.com/gptbot)"
74.7.227.56 - - [12/Mar/2026:16:03:50 +0330] "GET /wp-json/oembed/1.0/embed?url=https%3A%2F%2Ffarazshimi.ir%2Fcasino-avec-croupier-en-direct-decouvrez-lexperience-unique-de-betify%2F HTTP/2" 200 1159 "https://farazshimi.ir/casino-avec-croupier-en-direct-decouvrez-lexperience-unique-de-betify/" "Mozilla/5.0 AppleWebKit/537.36 (KHTML, like Gecko; compatible; GPTBot/1.3; +https://openai.com/gptbot)"
74.7.227.56 - - [12/Mar/2026:16:03:53 +0330] "GET /avis-casino-decouvrez-les-meilleures-offres-avec-betify/989930062081 HTTP/2" 301 0 "https://farazshimi.ir/avis-casino-decouvrez-les-meilleures-offres-avec-betify/" "Mozilla/5.0 AppleWebKit/537.36 (KHTML, like Gecko; compatible; GPTBot/1.3; +https://openai.com/gptbot)"
74.7.227.56 - - [12/Mar/2026:16:03:54 +0330] "GET /avis-casino-decouvrez-les-meilleures-offres-avec-betify/ HTTP/2" 200 27764 "https://farazshimi.ir/avis-casino-decouvrez-les-meilleures-offres-avec-betify/989930062081" "Mozilla/5.0 AppleWebKit/537.36 (KHTML, like Gecko; compatible; GPTBot/1.3; +https://openai.com/gptbot)"
74.7.227.56 - - [12/Mar/2026:16:03:56 +0330] "GET /wp-json/oembed/1.0/embed?format=xml&url=https%3A%2F%2Ffarazshimi.ir%2Froulette-de-casino-en-ligne-decouvrez-betify%2F HTTP/2" 200 1160 "https://farazshimi.ir/roulette-de-casino-en-ligne-decouvrez-betify/" "Mozilla/5.0 AppleWebKit/537.36 (KHTML, like Gecko; compatible; GPTBot/1.3; +https://openai.com/gptbot)"
74.7.227.56 - - [12/Mar/2026:16:03:59 +0330] "GET /wp-json/oembed/1.0/embed?url=https%3A%2F%2Ffarazshimi.ir%2Fdepot-au-casino-guide-complet-avec-betify%2F HTTP/2" 200 1121 "https://farazshimi.ir/depot-au-casino-guide-complet-avec-betify/" "Mozilla/5.0 AppleWebKit/537.36 (KHTML, like Gecko; compatible; GPTBot/1.3; +https://openai.com/gptbot)"
74.7.227.56 - - [12/Mar/2026:16:04:02 +0330] "GET /casino-echeck-un-guide-complet-avec-betify/ HTTP/2" 200 27509 "https://farazshimi.ir/avis-casino-decouvrez-les-meilleures-offres-avec-betify/" "Mozilla/5.0 AppleWebKit/537.36 (KHTML, like Gecko; compatible; GPTBot/1.3; +https://openai.com/gptbot)"
162.55.240.80 - - [12/Mar/2026:16:04:06 +0330] "POST /wp-cron.php?doing_wp_cron=1773318846.8692529201507568359375 HTTP/1.1" 200 0 "-" "WordPress/6.9.4; https://farazshimi.ir"
74.7.227.56 - - [12/Mar/2026:16:04:06 +0330] "GET /wp-json/wp/v2/posts/484 HTTP/2" 200 3564 "https://farazshimi.ir/avis-casino-decouvrez-les-meilleures-offres-avec-betify/" "Mozilla/5.0 AppleWebKit/537.36 (KHTML, like Gecko; compatible; GPTBot/1.3; +https://openai.com/gptbot)"
176.123.8.198 - - [12/Mar/2026:16:04:07 +0330] "GET /votre-casino-en-ligne-prefere-instant-et-accessibilite/ HTTP/1.1" 200 129263 "-" "Mozilla/5.0 (Windows NT 10.0; Win64; x64) AppleWebKit/537.36 (KHTML, like Gecko) Chrome/120.0.0.0 Safari/537.36"
74.7.227.56 - - [12/Mar/2026:16:04:09 +0330] "GET /jeux-dargent-instantanement-comprendre-le-monde-des-paris-en-ligne/ HTTP/2" 200 27696 "https://farazshimi.ir/crypto-casino-sans-kyc-instantaneite-et-avantages/" "Mozilla/5.0 AppleWebKit/537.36 (KHTML, like Gecko; compatible; GPTBot/1.3; +https://openai.com/gptbot)"
74.7.227.56 - - [12/Mar/2026:16:04:12 +0330] "GET /wp-json/oembed/1.0/embed?url=https%3A%2F%2Ffarazshimi.ir%2Froulette-de-casino-en-ligne-decouvrez-betify%2F HTTP/2" 200 1122 "https://farazshimi.ir/roulette-de-casino-en-ligne-decouvrez-betify/" "Mozilla/5.0 AppleWebKit/537.36 (KHTML, like Gecko; compatible; GPTBot/1.3; +https://openai.com/gptbot)"
74.7.227.56 - - [12/Mar/2026:16:04:15 +0330] "GET /crypto-casino-sans-kyc-instantaneite-et-avantages/feed/ HTTP/2" 200 508 "https://farazshimi.ir/crypto-casino-sans-kyc-instantaneite-et-avantages/" "Mozilla/5.0 AppleWebKit/537.36 (KHTML, like Gecko; compatible; GPTBot/1.3; +https://openai.com/gptbot)"
74.7.227.56 - - [12/Mar/2026:16:04:19 +0330] "GET /jeux-dargent-decouvrez-betify-et-son-impact-sur-le-paysage-du-divertissement-en-france/ HTTP/2" 200 27435 "https://farazshimi.ir/roulette-de-casino-en-ligne-decouvrez-betify/" "Mozilla/5.0 AppleWebKit/537.36 (KHTML, like Gecko; compatible; GPTBot/1.3; +https://openai.com/gptbot)"
74.7.227.56 - - [12/Mar/2026:16:04:21 +0330] "GET /wp-json/oembed/1.0/embed?url=https%3A%2F%2Ffarazshimi.ir%2Favis-casino-decouvrez-les-meilleures-offres-avec-betify%2F HTTP/2" 200 1146 "https://farazshimi.ir/avis-casino-decouvrez-les-meilleures-offres-avec-betify/" "Mozilla/5.0 AppleWebKit/537.36 (KHTML, like Gecko; compatible; GPTBot/1.3; +https://openai.com/gptbot)"
74.7.227.56 - - [12/Mar/2026:16:04:25 +0330] "GET /wp-json/oembed/1.0/embed?url=https%3A%2F%2Ffarazshimi.ir%2Fcrypto-casino-sans-kyc-instantaneite-et-avantages%2F HTTP/2" 200 1129 "https://farazshimi.ir/crypto-casino-sans-kyc-instantaneite-et-avantages/" "Mozilla/5.0 AppleWebKit/537.36 (KHTML, like Gecko; compatible; GPTBot/1.3; +https://openai.com/gptbot)"
74.7.227.56 - - [12/Mar/2026:16:04:28 +0330] "GET /casino-avec-croupier-en-direct-decouvrez-lexperience-unique-de-betify/feed/ HTTP/2" 200 540 "https://farazshimi.ir/casino-avec-croupier-en-direct-decouvrez-lexperience-unique-de-betify/" "Mozilla/5.0 AppleWebKit/537.36 (KHTML, like Gecko; compatible; GPTBot/1.3; +https://openai.com/gptbot)"
74.7.227.56 - - [12/Mar/2026:16:04:31 +0330] "GET /casino-echeck-un-guide-complet-avec-betify/instagram.com/farazshimialborz HTTP/2" 404 0 "https://farazshimi.ir/casino-echeck-un-guide-complet-avec-betify/" "Mozilla/5.0 AppleWebKit/537.36 (KHTML, like Gecko; compatible; GPTBot/1.3; +https://openai.com/gptbot)"
74.7.227.56 - - [12/Mar/2026:16:04:34 +0330] "GET /bonus-de-bienvenue-casino-sans-depot-decouvrez-loco-win/ HTTP/2" 200 27475 "https://farazshimi.ir/casino-echeck-un-guide-complet-avec-betify/" "Mozilla/5.0 AppleWebKit/537.36 (KHTML, like Gecko; compatible; GPTBot/1.3; +https://openai.com/gptbot)"
74.7.227.56 - - [12/Mar/2026:16:04:37 +0330] "GET /wp-json/wp/v2/posts/480 HTTP/2" 200 3251 "https://farazshimi.ir/casino-echeck-un-guide-complet-avec-betify/" "Mozilla/5.0 AppleWebKit/537.36 (KHTML, like Gecko; compatible; GPTBot/1.3; +https://openai.com/gptbot)"
74.7.227.56 - - [12/Mar/2026:16:04:40 +0330] "GET /casino-echeck-un-guide-complet-avec-betify/feed/ HTTP/2" 200 497 "https://farazshimi.ir/casino-echeck-un-guide-complet-avec-betify/" "Mozilla/5.0 AppleWebKit/537.36 (KHTML, like Gecko; compatible; GPTBot/1.3; +https://openai.com/gptbot)"
74.7.227.56 - - [12/Mar/2026:16:04:44 +0330] "GET /wp-json/oembed/1.0/embed?url=https%3A%2F%2Ffarazshimi.ir%2Fjeux-dargent-instantanement-comprendre-le-monde-des-paris-en-ligne%2F HTTP/2" 200 1156 "https://farazshimi.ir/jeux-dargent-instantanement-comprendre-le-monde-des-paris-en-ligne/" "Mozilla/5.0 AppleWebKit/537.36 (KHTML, like Gecko; compatible; GPTBot/1.3; +https://openai.com/gptbot)"
74.7.227.56 - - [12/Mar/2026:16:04:47 +0330] "GET /casino-en-ligne-prefere-jouez-instantanement-et-decouvrez-lexcitation/ HTTP/2" 200 28348 "https://farazshimi.ir/jeux-dargent-instantanement-comprendre-le-monde-des-paris-en-ligne/" "Mozilla/5.0 AppleWebKit/537.36 (KHTML, like Gecko; compatible; GPTBot/1.3; +https://openai.com/gptbot)"
74.7.227.56 - - [12/Mar/2026:16:04:50 +0330] "GET /wp-json/oembed/1.0/embed?format=xml&url=https%3A%2F%2Ffarazshimi.ir%2Fjeux-dargent-instantanement-comprendre-le-monde-des-paris-en-ligne%2F HTTP/2" 200 1188 "https://farazshimi.ir/jeux-dargent-instantanement-comprendre-le-monde-des-paris-en-ligne/" "Mozilla/5.0 AppleWebKit/537.36 (KHTML, like Gecko; compatible; GPTBot/1.3; +https://openai.com/gptbot)"
74.7.227.56 - - [12/Mar/2026:16:04:53 +0330] "GET /wp-json/wp/v2/posts/506 HTTP/2" 200 3147 "https://farazshimi.ir/jeux-dargent-decouvrez-betify-et-son-impact-sur-le-paysage-du-divertissement-en-france/" "Mozilla/5.0 AppleWebKit/537.36 (KHTML, like Gecko; compatible; GPTBot/1.3; +https://openai.com/gptbot)"
74.7.227.56 - - [12/Mar/2026:16:04:56 +0330] "GET /?p=506 HTTP/2" 301 0 "https://farazshimi.ir/jeux-dargent-decouvrez-betify-et-son-impact-sur-le-paysage-du-divertissement-en-france/" "Mozilla/5.0 AppleWebKit/537.36 (KHTML, like Gecko; compatible; GPTBot/1.3; +https://openai.com/gptbot)"
74.7.227.56 - - [12/Mar/2026:16:04:57 +0330] "GET /jeux-dargent-decouvrez-betify-et-son-impact-sur-le-paysage-du-divertissement-en-france/ HTTP/2" 200 27435 "https://farazshimi.ir/?p=506" "Mozilla/5.0 AppleWebKit/537.36 (KHTML, like Gecko; compatible; GPTBot/1.3; +https://openai.com/gptbot)"
74.7.227.56 - - [12/Mar/2026:16:04:59 +0330] "GET /?p=480 HTTP/2" 301 0 "https://farazshimi.ir/casino-echeck-un-guide-complet-avec-betify/" "Mozilla/5.0 AppleWebKit/537.36 (KHTML, like Gecko; compatible; GPTBot/1.3; +https://openai.com/gptbot)"
74.7.227.56 - - [12/Mar/2026:16:05:00 +0330] "GET /casino-echeck-un-guide-complet-avec-betify/ HTTP/2" 200 27509 "https://farazshimi.ir/?p=480" "Mozilla/5.0 AppleWebKit/537.36 (KHTML, like Gecko; compatible; GPTBot/1.3; +https://openai.com/gptbot)"
176.123.8.198 - - [12/Mar/2026:16:05:01 +0330] "GET /jeux-dargent-instantanement-comprendre-le-monde-des-paris-en-ligne/ HTTP/1.1" 200 130304 "-" "Mozilla/5.0 (Windows NT 10.0; Win64; x64) AppleWebKit/537.36 (KHTML, like Gecko) Chrome/120.0.0.0 Safari/537.36"
74.7.227.56 - - [12/Mar/2026:16:05:03 +0330] "GET /wp-json/oembed/1.0/embed?format=xml&url=https%3A%2F%2Ffarazshimi.ir%2Fjeux-dargent-decouvrez-betify-et-son-impact-sur-le-paysage-du-divertissement-en-france%2F HTTP/2" 200 1219 "https://farazshimi.ir/jeux-dargent-decouvrez-betify-et-son-impact-sur-le-paysage-du-divertissement-en-france/" "Mozilla/5.0 AppleWebKit/537.36 (KHTML, like Gecko; compatible; GPTBot/1.3; +https://openai.com/gptbot)"
74.7.227.56 - - [12/Mar/2026:16:05:06 +0330] "GET /?p=606 HTTP/2" 301 0 "https://farazshimi.ir/jeux-dargent-instantanement-comprendre-le-monde-des-paris-en-ligne/" "Mozilla/5.0 AppleWebKit/537.36 (KHTML, like Gecko; compatible; GPTBot/1.3; +https://openai.com/gptbot)"
74.7.227.56 - - [12/Mar/2026:16:05:06 +0330] "GET /jeux-dargent-instantanement-comprendre-le-monde-des-paris-en-ligne/ HTTP/2" 200 27696 "https://farazshimi.ir/?p=606" "Mozilla/5.0 AppleWebKit/537.36 (KHTML, like Gecko; compatible; GPTBot/1.3; +https://openai.com/gptbot)"
74.7.227.56 - - [12/Mar/2026:16:05:09 +0330] "GET /wp-json/oembed/1.0/embed?url=https%3A%2F%2Ffarazshimi.ir%2Fbonus-de-bienvenue-casino-sans-depot-decouvrez-loco-win%2F HTTP/2" 200 1145 "https://farazshimi.ir/bonus-de-bienvenue-casino-sans-depot-decouvrez-loco-win/" "Mozilla/5.0 AppleWebKit/537.36 (KHTML, like Gecko; compatible; GPTBot/1.3; +https://openai.com/gptbot)"
74.7.227.56 - - [12/Mar/2026:16:05:12 +0330] "GET /bonus-de-bienvenue-casino-sans-depot-decouvrez-loco-win/989930062081 HTTP/2" 301 0 "https://farazshimi.ir/bonus-de-bienvenue-casino-sans-depot-decouvrez-loco-win/" "Mozilla/5.0 AppleWebKit/537.36 (KHTML, like Gecko; compatible; GPTBot/1.3; +https://openai.com/gptbot)"
74.7.227.56 - - [12/Mar/2026:16:05:12 +0330] "GET /bonus-de-bienvenue-casino-sans-depot-decouvrez-loco-win/ HTTP/2" 200 27475 "https://farazshimi.ir/bonus-de-bienvenue-casino-sans-depot-decouvrez-loco-win/989930062081" "Mozilla/5.0 AppleWebKit/537.36 (KHTML, like Gecko; compatible; GPTBot/1.3; +https://openai.com/gptbot)"
74.7.227.56 - - [12/Mar/2026:16:05:15 +0330] "GET /wp-json/oembed/1.0/embed?format=xml&url=https%3A%2F%2Ffarazshimi.ir%2Fbonus-de-bienvenue-casino-sans-depot-decouvrez-loco-win%2F HTTP/2" 200 1189 "https://farazshimi.ir/bonus-de-bienvenue-casino-sans-depot-decouvrez-loco-win/" "Mozilla/5.0 AppleWebKit/537.36 (KHTML, like Gecko; compatible; GPTBot/1.3; +https://openai.com/gptbot)"
74.7.227.56 - - [12/Mar/2026:16:05:18 +0330] "GET /wp-json/wp/v2/posts/478 HTTP/2" 200 3203 "https://farazshimi.ir/bonus-de-bienvenue-casino-sans-depot-decouvrez-loco-win/" "Mozilla/5.0 AppleWebKit/537.36 (KHTML, like Gecko; compatible; GPTBot/1.3; +https://openai.com/gptbot)"
74.7.227.56 - - [12/Mar/2026:16:05:21 +0330] "GET /casino-en-ligne-prefere-jouez-instantanement-et-decouvrez-lexcitation/feed/ HTTP/2" 200 554 "https://farazshimi.ir/casino-en-ligne-prefere-jouez-instantanement-et-decouvrez-lexcitation/" "Mozilla/5.0 AppleWebKit/537.36 (KHTML, like Gecko; compatible; GPTBot/1.3; +https://openai.com/gptbot)"
74.7.227.56 - - [12/Mar/2026:16:05:25 +0330] "GET /wp-json/oembed/1.0/embed?format=xml&url=https%3A%2F%2Ffarazshimi.ir%2Fcasino-en-ligne-prefere-jouez-instantanement-et-decouvrez-lexcitation%2F HTTP/2" 200 1211 "https://farazshimi.ir/casino-en-ligne-prefere-jouez-instantanement-et-decouvrez-lexcitation/" "Mozilla/5.0 AppleWebKit/537.36 (KHTML, like Gecko; compatible; GPTBot/1.3; +https://openai.com/gptbot)"
176.123.8.198 - - [12/Mar/2026:16:05:26 +0330] "GET /crypto-casino-sans-kyc-instantaneite-et-avantages/ HTTP/1.1" 200 129483 "-" "Mozilla/5.0 (Windows NT 10.0; Win64; x64) AppleWebKit/537.36 (KHTML, like Gecko) Chrome/120.0.0.0 Safari/537.36"
74.7.227.56 - - [12/Mar/2026:16:05:28 +0330] "GET /casino-en-ligne-prefere-jouez-instantanement-et-decouvrez-lexcitation/instagram.com/farazshimialborz HTTP/2" 404 0 "https://farazshimi.ir/casino-en-ligne-prefere-jouez-instantanement-et-decouvrez-lexcitation/" "Mozilla/5.0 AppleWebKit/537.36 (KHTML, like Gecko; compatible; GPTBot/1.3; +https://openai.com/gptbot)"
74.7.227.56 - - [12/Mar/2026:16:05:31 +0330] "GET /casino-en-ligne-prefere-jouez-instantanement-et-decouvrez-lexcitation/989930062081 HTTP/2" 301 0 "https://farazshimi.ir/casino-en-ligne-prefere-jouez-instantanement-et-decouvrez-lexcitation/" "Mozilla/5.0 AppleWebKit/537.36 (KHTML, like Gecko; compatible; GPTBot/1.3; +https://openai.com/gptbot)"
74.7.227.56 - - [12/Mar/2026:16:05:32 +0330] "GET /casino-en-ligne-prefere-jouez-instantanement-et-decouvrez-lexcitation/ HTTP/2" 200 28348 "https://farazshimi.ir/casino-en-ligne-prefere-jouez-instantanement-et-decouvrez-lexcitation/989930062081" "Mozilla/5.0 AppleWebKit/537.36 (KHTML, like Gecko; compatible; GPTBot/1.3; +https://openai.com/gptbot)"
74.7.227.56 - - [12/Mar/2026:16:05:34 +0330] "GET /?p=478 HTTP/2" 301 0 "https://farazshimi.ir/bonus-de-bienvenue-casino-sans-depot-decouvrez-loco-win/" "Mozilla/5.0 AppleWebKit/537.36 (KHTML, like Gecko; compatible; GPTBot/1.3; +https://openai.com/gptbot)"
74.7.227.56 - - [12/Mar/2026:16:05:35 +0330] "GET /bonus-de-bienvenue-casino-sans-depot-decouvrez-loco-win/ HTTP/2" 200 27475 "https://farazshimi.ir/?p=478" "Mozilla/5.0 AppleWebKit/537.36 (KHTML, like Gecko; compatible; GPTBot/1.3; +https://openai.com/gptbot)"
74.7.227.56 - - [12/Mar/2026:16:05:37 +0330] "GET /?p=602 HTTP/2" 301 0 "https://farazshimi.ir/casino-en-ligne-prefere-jouez-instantanement-et-decouvrez-lexcitation/" "Mozilla/5.0 AppleWebKit/537.36 (KHTML, like Gecko; compatible; GPTBot/1.3; +https://openai.com/gptbot)"
74.7.227.56 - - [12/Mar/2026:16:05:38 +0330] "GET /casino-en-ligne-prefere-jouez-instantanement-et-decouvrez-lexcitation/ HTTP/2" 200 28348 "https://farazshimi.ir/?p=602" "Mozilla/5.0 AppleWebKit/537.36 (KHTML, like Gecko; compatible; GPTBot/1.3; +https://openai.com/gptbot)"
74.7.227.56 - - [12/Mar/2026:16:05:40 +0330] "GET /jeux-dargent-decouvrez-betify-et-son-impact-sur-le-paysage-du-divertissement-en-france/989930062081 HTTP/2" 301 0 "https://farazshimi.ir/jeux-dargent-decouvrez-betify-et-son-impact-sur-le-paysage-du-divertissement-en-france/" "Mozilla/5.0 AppleWebKit/537.36 (KHTML, like Gecko; compatible; GPTBot/1.3; +https://openai.com/gptbot)"
74.7.227.56 - - [12/Mar/2026:16:05:41 +0330] "GET /jeux-dargent-decouvrez-betify-et-son-impact-sur-le-paysage-du-divertissement-en-france/ HTTP/2" 200 27435 "https://farazshimi.ir/jeux-dargent-decouvrez-betify-et-son-impact-sur-le-paysage-du-divertissement-en-france/989930062081" "Mozilla/5.0 AppleWebKit/537.36 (KHTML, like Gecko; compatible; GPTBot/1.3; +https://openai.com/gptbot)"
74.7.227.56 - - [12/Mar/2026:16:05:44 +0330] "GET /wp-json/oembed/1.0/embed?url=https%3A%2F%2Ffarazshimi.ir%2Fjeux-dargent-decouvrez-betify-et-son-impact-sur-le-paysage-du-divertissement-en-france%2F HTTP/2" 200 1173 "https://farazshimi.ir/jeux-dargent-decouvrez-betify-et-son-impact-sur-le-paysage-du-divertissement-en-france/" "Mozilla/5.0 AppleWebKit/537.36 (KHTML, like Gecko; compatible; GPTBot/1.3; +https://openai.com/gptbot)"
74.7.227.56 - - [12/Mar/2026:16:05:47 +0330] "GET /wp-json/oembed/1.0/embed?url=https%3A%2F%2Ffarazshimi.ir%2Fcasino-en-ligne-prefere-jouez-instantanement-et-decouvrez-lexcitation%2F HTTP/2" 200 1164 "https://farazshimi.ir/casino-en-ligne-prefere-jouez-instantanement-et-decouvrez-lexcitation/" "Mozilla/5.0 AppleWebKit/537.36 (KHTML, like Gecko; compatible; GPTBot/1.3; +https://openai.com/gptbot)"
74.7.227.56 - - [12/Mar/2026:16:05:50 +0330] "GET /wp-json/oembed/1.0/embed?format=xml&url=https%3A%2F%2Ffarazshimi.ir%2Fcasino-echeck-un-guide-complet-avec-betify%2F HTTP/2" 200 1159 "https://farazshimi.ir/casino-echeck-un-guide-complet-avec-betify/" "Mozilla/5.0 AppleWebKit/537.36 (KHTML, like Gecko; compatible; GPTBot/1.3; +https://openai.com/gptbot)"
74.7.227.56 - - [12/Mar/2026:16:05:53 +0330] "GET /roulette-de-casino-en-ligne-decouvrez-betify-2/ HTTP/2" 200 28145 "https://farazshimi.ir/jeux-dargent-decouvrez-betify-et-son-impact-sur-le-paysage-du-divertissement-en-france/" "Mozilla/5.0 AppleWebKit/537.36 (KHTML, like Gecko; compatible; GPTBot/1.3; +https://openai.com/gptbot)"
74.7.227.56 - - [12/Mar/2026:16:05:56 +0330] "GET /casino-argent-reel-avec-bonus-sans-depot-instant-gagner-et-jouer/ HTTP/2" 200 27088 "https://farazshimi.ir/casino-en-ligne-prefere-jouez-instantanement-et-decouvrez-lexcitation/" "Mozilla/5.0 AppleWebKit/537.36 (KHTML, like Gecko; compatible; GPTBot/1.3; +https://openai.com/gptbot)"
74.7.227.56 - - [12/Mar/2026:16:05:59 +0330] "GET /bonus-de-bienvenue-casino-sans-depot-decouvrez-loco-win/instagram.com/farazshimialborz HTTP/2" 404 0 "https://farazshimi.ir/bonus-de-bienvenue-casino-sans-depot-decouvrez-loco-win/" "Mozilla/5.0 AppleWebKit/537.36 (KHTML, like Gecko; compatible; GPTBot/1.3; +https://openai.com/gptbot)"
74.7.227.56 - - [12/Mar/2026:16:06:02 +0330] "GET /offres-de-casino-live-avec-loco-win-decouvrez-les-meilleures-options-en-ligne/ HTTP/2" 200 27553 "https://farazshimi.ir/bonus-de-bienvenue-casino-sans-depot-decouvrez-loco-win/" "Mozilla/5.0 AppleWebKit/537.36 (KHTML, like Gecko; compatible; GPTBot/1.3; +https://openai.com/gptbot)"
74.7.227.56 - - [12/Mar/2026:16:06:06 +0330] "GET /jeux-dargent-instantanement-comprendre-le-monde-des-paris-en-ligne/989930062081 HTTP/2" 301 0 "https://farazshimi.ir/jeux-dargent-instantanement-comprendre-le-monde-des-paris-en-ligne/" "Mozilla/5.0 AppleWebKit/537.36 (KHTML, like Gecko; compatible; GPTBot/1.3; +https://openai.com/gptbot)"
74.7.227.56 - - [12/Mar/2026:16:06:06 +0330] "GET /jeux-dargent-instantanement-comprendre-le-monde-des-paris-en-ligne/ HTTP/2" 200 27696 "https://farazshimi.ir/jeux-dargent-instantanement-comprendre-le-monde-des-paris-en-ligne/989930062081" "Mozilla/5.0 AppleWebKit/537.36 (KHTML, like Gecko; compatible; GPTBot/1.3; +https://openai.com/gptbot)"
74.7.227.56 - - [12/Mar/2026:16:06:09 +0330] "GET /wp-json/wp/v2/posts/606 HTTP/2" 200 3376 "https://farazshimi.ir/jeux-dargent-instantanement-comprendre-le-monde-des-paris-en-ligne/" "Mozilla/5.0 AppleWebKit/537.36 (KHTML, like Gecko; compatible; GPTBot/1.3; +https://openai.com/gptbot)"
74.7.227.56 - - [12/Mar/2026:16:06:12 +0330] "GET /jeux-dargent-decouvrez-betify-et-son-impact-sur-le-paysage-du-divertissement-en-france/instagram.com/farazshimialborz HTTP/2" 404 0 "https://farazshimi.ir/jeux-dargent-decouvrez-betify-et-son-impact-sur-le-paysage-du-divertissement-en-france/" "Mozilla/5.0 AppleWebKit/537.36 (KHTML, like Gecko; compatible; GPTBot/1.3; +https://openai.com/gptbot)"
74.7.227.56 - - [12/Mar/2026:16:06:15 +0330] "GET /wp-json/wp/v2/posts/602 HTTP/2" 200 4019 "https://farazshimi.ir/casino-en-ligne-prefere-jouez-instantanement-et-decouvrez-lexcitation/" "Mozilla/5.0 AppleWebKit/537.36 (KHTML, like Gecko; compatible; GPTBot/1.3; +https://openai.com/gptbot)"
74.7.227.56 - - [12/Mar/2026:16:06:18 +0330] "GET /bonus-de-bienvenue-casino-sans-depot-decouvrez-loco-win/feed/ HTTP/2" 200 527 "https://farazshimi.ir/bonus-de-bienvenue-casino-sans-depot-decouvrez-loco-win/" "Mozilla/5.0 AppleWebKit/537.36 (KHTML, like Gecko; compatible; GPTBot/1.3; +https://openai.com/gptbot)"
74.7.227.56 - - [12/Mar/2026:16:06:21 +0330] "GET /jeux-dargent-decouvrez-betify-et-son-impact-sur-le-paysage-du-divertissement-en-france/feed/ HTTP/2" 200 554 "https://farazshimi.ir/jeux-dargent-decouvrez-betify-et-son-impact-sur-le-paysage-du-divertissement-en-france/" "Mozilla/5.0 AppleWebKit/537.36 (KHTML, like Gecko; compatible; GPTBot/1.3; +https://openai.com/gptbot)"
74.7.227.56 - - [12/Mar/2026:16:06:25 +0330] "GET /jeux-dargent-instantanement-comprendre-le-monde-des-paris-en-ligne/feed/ HTTP/2" 200 527 "https://farazshimi.ir/jeux-dargent-instantanement-comprendre-le-monde-des-paris-en-ligne/" "Mozilla/5.0 AppleWebKit/537.36 (KHTML, like Gecko; compatible; GPTBot/1.3; +https://openai.com/gptbot)"
74.7.227.56 - - [12/Mar/2026:16:06:28 +0330] "GET /application-de-casino-mobile-decouvrez-betify-pour-jouer-en-ligne/ HTTP/2" 200 27799 "https://farazshimi.ir/roulette-de-casino-en-ligne-decouvrez-betify-2/" "Mozilla/5.0 AppleWebKit/537.36 (KHTML, like Gecko; compatible; GPTBot/1.3; +https://openai.com/gptbot)"
74.7.227.56 - - [12/Mar/2026:16:06:31 +0330] "GET /roulette-de-casino-en-ligne-decouvrez-betify-2/instagram.com/farazshimialborz HTTP/2" 404 0 "https://farazshimi.ir/roulette-de-casino-en-ligne-decouvrez-betify-2/" "Mozilla/5.0 AppleWebKit/537.36 (KHTML, like Gecko; compatible; GPTBot/1.3; +https://openai.com/gptbot)"
74.7.227.56 - - [12/Mar/2026:16:06:35 +0330] "GET /roulette-de-casino-en-ligne-decouvrez-betify-2/989930062081 HTTP/2" 301 0 "https://farazshimi.ir/roulette-de-casino-en-ligne-decouvrez-betify-2/" "Mozilla/5.0 AppleWebKit/537.36 (KHTML, like Gecko; compatible; GPTBot/1.3; +https://openai.com/gptbot)"
74.7.227.56 - - [12/Mar/2026:16:06:35 +0330] "GET /roulette-de-casino-en-ligne-decouvrez-betify-2/ HTTP/2" 200 28145 "https://farazshimi.ir/roulette-de-casino-en-ligne-decouvrez-betify-2/989930062081" "Mozilla/5.0 AppleWebKit/537.36 (KHTML, like Gecko; compatible; GPTBot/1.3; +https://openai.com/gptbot)"
74.7.227.56 - - [12/Mar/2026:16:06:38 +0330] "GET /wp-json/wp/v2/posts/508 HTTP/2" 200 3841 "https://farazshimi.ir/roulette-de-casino-en-ligne-decouvrez-betify-2/" "Mozilla/5.0 AppleWebKit/537.36 (KHTML, like Gecko; compatible; GPTBot/1.3; +https://openai.com/gptbot)"
74.7.227.56 - - [12/Mar/2026:16:06:41 +0330] "GET /wp-json/wp/v2/posts/596 HTTP/2" 200 2810 "https://farazshimi.ir/casino-argent-reel-avec-bonus-sans-depot-instant-gagner-et-jouer/" "Mozilla/5.0 AppleWebKit/537.36 (KHTML, like Gecko; compatible; GPTBot/1.3; +https://openai.com/gptbot)"
66.249.65.105 - - [12/Mar/2026:16:06:44 +0330] "GET /market/crusher/1076237723.htm HTTP/1.1" 200 26864 "-" "Mozilla/5.0 (Linux; Android 6.0.1; Nexus 5X Build/MMB29P) AppleWebKit/537.36 (KHTML, like Gecko) Chrome/145.0.7632.116 Mobile Safari/537.36 (compatible; GoogleOther)"
74.7.227.56 - - [12/Mar/2026:16:06:44 +0330] "GET /wp-json/oembed/1.0/embed?format=xml&url=https%3A%2F%2Ffarazshimi.ir%2Froulette-de-casino-en-ligne-decouvrez-betify-2%2F HTTP/2" 200 1166 "https://farazshimi.ir/roulette-de-casino-en-ligne-decouvrez-betify-2/" "Mozilla/5.0 AppleWebKit/537.36 (KHTML, like Gecko; compatible; GPTBot/1.3; +https://openai.com/gptbot)"
74.7.227.56 - - [12/Mar/2026:16:06:47 +0330] "GET /wp-json/oembed/1.0/embed?format=xml&url=https%3A%2F%2Ffarazshimi.ir%2Foffres-de-casino-live-avec-loco-win-decouvrez-les-meilleures-options-en-ligne%2F HTTP/2" 200 1224 "https://farazshimi.ir/offres-de-casino-live-avec-loco-win-decouvrez-les-meilleures-options-en-ligne/" "Mozilla/5.0 AppleWebKit/537.36 (KHTML, like Gecko; compatible; GPTBot/1.3; +https://openai.com/gptbot)"
74.7.227.56 - - [12/Mar/2026:16:06:50 +0330] "GET /wp-json/oembed/1.0/embed?url=https%3A%2F%2Ffarazshimi.ir%2Fcasino-argent-reel-avec-bonus-sans-depot-instant-gagner-et-jouer%2F HTTP/2" 200 1160 "https://farazshimi.ir/casino-argent-reel-avec-bonus-sans-depot-instant-gagner-et-jouer/" "Mozilla/5.0 AppleWebKit/537.36 (KHTML, like Gecko; compatible; GPTBot/1.3; +https://openai.com/gptbot)"
74.7.227.56 - - [12/Mar/2026:16:06:53 +0330] "GET /?p=596 HTTP/2" 301 0 "https://farazshimi.ir/casino-argent-reel-avec-bonus-sans-depot-instant-gagner-et-jouer/" "Mozilla/5.0 AppleWebKit/537.36 (KHTML, like Gecko; compatible; GPTBot/1.3; +https://openai.com/gptbot)"
74.7.227.56 - - [12/Mar/2026:16:06:54 +0330] "GET /casino-argent-reel-avec-bonus-sans-depot-instant-gagner-et-jouer/ HTTP/2" 200 27088 "https://farazshimi.ir/?p=596" "Mozilla/5.0 AppleWebKit/537.36 (KHTML, like Gecko; compatible; GPTBot/1.3; +https://openai.com/gptbot)"
74.7.227.56 - - [12/Mar/2026:16:06:57 +0330] "GET /?p=508 HTTP/2" 301 0 "https://farazshimi.ir/roulette-de-casino-en-ligne-decouvrez-betify-2/" "Mozilla/5.0 AppleWebKit/537.36 (KHTML, like Gecko; compatible; GPTBot/1.3; +https://openai.com/gptbot)"
74.7.227.56 - - [12/Mar/2026:16:06:57 +0330] "GET /roulette-de-casino-en-ligne-decouvrez-betify-2/ HTTP/2" 200 28145 "https://farazshimi.ir/?p=508" "Mozilla/5.0 AppleWebKit/537.36 (KHTML, like Gecko; compatible; GPTBot/1.3; +https://openai.com/gptbot)"
74.7.227.56 - - [12/Mar/2026:16:07:00 +0330] "GET /?p=472 HTTP/2" 301 0 "https://farazshimi.ir/offres-de-casino-live-avec-loco-win-decouvrez-les-meilleures-options-en-ligne/" "Mozilla/5.0 AppleWebKit/537.36 (KHTML, like Gecko; compatible; GPTBot/1.3; +https://openai.com/gptbot)"
74.7.227.56 - - [12/Mar/2026:16:07:01 +0330] "GET /offres-de-casino-live-avec-loco-win-decouvrez-les-meilleures-options-en-ligne/ HTTP/2" 200 27553 "https://farazshimi.ir/?p=472" "Mozilla/5.0 AppleWebKit/537.36 (KHTML, like Gecko; compatible; GPTBot/1.3; +https://openai.com/gptbot)"
