217.182.195.225 - - [12/Mar/2026:19:04:41 +0330] "GET /category/%D8%A7%DB%8C%D9%86%D8%AA%D8%B1%D9%86%D8%AA/ HTTP/1.1" 200 24699 "-" "Mozilla/5.0 (compatible; MJ12bot/v1.4.8; http://mj12bot.com/)"
217.182.195.225 - - [12/Mar/2026:19:04:45 +0330] "GET /category/%D9%85%D9%82%D8%A7%D9%84%D8%A7%D8%AA/ HTTP/1.1" 200 25634 "-" "Mozilla/5.0 (compatible; MJ12bot/v1.4.8; http://mj12bot.com/)"
217.182.195.225 - - [12/Mar/2026:19:04:50 +0330] "GET /tag/%D8%B1%D9%88%D8%BA%D9%86-%D9%85%D8%A7%D8%B4%DB%8C%D9%86/feed/ HTTP/1.1" 200 2335 "-" "Mozilla/5.0 (compatible; MJ12bot/v1.4.8; http://mj12bot.com/)"
217.182.195.225 - - [12/Mar/2026:19:04:54 +0330] "GET /tag/%D8%B1%D9%88%D8%BA%D9%86-%DA%AF%DB%8C%D8%B1%D8%A8%D9%88%DA%A9%D8%B3/feed/ HTTP/1.1" 200 2349 "-" "Mozilla/5.0 (compatible; MJ12bot/v1.4.8; http://mj12bot.com/)"
217.182.195.225 - - [12/Mar/2026:19:04:58 +0330] "GET /tag/%D9%88%D8%A7%D8%B3%DA%A9%D8%A7%D8%B2%DB%8C%D9%86/feed/ HTTP/1.1" 200 1601 "-" "Mozilla/5.0 (compatible; MJ12bot/v1.4.8; http://mj12bot.com/)"
217.182.195.225 - - [12/Mar/2026:19:05:02 +0330] "GET /tag/%DA%AF%DB%8C%D8%B1%D8%A8%DA%A9%D8%B3/feed/ HTTP/1.1" 200 2897 "-" "Mozilla/5.0 (compatible; MJ12bot/v1.4.8; http://mj12bot.com/)"
217.182.195.225 - - [12/Mar/2026:19:05:07 +0330] "GET /tag/%DB%8C%D8%A7%D8%AA%D8%A7%D9%82%D8%A7%D9%86/feed/ HTTP/1.1" 200 2230 "-" "Mozilla/5.0 (compatible; MJ12bot/v1.4.8; http://mj12bot.com/)"
217.182.195.225 - - [12/Mar/2026:19:05:11 +0330] "GET /tag/%D8%B1%D9%88%D8%BA%D9%86-%D9%85%D8%A7%D8%B4%DB%8C%D9%86/ HTTP/1.1" 200 24742 "-" "Mozilla/5.0 (compatible; MJ12bot/v1.4.8; http://mj12bot.com/)"
217.182.195.225 - - [12/Mar/2026:19:05:15 +0330] "GET /tag/%D8%B1%D9%88%D8%BA%D9%86-%DA%AF%DB%8C%D8%B1%D8%A8%D9%88%DA%A9%D8%B3/ HTTP/1.1" 200 24798 "-" "Mozilla/5.0 (compatible; MJ12bot/v1.4.8; http://mj12bot.com/)"
217.182.195.225 - - [12/Mar/2026:19:05:19 +0330] "GET /tag/%D9%88%D8%A7%D8%B3%DA%A9%D8%A7%D8%B2%DB%8C%D9%86/ HTTP/1.1" 200 24661 "-" "Mozilla/5.0 (compatible; MJ12bot/v1.4.8; http://mj12bot.com/)"
217.182.195.225 - - [12/Mar/2026:19:05:23 +0330] "GET /tag/%DA%AF%DB%8C%D8%B1%D8%A8%DA%A9%D8%B3/ HTTP/1.1" 200 24652 "-" "Mozilla/5.0 (compatible; MJ12bot/v1.4.8; http://mj12bot.com/)"
217.182.195.225 - - [12/Mar/2026:19:05:27 +0330] "GET /tag/%DB%8C%D8%A7%D8%AA%D8%A7%D9%82%D8%A7%D9%86/ HTTP/1.1" 200 24777 "-" "Mozilla/5.0 (compatible; MJ12bot/v1.4.8; http://mj12bot.com/)"
162.55.240.80 - - [12/Mar/2026:18:56:22 +0330] "POST /wp-cron.php?doing_wp_cron=1773329182.5340900421142578125000 HTTP/1.1" 200 0 "-" "WordPress/6.9.4; https://farazshimi.ir"
212.192.252.77 - - [12/Mar/2026:18:56:22 +0330] "POST /xmlrpc.php HTTP/1.1" 200 360 "-" "The Incutio XML-RPC PHP Library -- WordPress/6.9.4"
162.55.240.80 - - [12/Mar/2026:18:56:34 +0330] "POST /wp-cron.php?doing_wp_cron=1773329194.4177310466766357421875 HTTP/1.1" 200 0 "-" "WordPress/6.9.4; https://farazshimi.ir"
212.192.252.77 - - [12/Mar/2026:18:56:45 +0330] "HEAD /casino-en-ligne-prefere-jouez-instantanement-et-decouvrez-lexcitation/ HTTP/1.1" 200 0 "-" "WordPress/6.9.4; https://dirilisantalya.com.tr"
66.249.76.163 - - [12/Mar/2026:18:58:32 +0330] "GET /market/versabilis/1065889328.htm HTTP/1.1" 200 28064 "-" "Mozilla/5.0 (Linux; Android 6.0.1; Nexus 5X Build/MMB29P) AppleWebKit/537.36 (KHTML, like Gecko) Chrome/145.0.7632.116 Mobile Safari/537.36 (compatible; GoogleOther)"
66.249.65.105 - - [12/Mar/2026:18:59:34 +0330] "GET /market/ejector/3035430967.htm HTTP/1.1" 200 26903 "-" "Mozilla/5.0 (Linux; Android 6.0.1; Nexus 5X Build/MMB29P) AppleWebKit/537.36 (KHTML, like Gecko) Chrome/145.0.7632.116 Mobile Safari/537.36 (compatible; GoogleOther)"
89.38.224.244 - - [12/Mar/2026:19:00:43 +0330] "POST /xmlrpc.php HTTP/1.1" 200 178 "-" "Mozilla/5.0 (Windows NT 10.0; Win64; x64) AppleWebKit/537.36 (KHTML, like Gecko) Chrome/114.0.0.0 Safari/537.36"
89.38.224.244 - - [12/Mar/2026:19:00:53 +0330] "GET /pick-added-bonus-within-signal-up-and-make-your-first-put-within-this-seven-days/ HTTP/1.1" 200 128502 "-" "Mozilla/5.0 (Windows NT 10.0; rv:109.0) Gecko/20100101 Firefox/115.0"
205.185.123.235 - - [12/Mar/2026:19:02:06 +0330] "GET /wp-login.php HTTP/1.1" 200 11614 "-" "Mozilla/5.0 (Macintosh; Intel Mac OS X 10_9_4) AppleWebKit/537.78.2 (KHTML, like Gecko) Version/7.0.6 Safari/537.78.2"
205.185.123.235 - - [12/Mar/2026:19:02:07 +0330] "POST /wp-login.php HTTP/1.1" 200 12156 "-" "Mozilla/5.0 (Macintosh; Intel Mac OS X 10_9_4) AppleWebKit/537.78.2 (KHTML, like Gecko) Version/7.0.6 Safari/537.78.2"
192.95.29.25 - - [12/Mar/2026:19:02:17 +0330] "HEAD /casino-argent-reel-avec-bonus-sans-depot-instant-gagner-et-jouer/ HTTP/1.1" 200 0 "https://farazshimi.ir/casino-argent-reel-avec-bonus-sans-depot-instant-gagner-et-jouer/" "WordPress/5.8.13; https://clinicasinapse.com"
198.244.183.227 - - [12/Mar/2026:19:02:37 +0330] "GET /market/young/2097169826.htm HTTP/2" 404 0 "-" "Mozilla/5.0 (compatible; AhrefsBot/7.0; +http://ahrefs.com/robot/)"
89.38.224.244 - - [12/Mar/2026:19:03:23 +0330] "POST /xmlrpc.php HTTP/1.1" 200 8598 "-" "Mozilla/5.0 (Windows NT 10.0; Win64; x64) AppleWebKit/537.36 (KHTML, like Gecko) Chrome/114.0.0.0 Safari/537.36"
89.38.224.244 - - [12/Mar/2026:19:03:23 +0330] "GET /you-dont-need-to-offer-people-cards-facts-with-the-gambling-enterprise-that-produces-purchases-both-faster-and-you-will-safer/ HTTP/1.1" 200 128347 "-" "Mozilla/5.0 (Windows NT 10.0; Win64; x64; rv:125.0) Gecko/20100101 Firefox/125.0"
162.55.240.80 - - [12/Mar/2026:19:05:49 +0330] "POST /wp-cron.php?doing_wp_cron=1773329749.5418729782104492187500 HTTP/1.1" 200 0 "-" "WordPress/6.9.4; https://farazshimi.ir"
89.38.224.244 - - [12/Mar/2026:19:05:55 +0330] "POST /xmlrpc.php HTTP/1.1" 200 8472 "-" "Mozilla/5.0 (Windows NT 10.0; Win64; x64) AppleWebKit/537.36 (KHTML, like Gecko) Chrome/114.0.0.0 Safari/537.36"
89.38.224.244 - - [12/Mar/2026:19:05:57 +0330] "GET /the-way-to-select-an-educated-and-most-reliable-on-the-internet-position-game/ HTTP/1.1" 200 127770 "-" "Mozilla/5.0 (Windows NT 10.0; Win64; x64) AppleWebKit/537.36 (KHTML, like Gecko) Chrome/124.0.0.0 Safari/537.36 Edg/124.0.0.0"
154.92.130.89 - - [12/Mar/2026:19:07:54 +0330] "POST /wp-login.php HTTP/1.1" 302 0 "https://farazshimi.ir/wp-admin/" "Mozilla/5.0 (Windows NT 10.0; Win64; x64) AppleWebKit/537.36 (KHTML, like Gecko) Chrome/90.0.4430.85 Safari/537.36"
162.55.240.80 - - [12/Mar/2026:19:07:55 +0330] "GET /wp-content/plugins/really-simple-ssl/ssl-test-page.php HTTP/1.1" 403 787 "-" "WordPress/6.9.4; https://farazshimi.ir"
162.55.240.80 - - [12/Mar/2026:19:07:55 +0330] "GET / HTTP/1.1" 200 40544 "-" "WordPress/6.9.4; https://farazshimi.ir"
154.92.130.89 - - [12/Mar/2026:19:07:55 +0330] "GET /wp-admin/ HTTP/1.1" 200 125226 "https://farazshimi.ir/wp-admin/" "Mozilla/5.0 (Windows NT 10.0; Win64; x64) AppleWebKit/537.36 (KHTML, like Gecko) Chrome/90.0.4430.85 Safari/537.36"
154.92.130.89 - - [12/Mar/2026:19:07:57 +0330] "GET /wp-admin/ HTTP/1.1" 200 125292 "www.google.com" "Mozilla/5.0 (Windows NT 10.0; Win64; x64) AppleWebKit/537.36 (KHTML, like Gecko) Chrome/90.0.4430.85 Safari/537.36"
154.92.130.89 - - [12/Mar/2026:19:07:58 +0330] "GET /wp-admin/plugin-install.php?tab=upload HTTP/1.1" 403 787 "www.google.com" "Mozilla/5.0 (Windows NT 10.0; Win64; x64) AppleWebKit/537.36 (KHTML, like Gecko) Chrome/90.0.4430.85 Safari/537.36"
154.92.130.89 - - [12/Mar/2026:19:07:58 +0330] "GET /wp-admin/theme-install.php?tab=upload HTTP/1.1" 403 787 "www.google.com" "Mozilla/5.0 (Windows NT 10.0; Win64; x64) AppleWebKit/537.36 (KHTML, like Gecko) Chrome/90.0.4430.85 Safari/537.36"
89.38.224.244 - - [12/Mar/2026:19:08:08 +0330] "POST /xmlrpc.php HTTP/1.1" 200 8905 "-" "Mozilla/5.0 (Windows NT 10.0; Win64; x64) AppleWebKit/537.36 (KHTML, like Gecko) Chrome/114.0.0.0 Safari/537.36"
66.249.76.164 - - [12/Mar/2026:19:08:37 +0330] "GET /market/spatting/2988492351.htm HTTP/1.1" 200 27285 "-" "Mozilla/5.0 (Linux; Android 6.0.1; Nexus 5X Build/MMB29P) AppleWebKit/537.36 (KHTML, like Gecko) Chrome/145.0.7632.116 Mobile Safari/537.36 (compatible; GoogleOther)"
154.92.130.89 - - [12/Mar/2026:19:08:41 +0330] "POST /wp-login.php HTTP/1.1" 302 0 "https://farazshimi.ir/wp-admin/" "Mozilla/5.0 (Windows NT 10.0; Win64; x64) AppleWebKit/537.36 (KHTML, like Gecko) Chrome/90.0.4430.85 Safari/537.36"
154.92.130.89 - - [12/Mar/2026:19:08:41 +0330] "GET /wp-admin/ HTTP/1.1" 200 125388 "https://farazshimi.ir/wp-admin/" "Mozilla/5.0 (Windows NT 10.0; Win64; x64) AppleWebKit/537.36 (KHTML, like Gecko) Chrome/90.0.4430.85 Safari/537.36"
154.92.130.89 - - [12/Mar/2026:19:08:43 +0330] "GET /wp-admin/ HTTP/1.1" 200 125388 "www.google.com" "Mozilla/5.0 (Windows NT 10.0; Win64; x64) AppleWebKit/537.36 (KHTML, like Gecko) Chrome/90.0.4430.85 Safari/537.36"
154.92.130.89 - - [12/Mar/2026:19:08:44 +0330] "GET /wp-admin/plugin-install.php?tab=upload HTTP/1.1" 403 787 "www.google.com" "Mozilla/5.0 (Windows NT 10.0; Win64; x64) AppleWebKit/537.36 (KHTML, like Gecko) Chrome/90.0.4430.85 Safari/537.36"
154.92.130.89 - - [12/Mar/2026:19:08:44 +0330] "GET /wp-admin/plugin-install.php?s=File+Manager&tab=search&type=term HTTP/1.1" 403 787 "www.google.com" "Mozilla/5.0 (Windows NT 10.0; Win64; x64) AppleWebKit/537.36 (KHTML, like Gecko) Chrome/90.0.4430.85 Safari/537.36"
154.92.130.89 - - [12/Mar/2026:19:08:44 +0330] "GET /wp-admin/theme-install.php?tab=upload HTTP/1.1" 403 787 "www.google.com" "Mozilla/5.0 (Windows NT 10.0; Win64; x64) AppleWebKit/537.36 (KHTML, like Gecko) Chrome/90.0.4430.85 Safari/537.36"
162.55.240.80 - - [12/Mar/2026:19:09:42 +0330] "POST /wp-cron.php?doing_wp_cron=1773329982.8936440944671630859375 HTTP/1.1" 200 0 "-" "WordPress/6.9.4; https://farazshimi.ir"
162.55.240.80 - - [12/Mar/2026:19:10:09 +0330] "POST /wp-cron.php?doing_wp_cron=1773330009.9673340320587158203125 HTTP/1.1" 200 0 "-" "WordPress/6.9.4; https://farazshimi.ir"
89.38.224.244 - - [12/Mar/2026:19:10:16 +0330] "GET /look-for-everything-you-need-to-learn-within-our-greatest-ports-guide/ HTTP/1.1" 200 127380 "-" "Mozilla/5.0 (Windows NT 10.0; Win64; x64; rv:125.0) Gecko/20100101 Firefox/125.0"
89.38.224.244 - - [12/Mar/2026:19:05:49 +0330] "POST /xmlrpc.php HTTP/1.1" 200 178 "-" "Mozilla/5.0 (Windows NT 10.0; Win64; x64) AppleWebKit/537.36 (KHTML, like Gecko) Chrome/114.0.0.0 Safari/537.36"
162.55.240.80 - - [12/Mar/2026:19:07:56 +0330] "GET /wp-content/uploads/code-execution.php HTTP/1.1" 403 787 "-" "WordPress/6.9.4; https://farazshimi.ir"
162.55.240.80 - - [12/Mar/2026:19:08:02 +0330] "POST /wp-cron.php?doing_wp_cron=1773329882.5311191082000732421875 HTTP/1.1" 200 0 "-" "WordPress/6.9.4; https://farazshimi.ir"
89.38.224.244 - - [12/Mar/2026:19:08:02 +0330] "POST /xmlrpc.php HTTP/1.1" 200 178 "-" "Mozilla/5.0 (Windows NT 10.0; Win64; x64) AppleWebKit/537.36 (KHTML, like Gecko) Chrome/114.0.0.0 Safari/537.36"
89.38.224.244 - - [12/Mar/2026:19:08:10 +0330] "GET /you-to-might-not-accept-is-as-true-however-washington-has-many-playing-attractions-one-receive-individuals-to-is-their-fortune/ HTTP/1.1" 200 128808 "-" "Mozilla/5.0 (Windows NT 10.0; Win64; x64) AppleWebKit/537.36 (KHTML, like Gecko) Chrome/122.0.0.0 Safari/537.36"
66.249.76.164 - - [12/Mar/2026:19:09:01 +0330] "GET /market/pheer/952841914.htm HTTP/1.1" 200 28298 "-" "Mozilla/5.0 (Linux; Android 6.0.1; Nexus 5X Build/MMB29P) AppleWebKit/537.36 (KHTML, like Gecko) Chrome/145.0.7632.116 Mobile Safari/537.36 (compatible; GoogleOther)"
216.73.216.145 - - [12/Mar/2026:19:09:42 +0330] "GET /machine-a-sous-demo-decouvrez-les-meilleures-options-sur-betify HTTP/2" 301 0 "-" "Mozilla/5.0 AppleWebKit/537.36 (KHTML, like Gecko; compatible; ClaudeBot/1.0; +claudebot@anthropic.com)"
216.73.216.145 - - [12/Mar/2026:19:09:42 +0330] "GET /machine-a-sous-demo-decouvrez-les-meilleures-options-sur-betify/ HTTP/2" 200 27536 "https://farazshimi.ir/machine-a-sous-demo-decouvrez-les-meilleures-options-sur-betify" "Mozilla/5.0 AppleWebKit/537.36 (KHTML, like Gecko; compatible; ClaudeBot/1.0; +claudebot@anthropic.com)"
89.38.224.244 - - [12/Mar/2026:19:10:09 +0330] "POST /xmlrpc.php HTTP/1.1" 200 178 "-" "Mozilla/5.0 (Windows NT 10.0; Win64; x64) AppleWebKit/537.36 (KHTML, like Gecko) Chrome/114.0.0.0 Safari/537.36"
89.38.224.244 - - [12/Mar/2026:19:10:15 +0330] "POST /xmlrpc.php HTTP/1.1" 200 8306 "-" "Mozilla/5.0 (Windows NT 10.0; Win64; x64) AppleWebKit/537.36 (KHTML, like Gecko) Chrome/114.0.0.0 Safari/537.36"
162.55.240.80 - - [12/Mar/2026:19:21:54 +0330] "POST /wp-cron.php?doing_wp_cron=1773330714.2339210510253906250000 HTTP/1.1" 200 0 "-" "WordPress/6.9.4; https://farazshimi.ir"
89.38.224.244 - - [12/Mar/2026:19:21:59 +0330] "POST /xmlrpc.php HTTP/1.1" 200 8952 "-" "Mozilla/5.0 (Windows NT 10.0; Win64; x64) AppleWebKit/537.36 (KHTML, like Gecko) Chrome/114.0.0.0 Safari/537.36"
162.55.240.80 - - [12/Mar/2026:19:24:31 +0330] "POST /wp-cron.php?doing_wp_cron=1773330871.7978301048278808593750 HTTP/1.1" 200 0 "-" "WordPress/6.9.4; https://farazshimi.ir"
198.244.226.91 - - [12/Mar/2026:19:24:30 +0330] "GET /market/terza/252973712.htm HTTP/2" 404 0 "-" "Mozilla/5.0 (compatible; AhrefsBot/7.0; +http://ahrefs.com/robot/)"
162.55.240.80 - - [12/Mar/2026:19:26:12 +0330] "POST /wp-cron.php?doing_wp_cron=1773330972.7012619972229003906250 HTTP/1.1" 200 0 "-" "WordPress/6.9.4; https://farazshimi.ir"
89.38.224.244 - - [12/Mar/2026:19:26:18 +0330] "POST /xmlrpc.php HTTP/1.1" 200 9660 "-" "Mozilla/5.0 (Windows NT 10.0; Win64; x64) AppleWebKit/537.36 (KHTML, like Gecko) Chrome/114.0.0.0 Safari/537.36"
89.38.224.244 - - [12/Mar/2026:19:26:18 +0330] "GET /plinko-jest-skutkiem-popularnego-programu-telewizyjnego-%EF%BF%BDthe-price-is-right%EF%BF%BD/ HTTP/1.1" 200 128935 "-" "Mozilla/5.0 (Windows NT 10.0; Win64; x64) AppleWebKit/537.36 (KHTML, like Gecko) Chrome/122.0.0.0 Safari/537.36"
66.249.76.164 - - [12/Mar/2026:19:26:37 +0330] "GET /market/quinizarin/2265915502.htm HTTP/1.1" 200 28482 "-" "Mozilla/5.0 (Linux; Android 6.0.1; Nexus 5X Build/MMB29P) AppleWebKit/537.36 (KHTML, like Gecko) Chrome/145.0.7632.116 Mobile Safari/537.36 (compatible; GoogleOther)"
162.55.240.80 - - [12/Mar/2026:19:15:05 +0330] "POST /wp-cron.php?doing_wp_cron=1773330305.8584609031677246093750 HTTP/1.1" 200 0 "-" "WordPress/6.9.4; https://farazshimi.ir"
198.244.183.226 - - [12/Mar/2026:19:15:05 +0330] "GET /market/unsluice/339420401.htm HTTP/2" 404 0 "-" "Mozilla/5.0 (compatible; AhrefsBot/7.0; +http://ahrefs.com/robot/)"
66.249.76.164 - - [12/Mar/2026:19:20:08 +0330] "GET /market/favaginous/22059670.htm HTTP/1.1" 200 27888 "-" "Mozilla/5.0 (Linux; Android 6.0.1; Nexus 5X Build/MMB29P) AppleWebKit/537.36 (KHTML, like Gecko) Chrome/145.0.7632.116 Mobile Safari/537.36 (compatible; GoogleOther)"
89.38.224.244 - - [12/Mar/2026:19:21:53 +0330] "POST /xmlrpc.php HTTP/1.1" 200 178 "-" "Mozilla/5.0 (Windows NT 10.0; Win64; x64) AppleWebKit/537.36 (KHTML, like Gecko) Chrome/114.0.0.0 Safari/537.36"
89.38.224.244 - - [12/Mar/2026:19:22:01 +0330] "GET /w-tym-poscie-przygotowalam-praktyczny-poradnikzawierajacy-sukienka-zapisz-sprawdzonych-kasyn-nazwa-wskazowki-i-mozesz-cenne-informacje/ HTTP/1.1" 200 128932 "-" "Mozilla/5.0 (Windows NT 10.0; Win64; x64) AppleWebKit/537.36 (KHTML, like Gecko) Chrome/123.0.0.0 Safari/537.36 OPR/109.0.0.0"
89.38.224.244 - - [12/Mar/2026:19:26:12 +0330] "POST /xmlrpc.php HTTP/1.1" 200 178 "-" "Mozilla/5.0 (Windows NT 10.0; Win64; x64) AppleWebKit/537.36 (KHTML, like Gecko) Chrome/114.0.0.0 Safari/537.36"
66.249.65.96 - - [12/Mar/2026:19:29:32 +0330] "GET /market/stultified/4256731854.htm HTTP/1.1" 200 30757 "-" "Mozilla/5.0 (Linux; Android 6.0.1; Nexus 5X Build/MMB29P) AppleWebKit/537.36 (KHTML, like Gecko) Chrome/145.0.7632.116 Mobile Safari/537.36 (compatible; Googlebot/2.1; +http://www.google.com/bot.html)"
66.249.65.97 - - [12/Mar/2026:19:31:19 +0330] "GET /market/xanthochroic/3549348885.htm HTTP/1.1" 200 27408 "-" "Mozilla/5.0 (Linux; Android 6.0.1; Nexus 5X Build/MMB29P) AppleWebKit/537.36 (KHTML, like Gecko) Chrome/145.0.7632.116 Mobile Safari/537.36 (compatible; Googlebot/2.1; +http://www.google.com/bot.html)"
66.249.65.96 - - [12/Mar/2026:19:32:36 +0330] "GET /market/housemaster/1905719715.htm HTTP/1.1" 200 27088 "-" "Mozilla/5.0 (Linux; Android 6.0.1; Nexus 5X Build/MMB29P) AppleWebKit/537.36 (KHTML, like Gecko) Chrome/145.0.7632.116 Mobile Safari/537.36 (compatible; Googlebot/2.1; +http://www.google.com/bot.html)"
66.249.76.164 - - [12/Mar/2026:19:34:58 +0330] "GET /market/exercising/1284082548.htm HTTP/1.1" 200 27659 "-" "Mozilla/5.0 (Linux; Android 6.0.1; Nexus 5X Build/MMB29P) AppleWebKit/537.36 (KHTML, like Gecko) Chrome/145.0.7632.116 Mobile Safari/537.36 (compatible; GoogleOther)"
66.249.76.163 - - [12/Mar/2026:19:35:13 +0330] "GET /market/pelisse/1332347683.htm HTTP/1.1" 200 29398 "-" "Mozilla/5.0 (Linux; Android 6.0.1; Nexus 5X Build/MMB29P) AppleWebKit/537.36 (KHTML, like Gecko) Chrome/145.0.7632.116 Mobile Safari/537.36 (compatible; Googlebot/2.1; +http://www.google.com/bot.html)"
66.249.76.162 - - [12/Mar/2026:19:36:08 +0330] "GET /market/finitely/3521021200.htm HTTP/1.1" 200 27302 "-" "Mozilla/5.0 (Linux; Android 6.0.1; Nexus 5X Build/MMB29P) AppleWebKit/537.36 (KHTML, like Gecko) Chrome/145.0.7632.116 Mobile Safari/537.36 (compatible; Googlebot/2.1; +http://www.google.com/bot.html)"
162.55.240.80 - - [12/Mar/2026:19:36:24 +0330] "POST /wp-cron.php?doing_wp_cron=1773331584.5946309566497802734375 HTTP/1.1" 200 0 "-" "WordPress/6.9.4; https://farazshimi.ir"
176.110.111.32 - - [12/Mar/2026:19:37:22 +0330] "POST /xmlrpc.php HTTP/1.1" 200 249 "-" "Mozilla/5.0 (Windows NT 10.0) AppleWebKit/537.43 (KHTML, like Gecko) Chrome/140.0.0.0 Safari/537.36 OPR/124.0.0.0"
66.249.76.164 - - [12/Mar/2026:19:37:25 +0330] "GET /market/versabilis/1065889328.htm HTTP/1.1" 200 28064 "-" "Mozilla/5.0 (Linux; Android 6.0.1; Nexus 5X Build/MMB29P) AppleWebKit/537.36 (KHTML, like Gecko) Chrome/145.0.7632.116 Mobile Safari/537.36 (compatible; Googlebot/2.1; +http://www.google.com/bot.html)"
66.249.65.105 - - [12/Mar/2026:19:37:32 +0330] "GET /market/ejector/3035430967.htm HTTP/1.1" 200 26903 "-" "Mozilla/5.0 (Linux; Android 6.0.1; Nexus 5X Build/MMB29P) AppleWebKit/537.36 (KHTML, like Gecko) Chrome/145.0.7632.116 Mobile Safari/537.36 (compatible; Googlebot/2.1; +http://www.google.com/bot.html)"
162.55.240.80 - - [12/Mar/2026:19:37:54 +0330] "POST /wp-cron.php?doing_wp_cron=1773331674.8024768829345703125000 HTTP/1.1" 200 0 "-" "WordPress/6.9.4; https://farazshimi.ir"
89.38.224.244 - - [12/Mar/2026:19:38:00 +0330] "GET /pariaza-la-cele-mai-populare-case-din-jocuri-de-noroc-telecomanda-cu-privire-la-romania/ HTTP/1.1" 200 129708 "-" "Mozilla/5.0 (Windows NT 10.0; Win64; x64) AppleWebKit/537.36 (KHTML, like Gecko) Chrome/124.0.0.0 Safari/537.36 Edg/124.0.0.0"
66.249.76.164 - - [12/Mar/2026:19:38:13 +0330] "GET /market/spatting/2988492351.htm HTTP/1.1" 200 27285 "-" "Mozilla/5.0 (Linux; Android 6.0.1; Nexus 5X Build/MMB29P) AppleWebKit/537.36 (KHTML, like Gecko) Chrome/145.0.7632.116 Mobile Safari/537.36 (compatible; Googlebot/2.1; +http://www.google.com/bot.html)"
66.249.65.96 - - [12/Mar/2026:19:38:17 +0330] "GET /market/pheer/952841914.htm HTTP/1.1" 200 28298 "-" "Mozilla/5.0 (Linux; Android 6.0.1; Nexus 5X Build/MMB29P) AppleWebKit/537.36 (KHTML, like Gecko) Chrome/145.0.7632.116 Mobile Safari/537.36 (compatible; Googlebot/2.1; +http://www.google.com/bot.html)"
95.217.38.155 - - [12/Mar/2026:19:41:53 +0330] "POST /xmlrpc.php HTTP/1.1" 200 249 "-" "Mozilla/5.0 (Windows NT 10.0; Win64; x64) AppleWebKit/537.36 (KHTML, like Gecko) Chrome/141.0.0.0 Safari/537.36 Edg/141.0.0.0"
89.38.224.244 - - [12/Mar/2026:19:41:58 +0330] "POST /xmlrpc.php HTTP/1.1" 200 178 "-" "Mozilla/5.0 (Windows NT 10.0; Win64; x64) AppleWebKit/537.36 (KHTML, like Gecko) Chrome/114.0.0.0 Safari/537.36"
89.38.224.244 - - [12/Mar/2026:19:42:08 +0330] "GET /mecanica-jocurilor-din-mancare-care-au-rng-ii-bila-neta-sa-i-testezi-strategiile-i-abordarile-de-action/ HTTP/1.1" 200 127861 "-" "Mozilla/5.0 (Windows NT 10.0; Win64; x64; rv:124.0) Gecko/20100101 Firefox/124.0"
198.244.240.81 - - [12/Mar/2026:19:42:12 +0330] "GET /market/laconize/3837752326.htm HTTP/2" 404 0 "-" "Mozilla/5.0 (compatible; AhrefsBot/7.0; +http://ahrefs.com/robot/)"
5.39.65.19 - - [12/Mar/2026:19:43:42 +0330] "POST /xmlrpc.php HTTP/1.1" 200 249 "-" "Mozilla/5.0 (Windows NT 10.0) AppleWebKit/537.43 (KHTML, like Gecko) Chrome/134.0.0.0 Safari/537.36 OPR/119.0.0.0"
162.55.240.80 - - [12/Mar/2026:19:44:37 +0330] "POST /wp-cron.php?doing_wp_cron=1773332077.7588789463043212890625 HTTP/1.1" 200 0 "-" "WordPress/6.9.4; https://farazshimi.ir"
89.38.224.244 - - [12/Mar/2026:19:44:43 +0330] "POST /xmlrpc.php HTTP/1.1" 200 8784 "-" "Mozilla/5.0 (Windows NT 10.0; Win64; x64) AppleWebKit/537.36 (KHTML, like Gecko) Chrome/114.0.0.0 Safari/537.36"
66.249.65.105 - - [12/Mar/2026:19:29:43 +0330] "GET /market/munch/3541357779.htm HTTP/1.1" 200 27264 "-" "Mozilla/5.0 (Linux; Android 6.0.1; Nexus 5X Build/MMB29P) AppleWebKit/537.36 (KHTML, like Gecko) Chrome/145.0.7632.116 Mobile Safari/537.36 (compatible; Googlebot/2.1; +http://www.google.com/bot.html)"
66.249.65.105 - - [12/Mar/2026:19:30:20 +0330] "GET /market/persuadedly/3539554105.htm HTTP/1.1" 200 27132 "-" "Mozilla/5.0 (Linux; Android 6.0.1; Nexus 5X Build/MMB29P) AppleWebKit/537.36 (KHTML, like Gecko) Chrome/145.0.7632.116 Mobile Safari/537.36 (compatible; Googlebot/2.1; +http://www.google.com/bot.html)"
66.249.76.162 - - [12/Mar/2026:19:30:57 +0330] "GET /market/minter/80578114.htm HTTP/1.1" 200 28198 "-" "Mozilla/5.0 (Linux; Android 6.0.1; Nexus 5X Build/MMB29P) AppleWebKit/537.36 (KHTML, like Gecko) Chrome/145.0.7632.116 Mobile Safari/537.36 (compatible; Googlebot/2.1; +http://www.google.com/bot.html)"
66.249.65.96 - - [12/Mar/2026:19:31:15 +0330] "GET /market/beady/3595253263.htm HTTP/1.1" 200 28176 "-" "Mozilla/5.0 (Linux; Android 6.0.1; Nexus 5X Build/MMB29P) AppleWebKit/537.36 (KHTML, like Gecko) Chrome/145.0.7632.116 Mobile Safari/537.36 (compatible; Googlebot/2.1; +http://www.google.com/bot.html)"
162.55.240.80 - - [12/Mar/2026:19:33:59 +0330] "POST /wp-cron.php?doing_wp_cron=1773331439.2843770980834960937500 HTTP/1.1" 200 0 "-" "WordPress/6.9.4; https://farazshimi.ir"
54.38.147.215 - - [12/Mar/2026:19:33:58 +0330] "GET /market/palatable/2613390211.htm HTTP/2" 404 0 "-" "Mozilla/5.0 (compatible; AhrefsBot/7.0; +http://ahrefs.com/robot/)"
66.249.76.164 - - [12/Mar/2026:19:35:10 +0330] "GET /market/thumbbird/3557644248.htm HTTP/1.1" 200 28536 "-" "Mozilla/5.0 (Linux; Android 6.0.1; Nexus 5X Build/MMB29P) AppleWebKit/537.36 (KHTML, like Gecko) Chrome/145.0.7632.116 Mobile Safari/537.36 (compatible; Googlebot/2.1; +http://www.google.com/bot.html)"
66.249.76.163 - - [12/Mar/2026:19:35:18 +0330] "GET /market/reascension/3858436813.htm HTTP/1.1" 200 27820 "-" "Mozilla/5.0 (Linux; Android 6.0.1; Nexus 5X Build/MMB29P) AppleWebKit/537.36 (KHTML, like Gecko) Chrome/145.0.7632.116 Mobile Safari/537.36 (compatible; Googlebot/2.1; +http://www.google.com/bot.html)"
209.141.45.17 - - [12/Mar/2026:19:36:24 +0330] "GET /wp-login.php HTTP/1.1" 200 11614 "-" "Mozilla/5.0 (compatible; MSIE 9.0; Windows NT 6.1; Trident/5.0)"
209.141.45.17 - - [12/Mar/2026:19:36:24 +0330] "POST /wp-login.php HTTP/1.1" 200 12156 "-" "Mozilla/5.0 (compatible; MSIE 9.0; Windows NT 6.1; Trident/5.0)"
89.38.224.244 - - [12/Mar/2026:19:37:54 +0330] "POST /xmlrpc.php HTTP/1.1" 200 178 "-" "Mozilla/5.0 (Windows NT 10.0; Win64; x64) AppleWebKit/537.36 (KHTML, like Gecko) Chrome/114.0.0.0 Safari/537.36"
89.38.224.244 - - [12/Mar/2026:19:38:00 +0330] "POST /xmlrpc.php HTTP/1.1" 200 10870 "-" "Mozilla/5.0 (Windows NT 10.0; Win64; x64) AppleWebKit/537.36 (KHTML, like Gecko) Chrome/114.0.0.0 Safari/537.36"
162.55.240.80 - - [12/Mar/2026:19:41:54 +0330] "POST /wp-cron.php?doing_wp_cron=1773331914.1582789421081542968750 HTTP/1.1" 200 0 "-" "WordPress/6.9.4; https://farazshimi.ir"
162.55.240.80 - - [12/Mar/2026:19:41:59 +0330] "POST /wp-cron.php?doing_wp_cron=1773331919.0109028816223144531250 HTTP/1.1" 200 0 "-" "WordPress/6.9.4; https://farazshimi.ir"
89.38.224.244 - - [12/Mar/2026:19:42:05 +0330] "POST /xmlrpc.php HTTP/1.1" 200 8456 "-" "Mozilla/5.0 (Windows NT 10.0; Win64; x64) AppleWebKit/537.36 (KHTML, like Gecko) Chrome/114.0.0.0 Safari/537.36"
89.38.224.244 - - [12/Mar/2026:19:44:37 +0330] "POST /xmlrpc.php HTTP/1.1" 200 178 "-" "Mozilla/5.0 (Windows NT 10.0; Win64; x64) AppleWebKit/537.36 (KHTML, like Gecko) Chrome/114.0.0.0 Safari/537.36"
89.38.224.244 - - [12/Mar/2026:19:44:44 +0330] "GET /ramanei-pe-sprinturile-zilnice-daca-va-plac-antrenamentele-scurte/ HTTP/1.1" 200 127788 "-" "Mozilla/5.0 (Windows NT 10.0; Win64; x64) AppleWebKit/537.36 (KHTML, like Gecko) Chrome/123.0.0.0 Safari/537.36"
51.103.25.59 - - [12/Mar/2026:19:50:35 +0330] "POST /wp-content/plugins/contact-1772477384/parsers/home-1772477387.php HTTP/2" 403 787 "-" "Mozilla/5.0 (Macintosh; Intel Mac OS X 10_15_7) AppleWebKit/537.36 (KHTML, like Gecko) Chrome/120.0.0.0 Safari/537.36"
198.244.183.165 - - [12/Mar/2026:19:50:39 +0330] "GET /market/kinesiatrics/851427435.htm HTTP/2" 404 0 "-" "Mozilla/5.0 (compatible; AhrefsBot/7.0; +http://ahrefs.com/robot/)"
66.249.65.96 - - [12/Mar/2026:19:56:54 +0330] "GET /market/misavize/2778101006.htm HTTP/1.1" 200 28403 "-" "Mozilla/5.0 (Linux; Android 6.0.1; Nexus 5X Build/MMB29P) AppleWebKit/537.36 (KHTML, like Gecko) Chrome/145.0.7632.116 Mobile Safari/537.36 (compatible; GoogleOther)"
51.195.183.217 - - [12/Mar/2026:19:59:42 +0330] "GET /market/isodynamic/1200437231.htm HTTP/2" 404 0 "-" "Mozilla/5.0 (compatible; AhrefsBot/7.0; +http://ahrefs.com/robot/)"
162.55.240.80 - - [12/Mar/2026:19:47:02 +0330] "POST /wp-cron.php?doing_wp_cron=1773332222.2853500843048095703125 HTTP/1.1" 200 0 "-" "WordPress/6.9.4; https://farazshimi.ir"
89.38.224.244 - - [12/Mar/2026:19:47:01 +0330] "POST /xmlrpc.php HTTP/1.1" 200 178 "-" "Mozilla/5.0 (Windows NT 10.0; Win64; x64) AppleWebKit/537.36 (KHTML, like Gecko) Chrome/114.0.0.0 Safari/537.36"
89.38.224.244 - - [12/Mar/2026:19:47:08 +0330] "POST /xmlrpc.php HTTP/1.1" 200 8753 "-" "Mozilla/5.0 (Windows NT 10.0; Win64; x64) AppleWebKit/537.36 (KHTML, like Gecko) Chrome/114.0.0.0 Safari/537.36"
89.38.224.244 - - [12/Mar/2026:19:47:10 +0330] "GET /google-play-get-aplicaiile-de-jocuri-de-noroc-i-pentru-cazino-jocurile-care-au-dealeri-reali/ HTTP/1.1" 200 127815 "-" "Mozilla/5.0 (Windows NT 10.0; rv:125.0) Gecko/20100101 Firefox/125.0"
162.55.240.80 - - [12/Mar/2026:19:49:43 +0330] "POST /wp-cron.php?doing_wp_cron=1773332383.7322020530700683593750 HTTP/1.1" 200 0 "-" "WordPress/6.9.4; https://farazshimi.ir"
64.182.127.140 - - [12/Mar/2026:19:49:42 +0330] "POST / HTTP/2" 200 40553 "-" "Mozilla/5.0 (Linux; Android 12; Pixel 6) AppleWebKit/537.36 (KHTML, like Gecko) Chrome/99.0.4844.58 Mobile Safari/537.36"
64.182.127.140 - - [12/Mar/2026:19:50:06 +0330] "POST / HTTP/2" 200 40609 "-" "Mozilla/5.0 (Windows NT 10.0; Win64; x64) AppleWebKit/537.36 (KHTML, like Gecko) Chrome/110.0.0.0 Safari/537.36"
64.182.127.140 - - [12/Mar/2026:19:52:21 +0330] "POST /wp-content/plugins/revslider/admin/assets/images/sources/purchase.php HTTP/2" 403 787 "-" "Mozilla/5.0 (Macintosh; Intel Mac OS X 10_15_7) AppleWebKit/605.1.15 (KHTML, like Gecko) Version/15.3 Safari/605.1.15"
162.55.240.80 - - [12/Mar/2026:19:59:13 +0330] "POST /wp-cron.php?doing_wp_cron=1773332952.9477050304412841796875 HTTP/1.1" 200 0 "-" "WordPress/6.9.4; https://farazshimi.ir"
104.248.33.228 - - [12/Mar/2026:19:59:12 +0330] "POST /xmlrpc.php HTTP/1.1" 200 249 "-" "Mozilla/5.0 (Windows NT 10.0; Win64; x64) AppleWebKit/537.43 (KHTML, like Gecko) Chrome/137.0.0.0 Safari/537.36 OPR/121.0.0.0"
162.55.240.80 - - [12/Mar/2026:20:06:52 +0330] "POST /wp-cron.php?doing_wp_cron=1773333412.8949511051177978515625 HTTP/1.1" 200 0 "-" "WordPress/6.9.4; https://farazshimi.ir"
66.249.76.164 - - [12/Mar/2026:20:07:52 +0330] "GET /market/effloresced/697007659.htm HTTP/1.1" 200 27570 "-" "Mozilla/5.0 (Linux; Android 6.0.1; Nexus 5X Build/MMB29P) AppleWebKit/537.36 (KHTML, like Gecko) Chrome/145.0.7632.116 Mobile Safari/537.36 (compatible; GoogleOther)"
198.244.183.254 - - [12/Mar/2026:20:08:50 +0330] "GET /market/indigitating/2091368939.htm HTTP/2" 404 0 "-" "Mozilla/5.0 (compatible; AhrefsBot/7.0; +http://ahrefs.com/robot/)"
216.73.216.145 - - [12/Mar/2026:20:10:14 +0330] "GET /robots.txt HTTP/2" 200 79 "-" "Mozilla/5.0 AppleWebKit/537.36 (KHTML, like Gecko; compatible; ClaudeBot/1.0; +claudebot@anthropic.com)"
162.55.240.80 - - [12/Mar/2026:20:10:15 +0330] "POST /wp-cron.php?doing_wp_cron=1773333615.8620090484619140625000 HTTP/1.1" 200 0 "-" "WordPress/6.9.4; https://farazshimi.ir"
216.73.216.145 - - [12/Mar/2026:20:10:15 +0330] "GET /crypto-casino-sans-kyc-instantaneite-et-avantages HTTP/2" 301 0 "-" "Mozilla/5.0 AppleWebKit/537.36 (KHTML, like Gecko; compatible; ClaudeBot/1.0; +claudebot@anthropic.com)"
216.73.216.145 - - [12/Mar/2026:20:10:16 +0330] "GET /crypto-casino-sans-kyc-instantaneite-et-avantages/ HTTP/2" 200 27816 "https://farazshimi.ir/crypto-casino-sans-kyc-instantaneite-et-avantages" "Mozilla/5.0 AppleWebKit/537.36 (KHTML, like Gecko; compatible; ClaudeBot/1.0; +claudebot@anthropic.com)"
209.141.44.63 - - [12/Mar/2026:20:12:26 +0330] "GET /wp-login.php HTTP/1.1" 200 11614 "-" "Mozilla/5.0 (Macintosh; Intel Mac OS X 10_9_4) AppleWebKit/537.78.2 (KHTML, like Gecko) Version/7.0.6 Safari/537.78.2"
209.141.44.63 - - [12/Mar/2026:20:12:27 +0330] "POST /wp-login.php HTTP/1.1" 200 12156 "-" "Mozilla/5.0 (Macintosh; Intel Mac OS X 10_9_4) AppleWebKit/537.78.2 (KHTML, like Gecko) Version/7.0.6 Safari/537.78.2"
34.230.220.241 - - [12/Mar/2026:20:13:23 +0330] "GET / HTTP/1.1" 301 0 "-" "Mozilla/5.0 (X11; Linux x86_64) AppleWebKit/537.36 (KHTML, like Gecko) Chrome/116.0.0.0 Safari/537.36"
34.230.220.241 - - [12/Mar/2026:20:13:24 +0330] "GET / HTTP/1.1" 200 40558 "-" "Mozilla/5.0 (X11; Linux x86_64) AppleWebKit/537.36 (KHTML, like Gecko) Chrome/116.0.0.0 Safari/537.36"
66.249.76.162 - - [12/Mar/2026:20:14:41 +0330] "GET /market/decode/159467452.htm HTTP/1.1" 200 27860 "-" "Mozilla/5.0 (Linux; Android 6.0.1; Nexus 5X Build/MMB29P) AppleWebKit/537.36 (KHTML, like Gecko) Chrome/145.0.7632.116 Mobile Safari/537.36 (compatible; GoogleOther)"
57.141.18.37 - - [12/Mar/2026:20:16:40 +0330] "GET /offres-de-casino-live-avec-loco-win-decouvrez-les-meilleures-options-en-ligne/ HTTP/2" 200 130240 "-" "meta-externalagent/1.1 (+https://developers.facebook.com/docs/sharing/webmasters/crawler)"
198.244.168.24 - - [12/Mar/2026:20:18:02 +0330] "GET /market/hexastich/2319352586.htm HTTP/2" 404 0 "-" "Mozilla/5.0 (compatible; AhrefsBot/7.0; +http://ahrefs.com/robot/)"
64.182.127.140 - - [12/Mar/2026:20:06:51 +0330] "GET / HTTP/2" 200 40608 "-" "Mozilla/5.0 (Macintosh; Intel Mac OS X 10_15_7) AppleWebKit/605.1.15 (KHTML, like Gecko) Version/15.5 Safari/605.1.15"
162.55.240.80 - - [12/Mar/2026:20:16:41 +0330] "POST /wp-cron.php?doing_wp_cron=1773334001.1131689548492431640625 HTTP/1.1" 200 0 "-" "WordPress/6.9.4; https://farazshimi.ir"
162.55.240.80 - - [12/Mar/2026:20:19:41 +0330] "POST /wp-cron.php?doing_wp_cron=1773334181.5472979545593261718750 HTTP/1.1" 200 0 "-" "WordPress/6.9.4; https://farazshimi.ir"
162.241.49.35 - - [12/Mar/2026:20:19:47 +0330] "POST / HTTP/2" 200 40572 "-" "Mozilla/5.0 (Windows NT 10.0; Win64; x64) AppleWebKit/537.36 (KHTML, like Gecko) Chrome/104.0.0.0 Safari/537.36"
57.141.18.13 - - [12/Mar/2026:20:19:59 +0330] "GET /rdv%d9%82%db%8c%d8%b1/ HTTP/2" 200 116863 "-" "meta-externalagent/1.1 (+https://developers.facebook.com/docs/sharing/webmasters/crawler)"
162.55.240.80 - - [12/Mar/2026:20:26:34 +0330] "POST /wp-cron.php?doing_wp_cron=1773334594.2048668861389160156250 HTTP/1.1" 200 0 "-" "WordPress/6.9.4; https://farazshimi.ir"
51.195.215.145 - - [12/Mar/2026:20:26:33 +0330] "GET /market/healing/2741929191.htm HTTP/2" 404 0 "-" "Mozilla/5.0 (compatible; AhrefsBot/7.0; +http://ahrefs.com/robot/)"
216.73.216.145 - - [12/Mar/2026:20:26:51 +0330] "GET /technology HTTP/2" 301 0 "-" "Mozilla/5.0 AppleWebKit/537.36 (KHTML, like Gecko; compatible; ClaudeBot/1.0; +claudebot@anthropic.com)"
216.73.216.145 - - [12/Mar/2026:20:26:52 +0330] "GET /technology/ HTTP/2" 200 26023 "https://farazshimi.ir/technology" "Mozilla/5.0 AppleWebKit/537.36 (KHTML, like Gecko; compatible; ClaudeBot/1.0; +claudebot@anthropic.com)"
216.73.216.145 - - [12/Mar/2026:20:26:54 +0330] "GET /range HTTP/2" 301 0 "-" "Mozilla/5.0 AppleWebKit/537.36 (KHTML, like Gecko; compatible; ClaudeBot/1.0; +claudebot@anthropic.com)"
216.73.216.145 - - [12/Mar/2026:20:26:54 +0330] "GET /range/ HTTP/2" 200 25174 "https://farazshimi.ir/range" "Mozilla/5.0 AppleWebKit/537.36 (KHTML, like Gecko; compatible; ClaudeBot/1.0; +claudebot@anthropic.com)"
57.141.18.35 - - [12/Mar/2026:20:28:33 +0330] "GET /news/ HTTP/2" 200 115888 "-" "meta-externalagent/1.1 (+https://developers.facebook.com/docs/sharing/webmasters/crawler)"
216.73.216.145 - - [12/Mar/2026:20:28:48 +0330] "GET /contact HTTP/2" 301 0 "-" "Mozilla/5.0 AppleWebKit/537.36 (KHTML, like Gecko; compatible; ClaudeBot/1.0; +claudebot@anthropic.com)"
216.73.216.145 - - [12/Mar/2026:20:28:49 +0330] "GET /contact/ HTTP/2" 200 25286 "https://farazshimi.ir/contact" "Mozilla/5.0 AppleWebKit/537.36 (KHTML, like Gecko; compatible; ClaudeBot/1.0; +claudebot@anthropic.com)"
216.73.216.145 - - [12/Mar/2026:20:28:53 +0330] "GET /news HTTP/2" 301 0 "-" "Mozilla/5.0 AppleWebKit/537.36 (KHTML, like Gecko; compatible; ClaudeBot/1.0; +claudebot@anthropic.com)"
216.73.216.145 - - [12/Mar/2026:20:28:54 +0330] "GET /news/ HTTP/2" 200 23302 "https://farazshimi.ir/news" "Mozilla/5.0 AppleWebKit/537.36 (KHTML, like Gecko; compatible; ClaudeBot/1.0; +claudebot@anthropic.com)"
216.73.216.145 - - [12/Mar/2026:20:29:24 +0330] "GET /machines HTTP/2" 301 0 "-" "Mozilla/5.0 AppleWebKit/537.36 (KHTML, like Gecko; compatible; ClaudeBot/1.0; +claudebot@anthropic.com)"
216.73.216.145 - - [12/Mar/2026:20:29:24 +0330] "GET /machines/ HTTP/2" 200 25081 "https://farazshimi.ir/machines" "Mozilla/5.0 AppleWebKit/537.36 (KHTML, like Gecko; compatible; ClaudeBot/1.0; +claudebot@anthropic.com)"
57.141.18.80 - - [12/Mar/2026:20:29:37 +0330] "GET /wp-json/oembed/1.0/embed?url=https%3A%2F%2Ffarazshimi.ir%2Fnews%2F HTTP/2" 200 2339 "-" "meta-externalagent/1.1 (+https://developers.facebook.com/docs/sharing/webmasters/crawler)"
216.73.216.145 - - [12/Mar/2026:20:30:50 +0330] "GET /contact-and-support HTTP/2" 301 0 "-" "Mozilla/5.0 AppleWebKit/537.36 (KHTML, like Gecko; compatible; ClaudeBot/1.0; +claudebot@anthropic.com)"
216.73.216.145 - - [12/Mar/2026:20:30:51 +0330] "GET /contact-and-support/ HTTP/2" 200 26583 "https://farazshimi.ir/contact-and-support" "Mozilla/5.0 AppleWebKit/537.36 (KHTML, like Gecko; compatible; ClaudeBot/1.0; +claudebot@anthropic.com)"
216.73.216.145 - - [12/Mar/2026:20:30:57 +0330] "GET /?p=496 HTTP/2" 301 0 "-" "Mozilla/5.0 AppleWebKit/537.36 (KHTML, like Gecko; compatible; ClaudeBot/1.0; +claudebot@anthropic.com)"
216.73.216.145 - - [12/Mar/2026:20:30:57 +0330] "GET /casino-avec-croupier-en-direct-decouvrez-lexperience-unique-de-betify/ HTTP/2" 200 28127 "https://farazshimi.ir/?p=496" "Mozilla/5.0 AppleWebKit/537.36 (KHTML, like Gecko; compatible; ClaudeBot/1.0; +claudebot@anthropic.com)"
216.73.216.145 - - [12/Mar/2026:20:31:03 +0330] "GET /where-to-buy HTTP/2" 301 0 "-" "Mozilla/5.0 AppleWebKit/537.36 (KHTML, like Gecko; compatible; ClaudeBot/1.0; +claudebot@anthropic.com)"
216.73.216.145 - - [12/Mar/2026:20:31:04 +0330] "GET /where-to-buy/ HTTP/2" 200 24984 "https://farazshimi.ir/where-to-buy" "Mozilla/5.0 AppleWebKit/537.36 (KHTML, like Gecko; compatible; ClaudeBot/1.0; +claudebot@anthropic.com)"
216.73.216.145 - - [12/Mar/2026:20:31:56 +0330] "GET /rdv%d9%82%db%8c%d8%b1 HTTP/2" 301 0 "-" "Mozilla/5.0 AppleWebKit/537.36 (KHTML, like Gecko; compatible; ClaudeBot/1.0; +claudebot@anthropic.com)"
216.73.216.145 - - [12/Mar/2026:20:31:57 +0330] "GET /rdv%d9%82%db%8c%d8%b1/ HTTP/2" 200 23527 "https://farazshimi.ir/rdv%d9%82%db%8c%d8%b1" "Mozilla/5.0 AppleWebKit/537.36 (KHTML, like Gecko; compatible; ClaudeBot/1.0; +claudebot@anthropic.com)"
216.73.216.145 - - [12/Mar/2026:20:32:15 +0330] "GET /%d8%af%d9%88%d8%af%d9%87-2 HTTP/2" 301 0 "-" "Mozilla/5.0 AppleWebKit/537.36 (KHTML, like Gecko; compatible; ClaudeBot/1.0; +claudebot@anthropic.com)"
216.73.216.145 - - [12/Mar/2026:20:32:16 +0330] "GET /%d8%af%d9%88%d8%af%d9%87-2/ HTTP/2" 200 23813 "https://farazshimi.ir/%d8%af%d9%88%d8%af%d9%87-2" "Mozilla/5.0 AppleWebKit/537.36 (KHTML, like Gecko; compatible; ClaudeBot/1.0; +claudebot@anthropic.com)"
216.73.216.145 - - [12/Mar/2026:20:32:20 +0330] "GET /roulette-de-casino-en-ligne-decouvrez-betify HTTP/2" 301 0 "-" "Mozilla/5.0 AppleWebKit/537.36 (KHTML, like Gecko; compatible; ClaudeBot/1.0; +claudebot@anthropic.com)"
216.73.216.145 - - [12/Mar/2026:20:32:21 +0330] "GET /roulette-de-casino-en-ligne-decouvrez-betify/ HTTP/2" 200 27770 "https://farazshimi.ir/roulette-de-casino-en-ligne-decouvrez-betify" "Mozilla/5.0 AppleWebKit/537.36 (KHTML, like Gecko; compatible; ClaudeBot/1.0; +claudebot@anthropic.com)"
66.249.65.97 - - [12/Mar/2026:20:32:38 +0330] "GET /market/sheatfish/1990504992.htm HTTP/1.1" 200 27186 "-" "Mozilla/5.0 (Linux; Android 6.0.1; Nexus 5X Build/MMB29P) AppleWebKit/537.36 (KHTML, like Gecko) Chrome/145.0.7632.116 Mobile Safari/537.36 (compatible; GoogleOther)"
216.73.216.145 - - [12/Mar/2026:20:32:42 +0330] "GET /casino-avec-croupier-en-direct-decouvrez-lexperience-unique-de-betify/feed HTTP/2" 301 0 "-" "Mozilla/5.0 AppleWebKit/537.36 (KHTML, like Gecko; compatible; ClaudeBot/1.0; +claudebot@anthropic.com)"
216.73.216.145 - - [12/Mar/2026:20:32:43 +0330] "GET /casino-avec-croupier-en-direct-decouvrez-lexperience-unique-de-betify/feed/ HTTP/2" 200 540 "https://farazshimi.ir/casino-avec-croupier-en-direct-decouvrez-lexperience-unique-de-betify/feed" "Mozilla/5.0 AppleWebKit/537.36 (KHTML, like Gecko; compatible; ClaudeBot/1.0; +claudebot@anthropic.com)"
57.141.18.82 - - [12/Mar/2026:20:33:12 +0330] "GET /range/989930062081 HTTP/2" 301 0 "-" "meta-externalagent/1.1 (+https://developers.facebook.com/docs/sharing/webmasters/crawler)"
57.141.18.39 - - [12/Mar/2026:20:33:19 +0330] "GET /company/ HTTP/2" 200 129197 "-" "meta-externalagent/1.1 (+https://developers.facebook.com/docs/sharing/webmasters/crawler)"
216.73.216.145 - - [12/Mar/2026:20:34:17 +0330] "GET /casino-avec-croupier-en-direct-decouvrez-lexperience-unique-de-betify/instagram.com/farazshimialborz HTTP/2" 404 0 "-" "Mozilla/5.0 AppleWebKit/537.36 (KHTML, like Gecko; compatible; ClaudeBot/1.0; +claudebot@anthropic.com)"
57.141.18.6 - - [12/Mar/2026:20:34:49 +0330] "GET /company/instagram.com/farazshimialborz HTTP/2" 404 0 "-" "meta-externalagent/1.1 (+https://developers.facebook.com/docs/sharing/webmasters/crawler)"
57.141.18.25 - - [12/Mar/2026:20:19:40 +0330] "GET /range/ HTTP/2" 200 133422 "-" "meta-externalagent/1.1 (+https://developers.facebook.com/docs/sharing/webmasters/crawler)"
64.182.127.140 - - [12/Mar/2026:20:20:09 +0330] "POST / HTTP/2" 200 40455 "-" "Mozilla/5.0 (Windows NT 10.0; Win64; x64) AppleWebKit/537.36 (KHTML, like Gecko) Chrome/110.0.0.0 Safari/537.36"
66.249.76.162 - - [12/Mar/2026:20:20:45 +0330] "GET /market/moodily/2321492391.htm HTTP/1.1" 200 27706 "-" "Mozilla/5.0 (Linux; Android 6.0.1; Nexus 5X Build/MMB29P) AppleWebKit/537.36 (KHTML, like Gecko) Chrome/145.0.7632.116 Mobile Safari/537.36 (compatible; GoogleOther)"
216.73.216.145 - - [12/Mar/2026:20:27:33 +0330] "GET /services HTTP/2" 301 0 "-" "Mozilla/5.0 AppleWebKit/537.36 (KHTML, like Gecko; compatible; ClaudeBot/1.0; +claudebot@anthropic.com)"
216.73.216.145 - - [12/Mar/2026:20:27:33 +0330] "GET /services/ HTTP/2" 200 25747 "https://farazshimi.ir/services" "Mozilla/5.0 AppleWebKit/537.36 (KHTML, like Gecko; compatible; ClaudeBot/1.0; +claudebot@anthropic.com)"
162.55.240.80 - - [12/Mar/2026:20:29:24 +0330] "POST /wp-cron.php?doing_wp_cron=1773334764.7478659152984619140625 HTTP/1.1" 200 0 "-" "WordPress/6.9.4; https://farazshimi.ir"
216.73.216.145 - - [12/Mar/2026:20:30:20 +0330] "GET /company HTTP/2" 301 0 "-" "Mozilla/5.0 AppleWebKit/537.36 (KHTML, like Gecko; compatible; ClaudeBot/1.0; +claudebot@anthropic.com)"
216.73.216.145 - - [12/Mar/2026:20:30:20 +0330] "GET /company/ HTTP/2" 200 25710 "https://farazshimi.ir/company" "Mozilla/5.0 AppleWebKit/537.36 (KHTML, like Gecko; compatible; ClaudeBot/1.0; +claudebot@anthropic.com)"
216.73.216.145 - - [12/Mar/2026:20:33:34 +0330] "GET /%d8%b1%d9%88%d8%ba%d9%86-%d9%84%d8%a7%d8%b3%d8%aa%db%8c%da%a9 HTTP/2" 301 0 "-" "Mozilla/5.0 AppleWebKit/537.36 (KHTML, like Gecko; compatible; ClaudeBot/1.0; +claudebot@anthropic.com)"
216.73.216.145 - - [12/Mar/2026:20:33:35 +0330] "GET /%d8%b1%d9%88%d8%ba%d9%86-%d9%84%d8%a7%d8%b3%d8%aa%db%8c%da%a9/ HTTP/2" 200 26548 "https://farazshimi.ir/%d8%b1%d9%88%d8%ba%d9%86-%d9%84%d8%a7%d8%b3%d8%aa%db%8c%da%a9" "Mozilla/5.0 AppleWebKit/537.36 (KHTML, like Gecko; compatible; ClaudeBot/1.0; +claudebot@anthropic.com)"
57.141.18.34 - - [12/Mar/2026:20:33:41 +0330] "GET /wp-json/oembed/1.0/embed?url=https%3A%2F%2Ffarazshimi.ir%2Fcompany%2F HTTP/2" 200 2327 "-" "meta-externalagent/1.1 (+https://developers.facebook.com/docs/sharing/webmasters/crawler)"
216.73.216.145 - - [12/Mar/2026:20:33:44 +0330] "GET /casino-avec-croupier-en-direct-decouvrez-lexperience-unique-de-betify/989930062081 HTTP/2" 301 0 "-" "Mozilla/5.0 AppleWebKit/537.36 (KHTML, like Gecko; compatible; ClaudeBot/1.0; +claudebot@anthropic.com)"
216.73.216.145 - - [12/Mar/2026:20:33:45 +0330] "GET /casino-avec-croupier-en-direct-decouvrez-lexperience-unique-de-betify/ HTTP/2" 200 28127 "https://farazshimi.ir/casino-avec-croupier-en-direct-decouvrez-lexperience-unique-de-betify/989930062081" "Mozilla/5.0 AppleWebKit/537.36 (KHTML, like Gecko; compatible; ClaudeBot/1.0; +claudebot@anthropic.com)"
57.141.18.98 - - [12/Mar/2026:20:33:48 +0330] "GET /home/ HTTP/2" 200 146919 "-" "meta-externalagent/1.1 (+https://developers.facebook.com/docs/sharing/webmasters/crawler)"
162.55.240.80 - - [12/Mar/2026:20:34:09 +0330] "POST /wp-cron.php?doing_wp_cron=1773335049.7820188999176025390625 HTTP/1.1" 200 0 "-" "WordPress/6.9.4; https://farazshimi.ir"
57.141.18.40 - - [12/Mar/2026:20:34:08 +0330] "GET /%d8%af%d9%88%d8%af%d9%87-2/ HTTP/2" 200 117855 "-" "meta-externalagent/1.1 (+https://developers.facebook.com/docs/sharing/webmasters/crawler)"
57.141.18.46 - - [12/Mar/2026:20:34:21 +0330] "GET /services/ HTTP/2" 200 132048 "-" "meta-externalagent/1.1 (+https://developers.facebook.com/docs/sharing/webmasters/crawler)"
57.141.18.103 - - [12/Mar/2026:20:35:14 +0330] "GET /contact-and-support/ HTTP/2" 200 130037 "-" "meta-externalagent/1.1 (+https://developers.facebook.com/docs/sharing/webmasters/crawler)"
216.73.216.145 - - [12/Mar/2026:20:35:02 +0330] "GET /for-every-single-reputation-examines-the-center-features-online-game-offerings-extra-formations-commission-options-and-you-may-commitment-to-athlete-help-and-you-may-responsible-playing HTTP/2" 301 0 "-" "Mozilla/5.0 AppleWebKit/537.36 (KHTML, like Gecko; compatible; ClaudeBot/1.0; +claudebot@anthropic.com)"
216.73.216.145 - - [12/Mar/2026:20:35:02 +0330] "GET /for-every-single-reputation-examines-the-center-features-online-game-offerings-extra-formations-commission-options-and-you-may-commitment-to-athlete-help-and-you-may-responsible-playing/ HTTP/2" 200 27946 "https://farazshimi.ir/for-every-single-reputation-examines-the-center-features-online-game-offerings-extra-formations-commission-options-and-you-may-commitment-to-athlete-help-and-you-may-responsible-playing" "Mozilla/5.0 AppleWebKit/537.36 (KHTML, like Gecko; compatible; ClaudeBot/1.0; +claudebot@anthropic.com)"
216.73.216.145 - - [12/Mar/2026:20:35:11 +0330] "GET /author/admlnlx HTTP/2" 301 0 "-" "Mozilla/5.0 AppleWebKit/537.36 (KHTML, like Gecko; compatible; ClaudeBot/1.0; +claudebot@anthropic.com)"
216.73.216.145 - - [12/Mar/2026:20:35:12 +0330] "GET /author/admlnlx/ HTTP/2" 200 25165 "https://farazshimi.ir/author/admlnlx" "Mozilla/5.0 AppleWebKit/537.36 (KHTML, like Gecko; compatible; ClaudeBot/1.0; +claudebot@anthropic.com)"
51.195.183.210 - - [12/Mar/2026:20:35:29 +0330] "GET /market/haytian/1015063249.htm HTTP/2" 404 0 "-" "Mozilla/5.0 (compatible; AhrefsBot/7.0; +http://ahrefs.com/robot/)"
216.73.216.145 - - [12/Mar/2026:20:35:33 +0330] "GET /home HTTP/2" 301 0 "-" "Mozilla/5.0 AppleWebKit/537.36 (KHTML, like Gecko; compatible; ClaudeBot/1.0; +claudebot@anthropic.com)"
216.73.216.145 - - [12/Mar/2026:20:35:34 +0330] "GET /home/ HTTP/2" 200 28763 "https://farazshimi.ir/home" "Mozilla/5.0 AppleWebKit/537.36 (KHTML, like Gecko; compatible; ClaudeBot/1.0; +claudebot@anthropic.com)"
57.141.18.58 - - [12/Mar/2026:20:35:35 +0330] "GET /?p=43 HTTP/2" 301 0 "-" "meta-externalagent/1.1 (+https://developers.facebook.com/docs/sharing/webmasters/crawler)"
57.141.18.27 - - [12/Mar/2026:20:35:37 +0330] "GET /contact-and-support/989930062081 HTTP/2" 301 0 "-" "meta-externalagent/1.1 (+https://developers.facebook.com/docs/sharing/webmasters/crawler)"
57.141.18.22 - - [12/Mar/2026:20:37:07 +0330] "GET /%d8%b1%d9%88%d8%ba%d9%86-%d9%84%d8%a7%d8%b3%d8%aa%db%8c%da%a9/ HTTP/2" 200 134547 "-" "meta-externalagent/1.1 (+https://developers.facebook.com/docs/sharing/webmasters/crawler)"
57.141.18.12 - - [12/Mar/2026:20:37:48 +0330] "GET /?p=37 HTTP/2" 301 0 "-" "meta-externalagent/1.1 (+https://developers.facebook.com/docs/sharing/webmasters/crawler)"
57.141.18.51 - - [12/Mar/2026:20:38:21 +0330] "GET /technology/ HTTP/2" 200 134280 "-" "meta-externalagent/1.1 (+https://developers.facebook.com/docs/sharing/webmasters/crawler)"
57.141.18.63 - - [12/Mar/2026:20:38:42 +0330] "GET /wp-json/oembed/1.0/embed?url=https%3A%2F%2Ffarazshimi.ir%2Ftechnology%2F HTTP/2" 200 2291 "-" "meta-externalagent/1.1 (+https://developers.facebook.com/docs/sharing/webmasters/crawler)"
57.141.18.22 - - [12/Mar/2026:20:38:43 +0330] "GET /news/instagram.com/farazshimialborz HTTP/2" 404 0 "-" "meta-externalagent/1.1 (+https://developers.facebook.com/docs/sharing/webmasters/crawler)"
162.55.240.80 - - [12/Mar/2026:20:39:43 +0330] "POST /wp-cron.php?doing_wp_cron=1773335383.4327709674835205078125 HTTP/1.1" 200 0 "-" "WordPress/6.9.4; https://farazshimi.ir"
57.141.18.5 - - [12/Mar/2026:20:39:42 +0330] "GET /contact/989930062081 HTTP/2" 301 0 "-" "meta-externalagent/1.1 (+https://developers.facebook.com/docs/sharing/webmasters/crawler)"
59.125.102.226 - - [12/Mar/2026:20:39:48 +0330] "POST /xmlrpc.php HTTP/1.1" 200 249 "-" "Mozilla/5.0 (Windows NT 10.0) AppleWebKit/537.36 (KHTML, like Gecko) Chrome/140.0.0.0 Safari/537.36"
57.141.18.56 - - [12/Mar/2026:20:40:08 +0330] "GET /ramanei-pe-sprinturile-zilnice-daca-va-plac-antrenamentele-scurte/ HTTP/2" 200 128537 "-" "meta-externalagent/1.1 (+https://developers.facebook.com/docs/sharing/webmasters/crawler)"
57.141.18.25 - - [12/Mar/2026:20:40:22 +0330] "GET /author/admlnlx/ HTTP/2" 200 127997 "-" "meta-externalagent/1.1 (+https://developers.facebook.com/docs/sharing/webmasters/crawler)"
57.141.18.100 - - [12/Mar/2026:20:40:56 +0330] "GET /wp-json/wp/v2/pages/43 HTTP/2" 200 1542 "-" "meta-externalagent/1.1 (+https://developers.facebook.com/docs/sharing/webmasters/crawler)"
57.141.18.117 - - [12/Mar/2026:20:41:45 +0330] "GET /google-play-get-aplicaiile-de-jocuri-de-noroc-i-pentru-cazino-jocurile-care-au-dealeri-reali/instagram.com/farazshimialborz HTTP/2" 404 0 "-" "meta-externalagent/1.1 (+https://developers.facebook.com/docs/sharing/webmasters/crawler)"
57.141.18.123 - - [12/Mar/2026:20:41:46 +0330] "GET /?p=720 HTTP/2" 301 0 "-" "meta-externalagent/1.1 (+https://developers.facebook.com/docs/sharing/webmasters/crawler)"
162.55.240.80 - - [12/Mar/2026:20:44:16 +0330] "POST /wp-cron.php?doing_wp_cron=1773335656.9474139213562011718750 HTTP/1.1" 200 0 "-" "WordPress/6.9.4; https://farazshimi.ir"
57.141.18.59 - - [12/Mar/2026:20:36:00 +0330] "GET /?p=9 HTTP/2" 301 0 "-" "meta-externalagent/1.1 (+https://developers.facebook.com/docs/sharing/webmasters/crawler)"
57.141.18.81 - - [12/Mar/2026:20:36:45 +0330] "GET /machines/ HTTP/2" 200 132676 "-" "meta-externalagent/1.1 (+https://developers.facebook.com/docs/sharing/webmasters/crawler)"
57.141.18.71 - - [12/Mar/2026:20:37:07 +0330] "GET /machines/feed/ HTTP/2" 200 780 "-" "meta-externalagent/1.1 (+https://developers.facebook.com/docs/sharing/webmasters/crawler)"
57.141.18.97 - - [12/Mar/2026:20:38:40 +0330] "GET /contact/ HTTP/2" 200 124904 "-" "meta-externalagent/1.1 (+https://developers.facebook.com/docs/sharing/webmasters/crawler)"
57.141.18.72 - - [12/Mar/2026:20:39:47 +0330] "GET /google-play-get-aplicaiile-de-jocuri-de-noroc-i-pentru-cazino-jocurile-care-au-dealeri-reali/ HTTP/2" 200 127821 "-" "meta-externalagent/1.1 (+https://developers.facebook.com/docs/sharing/webmasters/crawler)"
57.141.18.106 - - [12/Mar/2026:20:40:37 +0330] "GET /wp-json/oembed/1.0/embed?url=https%3A%2F%2Ffarazshimi.ir%2Fcontact%2F HTTP/2" 200 2561 "-" "meta-externalagent/1.1 (+https://developers.facebook.com/docs/sharing/webmasters/crawler)"
57.141.18.101 - - [12/Mar/2026:20:42:08 +0330] "GET /wp-json/oembed/1.0/embed?url=https%3A%2F%2Ffarazshimi.ir%2Fmachines%2F HTTP/2" 200 2434 "-" "meta-externalagent/1.1 (+https://developers.facebook.com/docs/sharing/webmasters/crawler)"
57.141.18.100 - - [12/Mar/2026:20:42:20 +0330] "GET /?p=11 HTTP/2" 301 0 "-" "meta-externalagent/1.1 (+https://developers.facebook.com/docs/sharing/webmasters/crawler)"
57.141.18.17 - - [12/Mar/2026:20:42:26 +0330] "GET /?p=246 HTTP/2" 301 0 "-" "meta-externalagent/1.1 (+https://developers.facebook.com/docs/sharing/webmasters/crawler)"
66.249.65.105 - - [12/Mar/2026:20:42:47 +0330] "GET /market/stigmata/1964376037.htm HTTP/1.1" 200 26956 "-" "Mozilla/5.0 (Linux; Android 6.0.1; Nexus 5X Build/MMB29P) AppleWebKit/537.36 (KHTML, like Gecko) Chrome/145.0.7632.116 Mobile Safari/537.36 (compatible; GoogleOther)"
