4.205.20.132 - - [12/Mar/2026:23:48:46 +0330] "GET /wp-admin/autoload_classmap.php HTTP/1.1" 302 0 "-" "Mozilla/5.0 (Windows NT 10.0; Win64; x64) AppleWebKit/537.36 (KHTML, like Gecko) Chrome/120.0.0.0 Safari/537.36"
4.205.20.132 - - [12/Mar/2026:23:48:47 +0330] "GET /wp-content/languages/index.php HTTP/1.1" 301 0 "-" "Mozilla/5.0 (Windows NT 10.0; Win64; x64) AppleWebKit/537.36 (KHTML, like Gecko) Chrome/120.0.0.0 Safari/537.36"
4.205.20.132 - - [12/Mar/2026:23:48:47 +0330] "GET /wp-admin/css/colors/ocean/about.php HTTP/1.1" 302 0 "-" "Mozilla/5.0 (Windows NT 10.0; Win64; x64) AppleWebKit/537.36 (KHTML, like Gecko) Chrome/120.0.0.0 Safari/537.36"
4.205.20.132 - - [12/Mar/2026:23:48:48 +0330] "GET /wp-includes/Text/about.php HTTP/1.1" 404 0 "-" "Mozilla/5.0 (Windows NT 10.0; Win64; x64) AppleWebKit/537.36 (KHTML, like Gecko) Chrome/120.0.0.0 Safari/537.36"
4.205.20.132 - - [12/Mar/2026:23:48:49 +0330] "GET /wp-includes/pomo/about.php HTTP/1.1" 404 0 "-" "Mozilla/5.0 (Windows NT 10.0; Win64; x64) AppleWebKit/537.36 (KHTML, like Gecko) Chrome/120.0.0.0 Safari/537.36"
4.205.20.132 - - [12/Mar/2026:23:48:49 +0330] "GET /plugins.php HTTP/1.1" 404 0 "-" "Mozilla/5.0 (Windows NT 10.0; Win64; x64) AppleWebKit/537.36 (KHTML, like Gecko) Chrome/120.0.0.0 Safari/537.36"
4.205.20.132 - - [12/Mar/2026:23:48:50 +0330] "GET /wp-includes/SimplePie/index.php HTTP/1.1" 301 0 "-" "Mozilla/5.0 (Windows NT 10.0; Win64; x64) AppleWebKit/537.36 (KHTML, like Gecko) Chrome/120.0.0.0 Safari/537.36"
4.205.20.132 - - [12/Mar/2026:23:48:51 +0330] "GET /wp-admin/index.php HTTP/1.1" 302 0 "-" "Mozilla/5.0 (Windows NT 10.0; Win64; x64) AppleWebKit/537.36 (KHTML, like Gecko) Chrome/120.0.0.0 Safari/537.36"
4.205.20.132 - - [12/Mar/2026:23:48:51 +0330] "GET /wp-includes/ID3/index.php HTTP/1.1" 301 0 "-" "Mozilla/5.0 (Windows NT 10.0; Win64; x64) AppleWebKit/537.36 (KHTML, like Gecko) Chrome/120.0.0.0 Safari/537.36"
4.205.20.132 - - [12/Mar/2026:23:48:52 +0330] "GET /.well-known/acme-challenge/index.php HTTP/1.1" 301 0 "-" "Mozilla/5.0 (Windows NT 10.0; Win64; x64) AppleWebKit/537.36 (KHTML, like Gecko) Chrome/120.0.0.0 Safari/537.36"
4.205.20.132 - - [12/Mar/2026:23:48:53 +0330] "GET /radio.php HTTP/1.1" 404 0 "-" "Mozilla/5.0 (Windows NT 10.0; Win64; x64) AppleWebKit/537.36 (KHTML, like Gecko) Chrome/120.0.0.0 Safari/537.36"
4.205.20.132 - - [12/Mar/2026:23:48:54 +0330] "GET /wp-includes/css/index.php HTTP/1.1" 301 0 "-" "Mozilla/5.0 (Windows NT 10.0; Win64; x64) AppleWebKit/537.36 (KHTML, like Gecko) Chrome/120.0.0.0 Safari/537.36"
4.205.20.132 - - [12/Mar/2026:23:48:54 +0330] "GET /index/function.php HTTP/1.1" 404 0 "-" "Mozilla/5.0 (Windows NT 10.0; Win64; x64) AppleWebKit/537.36 (KHTML, like Gecko) Chrome/120.0.0.0 Safari/537.36"
4.205.20.132 - - [12/Mar/2026:23:48:55 +0330] "GET /wp-includes/js/codemirror/ HTTP/1.1" 200 1131 "-" "Mozilla/5.0 (Windows NT 10.0; Win64; x64) AppleWebKit/537.36 (KHTML, like Gecko) Chrome/120.0.0.0 Safari/537.36"
4.205.20.132 - - [12/Mar/2026:23:48:55 +0330] "GET /wp-content/themes/seotheme/mar.php HTTP/1.1" 404 0 "-" "Mozilla/5.0 (Windows NT 10.0; Win64; x64) AppleWebKit/537.36 (KHTML, like Gecko) Chrome/120.0.0.0 Safari/537.36"
4.205.20.132 - - [12/Mar/2026:23:48:56 +0330] "GET /wp-includes/ HTTP/1.1" 200 9541 "-" "Mozilla/5.0 (Windows NT 10.0; Win64; x64) AppleWebKit/537.36 (KHTML, like Gecko) Chrome/120.0.0.0 Safari/537.36"
4.205.20.132 - - [12/Mar/2026:23:48:56 +0330] "GET /about/function.php HTTP/1.1" 404 0 "-" "Mozilla/5.0 (Windows NT 10.0; Win64; x64) AppleWebKit/537.36 (KHTML, like Gecko) Chrome/120.0.0.0 Safari/537.36"
4.205.20.132 - - [12/Mar/2026:23:48:57 +0330] "GET /wp-includes/sitemaps/providers/ HTTP/1.1" 200 726 "-" "Mozilla/5.0 (Windows NT 10.0; Win64; x64) AppleWebKit/537.36 (KHTML, like Gecko) Chrome/120.0.0.0 Safari/537.36"
220.239.74.60 - - [12/Mar/2026:23:42:12 +0330] "POST /xmlrpc.php HTTP/1.1" 200 426 "-" "Mozilla/5.0 (Linux; Android 10; arm64) AppleWebKit/537.36 (KHTML, like Gecko) Opera/66.0.0.0 Safari/537.36"
103.116.141.210 - - [12/Mar/2026:23:42:45 +0330] "POST /xmlrpc.php HTTP/1.1" 200 426 "-" "Mozilla/5.0 (Linux; Android 10; arm64) AppleWebKit/537.36 (KHTML, like Gecko) Opera/69.0.0.0 Safari/537.36"
220.239.74.60 - - [12/Mar/2026:23:43:42 +0330] "POST /xmlrpc.php HTTP/1.1" 200 426 "-" "Mozilla/5.0 (Macintosh; Intel Mac OS X 10_15_7; x64) AppleWebKit/537.36 (KHTML, like Gecko) Chrome/82.0.0.0 Safari/537.36"
103.116.141.210 - - [12/Mar/2026:23:43:51 +0330] "POST /xmlrpc.php HTTP/1.1" 200 426 "-" "Mozilla/5.0 (Windows NT 6.2; x86) AppleWebKit/537.36 (KHTML, like Gecko) Opera/77.0.0.0 Safari/537.36"
66.249.65.105 - - [12/Mar/2026:23:44:21 +0330] "GET /bonusy-pri-pervom-depozite-dlia-novykh-igrokov-kazino HTTP/1.1" 200 28893 "-" "Mozilla/5.0 (Linux; Android 6.0.1; Nexus 5X Build/MMB29P) AppleWebKit/537.36 (KHTML, like Gecko) Chrome/145.0.7632.116 Mobile Safari/537.36 (compatible; Googlebot/2.1; +http://www.google.com/bot.html)"
103.116.141.210 - - [12/Mar/2026:23:44:48 +0330] "POST /xmlrpc.php HTTP/1.1" 200 426 "-" "Mozilla/5.0 (Windows NT 6.2; arm64) AppleWebKit/537.36 (KHTML, like Gecko) Chrome/81.0.0.0 Safari/537.36"
220.239.74.60 - - [12/Mar/2026:23:46:43 +0330] "POST /xmlrpc.php HTTP/1.1" 200 426 "-" "Mozilla/5.0 (Windows NT 6.3; arm64) AppleWebKit/537.36 (KHTML, like Gecko) Safari/11.0.0.0 Safari/537.36"
216.73.216.145 - - [12/Mar/2026:23:47:15 +0330] "GET /casino-avec-depot-minimum-de-1-e-decouvrez-le-casino-leon/instagram.com/farazshimialborz HTTP/2" 404 0 "-" "Mozilla/5.0 AppleWebKit/537.36 (KHTML, like Gecko; compatible; ClaudeBot/1.0; +claudebot@anthropic.com)"
216.73.216.145 - - [12/Mar/2026:23:47:18 +0330] "GET /casino-avec-depot-minimum-de-1-e-decouvrez-le-casino-leon/feed HTTP/2" 301 0 "-" "Mozilla/5.0 AppleWebKit/537.36 (KHTML, like Gecko; compatible; ClaudeBot/1.0; +claudebot@anthropic.com)"
216.73.216.145 - - [12/Mar/2026:23:47:19 +0330] "GET /casino-avec-depot-minimum-de-1-e-decouvrez-le-casino-leon/feed/ HTTP/2" 200 547 "https://farazshimi.ir/casino-avec-depot-minimum-de-1-e-decouvrez-le-casino-leon/feed" "Mozilla/5.0 AppleWebKit/537.36 (KHTML, like Gecko; compatible; ClaudeBot/1.0; +claudebot@anthropic.com)"
198.244.240.206 - - [12/Mar/2026:23:48:00 +0330] "GET /market/ohioan/1820736512.htm HTTP/2" 404 0 "-" "Mozilla/5.0 (compatible; AhrefsBot/7.0; +http://ahrefs.com/robot/)"
220.239.74.60 - - [12/Mar/2026:23:48:13 +0330] "POST /xmlrpc.php HTTP/1.1" 200 426 "-" "Mozilla/5.0 (Linux; Android 10; arm64) AppleWebKit/537.36 (KHTML, like Gecko) Chrome/86.0.0.0 Safari/537.36"
103.116.141.210 - - [12/Mar/2026:23:50:05 +0330] "POST /xmlrpc.php HTTP/1.1" 200 426 "-" "Mozilla/5.0 (Windows NT 10.0; x64) AppleWebKit/537.36 (KHTML, like Gecko) Safari/14.0.0.0 Safari/537.36"
220.239.74.60 - - [12/Mar/2026:23:50:56 +0330] "POST /xmlrpc.php HTTP/1.1" 200 426 "-" "Mozilla/5.0 (Windows NT 10.0; arm64) AppleWebKit/537.36 (KHTML, like Gecko) Chrome/105.0.0.0 Safari/537.36"
103.116.141.210 - - [12/Mar/2026:23:51:02 +0330] "POST /xmlrpc.php HTTP/1.1" 200 426 "-" "Mozilla/5.0 (Windows NT 10.0; arm64) AppleWebKit/537.36 (KHTML, like Gecko) Opera/74.0.0.0 Safari/537.36"
59.125.102.226 - - [12/Mar/2026:23:52:04 +0330] "POST /xmlrpc.php HTTP/1.1" 200 249 "-" "Mozilla/5.0 (Windows NT 10.0; Win64; x64) AppleWebKit/537.36 (KHTML, like Gecko) Chrome/142.0.0.0 Safari/537.36"
220.239.74.60 - - [12/Mar/2026:23:52:14 +0330] "POST /xmlrpc.php HTTP/1.1" 200 426 "-" "Mozilla/5.0 (Windows NT 6.3; arm64) AppleWebKit/537.36 (KHTML, like Gecko) Chrome/97.0.0.0 Safari/537.36"
162.55.240.80 - - [12/Mar/2026:23:54:51 +0330] "POST /wp-cron.php?doing_wp_cron=1773347091.8059210777282714843750 HTTP/1.1" 200 0 "-" "WordPress/6.9.4; https://farazshimi.ir"
220.239.74.60 - - [12/Mar/2026:23:54:51 +0330] "POST /xmlrpc.php HTTP/1.1" 200 426 "-" "Mozilla/5.0 (Windows NT 10.0; arm64) AppleWebKit/537.36 (KHTML, like Gecko) Safari/14.0.0.0 Safari/537.36"
4.205.20.132 - - [12/Mar/2026:23:48:57 +0330] "GET /wp-configs.php HTTP/1.1" 404 0 "-" "Mozilla/5.0 (Windows NT 10.0; Win64; x64) AppleWebKit/537.36 (KHTML, like Gecko) Chrome/120.0.0.0 Safari/537.36"
4.205.20.132 - - [12/Mar/2026:23:48:58 +0330] "GET /new.php HTTP/1.1" 404 0 "-" "Mozilla/5.0 (Windows NT 10.0; Win64; x64) AppleWebKit/537.36 (KHTML, like Gecko) Chrome/120.0.0.0 Safari/537.36"
4.205.20.132 - - [12/Mar/2026:23:48:59 +0330] "GET /wp-links.php HTTP/1.1" 404 0 "-" "Mozilla/5.0 (Windows NT 10.0; Win64; x64) AppleWebKit/537.36 (KHTML, like Gecko) Chrome/120.0.0.0 Safari/537.36"
4.205.20.132 - - [12/Mar/2026:23:49:00 +0330] "GET /wp-admin/css/colors/light/about.php HTTP/1.1" 302 0 "-" "Mozilla/5.0 (Windows NT 10.0; Win64; x64) AppleWebKit/537.36 (KHTML, like Gecko) Chrome/120.0.0.0 Safari/537.36"
4.205.20.132 - - [12/Mar/2026:23:49:01 +0330] "GET /content.php HTTP/1.1" 404 0 "-" "Mozilla/5.0 (Windows NT 10.0; Win64; x64) AppleWebKit/537.36 (KHTML, like Gecko) Chrome/120.0.0.0 Safari/537.36"
4.205.20.132 - - [12/Mar/2026:23:49:02 +0330] "GET /wp-includes/images/media/ HTTP/1.1" 200 1306 "-" "Mozilla/5.0 (Windows NT 10.0; Win64; x64) AppleWebKit/537.36 (KHTML, like Gecko) Chrome/120.0.0.0 Safari/537.36"
4.205.20.132 - - [12/Mar/2026:23:49:02 +0330] "GET /news.php HTTP/1.1" 404 0 "-" "Mozilla/5.0 (Windows NT 10.0; Win64; x64) AppleWebKit/537.36 (KHTML, like Gecko) Chrome/120.0.0.0 Safari/537.36"
162.55.240.80 - - [12/Mar/2026:23:49:08 +0330] "POST /wp-cron.php?doing_wp_cron=1773346748.8469660282135009765625 HTTP/1.1" 200 0 "-" "WordPress/6.9.4; https://farazshimi.ir"
103.116.141.210 - - [12/Mar/2026:23:49:08 +0330] "POST /xmlrpc.php HTTP/1.1" 200 426 "-" "Mozilla/5.0 (Windows NT 6.2; arm64) AppleWebKit/537.36 (KHTML, like Gecko) Edge/99.0.0.0 Safari/537.36"
220.239.74.60 - - [12/Mar/2026:23:49:35 +0330] "POST /xmlrpc.php HTTP/1.1" 200 426 "-" "Mozilla/5.0 (Windows NT 6.2; x64) AppleWebKit/537.36 (KHTML, like Gecko) Firefox/93.0.0.0 Safari/537.36"
103.116.141.210 - - [12/Mar/2026:23:52:03 +0330] "POST /xmlrpc.php HTTP/1.1" 200 426 "-" "Mozilla/5.0 (Macintosh; Intel Mac OS X 10_15_7; x86) AppleWebKit/537.36 (KHTML, like Gecko) Firefox/97.0.0.0 Safari/537.36"
103.116.141.210 - - [12/Mar/2026:23:53:02 +0330] "POST /xmlrpc.php HTTP/1.1" 200 426 "-" "Mozilla/5.0 (Macintosh; Intel Mac OS X 10_15_7; x86) AppleWebKit/537.36 (KHTML, like Gecko) Chrome/113.0.0.0 Safari/537.36"
220.239.74.60 - - [12/Mar/2026:23:53:34 +0330] "POST /xmlrpc.php HTTP/1.1" 200 426 "-" "Mozilla/5.0 (Windows NT 6.3; x64) AppleWebKit/537.36 (KHTML, like Gecko) Edge/89.0.0.0 Safari/537.36"
103.116.141.210 - - [12/Mar/2026:23:53:59 +0330] "POST /xmlrpc.php HTTP/1.1" 200 426 "-" "Mozilla/5.0 (Windows NT 6.2; x86) AppleWebKit/537.36 (KHTML, like Gecko) Opera/76.0.0.0 Safari/537.36"
103.116.141.210 - - [12/Mar/2026:23:56:04 +0330] "POST /xmlrpc.php HTTP/1.1" 200 426 "-" "Mozilla/5.0 (Windows NT 10.0; arm64) AppleWebKit/537.36 (KHTML, like Gecko) Edge/100.0.0.0 Safari/537.36"
220.239.74.60 - - [12/Mar/2026:23:56:19 +0330] "POST /xmlrpc.php HTTP/1.1" 200 426 "-" "Mozilla/5.0 (Windows NT 10.0; x86) AppleWebKit/537.36 (KHTML, like Gecko) Edge/94.0.0.0 Safari/537.36"
103.116.141.210 - - [12/Mar/2026:23:57:01 +0330] "POST /xmlrpc.php HTTP/1.1" 200 426 "-" "Mozilla/5.0 (Linux; Android 10; x64) AppleWebKit/537.36 (KHTML, like Gecko) Edge/87.0.0.0 Safari/537.36"
103.116.141.210 - - [12/Mar/2026:23:54:59 +0330] "POST /xmlrpc.php HTTP/1.1" 200 426 "-" "Mozilla/5.0 (Windows NT 6.3; x86) AppleWebKit/537.36 (KHTML, like Gecko) Edge/91.0.0.0 Safari/537.36"
51.195.244.93 - - [12/Mar/2026:23:57:20 +0330] "GET /market/misconstruction/539775148.htm HTTP/2" 404 0 "-" "Mozilla/5.0 (compatible; AhrefsBot/7.0; +http://ahrefs.com/robot/)"
220.239.74.60 - - [12/Mar/2026:23:57:45 +0330] "POST /xmlrpc.php HTTP/1.1" 200 426 "-" "Mozilla/5.0 (Macintosh; Intel Mac OS X 10_15_7; x86) AppleWebKit/537.36 (KHTML, like Gecko) Safari/10.0.0.0 Safari/537.36"
103.116.141.210 - - [12/Mar/2026:23:58:03 +0330] "POST /xmlrpc.php HTTP/1.1" 200 426 "-" "Mozilla/5.0 (Linux; Android 10; x64) AppleWebKit/537.36 (KHTML, like Gecko) Firefox/98.0.0.0 Safari/537.36"
45.61.188.241 - - [12/Mar/2026:23:58:27 +0330] "GET /wp-login.php HTTP/1.1" 200 11614 "-" "Mozilla/5.0 (Windows NT 6.1; WOW64) AppleWebKit/537.36 (KHTML, like Gecko) Chrome/36.0.1985.143 Safari/537.36"
45.61.188.241 - - [12/Mar/2026:23:58:28 +0330] "POST /wp-login.php HTTP/1.1" 200 12156 "-" "Mozilla/5.0 (Windows NT 6.1; WOW64) AppleWebKit/537.36 (KHTML, like Gecko) Chrome/36.0.1985.143 Safari/537.36"
162.55.240.80 - - [12/Mar/2026:23:59:05 +0330] "POST /wp-cron.php?doing_wp_cron=1773347345.5698490142822265625000 HTTP/1.1" 200 0 "-" "WordPress/6.9.4; https://farazshimi.ir"
103.116.141.210 - - [13/Mar/2026:00:00:12 +0330] "POST /xmlrpc.php HTTP/1.1" 200 426 "-" "Mozilla/5.0 (Windows NT 6.3; arm64) AppleWebKit/537.36 (KHTML, like Gecko) Safari/14.0.0.0 Safari/537.36"
220.239.74.60 - - [13/Mar/2026:00:00:27 +0330] "POST /xmlrpc.php HTTP/1.1" 200 426 "-" "Mozilla/5.0 (Linux; Android 10; arm64) AppleWebKit/537.36 (KHTML, like Gecko) Opera/65.0.0.0 Safari/537.36"
185.217.95.54 - - [13/Mar/2026:00:01:08 +0330] "POST /xmlrpc.php HTTP/1.1" 200 249 "-" "Mozilla/5.0 (Windows NT 10.0; Win64; x64) AppleWebKit/537.43 (KHTML, like Gecko) Chrome/134.0.0.0 Safari/537.36 OPR/119.0.0.0"
220.239.74.60 - - [13/Mar/2026:00:01:55 +0330] "POST /xmlrpc.php HTTP/1.1" 200 426 "-" "Mozilla/5.0 (Windows NT 6.3; x64) AppleWebKit/537.36 (KHTML, like Gecko) Edge/81.0.0.0 Safari/537.36"
103.116.141.210 - - [13/Mar/2026:00:02:14 +0330] "POST /xmlrpc.php HTTP/1.1" 200 426 "-" "Mozilla/5.0 (Windows NT 10.0; arm64) AppleWebKit/537.36 (KHTML, like Gecko) Opera/72.0.0.0 Safari/537.36"
103.116.141.210 - - [13/Mar/2026:00:03:12 +0330] "POST /xmlrpc.php HTTP/1.1" 200 426 "-" "Mozilla/5.0 (Windows NT 6.2; x86) AppleWebKit/537.36 (KHTML, like Gecko) Edge/96.0.0.0 Safari/537.36"
103.116.141.210 - - [13/Mar/2026:00:03:54 +0330] "POST /xmlrpc.php HTTP/1.1" 200 426 "-" "Mozilla/5.0 (X11; Ubuntu; Linux x86_64; x64) AppleWebKit/537.36 (KHTML, like Gecko) Firefox/87.0.0.0 Safari/537.36"
216.73.216.116 - - [13/Mar/2026:00:04:29 +0330] "GET /yes-spin-local-casino-has-the-benefit-of-easy-access-to-systems-including-care-about-examination-self-exception-to-this-rule-choice-and-you-can-deposits-limits HTTP/2" 301 0 "-" "Mozilla/5.0 AppleWebKit/537.36 (KHTML, like Gecko; compatible; ClaudeBot/1.0; +claudebot@anthropic.com)"
216.73.216.116 - - [13/Mar/2026:00:04:30 +0330] "GET /yes-spin-local-casino-has-the-benefit-of-easy-access-to-systems-including-care-about-examination-self-exception-to-this-rule-choice-and-you-can-deposits-limits/ HTTP/2" 200 27660 "https://farazshimi.ir/yes-spin-local-casino-has-the-benefit-of-easy-access-to-systems-including-care-about-examination-self-exception-to-this-rule-choice-and-you-can-deposits-limits" "Mozilla/5.0 AppleWebKit/537.36 (KHTML, like Gecko; compatible; ClaudeBot/1.0; +claudebot@anthropic.com)"
216.73.216.116 - - [13/Mar/2026:00:04:39 +0330] "GET /avis-casino-decouvrez-les-meilleures-offres-avec-betify/instagram.com/farazshimialborz HTTP/2" 404 0 "-" "Mozilla/5.0 AppleWebKit/537.36 (KHTML, like Gecko; compatible; ClaudeBot/1.0; +claudebot@anthropic.com)"
216.73.216.116 - - [13/Mar/2026:00:04:41 +0330] "GET /?p=704 HTTP/2" 301 0 "-" "Mozilla/5.0 AppleWebKit/537.36 (KHTML, like Gecko; compatible; ClaudeBot/1.0; +claudebot@anthropic.com)"
216.73.216.116 - - [13/Mar/2026:00:04:42 +0330] "GET /the-way-to-select-an-educated-and-most-reliable-on-the-internet-position-game/ HTTP/2" 200 27296 "https://farazshimi.ir/?p=704" "Mozilla/5.0 AppleWebKit/537.36 (KHTML, like Gecko; compatible; ClaudeBot/1.0; +claudebot@anthropic.com)"
103.116.141.210 - - [13/Mar/2026:00:04:55 +0330] "POST /xmlrpc.php HTTP/1.1" 200 426 "-" "Mozilla/5.0 (Windows NT 6.3; x86) AppleWebKit/537.36 (KHTML, like Gecko) Edge/93.0.0.0 Safari/537.36"
103.116.141.210 - - [13/Mar/2026:00:05:55 +0330] "POST /xmlrpc.php HTTP/1.1" 200 426 "-" "Mozilla/5.0 (Windows NT 10.0; x86) AppleWebKit/537.36 (KHTML, like Gecko) Firefox/77.0.0.0 Safari/537.36"
103.116.141.210 - - [12/Mar/2026:23:59:00 +0330] "POST /xmlrpc.php HTTP/1.1" 200 426 "-" "Mozilla/5.0 (Windows NT 6.2; x86) AppleWebKit/537.36 (KHTML, like Gecko) Firefox/87.0.0.0 Safari/537.36"
220.239.74.60 - - [12/Mar/2026:23:59:05 +0330] "POST /xmlrpc.php HTTP/1.1" 200 426 "-" "Mozilla/5.0 (Windows NT 10.0; x86) AppleWebKit/537.36 (KHTML, like Gecko) Chrome/110.0.0.0 Safari/537.36"
103.116.141.210 - - [13/Mar/2026:00:01:15 +0330] "POST /xmlrpc.php HTTP/1.1" 200 426 "-" "Mozilla/5.0 (Linux; Android 10; x86) AppleWebKit/537.36 (KHTML, like Gecko) Firefox/77.0.0.0 Safari/537.36"
66.249.65.97 - - [13/Mar/2026:00:03:12 +0330] "GET /market/disburgeon/1050422288.htm HTTP/1.1" 200 27105 "-" "Mozilla/5.0 (Linux; Android 6.0.1; Nexus 5X Build/MMB29P) AppleWebKit/537.36 (KHTML, like Gecko) Chrome/145.0.7632.116 Mobile Safari/537.36 (compatible; GoogleOther)"
220.239.74.60 - - [13/Mar/2026:00:03:14 +0330] "POST /xmlrpc.php HTTP/1.1" 200 426 "-" "Mozilla/5.0 (Macintosh; Intel Mac OS X 10_15_7; x86) AppleWebKit/537.36 (KHTML, like Gecko) Edge/88.0.0.0 Safari/537.36"
162.55.240.80 - - [13/Mar/2026:00:04:30 +0330] "POST /wp-cron.php?doing_wp_cron=1773347670.0219640731811523437500 HTTP/1.1" 200 0 "-" "WordPress/6.9.4; https://farazshimi.ir"
220.239.74.60 - - [13/Mar/2026:00:04:33 +0330] "POST /xmlrpc.php HTTP/1.1" 200 426 "-" "Mozilla/5.0 (Linux; Android 10; x64) AppleWebKit/537.36 (KHTML, like Gecko) Edge/81.0.0.0 Safari/537.36"
216.73.216.116 - - [13/Mar/2026:00:04:33 +0330] "GET /?p=540 HTTP/2" 301 0 "-" "Mozilla/5.0 AppleWebKit/537.36 (KHTML, like Gecko; compatible; ClaudeBot/1.0; +claudebot@anthropic.com)"
216.73.216.116 - - [13/Mar/2026:00:04:34 +0330] "GET /casino-avec-depot-minimum-de-1-e-decouvrez-le-casino-leon/ HTTP/2" 200 27587 "https://farazshimi.ir/?p=540" "Mozilla/5.0 AppleWebKit/537.36 (KHTML, like Gecko; compatible; ClaudeBot/1.0; +claudebot@anthropic.com)"
216.73.216.116 - - [13/Mar/2026:00:07:32 +0330] "GET /robots.txt HTTP/2" 200 79 "-" "Mozilla/5.0 AppleWebKit/537.36 (KHTML, like Gecko; compatible; ClaudeBot/1.0; +claudebot@anthropic.com)"
216.73.216.116 - - [13/Mar/2026:00:07:32 +0330] "GET /huge-mondial-local-casino-versus-yukon-gold-gambling-establishment-race-of-your-incentives HTTP/2" 301 0 "-" "Mozilla/5.0 AppleWebKit/537.36 (KHTML, like Gecko; compatible; ClaudeBot/1.0; +claudebot@anthropic.com)"
216.73.216.116 - - [13/Mar/2026:00:07:33 +0330] "GET /huge-mondial-local-casino-versus-yukon-gold-gambling-establishment-race-of-your-incentives/ HTTP/2" 200 27556 "https://farazshimi.ir/huge-mondial-local-casino-versus-yukon-gold-gambling-establishment-race-of-your-incentives" "Mozilla/5.0 AppleWebKit/537.36 (KHTML, like Gecko; compatible; ClaudeBot/1.0; +claudebot@anthropic.com)"
216.73.216.116 - - [13/Mar/2026:00:07:35 +0330] "GET /the-way-to-select-an-educated-and-most-reliable-on-the-internet-position-game/instagram.com/farazshimialborz HTTP/2" 404 0 "-" "Mozilla/5.0 AppleWebKit/537.36 (KHTML, like Gecko; compatible; ClaudeBot/1.0; +claudebot@anthropic.com)"
220.239.74.60 - - [13/Mar/2026:00:07:36 +0330] "POST /xmlrpc.php HTTP/1.1" 200 426 "-" "Mozilla/5.0 (X11; Ubuntu; Linux x86_64; arm64) AppleWebKit/537.36 (KHTML, like Gecko) Safari/15.0.0.0 Safari/537.36"
216.73.216.116 - - [13/Mar/2026:00:07:38 +0330] "GET /casino-avec-depot-minimum-de-1-e-decouvrez-le-casino-leon/989930062081 HTTP/2" 301 0 "-" "Mozilla/5.0 AppleWebKit/537.36 (KHTML, like Gecko; compatible; ClaudeBot/1.0; +claudebot@anthropic.com)"
216.73.216.116 - - [13/Mar/2026:00:07:39 +0330] "GET /casino-avec-depot-minimum-de-1-e-decouvrez-le-casino-leon/ HTTP/2" 200 27585 "https://farazshimi.ir/casino-avec-depot-minimum-de-1-e-decouvrez-le-casino-leon/989930062081" "Mozilla/5.0 AppleWebKit/537.36 (KHTML, like Gecko; compatible; ClaudeBot/1.0; +claudebot@anthropic.com)"
216.73.216.116 - - [13/Mar/2026:00:07:41 +0330] "GET /the-way-to-select-an-educated-and-most-reliable-on-the-internet-position-game/feed HTTP/2" 301 0 "-" "Mozilla/5.0 AppleWebKit/537.36 (KHTML, like Gecko; compatible; ClaudeBot/1.0; +claudebot@anthropic.com)"
220.239.74.60 - - [13/Mar/2026:00:06:03 +0330] "POST /xmlrpc.php HTTP/1.1" 200 426 "-" "Mozilla/5.0 (Linux; Android 10; x64) AppleWebKit/537.36 (KHTML, like Gecko) Opera/65.0.0.0 Safari/537.36"
216.73.216.116 - - [13/Mar/2026:00:06:19 +0330] "GET /the-way-to-select-an-educated-and-most-reliable-on-the-internet-position-game/989930062081 HTTP/2" 301 0 "-" "Mozilla/5.0 AppleWebKit/537.36 (KHTML, like Gecko; compatible; ClaudeBot/1.0; +claudebot@anthropic.com)"
216.73.216.116 - - [13/Mar/2026:00:06:19 +0330] "GET /the-way-to-select-an-educated-and-most-reliable-on-the-internet-position-game/ HTTP/2" 200 27296 "https://farazshimi.ir/the-way-to-select-an-educated-and-most-reliable-on-the-internet-position-game/989930062081" "Mozilla/5.0 AppleWebKit/537.36 (KHTML, like Gecko; compatible; ClaudeBot/1.0; +claudebot@anthropic.com)"
216.73.216.116 - - [13/Mar/2026:00:06:21 +0330] "GET /avis-casino-decouvrez-les-meilleures-offres-avec-betify/feed HTTP/2" 301 0 "-" "Mozilla/5.0 AppleWebKit/537.36 (KHTML, like Gecko; compatible; ClaudeBot/1.0; +claudebot@anthropic.com)"
216.73.216.116 - - [13/Mar/2026:00:06:22 +0330] "GET /avis-casino-decouvrez-les-meilleures-offres-avec-betify/feed/ HTTP/2" 200 517 "https://farazshimi.ir/avis-casino-decouvrez-les-meilleures-offres-avec-betify/feed" "Mozilla/5.0 AppleWebKit/537.36 (KHTML, like Gecko; compatible; ClaudeBot/1.0; +claudebot@anthropic.com)"
216.73.216.116 - - [13/Mar/2026:00:06:36 +0330] "GET /incentives-is-actually-monitored-and-you-may-rechecked-all-7%ef%bf%bd2-weeks-otherwise-at-some-point-when-the-flagged HTTP/2" 301 0 "-" "Mozilla/5.0 AppleWebKit/537.36 (KHTML, like Gecko; compatible; ClaudeBot/1.0; +claudebot@anthropic.com)"
216.73.216.116 - - [13/Mar/2026:00:06:37 +0330] "GET /incentives-is-actually-monitored-and-you-may-rechecked-all-7%ef%bf%bd2-weeks-otherwise-at-some-point-when-the-flagged/ HTTP/2" 200 27558 "https://farazshimi.ir/incentives-is-actually-monitored-and-you-may-rechecked-all-7%ef%bf%bd2-weeks-otherwise-at-some-point-when-the-flagged" "Mozilla/5.0 AppleWebKit/537.36 (KHTML, like Gecko; compatible; ClaudeBot/1.0; +claudebot@anthropic.com)"
103.116.141.210 - - [13/Mar/2026:00:06:56 +0330] "POST /xmlrpc.php HTTP/1.1" 200 426 "-" "Mozilla/5.0 (Windows NT 6.3; x86) AppleWebKit/537.36 (KHTML, like Gecko) Chrome/80.0.0.0 Safari/537.36"
51.195.215.27 - - [13/Mar/2026:00:06:57 +0330] "GET /market/luxembourger/1247635685.htm HTTP/2" 404 0 "-" "Mozilla/5.0 (compatible; AhrefsBot/7.0; +http://ahrefs.com/robot/)"
216.73.216.116 - - [13/Mar/2026:00:07:45 +0330] "GET /the-conclusion-to-the-no-deposit-bonuses-to-have-established-members HTTP/2" 301 0 "-" "Mozilla/5.0 AppleWebKit/537.36 (KHTML, like Gecko; compatible; ClaudeBot/1.0; +claudebot@anthropic.com)"
216.73.216.116 - - [13/Mar/2026:00:07:46 +0330] "GET /the-conclusion-to-the-no-deposit-bonuses-to-have-established-members/ HTTP/2" 200 27841 "https://farazshimi.ir/the-conclusion-to-the-no-deposit-bonuses-to-have-established-members" "Mozilla/5.0 AppleWebKit/537.36 (KHTML, like Gecko; compatible; ClaudeBot/1.0; +claudebot@anthropic.com)"
103.116.141.210 - - [13/Mar/2026:00:07:56 +0330] "POST /xmlrpc.php HTTP/1.1" 200 426 "-" "Mozilla/5.0 (Macintosh; Intel Mac OS X 10_15_7; x86) AppleWebKit/537.36 (KHTML, like Gecko) Edge/88.0.0.0 Safari/537.36"
103.116.141.210 - - [13/Mar/2026:00:08:56 +0330] "POST /xmlrpc.php HTTP/1.1" 200 426 "-" "Mozilla/5.0 (X11; Ubuntu; Linux x86_64; x86) AppleWebKit/537.36 (KHTML, like Gecko) Firefox/85.0.0.0 Safari/537.36"
162.55.240.80 - - [13/Mar/2026:00:09:10 +0330] "POST /wp-cron.php?doing_wp_cron=1773347950.9150660037994384765625 HTTP/1.1" 200 0 "-" "WordPress/6.9.4; https://farazshimi.ir"
220.239.74.60 - - [13/Mar/2026:00:09:10 +0330] "POST /xmlrpc.php HTTP/1.1" 200 426 "-" "Mozilla/5.0 (Linux; Android 10; x86) AppleWebKit/537.36 (KHTML, like Gecko) Chrome/98.0.0.0 Safari/537.36"
220.239.74.60 - - [13/Mar/2026:00:12:14 +0330] "POST /xmlrpc.php HTTP/1.1" 200 426 "-" "Mozilla/5.0 (Macintosh; Intel Mac OS X 10_15_7; x64) AppleWebKit/537.36 (KHTML, like Gecko) Opera/66.0.0.0 Safari/537.36"
103.116.141.210 - - [13/Mar/2026:00:12:55 +0330] "POST /xmlrpc.php HTTP/1.1" 200 426 "-" "Mozilla/5.0 (Macintosh; Intel Mac OS X 10_15_7; x64) AppleWebKit/537.36 (KHTML, like Gecko) Edge/80.0.0.0 Safari/537.36"
216.73.216.116 - - [13/Mar/2026:00:07:42 +0330] "GET /the-way-to-select-an-educated-and-most-reliable-on-the-internet-position-game/feed/ HTTP/2" 200 534 "https://farazshimi.ir/the-way-to-select-an-educated-and-most-reliable-on-the-internet-position-game/feed" "Mozilla/5.0 AppleWebKit/537.36 (KHTML, like Gecko; compatible; ClaudeBot/1.0; +claudebot@anthropic.com)"
103.116.141.210 - - [13/Mar/2026:00:09:56 +0330] "POST /xmlrpc.php HTTP/1.1" 200 426 "-" "Mozilla/5.0 (Windows NT 10.0; arm64) AppleWebKit/537.36 (KHTML, like Gecko) Safari/15.0.0.0 Safari/537.36"
220.239.74.60 - - [13/Mar/2026:00:10:40 +0330] "POST /xmlrpc.php HTTP/1.1" 200 426 "-" "Mozilla/5.0 (X11; Ubuntu; Linux x86_64; x86) AppleWebKit/537.36 (KHTML, like Gecko) Chrome/93.0.0.0 Safari/537.36"
103.116.141.210 - - [13/Mar/2026:00:11:01 +0330] "POST /xmlrpc.php HTTP/1.1" 200 426 "-" "Mozilla/5.0 (Linux; Android 10; x86) AppleWebKit/537.36 (KHTML, like Gecko) Edge/84.0.0.0 Safari/537.36"
103.116.141.210 - - [13/Mar/2026:00:11:56 +0330] "POST /xmlrpc.php HTTP/1.1" 200 426 "-" "Mozilla/5.0 (Linux; Android 10; x64) AppleWebKit/537.36 (KHTML, like Gecko) Opera/78.0.0.0 Safari/537.36"
220.239.74.60 - - [13/Mar/2026:00:13:47 +0330] "POST /xmlrpc.php HTTP/1.1" 200 426 "-" "Mozilla/5.0 (Windows NT 6.2; x86) AppleWebKit/537.36 (KHTML, like Gecko) Safari/11.0.0.0 Safari/537.36"
103.116.141.210 - - [13/Mar/2026:00:13:57 +0330] "POST /xmlrpc.php HTTP/1.1" 200 426 "-" "Mozilla/5.0 (Macintosh; Intel Mac OS X 10_15_7; arm64) AppleWebKit/537.36 (KHTML, like Gecko) Opera/74.0.0.0 Safari/537.36"
162.55.240.80 - - [13/Mar/2026:00:14:55 +0330] "POST /wp-cron.php?doing_wp_cron=1773348295.0206480026245117187500 HTTP/1.1" 200 0 "-" "WordPress/6.9.4; https://farazshimi.ir"
103.116.141.210 - - [13/Mar/2026:00:14:54 +0330] "POST /xmlrpc.php HTTP/1.1" 200 426 "-" "Mozilla/5.0 (Windows NT 6.2; arm64) AppleWebKit/537.36 (KHTML, like Gecko) Chrome/84.0.0.0 Safari/537.36"
103.116.141.210 - - [13/Mar/2026:00:15:56 +0330] "POST /xmlrpc.php HTTP/1.1" 200 426 "-" "Mozilla/5.0 (X11; Ubuntu; Linux x86_64; x64) AppleWebKit/537.36 (KHTML, like Gecko) Safari/11.0.0.0 Safari/537.36"
66.249.65.105 - - [13/Mar/2026:00:16:02 +0330] "GET /market/candles/2758182694.htm HTTP/1.1" 200 29434 "-" "Mozilla/5.0 (Linux; Android 6.0.1; Nexus 5X Build/MMB29P) AppleWebKit/537.36 (KHTML, like Gecko) Chrome/145.0.7632.116 Mobile Safari/537.36 (compatible; GoogleOther)"
198.244.168.107 - - [13/Mar/2026:00:16:03 +0330] "GET /market/homestretch/1773570407.htm HTTP/2" 404 0 "-" "Mozilla/5.0 (compatible; AhrefsBot/7.0; +http://ahrefs.com/robot/)"
66.249.65.105 - - [13/Mar/2026:00:16:43 +0330] "GET /market/candles/2758182694.htm HTTP/1.1" 200 29434 "-" "Mozilla/5.0 (Linux; Android 6.0.1; Nexus 5X Build/MMB29P) AppleWebKit/537.36 (KHTML, like Gecko) Chrome/145.0.7632.116 Mobile Safari/537.36 (compatible; Googlebot/2.1; +http://www.google.com/bot.html)"
220.239.74.60 - - [13/Mar/2026:00:18:26 +0330] "POST /xmlrpc.php HTTP/1.1" 200 426 "-" "Mozilla/5.0 (Macintosh; Intel Mac OS X 10_15_7; arm64) AppleWebKit/537.36 (KHTML, like Gecko) Opera/74.0.0.0 Safari/537.36"
103.116.141.210 - - [13/Mar/2026:00:18:56 +0330] "POST /xmlrpc.php HTTP/1.1" 200 426 "-" "Mozilla/5.0 (Windows NT 6.2; x86) AppleWebKit/537.36 (KHTML, like Gecko) Safari/12.0.0.0 Safari/537.36"
103.116.141.210 - - [13/Mar/2026:00:19:54 +0330] "POST /xmlrpc.php HTTP/1.1" 200 426 "-" "Mozilla/5.0 (Windows NT 6.2; x64) AppleWebKit/537.36 (KHTML, like Gecko) Safari/15.0.0.0 Safari/537.36"
220.239.74.60 - - [13/Mar/2026:00:19:57 +0330] "POST /xmlrpc.php HTTP/1.1" 200 426 "-" "Mozilla/5.0 (X11; Ubuntu; Linux x86_64; arm64) AppleWebKit/537.36 (KHTML, like Gecko) Edge/94.0.0.0 Safari/537.36"
103.116.141.210 - - [13/Mar/2026:00:20:56 +0330] "POST /xmlrpc.php HTTP/1.1" 200 426 "-" "Mozilla/5.0 (X11; Ubuntu; Linux x86_64; x86) AppleWebKit/537.36 (KHTML, like Gecko) Safari/15.0.0.0 Safari/537.36"
220.239.74.60 - - [13/Mar/2026:00:21:31 +0330] "POST /xmlrpc.php HTTP/1.1" 200 426 "-" "Mozilla/5.0 (Windows NT 10.0; arm64) AppleWebKit/537.36 (KHTML, like Gecko) Opera/67.0.0.0 Safari/537.36"
103.116.141.210 - - [13/Mar/2026:00:21:55 +0330] "POST /xmlrpc.php HTTP/1.1" 200 426 "-" "Mozilla/5.0 (Windows NT 10.0; x64) AppleWebKit/537.36 (KHTML, like Gecko) Firefox/99.0.0.0 Safari/537.36"
103.116.141.210 - - [13/Mar/2026:00:22:57 +0330] "POST /xmlrpc.php HTTP/1.1" 200 426 "-" "Mozilla/5.0 (Windows NT 6.3; x64) AppleWebKit/537.36 (KHTML, like Gecko) Firefox/79.0.0.0 Safari/537.36"
220.239.74.60 - - [13/Mar/2026:00:23:41 +0330] "POST /xmlrpc.php HTTP/1.1" 200 426 "-" "Mozilla/5.0 (Windows NT 6.2; x86) AppleWebKit/537.36 (KHTML, like Gecko) Chrome/96.0.0.0 Safari/537.36"
162.55.240.80 - - [13/Mar/2026:00:24:42 +0330] "POST /wp-cron.php?doing_wp_cron=1773348882.0252289772033691406250 HTTP/1.1" 200 0 "-" "WordPress/6.9.4; https://farazshimi.ir"
220.239.74.60 - - [13/Mar/2026:00:24:41 +0330] "POST /xmlrpc.php HTTP/1.1" 200 426 "-" "Mozilla/5.0 (Linux; Android 10; x86) AppleWebKit/537.36 (KHTML, like Gecko) Edge/81.0.0.0 Safari/537.36"
54.38.147.217 - - [13/Mar/2026:00:25:19 +0330] "GET /market/hitless/2229922173.htm HTTP/2" 404 0 "-" "Mozilla/5.0 (compatible; AhrefsBot/7.0; +http://ahrefs.com/robot/)"
162.55.240.80 - - [13/Mar/2026:00:25:42 +0330] "POST /wp-cron.php?doing_wp_cron=1773348942.0518150329589843750000 HTTP/1.1" 200 0 "-" "WordPress/6.9.4; https://farazshimi.ir"
220.239.74.60 - - [13/Mar/2026:00:26:41 +0330] "POST /xmlrpc.php HTTP/1.1" 200 426 "-" "Mozilla/5.0 (Windows NT 6.3; arm64) AppleWebKit/537.36 (KHTML, like Gecko) Edge/92.0.0.0 Safari/537.36"
220.239.74.60 - - [13/Mar/2026:00:29:43 +0330] "POST /xmlrpc.php HTTP/1.1" 200 426 "-" "Mozilla/5.0 (Windows NT 6.2; arm64) AppleWebKit/537.36 (KHTML, like Gecko) Edge/93.0.0.0 Safari/537.36"
220.239.74.60 - - [13/Mar/2026:00:30:41 +0330] "POST /xmlrpc.php HTTP/1.1" 200 426 "-" "Mozilla/5.0 (X11; Ubuntu; Linux x86_64; x86) AppleWebKit/537.36 (KHTML, like Gecko) Safari/10.0.0.0 Safari/537.36"
59.125.102.142 - - [13/Mar/2026:00:30:43 +0330] "POST /xmlrpc.php HTTP/1.1" 200 249 "-" "Mozilla/5.0 (Windows NT 10.0; WOW64; rv:140.0) Gecko/20100101 Firefox/140.0"
220.239.74.60 - - [13/Mar/2026:00:15:19 +0330] "POST /xmlrpc.php HTTP/1.1" 200 426 "-" "Mozilla/5.0 (X11; Ubuntu; Linux x86_64; x86) AppleWebKit/537.36 (KHTML, like Gecko) Opera/72.0.0.0 Safari/537.36"
103.116.141.210 - - [13/Mar/2026:00:16:56 +0330] "POST /xmlrpc.php HTTP/1.1" 200 426 "-" "Mozilla/5.0 (Windows NT 6.3; x86) AppleWebKit/537.36 (KHTML, like Gecko) Opera/72.0.0.0 Safari/537.36"
220.239.74.60 - - [13/Mar/2026:00:16:58 +0330] "POST /xmlrpc.php HTTP/1.1" 200 426 "-" "Mozilla/5.0 (X11; Ubuntu; Linux x86_64; arm64) AppleWebKit/537.36 (KHTML, like Gecko) Edge/84.0.0.0 Safari/537.36"
103.116.141.210 - - [13/Mar/2026:00:17:56 +0330] "POST /xmlrpc.php HTTP/1.1" 200 426 "-" "Mozilla/5.0 (Windows NT 6.3; x86) AppleWebKit/537.36 (KHTML, like Gecko) Opera/64.0.0.0 Safari/537.36"
162.55.240.80 - - [13/Mar/2026:00:19:54 +0330] "POST /wp-cron.php?doing_wp_cron=1773348594.9315330982208251953125 HTTP/1.1" 200 0 "-" "WordPress/6.9.4; https://farazshimi.ir"
220.239.74.60 - - [13/Mar/2026:00:22:42 +0330] "POST /xmlrpc.php HTTP/1.1" 200 426 "-" "Mozilla/5.0 (X11; Ubuntu; Linux x86_64; arm64) AppleWebKit/537.36 (KHTML, like Gecko) Chrome/113.0.0.0 Safari/537.36"
220.239.74.60 - - [13/Mar/2026:00:25:41 +0330] "POST /xmlrpc.php HTTP/1.1" 200 426 "-" "Mozilla/5.0 (Linux; Android 10; arm64) AppleWebKit/537.36 (KHTML, like Gecko) Chrome/94.0.0.0 Safari/537.36"
220.239.74.60 - - [13/Mar/2026:00:27:41 +0330] "POST /xmlrpc.php HTTP/1.1" 200 426 "-" "Mozilla/5.0 (Windows NT 10.0; arm64) AppleWebKit/537.36 (KHTML, like Gecko) Firefox/95.0.0.0 Safari/537.36"
220.239.74.60 - - [13/Mar/2026:00:28:41 +0330] "POST /xmlrpc.php HTTP/1.1" 200 426 "-" "Mozilla/5.0 (Windows NT 10.0; arm64) AppleWebKit/537.36 (KHTML, like Gecko) Firefox/91.0.0.0 Safari/537.36"
162.55.240.80 - - [13/Mar/2026:00:29:43 +0330] "POST /wp-cron.php?doing_wp_cron=1773349183.7230360507965087890625 HTTP/1.1" 200 0 "-" "WordPress/6.9.4; https://farazshimi.ir"
220.239.74.60 - - [13/Mar/2026:00:31:41 +0330] "POST /xmlrpc.php HTTP/1.1" 200 426 "-" "Mozilla/5.0 (Windows NT 6.2; x64) AppleWebKit/537.36 (KHTML, like Gecko) Safari/10.0.0.0 Safari/537.36"
220.239.74.60 - - [13/Mar/2026:00:33:41 +0330] "POST /xmlrpc.php HTTP/1.1" 200 426 "-" "Mozilla/5.0 (X11; Ubuntu; Linux x86_64; x86) AppleWebKit/537.36 (KHTML, like Gecko) Safari/14.0.0.0 Safari/537.36"
220.239.74.60 - - [13/Mar/2026:00:34:44 +0330] "POST /xmlrpc.php HTTP/1.1" 200 426 "-" "Mozilla/5.0 (Windows NT 6.2; arm64) AppleWebKit/537.36 (KHTML, like Gecko) Safari/14.0.0.0 Safari/537.36"
216.73.216.149 - - [13/Mar/2026:00:35:32 +0330] "GET /?p=372 HTTP/2" 301 0 "-" "Mozilla/5.0 AppleWebKit/537.36 (KHTML, like Gecko; compatible; ClaudeBot/1.0; +claudebot@anthropic.com)"
216.73.216.149 - - [13/Mar/2026:00:35:33 +0330] "GET /jackpot-sistemleri-kulturel-farkliliklar-ve-avrupa-pazari-katilimcilara-bakis/ HTTP/2" 200 26894 "https://farazshimi.ir/?p=372" "Mozilla/5.0 AppleWebKit/537.36 (KHTML, like Gecko; compatible; ClaudeBot/1.0; +claudebot@anthropic.com)"
216.73.216.149 - - [13/Mar/2026:00:35:35 +0330] "GET /?p=730 HTTP/2" 301 0 "-" "Mozilla/5.0 AppleWebKit/537.36 (KHTML, like Gecko; compatible; ClaudeBot/1.0; +claudebot@anthropic.com)"
216.73.216.149 - - [13/Mar/2026:00:35:36 +0330] "GET /just-shortly-after-day-enjoys-lapsed-usually-improved-restrictions-be-accessible/ HTTP/2" 200 27358 "https://farazshimi.ir/?p=730" "Mozilla/5.0 AppleWebKit/537.36 (KHTML, like Gecko; compatible; ClaudeBot/1.0; +claudebot@anthropic.com)"
216.73.216.149 - - [13/Mar/2026:00:35:38 +0330] "GET /?p=682 HTTP/2" 301 0 "-" "Mozilla/5.0 AppleWebKit/537.36 (KHTML, like Gecko; compatible; ClaudeBot/1.0; +claudebot@anthropic.com)"
216.73.216.149 - - [13/Mar/2026:00:35:39 +0330] "GET /because-of-so-many-gaming-other-sites-it-may-be-difficult-to-narrow-down-your-options/ HTTP/2" 200 27171 "https://farazshimi.ir/?p=682" "Mozilla/5.0 AppleWebKit/537.36 (KHTML, like Gecko; compatible; ClaudeBot/1.0; +claudebot@anthropic.com)"
216.73.216.149 - - [13/Mar/2026:00:35:41 +0330] "GET /test HTTP/2" 301 0 "-" "Mozilla/5.0 AppleWebKit/537.36 (KHTML, like Gecko; compatible; ClaudeBot/1.0; +claudebot@anthropic.com)"
216.73.216.149 - - [13/Mar/2026:00:35:42 +0330] "GET /test/ HTTP/2" 200 24827 "https://farazshimi.ir/test" "Mozilla/5.0 AppleWebKit/537.36 (KHTML, like Gecko; compatible; ClaudeBot/1.0; +claudebot@anthropic.com)"
216.73.216.149 - - [13/Mar/2026:00:35:46 +0330] "GET /?p=732 HTTP/2" 301 0 "-" "Mozilla/5.0 AppleWebKit/537.36 (KHTML, like Gecko; compatible; ClaudeBot/1.0; +claudebot@anthropic.com)"
216.73.216.149 - - [13/Mar/2026:00:35:47 +0330] "GET /it-takes-careful-consideration-from-licensing-games-assortment-added-bonus-formations-customer-care-and-percentage-possibilities/ HTTP/2" 200 27432 "https://farazshimi.ir/?p=732" "Mozilla/5.0 AppleWebKit/537.36 (KHTML, like Gecko; compatible; ClaudeBot/1.0; +claudebot@anthropic.com)"
216.73.216.149 - - [13/Mar/2026:00:35:49 +0330] "GET /?p=722 HTTP/2" 301 0 "-" "Mozilla/5.0 AppleWebKit/537.36 (KHTML, like Gecko; compatible; ClaudeBot/1.0; +claudebot@anthropic.com)"
216.73.216.149 - - [13/Mar/2026:00:35:50 +0330] "GET /online-casino-he-gods-zeus-exactly-who-brings-big-has-and-you-can-jackpots-into-the-reels/ HTTP/2" 200 28324 "https://farazshimi.ir/?p=722" "Mozilla/5.0 AppleWebKit/537.36 (KHTML, like Gecko; compatible; ClaudeBot/1.0; +claudebot@anthropic.com)"
216.73.216.149 - - [13/Mar/2026:00:35:52 +0330] "GET /?p=678 HTTP/2" 301 0 "-" "Mozilla/5.0 AppleWebKit/537.36 (KHTML, like Gecko; compatible; ClaudeBot/1.0; +claudebot@anthropic.com)"
216.73.216.149 - - [13/Mar/2026:00:35:53 +0330] "GET /1-mrq-punctual-distributions-%ef%bf%bd-confirmed-of-the-gambling-enterprise-professor/ HTTP/2" 200 27525 "https://farazshimi.ir/?p=678" "Mozilla/5.0 AppleWebKit/537.36 (KHTML, like Gecko; compatible; ClaudeBot/1.0; +claudebot@anthropic.com)"
216.73.216.149 - - [13/Mar/2026:00:36:13 +0330] "GET /?p=724 HTTP/2" 301 0 "-" "Mozilla/5.0 AppleWebKit/537.36 (KHTML, like Gecko; compatible; ClaudeBot/1.0; +claudebot@anthropic.com)"
216.73.216.149 - - [13/Mar/2026:00:36:14 +0330] "GET /fishin-bins-off-gold-position-motif-limits-pays-symbols/ HTTP/2" 200 28242 "https://farazshimi.ir/?p=724" "Mozilla/5.0 AppleWebKit/537.36 (KHTML, like Gecko; compatible; ClaudeBot/1.0; +claudebot@anthropic.com)"
216.73.216.149 - - [13/Mar/2026:00:36:15 +0330] "GET /?p=726 HTTP/2" 301 0 "-" "Mozilla/5.0 AppleWebKit/537.36 (KHTML, like Gecko; compatible; ClaudeBot/1.0; +claudebot@anthropic.com)"
216.73.216.149 - - [13/Mar/2026:00:36:16 +0330] "GET /faith-the-most-techniques-when-selecting-where-to-experience/ HTTP/2" 200 27382 "https://farazshimi.ir/?p=726" "Mozilla/5.0 AppleWebKit/537.36 (KHTML, like Gecko; compatible; ClaudeBot/1.0; +claudebot@anthropic.com)"
216.73.216.149 - - [13/Mar/2026:00:36:18 +0330] "GET /?p=728 HTTP/2" 301 0 "-" "Mozilla/5.0 AppleWebKit/537.36 (KHTML, like Gecko; compatible; ClaudeBot/1.0; +claudebot@anthropic.com)"
216.73.216.149 - - [13/Mar/2026:00:36:19 +0330] "GET /have-fun-with-the-best-and-you-can-latest-free-slots-youll-never-score-bored/ HTTP/2" 200 27075 "https://farazshimi.ir/?p=728" "Mozilla/5.0 AppleWebKit/537.36 (KHTML, like Gecko; compatible; ClaudeBot/1.0; +claudebot@anthropic.com)"
216.73.216.149 - - [13/Mar/2026:00:36:21 +0330] "GET /?p=734 HTTP/2" 301 0 "-" "Mozilla/5.0 AppleWebKit/537.36 (KHTML, like Gecko; compatible; ClaudeBot/1.0; +claudebot@anthropic.com)"
216.73.216.149 - - [13/Mar/2026:00:36:22 +0330] "GET /common-problems-which-have-vouchers-and-ways-to-augment-them/ HTTP/2" 200 27178 "https://farazshimi.ir/?p=734" "Mozilla/5.0 AppleWebKit/537.36 (KHTML, like Gecko; compatible; ClaudeBot/1.0; +claudebot@anthropic.com)"
216.73.216.149 - - [13/Mar/2026:00:36:26 +0330] "GET /author/admlnlx/page/36 HTTP/2" 301 0 "-" "Mozilla/5.0 AppleWebKit/537.36 (KHTML, like Gecko; compatible; ClaudeBot/1.0; +claudebot@anthropic.com)"
216.73.216.149 - - [13/Mar/2026:00:36:27 +0330] "GET /author/admlnlx/page/36/ HTTP/2" 200 25143 "https://farazshimi.ir/author/admlnlx/page/36" "Mozilla/5.0 AppleWebKit/537.36 (KHTML, like Gecko; compatible; ClaudeBot/1.0; +claudebot@anthropic.com)"
216.73.216.149 - - [13/Mar/2026:00:36:29 +0330] "GET /author/admlnlx/page/35 HTTP/2" 301 0 "-" "Mozilla/5.0 AppleWebKit/537.36 (KHTML, like Gecko; compatible; ClaudeBot/1.0; +claudebot@anthropic.com)"
216.73.216.149 - - [13/Mar/2026:00:36:29 +0330] "GET /author/admlnlx/page/35/ HTTP/2" 200 24769 "https://farazshimi.ir/author/admlnlx/page/35" "Mozilla/5.0 AppleWebKit/537.36 (KHTML, like Gecko; compatible; ClaudeBot/1.0; +claudebot@anthropic.com)"
216.73.216.149 - - [13/Mar/2026:00:37:13 +0330] "GET /author/admlnlx/page/28/989930062081 HTTP/2" 404 0 "-" "Mozilla/5.0 AppleWebKit/537.36 (KHTML, like Gecko; compatible; ClaudeBot/1.0; +claudebot@anthropic.com)"
216.73.216.149 - - [13/Mar/2026:00:37:16 +0330] "GET /coronavirus-disease-2019/feed HTTP/2" 301 0 "-" "Mozilla/5.0 AppleWebKit/537.36 (KHTML, like Gecko; compatible; ClaudeBot/1.0; +claudebot@anthropic.com)"
216.73.216.149 - - [13/Mar/2026:00:37:16 +0330] "GET /coronavirus-disease-2019/feed/ HTTP/2" 200 465 "https://farazshimi.ir/coronavirus-disease-2019/feed" "Mozilla/5.0 AppleWebKit/537.36 (KHTML, like Gecko; compatible; ClaudeBot/1.0; +claudebot@anthropic.com)"
216.73.216.149 - - [13/Mar/2026:00:37:19 +0330] "GET /author/admlnlx/page/31 HTTP/2" 301 0 "-" "Mozilla/5.0 AppleWebKit/537.36 (KHTML, like Gecko; compatible; ClaudeBot/1.0; +claudebot@anthropic.com)"
216.73.216.149 - - [13/Mar/2026:00:37:19 +0330] "GET /author/admlnlx/page/31/ HTTP/2" 200 24923 "https://farazshimi.ir/author/admlnlx/page/31" "Mozilla/5.0 AppleWebKit/537.36 (KHTML, like Gecko; compatible; ClaudeBot/1.0; +claudebot@anthropic.com)"
216.73.216.149 - - [13/Mar/2026:00:37:22 +0330] "GET /author/admlnlx/page/34 HTTP/2" 301 0 "-" "Mozilla/5.0 AppleWebKit/537.36 (KHTML, like Gecko; compatible; ClaudeBot/1.0; +claudebot@anthropic.com)"
220.239.74.60 - - [13/Mar/2026:00:32:42 +0330] "POST /xmlrpc.php HTTP/1.1" 200 426 "-" "Mozilla/5.0 (Macintosh; Intel Mac OS X 10_15_7; arm64) AppleWebKit/537.36 (KHTML, like Gecko) Opera/79.0.0.0 Safari/537.36"
198.244.226.105 - - [13/Mar/2026:00:33:54 +0330] "GET /market/finback/3659018125.htm HTTP/2" 404 0 "-" "Mozilla/5.0 (compatible; AhrefsBot/7.0; +http://ahrefs.com/robot/)"
162.55.240.80 - - [13/Mar/2026:00:34:45 +0330] "POST /wp-cron.php?doing_wp_cron=1773349485.2851390838623046875000 HTTP/1.1" 200 0 "-" "WordPress/6.9.4; https://farazshimi.ir"
66.249.65.96 - - [13/Mar/2026:00:35:07 +0330] "GET /market/philtre/1515612847.htm HTTP/1.1" 200 28091 "-" "Mozilla/5.0 (Linux; Android 6.0.1; Nexus 5X Build/MMB29P) AppleWebKit/537.36 (KHTML, like Gecko) Chrome/145.0.7632.116 Mobile Safari/537.36 (compatible; GoogleOther)"
66.249.76.162 - - [13/Mar/2026:00:35:34 +0330] "GET /market/philtre/1515612847.htm HTTP/1.1" 200 28091 "-" "Mozilla/5.0 (Linux; Android 6.0.1; Nexus 5X Build/MMB29P) AppleWebKit/537.36 (KHTML, like Gecko) Chrome/145.0.7632.116 Mobile Safari/537.36 (compatible; Googlebot/2.1; +http://www.google.com/bot.html)"
220.239.74.60 - - [13/Mar/2026:00:35:42 +0330] "POST /xmlrpc.php HTTP/1.1" 200 426 "-" "Mozilla/5.0 (Windows NT 10.0; x64) AppleWebKit/537.36 (KHTML, like Gecko) Opera/79.0.0.0 Safari/537.36"
220.239.74.60 - - [13/Mar/2026:00:36:41 +0330] "POST /xmlrpc.php HTTP/1.1" 200 426 "-" "Mozilla/5.0 (Windows NT 6.2; x86) AppleWebKit/537.36 (KHTML, like Gecko) Edge/91.0.0.0 Safari/537.36"
216.73.216.149 - - [13/Mar/2026:00:37:00 +0330] "GET /common-problems-which-have-vouchers-and-ways-to-augment-them/feed HTTP/2" 301 0 "-" "Mozilla/5.0 AppleWebKit/537.36 (KHTML, like Gecko; compatible; ClaudeBot/1.0; +claudebot@anthropic.com)"
216.73.216.149 - - [13/Mar/2026:00:37:01 +0330] "GET /common-problems-which-have-vouchers-and-ways-to-augment-them/feed/ HTTP/2" 200 519 "https://farazshimi.ir/common-problems-which-have-vouchers-and-ways-to-augment-them/feed" "Mozilla/5.0 AppleWebKit/537.36 (KHTML, like Gecko; compatible; ClaudeBot/1.0; +claudebot@anthropic.com)"
216.73.216.149 - - [13/Mar/2026:00:37:02 +0330] "GET /faith-the-most-techniques-when-selecting-where-to-experience/feed HTTP/2" 301 0 "-" "Mozilla/5.0 AppleWebKit/537.36 (KHTML, like Gecko; compatible; ClaudeBot/1.0; +claudebot@anthropic.com)"
45.61.188.241 - - [13/Mar/2026:00:37:03 +0330] "GET /wp-login.php HTTP/1.1" 200 11614 "-" "Mozilla/5.0 (Windows NT 6.1; Trident/7.0; rv:11.0) like Gecko"
45.61.188.241 - - [13/Mar/2026:00:37:03 +0330] "POST /wp-login.php HTTP/1.1" 200 12156 "-" "Mozilla/5.0 (Windows NT 6.1; Trident/7.0; rv:11.0) like Gecko"
216.73.216.149 - - [13/Mar/2026:00:37:03 +0330] "GET /faith-the-most-techniques-when-selecting-where-to-experience/feed/ HTTP/2" 200 502 "https://farazshimi.ir/faith-the-most-techniques-when-selecting-where-to-experience/feed" "Mozilla/5.0 AppleWebKit/537.36 (KHTML, like Gecko; compatible; ClaudeBot/1.0; +claudebot@anthropic.com)"
216.73.216.149 - - [13/Mar/2026:00:37:05 +0330] "GET /author/admlnlx/page/30/989930062081 HTTP/2" 404 0 "-" "Mozilla/5.0 AppleWebKit/537.36 (KHTML, like Gecko; compatible; ClaudeBot/1.0; +claudebot@anthropic.com)"
216.73.216.149 - - [13/Mar/2026:00:37:08 +0330] "GET /author/admlnlx/page/29/989930062081 HTTP/2" 404 0 "-" "Mozilla/5.0 AppleWebKit/537.36 (KHTML, like Gecko; compatible; ClaudeBot/1.0; +claudebot@anthropic.com)"
216.73.216.149 - - [13/Mar/2026:00:37:30 +0330] "GET /faith-the-most-techniques-when-selecting-where-to-experience/instagram.com/farazshimialborz HTTP/2" 404 0 "-" "Mozilla/5.0 AppleWebKit/537.36 (KHTML, like Gecko; compatible; ClaudeBot/1.0; +claudebot@anthropic.com)"
216.73.216.149 - - [13/Mar/2026:00:37:32 +0330] "GET /common-problems-which-have-vouchers-and-ways-to-augment-them/989930062081 HTTP/2" 301 0 "-" "Mozilla/5.0 AppleWebKit/537.36 (KHTML, like Gecko; compatible; ClaudeBot/1.0; +claudebot@anthropic.com)"
216.73.216.149 - - [13/Mar/2026:00:37:33 +0330] "GET /common-problems-which-have-vouchers-and-ways-to-augment-them/ HTTP/2" 200 27178 "https://farazshimi.ir/common-problems-which-have-vouchers-and-ways-to-augment-them/989930062081" "Mozilla/5.0 AppleWebKit/537.36 (KHTML, like Gecko; compatible; ClaudeBot/1.0; +claudebot@anthropic.com)"
216.73.216.149 - - [13/Mar/2026:00:37:35 +0330] "GET /faith-the-most-techniques-when-selecting-where-to-experience/989930062081 HTTP/2" 301 0 "-" "Mozilla/5.0 AppleWebKit/537.36 (KHTML, like Gecko; compatible; ClaudeBot/1.0; +claudebot@anthropic.com)"
216.73.216.149 - - [13/Mar/2026:00:37:36 +0330] "GET /faith-the-most-techniques-when-selecting-where-to-experience/ HTTP/2" 200 27474 "https://farazshimi.ir/faith-the-most-techniques-when-selecting-where-to-experience/989930062081" "Mozilla/5.0 AppleWebKit/537.36 (KHTML, like Gecko; compatible; ClaudeBot/1.0; +claudebot@anthropic.com)"
216.73.216.149 - - [13/Mar/2026:00:37:38 +0330] "GET /coronavirus-disease-2019/instagram.com/farazshimialborz HTTP/2" 404 0 "-" "Mozilla/5.0 AppleWebKit/537.36 (KHTML, like Gecko; compatible; ClaudeBot/1.0; +claudebot@anthropic.com)"
216.73.216.149 - - [13/Mar/2026:00:37:45 +0330] "GET /now-hold-off-simply-a-moment-it-can-rating-more-challenging/989930062081 HTTP/2" 301 0 "-" "Mozilla/5.0 AppleWebKit/537.36 (KHTML, like Gecko; compatible; ClaudeBot/1.0; +claudebot@anthropic.com)"
216.73.216.149 - - [13/Mar/2026:00:37:46 +0330] "GET /now-hold-off-simply-a-moment-it-can-rating-more-challenging/ HTTP/2" 200 27219 "https://farazshimi.ir/now-hold-off-simply-a-moment-it-can-rating-more-challenging/989930062081" "Mozilla/5.0 AppleWebKit/537.36 (KHTML, like Gecko; compatible; ClaudeBot/1.0; +claudebot@anthropic.com)"
216.73.216.149 - - [13/Mar/2026:00:37:48 +0330] "GET /just-shortly-after-day-enjoys-lapsed-usually-improved-restrictions-be-accessible/feed HTTP/2" 301 0 "-" "Mozilla/5.0 AppleWebKit/537.36 (KHTML, like Gecko; compatible; ClaudeBot/1.0; +claudebot@anthropic.com)"
216.73.216.149 - - [13/Mar/2026:00:37:48 +0330] "GET /just-shortly-after-day-enjoys-lapsed-usually-improved-restrictions-be-accessible/feed/ HTTP/2" 200 527 "https://farazshimi.ir/just-shortly-after-day-enjoys-lapsed-usually-improved-restrictions-be-accessible/feed" "Mozilla/5.0 AppleWebKit/537.36 (KHTML, like Gecko; compatible; ClaudeBot/1.0; +claudebot@anthropic.com)"
216.73.216.149 - - [13/Mar/2026:00:37:51 +0330] "GET /common-problems-which-have-vouchers-and-ways-to-augment-them/instagram.com/farazshimialborz HTTP/2" 404 0 "-" "Mozilla/5.0 AppleWebKit/537.36 (KHTML, like Gecko; compatible; ClaudeBot/1.0; +claudebot@anthropic.com)"
216.73.216.149 - - [13/Mar/2026:00:37:57 +0330] "GET /author/admlnlx/page/30/instagram.com/farazshimialborz HTTP/2" 404 0 "-" "Mozilla/5.0 AppleWebKit/537.36 (KHTML, like Gecko; compatible; ClaudeBot/1.0; +claudebot@anthropic.com)"
216.73.216.149 - - [13/Mar/2026:00:38:00 +0330] "GET /author/admlnlx/page/29/instagram.com/farazshimialborz HTTP/2" 404 0 "-" "Mozilla/5.0 AppleWebKit/537.36 (KHTML, like Gecko; compatible; ClaudeBot/1.0; +claudebot@anthropic.com)"
216.73.216.149 - - [13/Mar/2026:00:38:02 +0330] "GET /author/admlnlx/page/28/instagram.com/farazshimialborz HTTP/2" 404 0 "-" "Mozilla/5.0 AppleWebKit/537.36 (KHTML, like Gecko; compatible; ClaudeBot/1.0; +claudebot@anthropic.com)"
216.73.216.149 - - [13/Mar/2026:00:38:06 +0330] "GET /coronavirus-disease-2019/989930062081 HTTP/2" 301 0 "-" "Mozilla/5.0 AppleWebKit/537.36 (KHTML, like Gecko; compatible; ClaudeBot/1.0; +claudebot@anthropic.com)"
216.73.216.149 - - [13/Mar/2026:00:38:06 +0330] "GET /coronavirus-disease-2019/ HTTP/2" 200 26663 "https://farazshimi.ir/coronavirus-disease-2019/989930062081" "Mozilla/5.0 AppleWebKit/537.36 (KHTML, like Gecko; compatible; ClaudeBot/1.0; +claudebot@anthropic.com)"
211.21.61.225 - - [13/Mar/2026:00:38:28 +0330] "POST /xmlrpc.php HTTP/1.1" 200 249 "-" "Mozilla/5.0 (Windows NT 10.0; WOW64) AppleWebKit/537.36 (KHTML, like Gecko) Chrome/138.0.0.0 Safari/537.36 Edg/138.0.0.0"
220.239.74.60 - - [13/Mar/2026:00:38:43 +0330] "POST /xmlrpc.php HTTP/1.1" 200 426 "-" "Mozilla/5.0 (Linux; Android 10; arm64) AppleWebKit/537.36 (KHTML, like Gecko) Chrome/102.0.0.0 Safari/537.36"
151.240.10.84 - - [13/Mar/2026:00:38:55 +0330] "POST /xmlrpc.php HTTP/1.1" 200 249 "-" "Mozilla/5.0 (Windows NT 10.0) AppleWebKit/537.36 (KHTML, like Gecko) Chrome/142.0.0.0 Safari/537.36 Edg/142.0.0.0"
162.55.240.80 - - [13/Mar/2026:00:39:07 +0330] "POST /wp-cron.php?doing_wp_cron=1773349747.8279631137847900390625 HTTP/1.1" 200 0 "-" "WordPress/6.9.4; https://farazshimi.ir"
216.73.216.149 - - [13/Mar/2026:00:39:07 +0330] "GET /pol-zovatel-skie-funktsii-epicstar-dlia-vsekh-na-platforme HTTP/2" 301 0 "-" "Mozilla/5.0 AppleWebKit/537.36 (KHTML, like Gecko; compatible; ClaudeBot/1.0; +claudebot@anthropic.com)"
216.73.216.149 - - [13/Mar/2026:00:39:07 +0330] "GET /pol-zovatel-skie-funktsii-epicstar-dlia-vsekh-na-platforme/ HTTP/2" 200 29139 "https://farazshimi.ir/pol-zovatel-skie-funktsii-epicstar-dlia-vsekh-na-platforme" "Mozilla/5.0 AppleWebKit/537.36 (KHTML, like Gecko; compatible; ClaudeBot/1.0; +claudebot@anthropic.com)"
216.73.216.149 - - [13/Mar/2026:00:39:09 +0330] "GET /just-shortly-after-day-enjoys-lapsed-usually-improved-restrictions-be-accessible/instagram.com/farazshimialborz HTTP/2" 404 0 "-" "Mozilla/5.0 AppleWebKit/537.36 (KHTML, like Gecko; compatible; ClaudeBot/1.0; +claudebot@anthropic.com)"
