74.7.227.56 - - [12/Mar/2026:16:13:08 +0330] "GET /jouer-au-casino-en-ligne-decouvrez-leon-et-les-meilleures-astuces/ HTTP/2" 200 27680 "https://farazshimi.ir/offres-de-casino-live-decouvrez-les-meilleures-promotions-instantanees/" "Mozilla/5.0 AppleWebKit/537.36 (KHTML, like Gecko; compatible; GPTBot/1.3; +https://openai.com/gptbot)"
74.7.227.56 - - [12/Mar/2026:16:13:11 +0330] "GET /wp-json/oembed/1.0/embed?url=https%3A%2F%2Ffarazshimi.ir%2Foffres-de-casino-live-decouvrez-les-meilleures-promotions-instantanees%2F HTTP/2" 200 1166 "https://farazshimi.ir/offres-de-casino-live-decouvrez-les-meilleures-promotions-instantanees/" "Mozilla/5.0 AppleWebKit/537.36 (KHTML, like Gecko; compatible; GPTBot/1.3; +https://openai.com/gptbot)"
74.7.227.56 - - [12/Mar/2026:16:13:14 +0330] "GET /wp-json/oembed/1.0/embed?format=xml&url=https%3A%2F%2Ffarazshimi.ir%2Foffres-de-casino-live-decouvrez-les-meilleures-promotions-instantanees%2F HTTP/2" 200 1205 "https://farazshimi.ir/offres-de-casino-live-decouvrez-les-meilleures-promotions-instantanees/" "Mozilla/5.0 AppleWebKit/537.36 (KHTML, like Gecko; compatible; GPTBot/1.3; +https://openai.com/gptbot)"
74.7.227.56 - - [12/Mar/2026:16:13:17 +0330] "GET /offres-de-casino-live-decouvrez-les-meilleures-promotions-instantanees/989930062081 HTTP/2" 301 0 "https://farazshimi.ir/offres-de-casino-live-decouvrez-les-meilleures-promotions-instantanees/" "Mozilla/5.0 AppleWebKit/537.36 (KHTML, like Gecko; compatible; GPTBot/1.3; +https://openai.com/gptbot)"
74.7.227.56 - - [12/Mar/2026:16:13:18 +0330] "GET /offres-de-casino-live-decouvrez-les-meilleures-promotions-instantanees/ HTTP/2" 200 27900 "https://farazshimi.ir/offres-de-casino-live-decouvrez-les-meilleures-promotions-instantanees/989930062081" "Mozilla/5.0 AppleWebKit/537.36 (KHTML, like Gecko; compatible; GPTBot/1.3; +https://openai.com/gptbot)"
74.7.227.56 - - [12/Mar/2026:16:13:20 +0330] "GET /wp-json/oembed/1.0/embed?url=https%3A%2F%2Ffarazshimi.ir%2Fle-video-poker-tout-savoir-sur-ce-jeu-de-casino-a-leon%2F HTTP/2" 200 1141 "https://farazshimi.ir/le-video-poker-tout-savoir-sur-ce-jeu-de-casino-a-leon/" "Mozilla/5.0 AppleWebKit/537.36 (KHTML, like Gecko; compatible; GPTBot/1.3; +https://openai.com/gptbot)"
74.7.227.56 - - [12/Mar/2026:16:13:24 +0330] "GET /wp-json/wp/v2/posts/536 HTTP/2" 200 3291 "https://farazshimi.ir/le-video-poker-tout-savoir-sur-ce-jeu-de-casino-a-leon/" "Mozilla/5.0 AppleWebKit/537.36 (KHTML, like Gecko; compatible; GPTBot/1.3; +https://openai.com/gptbot)"
74.7.227.56 - - [12/Mar/2026:16:13:27 +0330] "GET /le-video-poker-tout-savoir-sur-ce-jeu-de-casino-a-leon/instagram.com/farazshimialborz HTTP/2" 404 0 "https://farazshimi.ir/le-video-poker-tout-savoir-sur-ce-jeu-de-casino-a-leon/" "Mozilla/5.0 AppleWebKit/537.36 (KHTML, like Gecko; compatible; GPTBot/1.3; +https://openai.com/gptbot)"
74.7.227.56 - - [12/Mar/2026:16:13:30 +0330] "GET /le-video-poker-tout-savoir-sur-ce-jeu-de-casino-a-leon/989930062081 HTTP/2" 301 0 "https://farazshimi.ir/le-video-poker-tout-savoir-sur-ce-jeu-de-casino-a-leon/" "Mozilla/5.0 AppleWebKit/537.36 (KHTML, like Gecko; compatible; GPTBot/1.3; +https://openai.com/gptbot)"
74.7.227.56 - - [12/Mar/2026:16:13:31 +0330] "GET /le-video-poker-tout-savoir-sur-ce-jeu-de-casino-a-leon/ HTTP/2" 200 27522 "https://farazshimi.ir/le-video-poker-tout-savoir-sur-ce-jeu-de-casino-a-leon/989930062081" "Mozilla/5.0 AppleWebKit/537.36 (KHTML, like Gecko; compatible; GPTBot/1.3; +https://openai.com/gptbot)"
74.7.227.56 - - [12/Mar/2026:16:13:33 +0330] "GET /?p=536 HTTP/2" 301 0 "https://farazshimi.ir/le-video-poker-tout-savoir-sur-ce-jeu-de-casino-a-leon/" "Mozilla/5.0 AppleWebKit/537.36 (KHTML, like Gecko; compatible; GPTBot/1.3; +https://openai.com/gptbot)"
74.7.227.56 - - [12/Mar/2026:16:13:34 +0330] "GET /le-video-poker-tout-savoir-sur-ce-jeu-de-casino-a-leon/ HTTP/2" 200 27524 "https://farazshimi.ir/?p=536" "Mozilla/5.0 AppleWebKit/537.36 (KHTML, like Gecko; compatible; GPTBot/1.3; +https://openai.com/gptbot)"
74.7.227.56 - - [12/Mar/2026:16:13:36 +0330] "GET /?p=566 HTTP/2" 301 0 "https://farazshimi.ir/offres-de-casino-live-decouvrez-les-meilleures-promotions-instantanees/" "Mozilla/5.0 AppleWebKit/537.36 (KHTML, like Gecko; compatible; GPTBot/1.3; +https://openai.com/gptbot)"
74.7.227.56 - - [12/Mar/2026:16:13:37 +0330] "GET /offres-de-casino-live-decouvrez-les-meilleures-promotions-instantanees/ HTTP/2" 200 27900 "https://farazshimi.ir/?p=566" "Mozilla/5.0 AppleWebKit/537.36 (KHTML, like Gecko; compatible; GPTBot/1.3; +https://openai.com/gptbot)"
74.7.227.56 - - [12/Mar/2026:16:13:39 +0330] "GET /offres-de-casino-live-decouvrez-les-meilleures-promotions-instantanees/feed/ HTTP/2" 200 537 "https://farazshimi.ir/offres-de-casino-live-decouvrez-les-meilleures-promotions-instantanees/" "Mozilla/5.0 AppleWebKit/537.36 (KHTML, like Gecko; compatible; GPTBot/1.3; +https://openai.com/gptbot)"
74.7.227.56 - - [12/Mar/2026:16:13:42 +0330] "GET /jouer-au-casino-en-ligne-decouvrez-leon-et-les-meilleures-astuces/feed/ HTTP/2" 200 530 "https://farazshimi.ir/jouer-au-casino-en-ligne-decouvrez-leon-et-les-meilleures-astuces/" "Mozilla/5.0 AppleWebKit/537.36 (KHTML, like Gecko; compatible; GPTBot/1.3; +https://openai.com/gptbot)"
74.7.227.56 - - [12/Mar/2026:16:13:46 +0330] "GET /wp-json/oembed/1.0/embed?format=xml&url=https%3A%2F%2Ffarazshimi.ir%2Fjouer-au-casino-en-ligne-decouvrez-leon-et-les-meilleures-astuces%2F HTTP/2" 200 1194 "https://farazshimi.ir/jouer-au-casino-en-ligne-decouvrez-leon-et-les-meilleures-astuces/" "Mozilla/5.0 AppleWebKit/537.36 (KHTML, like Gecko; compatible; GPTBot/1.3; +https://openai.com/gptbot)"
74.7.227.56 - - [12/Mar/2026:16:13:49 +0330] "GET /wp-json/wp/v2/posts/560 HTTP/2" 200 3374 "https://farazshimi.ir/jouer-au-casino-en-ligne-decouvrez-leon-et-les-meilleures-astuces/" "Mozilla/5.0 AppleWebKit/537.36 (KHTML, like Gecko; compatible; GPTBot/1.3; +https://openai.com/gptbot)"
74.7.227.56 - - [12/Mar/2026:16:13:52 +0330] "GET /jouer-au-casino-en-ligne-decouvrez-leon-et-les-meilleures-astuces/989930062081 HTTP/2" 301 0 "https://farazshimi.ir/jouer-au-casino-en-ligne-decouvrez-leon-et-les-meilleures-astuces/" "Mozilla/5.0 AppleWebKit/537.36 (KHTML, like Gecko; compatible; GPTBot/1.3; +https://openai.com/gptbot)"
74.7.227.56 - - [12/Mar/2026:16:13:53 +0330] "GET /jouer-au-casino-en-ligne-decouvrez-leon-et-les-meilleures-astuces/ HTTP/2" 200 27680 "https://farazshimi.ir/jouer-au-casino-en-ligne-decouvrez-leon-et-les-meilleures-astuces/989930062081" "Mozilla/5.0 AppleWebKit/537.36 (KHTML, like Gecko; compatible; GPTBot/1.3; +https://openai.com/gptbot)"
74.7.227.56 - - [12/Mar/2026:16:13:55 +0330] "GET /wp-json/oembed/1.0/embed?url=https%3A%2F%2Ffarazshimi.ir%2Fjouer-au-casino-en-ligne-decouvrez-leon-et-les-meilleures-astuces%2F HTTP/2" 200 1169 "https://farazshimi.ir/jouer-au-casino-en-ligne-decouvrez-leon-et-les-meilleures-astuces/" "Mozilla/5.0 AppleWebKit/537.36 (KHTML, like Gecko; compatible; GPTBot/1.3; +https://openai.com/gptbot)"
74.7.227.56 - - [12/Mar/2026:16:13:58 +0330] "GET /?p=560 HTTP/2" 301 0 "https://farazshimi.ir/jouer-au-casino-en-ligne-decouvrez-leon-et-les-meilleures-astuces/" "Mozilla/5.0 AppleWebKit/537.36 (KHTML, like Gecko; compatible; GPTBot/1.3; +https://openai.com/gptbot)"
74.7.227.56 - - [12/Mar/2026:16:13:59 +0330] "GET /jouer-au-casino-en-ligne-decouvrez-leon-et-les-meilleures-astuces/ HTTP/2" 200 27680 "https://farazshimi.ir/?p=560" "Mozilla/5.0 AppleWebKit/537.36 (KHTML, like Gecko; compatible; GPTBot/1.3; +https://openai.com/gptbot)"
74.7.227.56 - - [12/Mar/2026:16:14:02 +0330] "GET /casino-en-ligne-prefere-pourquoi-choisir-leon/ HTTP/2" 200 27715 "https://farazshimi.ir/jouer-au-casino-en-ligne-decouvrez-leon-et-les-meilleures-astuces/" "Mozilla/5.0 AppleWebKit/537.36 (KHTML, like Gecko; compatible; GPTBot/1.3; +https://openai.com/gptbot)"
162.55.240.80 - - [12/Mar/2026:16:14:05 +0330] "POST /wp-cron.php?doing_wp_cron=1773319445.8022930622100830078125 HTTP/1.1" 200 0 "-" "WordPress/6.9.4; https://farazshimi.ir"
74.7.227.56 - - [12/Mar/2026:16:14:05 +0330] "GET /wp-json/oembed/1.0/embed?format=xml&url=https%3A%2F%2Ffarazshimi.ir%2Fbonus-casino-bitcoin-profitez-davantages-instantanes%2F HTTP/2" 200 1192 "https://farazshimi.ir/bonus-casino-bitcoin-profitez-davantages-instantanes/" "Mozilla/5.0 AppleWebKit/537.36 (KHTML, like Gecko; compatible; GPTBot/1.3; +https://openai.com/gptbot)"
74.7.227.56 - - [12/Mar/2026:16:14:08 +0330] "GET /wp-json/wp/v2/posts/566 HTTP/2" 200 3594 "https://farazshimi.ir/offres-de-casino-live-decouvrez-les-meilleures-promotions-instantanees/" "Mozilla/5.0 AppleWebKit/537.36 (KHTML, like Gecko; compatible; GPTBot/1.3; +https://openai.com/gptbot)"
74.7.227.56 - - [12/Mar/2026:16:14:11 +0330] "GET /wp-json/wp/v2/posts/532 HTTP/2" 200 3182 "https://farazshimi.ir/les-meilleures-machines-a-sous-en-ligne-sur-casino-leon/" "Mozilla/5.0 AppleWebKit/537.36 (KHTML, like Gecko; compatible; GPTBot/1.3; +https://openai.com/gptbot)"
74.7.227.56 - - [12/Mar/2026:16:14:14 +0330] "GET /wp-json/wp/v2/posts/524 HTTP/2" 200 3653 "https://farazshimi.ir/jeux-dargent-en-ligne-avec-argent-reel-decouvrez-leon/" "Mozilla/5.0 AppleWebKit/537.36 (KHTML, like Gecko; compatible; GPTBot/1.3; +https://openai.com/gptbot)"
74.7.227.56 - - [12/Mar/2026:16:14:17 +0330] "GET /wp-json/wp/v2/posts/520 HTTP/2" 200 3895 "https://farazshimi.ir/depot-casino-1-euro-decouvrez-betify-pour-vos-jeux-en-ligne/" "Mozilla/5.0 AppleWebKit/537.36 (KHTML, like Gecko; compatible; GPTBot/1.3; +https://openai.com/gptbot)"
74.7.227.56 - - [12/Mar/2026:16:14:20 +0330] "GET /casino-avec-depot-minimum-de-1-e-decouvrez-le-casino-leon/ HTTP/2" 200 27511 "https://farazshimi.ir/le-video-poker-tout-savoir-sur-ce-jeu-de-casino-a-leon/" "Mozilla/5.0 AppleWebKit/537.36 (KHTML, like Gecko; compatible; GPTBot/1.3; +https://openai.com/gptbot)"
74.7.227.56 - - [12/Mar/2026:16:14:23 +0330] "GET /offres-de-casino-live-decouvrez-les-meilleures-promotions-instantanees/instagram.com/farazshimialborz HTTP/2" 404 0 "https://farazshimi.ir/offres-de-casino-live-decouvrez-les-meilleures-promotions-instantanees/" "Mozilla/5.0 AppleWebKit/537.36 (KHTML, like Gecko; compatible; GPTBot/1.3; +https://openai.com/gptbot)"
74.7.227.56 - - [12/Mar/2026:16:14:26 +0330] "GET /machines-a-sous-en-argent-reel-gagnez-instantanement/feed/ HTTP/2" 200 517 "https://farazshimi.ir/machines-a-sous-en-argent-reel-gagnez-instantanement/" "Mozilla/5.0 AppleWebKit/537.36 (KHTML, like Gecko; compatible; GPTBot/1.3; +https://openai.com/gptbot)"
74.7.227.56 - - [12/Mar/2026:16:14:29 +0330] "GET /wp-json/oembed/1.0/embed?url=https%3A%2F%2Ffarazshimi.ir%2Fmachine-a-sous-demo-decouvrez-lunivers-avec-casino-leon%2F HTTP/2" 200 1146 "https://farazshimi.ir/machine-a-sous-demo-decouvrez-lunivers-avec-casino-leon/" "Mozilla/5.0 AppleWebKit/537.36 (KHTML, like Gecko; compatible; GPTBot/1.3; +https://openai.com/gptbot)"
74.7.227.56 - - [12/Mar/2026:16:14:33 +0330] "GET /le-video-poker-tout-savoir-sur-ce-jeu-de-casino-a-leon/feed/ HTTP/2" 200 526 "https://farazshimi.ir/le-video-poker-tout-savoir-sur-ce-jeu-de-casino-a-leon/" "Mozilla/5.0 AppleWebKit/537.36 (KHTML, like Gecko; compatible; GPTBot/1.3; +https://openai.com/gptbot)"
74.7.227.56 - - [12/Mar/2026:16:14:36 +0330] "GET /?p=558 HTTP/2" 301 0 "https://farazshimi.ir/casino-en-ligne-prefere-pourquoi-choisir-leon/" "Mozilla/5.0 AppleWebKit/537.36 (KHTML, like Gecko; compatible; GPTBot/1.3; +https://openai.com/gptbot)"
74.7.227.56 - - [12/Mar/2026:16:14:37 +0330] "GET /casino-en-ligne-prefere-pourquoi-choisir-leon/ HTTP/2" 200 27715 "https://farazshimi.ir/?p=558" "Mozilla/5.0 AppleWebKit/537.36 (KHTML, like Gecko; compatible; GPTBot/1.3; +https://openai.com/gptbot)"
74.7.227.56 - - [12/Mar/2026:16:14:39 +0330] "GET /wp-json/oembed/1.0/embed?format=xml&url=https%3A%2F%2Ffarazshimi.ir%2Fcasino-en-ligne-prefere-pourquoi-choisir-leon%2F HTTP/2" 200 1169 "https://farazshimi.ir/casino-en-ligne-prefere-pourquoi-choisir-leon/" "Mozilla/5.0 AppleWebKit/537.36 (KHTML, like Gecko; compatible; GPTBot/1.3; +https://openai.com/gptbot)"
74.7.227.56 - - [12/Mar/2026:16:14:42 +0330] "GET /casino-en-ligne-prefere-pourquoi-choisir-leon/feed/ HTTP/2" 200 506 "https://farazshimi.ir/casino-en-ligne-prefere-pourquoi-choisir-leon/" "Mozilla/5.0 AppleWebKit/537.36 (KHTML, like Gecko; compatible; GPTBot/1.3; +https://openai.com/gptbot)"
74.7.227.56 - - [12/Mar/2026:16:14:45 +0330] "GET /casino-en-ligne-prefere-pourquoi-choisir-leon/989930062081 HTTP/2" 301 0 "https://farazshimi.ir/casino-en-ligne-prefere-pourquoi-choisir-leon/" "Mozilla/5.0 AppleWebKit/537.36 (KHTML, like Gecko; compatible; GPTBot/1.3; +https://openai.com/gptbot)"
74.7.227.56 - - [12/Mar/2026:16:14:46 +0330] "GET /casino-en-ligne-prefere-pourquoi-choisir-leon/ HTTP/2" 200 27715 "https://farazshimi.ir/casino-en-ligne-prefere-pourquoi-choisir-leon/989930062081" "Mozilla/5.0 AppleWebKit/537.36 (KHTML, like Gecko; compatible; GPTBot/1.3; +https://openai.com/gptbot)"
74.7.227.56 - - [12/Mar/2026:16:14:48 +0330] "GET /wp-json/wp/v2/posts/558 HTTP/2" 200 3412 "https://farazshimi.ir/casino-en-ligne-prefere-pourquoi-choisir-leon/" "Mozilla/5.0 AppleWebKit/537.36 (KHTML, like Gecko; compatible; GPTBot/1.3; +https://openai.com/gptbot)"
74.7.227.56 - - [12/Mar/2026:16:14:52 +0330] "GET /wp-json/oembed/1.0/embed?url=https%3A%2F%2Ffarazshimi.ir%2Fcasino-en-ligne-prefere-pourquoi-choisir-leon%2F HTTP/2" 200 1127 "https://farazshimi.ir/casino-en-ligne-prefere-pourquoi-choisir-leon/" "Mozilla/5.0 AppleWebKit/537.36 (KHTML, like Gecko; compatible; GPTBot/1.3; +https://openai.com/gptbot)"
74.7.227.56 - - [12/Mar/2026:16:14:55 +0330] "GET /wp-json/oembed/1.0/embed?url=https%3A%2F%2Ffarazshimi.ir%2Fcasino-avec-depot-minimum-de-1-e-decouvrez-le-casino-leon%2F HTTP/2" 200 1152 "https://farazshimi.ir/casino-avec-depot-minimum-de-1-e-decouvrez-le-casino-leon/" "Mozilla/5.0 AppleWebKit/537.36 (KHTML, like Gecko; compatible; GPTBot/1.3; +https://openai.com/gptbot)"
74.7.227.56 - - [12/Mar/2026:16:14:58 +0330] "GET /wp-json/wp/v2/posts/540 HTTP/2" 200 3257 "https://farazshimi.ir/casino-avec-depot-minimum-de-1-e-decouvrez-le-casino-leon/" "Mozilla/5.0 AppleWebKit/537.36 (KHTML, like Gecko; compatible; GPTBot/1.3; +https://openai.com/gptbot)"
74.7.227.56 - - [12/Mar/2026:16:15:01 +0330] "GET /casino-avec-depot-minimum-de-1-e-decouvrez-le-casino-leon/feed/ HTTP/2" 200 547 "https://farazshimi.ir/casino-avec-depot-minimum-de-1-e-decouvrez-le-casino-leon/" "Mozilla/5.0 AppleWebKit/537.36 (KHTML, like Gecko; compatible; GPTBot/1.3; +https://openai.com/gptbot)"
74.7.227.56 - - [12/Mar/2026:16:15:04 +0330] "GET /depot-casino-1-euro-jouer-malin-avec-casino-leon/ HTTP/2" 200 27553 "https://farazshimi.ir/casino-avec-depot-minimum-de-1-e-decouvrez-le-casino-leon/" "Mozilla/5.0 AppleWebKit/537.36 (KHTML, like Gecko; compatible; GPTBot/1.3; +https://openai.com/gptbot)"
74.7.227.56 - - [12/Mar/2026:16:15:08 +0330] "GET /?p=540 HTTP/2" 301 0 "https://farazshimi.ir/casino-avec-depot-minimum-de-1-e-decouvrez-le-casino-leon/" "Mozilla/5.0 AppleWebKit/537.36 (KHTML, like Gecko; compatible; GPTBot/1.3; +https://openai.com/gptbot)"
74.7.227.56 - - [12/Mar/2026:16:15:08 +0330] "GET /casino-avec-depot-minimum-de-1-e-decouvrez-le-casino-leon/ HTTP/2" 200 27511 "https://farazshimi.ir/?p=540" "Mozilla/5.0 AppleWebKit/537.36 (KHTML, like Gecko; compatible; GPTBot/1.3; +https://openai.com/gptbot)"
192.99.101.162 - - [12/Mar/2026:16:15:10 +0330] "HEAD /casino-echeck-un-guide-complet-avec-betify/ HTTP/1.1" 200 0 "-" "WordPress/6.8.1; https://yclmarketing.co.tz"
74.7.227.56 - - [12/Mar/2026:16:15:11 +0330] "GET /wp-json/oembed/1.0/embed?format=xml&url=https%3A%2F%2Ffarazshimi.ir%2Fcasino-avec-depot-minimum-de-1-e-decouvrez-le-casino-leon%2F HTTP/2" 200 1195 "https://farazshimi.ir/casino-avec-depot-minimum-de-1-e-decouvrez-le-casino-leon/" "Mozilla/5.0 AppleWebKit/537.36 (KHTML, like Gecko; compatible; GPTBot/1.3; +https://openai.com/gptbot)"
74.7.227.56 - - [12/Mar/2026:16:15:14 +0330] "GET /casino-avec-depot-minimum-de-1-e-decouvrez-le-casino-leon/instagram.com/farazshimialborz HTTP/2" 404 0 "https://farazshimi.ir/casino-avec-depot-minimum-de-1-e-decouvrez-le-casino-leon/" "Mozilla/5.0 AppleWebKit/537.36 (KHTML, like Gecko; compatible; GPTBot/1.3; +https://openai.com/gptbot)"
74.7.227.56 - - [12/Mar/2026:16:15:17 +0330] "GET /casino-avec-depot-minimum-de-1-e-decouvrez-le-casino-leon/989930062081 HTTP/2" 301 0 "https://farazshimi.ir/casino-avec-depot-minimum-de-1-e-decouvrez-le-casino-leon/" "Mozilla/5.0 AppleWebKit/537.36 (KHTML, like Gecko; compatible; GPTBot/1.3; +https://openai.com/gptbot)"
74.7.227.56 - - [12/Mar/2026:16:15:18 +0330] "GET /casino-avec-depot-minimum-de-1-e-decouvrez-le-casino-leon/ HTTP/2" 200 27511 "https://farazshimi.ir/casino-avec-depot-minimum-de-1-e-decouvrez-le-casino-leon/989930062081" "Mozilla/5.0 AppleWebKit/537.36 (KHTML, like Gecko; compatible; GPTBot/1.3; +https://openai.com/gptbot)"
74.7.227.56 - - [12/Mar/2026:16:15:20 +0330] "GET /casino-en-ligne-prefere-pourquoi-choisir-leon/instagram.com/farazshimialborz HTTP/2" 404 0 "https://farazshimi.ir/casino-en-ligne-prefere-pourquoi-choisir-leon/" "Mozilla/5.0 AppleWebKit/537.36 (KHTML, like Gecko; compatible; GPTBot/1.3; +https://openai.com/gptbot)"
74.7.227.56 - - [12/Mar/2026:16:15:23 +0330] "GET /machine-a-sous-demo-plongez-dans-lunivers-de-casino-leon/ HTTP/2" 200 27509 "https://farazshimi.ir/casino-en-ligne-prefere-pourquoi-choisir-leon/" "Mozilla/5.0 AppleWebKit/537.36 (KHTML, like Gecko; compatible; GPTBot/1.3; +https://openai.com/gptbot)"
103.212.182.185 - - [12/Mar/2026:16:15:24 +0330] "HEAD /application-de-casino-mobile-decouvrez-betify-pour-jouer-en-ligne/ HTTP/1.1" 200 0 "-" "WordPress/6.9.4; https://ioniclogistics.com"
74.7.227.56 - - [12/Mar/2026:16:15:26 +0330] "GET /jouer-au-casino-en-ligne-decouvrez-leon-et-les-meilleures-astuces/instagram.com/farazshimialborz HTTP/2" 404 0 "https://farazshimi.ir/jouer-au-casino-en-ligne-decouvrez-leon-et-les-meilleures-astuces/" "Mozilla/5.0 AppleWebKit/537.36 (KHTML, like Gecko; compatible; GPTBot/1.3; +https://openai.com/gptbot)"
74.7.227.56 - - [12/Mar/2026:16:15:30 +0330] "GET /bonus-de-bienvenue-casino-sans-depot-chez-leon-maximisez-vos-gains/instagram.com/farazshimialborz HTTP/2" 404 0 "https://farazshimi.ir/bonus-de-bienvenue-casino-sans-depot-chez-leon-maximisez-vos-gains/" "Mozilla/5.0 AppleWebKit/537.36 (KHTML, like Gecko; compatible; GPTBot/1.3; +https://openai.com/gptbot)"
74.7.227.56 - - [12/Mar/2026:16:15:33 +0330] "GET /les-meilleures-machines-a-sous-en-ligne-sur-casino-leon/instagram.com/farazshimialborz HTTP/2" 404 0 "https://farazshimi.ir/les-meilleures-machines-a-sous-en-ligne-sur-casino-leon/" "Mozilla/5.0 AppleWebKit/537.36 (KHTML, like Gecko; compatible; GPTBot/1.3; +https://openai.com/gptbot)"
74.7.227.56 - - [12/Mar/2026:16:15:36 +0330] "GET /wp-json/oembed/1.0/embed?format=xml&url=https%3A%2F%2Ffarazshimi.ir%2Fjeux-dargent-en-ligne-avec-argent-reel-decouvrez-leon%2F HTTP/2" 200 1182 "https://farazshimi.ir/jeux-dargent-en-ligne-avec-argent-reel-decouvrez-leon/" "Mozilla/5.0 AppleWebKit/537.36 (KHTML, like Gecko; compatible; GPTBot/1.3; +https://openai.com/gptbot)"
74.7.227.56 - - [12/Mar/2026:16:15:39 +0330] "GET /wp-json/oembed/1.0/embed?url=https%3A%2F%2Ffarazshimi.ir%2Fdepot-casino-1-euro-jouer-malin-avec-casino-leon%2F HTTP/2" 200 1132 "https://farazshimi.ir/depot-casino-1-euro-jouer-malin-avec-casino-leon/" "Mozilla/5.0 AppleWebKit/537.36 (KHTML, like Gecko; compatible; GPTBot/1.3; +https://openai.com/gptbot)"
192.99.101.162 - - [12/Mar/2026:16:15:40 +0330] "HEAD /casino-echeck-un-guide-complet-avec-betify/ HTTP/1.1" 200 0 "-" "WordPress/6.8.1; https://yclmarketing.co.tz"
74.7.227.56 - - [12/Mar/2026:16:15:42 +0330] "GET /jeux-de-cartes-de-casino-plongez-dans-lunivers-de-leon/ HTTP/2" 200 27275 "https://farazshimi.ir/depot-casino-1-euro-jouer-malin-avec-casino-leon/" "Mozilla/5.0 AppleWebKit/537.36 (KHTML, like Gecko; compatible; GPTBot/1.3; +https://openai.com/gptbot)"
176.123.8.198 - - [12/Mar/2026:16:01:18 +0330] "GET /casino-en-ligne-prefere-pourquoi-choisir-leon/ HTTP/1.1" 200 129413 "-" "Mozilla/5.0 (Windows NT 10.0; Win64; x64) AppleWebKit/537.36 (KHTML, like Gecko) Chrome/120.0.0.0 Safari/537.36"
132.148.177.137 - - [12/Mar/2026:16:01:28 +0330] "HEAD /application-de-casino-mobile-decouvrez-betify-pour-jouer-en-ligne/ HTTP/1.1" 200 0 "-" "WordPress/6.9.4; https://meigae.co"
176.123.8.198 - - [12/Mar/2026:16:01:38 +0330] "GET /machine-a-sous-demo-decouvrez-lunivers-avec-casino-leon/ HTTP/1.1" 200 130702 "-" "Mozilla/5.0 (Windows NT 10.0; Win64; x64) AppleWebKit/537.36 (KHTML, like Gecko) Chrome/120.0.0.0 Safari/537.36"
69.163.178.216 - - [12/Mar/2026:16:02:24 +0330] "HEAD /machine-a-sous-demo-decouvrez-les-meilleures-options-sur-betify/ HTTP/1.1" 200 0 "-" "WordPress/6.9.4; http://social.clikearte.com.ar"
176.123.8.198 - - [12/Mar/2026:16:02:38 +0330] "GET /machines-a-sous-en-argent-reel-gagnez-instantanement/ HTTP/1.1" 200 129666 "-" "Mozilla/5.0 (Windows NT 10.0; Win64; x64) AppleWebKit/537.36 (KHTML, like Gecko) Chrome/120.0.0.0 Safari/537.36"
176.123.8.198 - - [12/Mar/2026:16:03:27 +0330] "GET /casino-echeck-instant-transactions-for-your-gaming-experience/ HTTP/1.1" 200 130326 "-" "Mozilla/5.0 (Windows NT 10.0; Win64; x64) AppleWebKit/537.36 (KHTML, like Gecko) Chrome/120.0.0.0 Safari/537.36"
69.163.178.216 - - [12/Mar/2026:16:03:36 +0330] "HEAD /machine-a-sous-demo-decouvrez-les-meilleures-options-sur-betify/ HTTP/1.1" 200 0 "-" "WordPress/6.9.4; http://social.clikearte.com.ar"
66.249.76.162 - - [12/Mar/2026:16:03:41 +0330] "GET /market/spitalhouse/4069574351.htm HTTP/1.1" 200 27089 "-" "Mozilla/5.0 (Linux; Android 6.0.1; Nexus 5X Build/MMB29P) AppleWebKit/537.36 (KHTML, like Gecko) Chrome/145.0.7632.116 Mobile Safari/537.36 (compatible; GoogleOther)"
176.123.8.198 - - [12/Mar/2026:16:03:44 +0330] "GET /application-de-casino-mobile-jouez-instantanement-a-vos-jeux-preferes/ HTTP/1.1" 200 130328 "-" "Mozilla/5.0 (Windows NT 10.0; Win64; x64) AppleWebKit/537.36 (KHTML, like Gecko) Chrome/120.0.0.0 Safari/537.36"
176.123.8.198 - - [12/Mar/2026:16:04:24 +0330] "GET /casino-en-ligne-prefere-jouez-instantanement-et-decouvrez-lexcitation/ HTTP/1.1" 200 132134 "-" "Mozilla/5.0 (Windows NT 10.0; Win64; x64) AppleWebKit/537.36 (KHTML, like Gecko) Chrome/120.0.0.0 Safari/537.36"
176.123.8.198 - - [12/Mar/2026:16:04:42 +0330] "GET /casino-argent-reel-avec-bonus-sans-depot-instant-gagner-et-jouer/ HTTP/1.1" 200 128827 "-" "Mozilla/5.0 (Windows NT 10.0; Win64; x64) AppleWebKit/537.36 (KHTML, like Gecko) Chrome/120.0.0.0 Safari/537.36"
130.49.76.146 - - [12/Mar/2026:16:08:02 +0330] "GET /wp-login.php HTTP/2" 200 3306 "-" "Mozilla/5.0 (Windows NT 10.0; Win64; x64; rv:127.0) Gecko/20100101 Firefox/127.0"
162.55.240.80 - - [12/Mar/2026:16:08:04 +0330] "POST /wp-cron.php?doing_wp_cron=1773319084.7937150001525878906250 HTTP/1.1" 200 0 "-" "WordPress/6.9.4; https://farazshimi.ir"
66.249.65.97 - - [12/Mar/2026:16:08:36 +0330] "GET /market/algebra/4218377577.htm HTTP/1.1" 200 27012 "-" "Mozilla/5.0 (Linux; Android 6.0.1; Nexus 5X Build/MMB29P) AppleWebKit/537.36 (KHTML, like Gecko) Chrome/145.0.7632.116 Mobile Safari/537.36 (compatible; GoogleOther)"
66.249.76.164 - - [12/Mar/2026:16:09:40 +0330] "GET /market/remake/1461213869.htm HTTP/1.1" 200 27019 "-" "Mozilla/5.0 (Linux; Android 6.0.1; Nexus 5X Build/MMB29P) AppleWebKit/537.36 (KHTML, like Gecko) Chrome/145.0.7632.116 Mobile Safari/537.36 (compatible; GoogleOther)"
134.90.137.88 - - [12/Mar/2026:16:11:43 +0330] "POST /xmlrpc.php HTTP/1.1" 200 249 "-" "Mozilla/5.0 (Windows NT 10.0; WOW64) AppleWebKit/537.36 (KHTML, like Gecko) Chrome/139.0.0.0 Safari/537.36"
92.127.158.64 - - [12/Mar/2026:16:13:10 +0330] "HEAD /offres-de-casino-live-avec-loco-win-decouvrez-les-meilleures-options-en-ligne/ HTTP/1.1" 200 0 "-" "WordPress/6.2.9; https://nezbudei1962.ru"
92.127.158.64 - - [12/Mar/2026:16:13:11 +0330] "POST /xmlrpc.php HTTP/1.1" 200 330 "-" "The Incutio XML-RPC PHP Library -- WordPress/6.2.9"
192.99.101.162 - - [12/Mar/2026:16:15:41 +0330] "POST /xmlrpc.php HTTP/1.1" 200 161 "-" "The Incutio XML-RPC PHP Library -- WordPress/6.8.1"
51.91.101.77 - - [12/Mar/2026:16:15:43 +0330] "HEAD /jeux-dargent-decouvrez-betify-et-son-impact-sur-le-paysage-du-divertissement-en-france/ HTTP/1.1" 200 0 "-" "WordPress/6.6.2; https://wedotoursandtravel.com"
74.7.227.56 - - [12/Mar/2026:16:15:45 +0330] "GET /depot-casino-1-euro-jouer-malin-avec-casino-leon/feed/ HTTP/2" 200 512 "https://farazshimi.ir/depot-casino-1-euro-jouer-malin-avec-casino-leon/" "Mozilla/5.0 AppleWebKit/537.36 (KHTML, like Gecko; compatible; GPTBot/1.3; +https://openai.com/gptbot)"
74.7.227.56 - - [12/Mar/2026:16:15:48 +0330] "GET /?p=544 HTTP/2" 301 0 "https://farazshimi.ir/depot-casino-1-euro-jouer-malin-avec-casino-leon/" "Mozilla/5.0 AppleWebKit/537.36 (KHTML, like Gecko; compatible; GPTBot/1.3; +https://openai.com/gptbot)"
74.7.227.56 - - [12/Mar/2026:16:15:49 +0330] "GET /depot-casino-1-euro-jouer-malin-avec-casino-leon/ HTTP/2" 200 27553 "https://farazshimi.ir/?p=544" "Mozilla/5.0 AppleWebKit/537.36 (KHTML, like Gecko; compatible; GPTBot/1.3; +https://openai.com/gptbot)"
74.7.227.56 - - [12/Mar/2026:16:15:51 +0330] "GET /depot-casino-1-euro-jouer-malin-avec-casino-leon/989930062081 HTTP/2" 301 0 "https://farazshimi.ir/depot-casino-1-euro-jouer-malin-avec-casino-leon/" "Mozilla/5.0 AppleWebKit/537.36 (KHTML, like Gecko; compatible; GPTBot/1.3; +https://openai.com/gptbot)"
74.7.227.56 - - [12/Mar/2026:16:15:52 +0330] "GET /depot-casino-1-euro-jouer-malin-avec-casino-leon/ HTTP/2" 200 27553 "https://farazshimi.ir/depot-casino-1-euro-jouer-malin-avec-casino-leon/989930062081" "Mozilla/5.0 AppleWebKit/537.36 (KHTML, like Gecko; compatible; GPTBot/1.3; +https://openai.com/gptbot)"
74.7.227.56 - - [12/Mar/2026:16:15:55 +0330] "GET /depot-casino-1-euro-jouer-malin-avec-casino-leon/instagram.com/farazshimialborz HTTP/2" 404 0 "https://farazshimi.ir/depot-casino-1-euro-jouer-malin-avec-casino-leon/" "Mozilla/5.0 AppleWebKit/537.36 (KHTML, like Gecko; compatible; GPTBot/1.3; +https://openai.com/gptbot)"
74.7.227.56 - - [12/Mar/2026:16:15:58 +0330] "GET /machine-a-sous-demo-plongez-dans-lunivers-de-casino-leon/989930062081 HTTP/2" 301 0 "https://farazshimi.ir/machine-a-sous-demo-plongez-dans-lunivers-de-casino-leon/" "Mozilla/5.0 AppleWebKit/537.36 (KHTML, like Gecko; compatible; GPTBot/1.3; +https://openai.com/gptbot)"
74.7.227.56 - - [12/Mar/2026:16:15:58 +0330] "GET /machine-a-sous-demo-plongez-dans-lunivers-de-casino-leon/ HTTP/2" 200 27509 "https://farazshimi.ir/machine-a-sous-demo-plongez-dans-lunivers-de-casino-leon/989930062081" "Mozilla/5.0 AppleWebKit/537.36 (KHTML, like Gecko; compatible; GPTBot/1.3; +https://openai.com/gptbot)"
74.7.227.56 - - [12/Mar/2026:16:16:01 +0330] "GET /machine-a-sous-demo-plongez-dans-lunivers-de-casino-leon/instagram.com/farazshimialborz HTTP/2" 404 0 "https://farazshimi.ir/machine-a-sous-demo-plongez-dans-lunivers-de-casino-leon/" "Mozilla/5.0 AppleWebKit/537.36 (KHTML, like Gecko; compatible; GPTBot/1.3; +https://openai.com/gptbot)"
74.7.227.56 - - [12/Mar/2026:16:16:04 +0330] "GET /?p=554 HTTP/2" 301 0 "https://farazshimi.ir/machine-a-sous-demo-plongez-dans-lunivers-de-casino-leon/" "Mozilla/5.0 AppleWebKit/537.36 (KHTML, like Gecko; compatible; GPTBot/1.3; +https://openai.com/gptbot)"
74.7.227.56 - - [12/Mar/2026:16:16:05 +0330] "GET /machine-a-sous-demo-plongez-dans-lunivers-de-casino-leon/ HTTP/2" 200 27509 "https://farazshimi.ir/?p=554" "Mozilla/5.0 AppleWebKit/537.36 (KHTML, like Gecko; compatible; GPTBot/1.3; +https://openai.com/gptbot)"
74.7.227.56 - - [12/Mar/2026:16:16:07 +0330] "GET /wp-json/oembed/1.0/embed?format=xml&url=https%3A%2F%2Ffarazshimi.ir%2Fmachine-a-sous-demo-plongez-dans-lunivers-de-casino-leon%2F HTTP/2" 200 1194 "https://farazshimi.ir/machine-a-sous-demo-plongez-dans-lunivers-de-casino-leon/" "Mozilla/5.0 AppleWebKit/537.36 (KHTML, like Gecko; compatible; GPTBot/1.3; +https://openai.com/gptbot)"
74.7.227.56 - - [12/Mar/2026:16:16:10 +0330] "GET /wp-json/wp/v2/posts/554 HTTP/2" 200 3328 "https://farazshimi.ir/machine-a-sous-demo-plongez-dans-lunivers-de-casino-leon/" "Mozilla/5.0 AppleWebKit/537.36 (KHTML, like Gecko; compatible; GPTBot/1.3; +https://openai.com/gptbot)"
74.7.227.56 - - [12/Mar/2026:16:16:13 +0330] "GET /wp-json/wp/v2/posts/544 HTTP/2" 200 3285 "https://farazshimi.ir/depot-casino-1-euro-jouer-malin-avec-casino-leon/" "Mozilla/5.0 AppleWebKit/537.36 (KHTML, like Gecko; compatible; GPTBot/1.3; +https://openai.com/gptbot)"
74.7.227.56 - - [12/Mar/2026:16:16:16 +0330] "GET /wp-json/oembed/1.0/embed?format=xml&url=https%3A%2F%2Ffarazshimi.ir%2Fjeux-de-cartes-de-casino-plongez-dans-lunivers-de-leon%2F HTTP/2" 200 1178 "https://farazshimi.ir/jeux-de-cartes-de-casino-plongez-dans-lunivers-de-leon/" "Mozilla/5.0 AppleWebKit/537.36 (KHTML, like Gecko; compatible; GPTBot/1.3; +https://openai.com/gptbot)"
74.7.227.56 - - [12/Mar/2026:16:16:19 +0330] "GET /wp-json/wp/v2/posts/548 HTTP/2" 200 3073 "https://farazshimi.ir/jeux-de-cartes-de-casino-plongez-dans-lunivers-de-leon/" "Mozilla/5.0 AppleWebKit/537.36 (KHTML, like Gecko; compatible; GPTBot/1.3; +https://openai.com/gptbot)"
74.7.227.56 - - [12/Mar/2026:16:16:22 +0330] "GET /?p=548 HTTP/2" 301 0 "https://farazshimi.ir/jeux-de-cartes-de-casino-plongez-dans-lunivers-de-leon/" "Mozilla/5.0 AppleWebKit/537.36 (KHTML, like Gecko; compatible; GPTBot/1.3; +https://openai.com/gptbot)"
74.7.227.56 - - [12/Mar/2026:16:16:23 +0330] "GET /jeux-de-cartes-de-casino-plongez-dans-lunivers-de-leon/ HTTP/2" 200 27275 "https://farazshimi.ir/?p=548" "Mozilla/5.0 AppleWebKit/537.36 (KHTML, like Gecko; compatible; GPTBot/1.3; +https://openai.com/gptbot)"
74.7.227.56 - - [12/Mar/2026:16:16:26 +0330] "GET /jeux-de-cartes-de-casino-plongez-dans-lunivers-de-leon/instagram.com/farazshimialborz HTTP/2" 404 0 "https://farazshimi.ir/jeux-de-cartes-de-casino-plongez-dans-lunivers-de-leon/" "Mozilla/5.0 AppleWebKit/537.36 (KHTML, like Gecko; compatible; GPTBot/1.3; +https://openai.com/gptbot)"
74.7.227.56 - - [12/Mar/2026:16:16:29 +0330] "GET /jeux-de-cartes-de-casino-plongez-dans-lunivers-de-leon/989930062081 HTTP/2" 301 0 "https://farazshimi.ir/jeux-de-cartes-de-casino-plongez-dans-lunivers-de-leon/" "Mozilla/5.0 AppleWebKit/537.36 (KHTML, like Gecko; compatible; GPTBot/1.3; +https://openai.com/gptbot)"
74.7.227.56 - - [12/Mar/2026:16:16:30 +0330] "GET /jeux-de-cartes-de-casino-plongez-dans-lunivers-de-leon/ HTTP/2" 200 27275 "https://farazshimi.ir/jeux-de-cartes-de-casino-plongez-dans-lunivers-de-leon/989930062081" "Mozilla/5.0 AppleWebKit/537.36 (KHTML, like Gecko; compatible; GPTBot/1.3; +https://openai.com/gptbot)"
74.7.227.56 - - [12/Mar/2026:16:16:32 +0330] "GET /jeux-de-cartes-de-casino-plongez-dans-lunivers-de-leon/feed/ HTTP/2" 200 514 "https://farazshimi.ir/jeux-de-cartes-de-casino-plongez-dans-lunivers-de-leon/" "Mozilla/5.0 AppleWebKit/537.36 (KHTML, like Gecko; compatible; GPTBot/1.3; +https://openai.com/gptbot)"
74.7.227.56 - - [12/Mar/2026:16:16:35 +0330] "GET /wp-json/oembed/1.0/embed?url=https%3A%2F%2Ffarazshimi.ir%2Fjeux-de-cartes-de-casino-plongez-dans-lunivers-de-leon%2F HTTP/2" 200 1127 "https://farazshimi.ir/jeux-de-cartes-de-casino-plongez-dans-lunivers-de-leon/" "Mozilla/5.0 AppleWebKit/537.36 (KHTML, like Gecko; compatible; GPTBot/1.3; +https://openai.com/gptbot)"
74.7.227.56 - - [12/Mar/2026:16:16:39 +0330] "GET /machine-a-sous-demo-plongez-dans-lunivers-de-casino-leon/feed/ HTTP/2" 200 537 "https://farazshimi.ir/machine-a-sous-demo-plongez-dans-lunivers-de-casino-leon/" "Mozilla/5.0 AppleWebKit/537.36 (KHTML, like Gecko; compatible; GPTBot/1.3; +https://openai.com/gptbot)"
74.7.227.56 - - [12/Mar/2026:16:16:42 +0330] "GET /wp-json/oembed/1.0/embed?url=https%3A%2F%2Ffarazshimi.ir%2Fmachine-a-sous-demo-plongez-dans-lunivers-de-casino-leon%2F HTTP/2" 200 1144 "https://farazshimi.ir/machine-a-sous-demo-plongez-dans-lunivers-de-casino-leon/" "Mozilla/5.0 AppleWebKit/537.36 (KHTML, like Gecko; compatible; GPTBot/1.3; +https://openai.com/gptbot)"
74.7.227.56 - - [12/Mar/2026:16:16:45 +0330] "GET /wp-json/oembed/1.0/embed?format=xml&url=https%3A%2F%2Ffarazshimi.ir%2Fdepot-casino-1-euro-jouer-malin-avec-casino-leon%2F HTTP/2" 200 1182 "https://farazshimi.ir/depot-casino-1-euro-jouer-malin-avec-casino-leon/" "Mozilla/5.0 AppleWebKit/537.36 (KHTML, like Gecko; compatible; GPTBot/1.3; +https://openai.com/gptbot)"
74.7.227.56 - - [12/Mar/2026:16:16:48 +0330] "GET /machine-a-sous-demo-decouvrez-lunivers-avec-casino-leon/feed/ HTTP/2" 200 538 "https://farazshimi.ir/machine-a-sous-demo-decouvrez-lunivers-avec-casino-leon/" "Mozilla/5.0 AppleWebKit/537.36 (KHTML, like Gecko; compatible; GPTBot/1.3; +https://openai.com/gptbot)"
74.7.227.56 - - [12/Mar/2026:16:16:51 +0330] "GET /wp-json/oembed/1.0/embed?format=xml&url=https%3A%2F%2Ffarazshimi.ir%2Fle-video-poker-tout-savoir-sur-ce-jeu-de-casino-a-leon%2F HTTP/2" 200 1205 "https://farazshimi.ir/le-video-poker-tout-savoir-sur-ce-jeu-de-casino-a-leon/" "Mozilla/5.0 AppleWebKit/537.36 (KHTML, like Gecko; compatible; GPTBot/1.3; +https://openai.com/gptbot)"
74.7.227.56 - - [12/Mar/2026:16:16:54 +0330] "GET /jeux-dargent-en-ligne-avec-argent-reel-decouvrez-leon/feed/ HTTP/2" 200 520 "https://farazshimi.ir/jeux-dargent-en-ligne-avec-argent-reel-decouvrez-leon/" "Mozilla/5.0 AppleWebKit/537.36 (KHTML, like Gecko; compatible; GPTBot/1.3; +https://openai.com/gptbot)"
51.91.101.77 - - [12/Mar/2026:16:16:56 +0330] "HEAD /jeux-dargent-decouvrez-betify-et-son-impact-sur-le-paysage-du-divertissement-en-france/ HTTP/1.1" 200 0 "-" "WordPress/6.6.2; https://wedotoursandtravel.com"
74.7.227.56 - - [12/Mar/2026:16:16:57 +0330] "GET /jeux-dargent-en-ligne-avec-argent-reel-decouvrez-leon/instagram.com/farazshimialborz HTTP/2" 404 0 "https://farazshimi.ir/jeux-dargent-en-ligne-avec-argent-reel-decouvrez-leon/" "Mozilla/5.0 AppleWebKit/537.36 (KHTML, like Gecko; compatible; GPTBot/1.3; +https://openai.com/gptbot)"
51.91.101.77 - - [12/Mar/2026:16:17:03 +0330] "HEAD /jeux-dargent-decouvrez-betify-et-son-impact-sur-le-paysage-du-divertissement-en-france/ HTTP/1.1" 200 0 "-" "WordPress/6.6.2; https://wedotoursandtravel.com"
51.210.33.149 - - [12/Mar/2026:16:17:34 +0330] "HEAD /offres-de-casino-live-avec-betify-plongez-dans-lexperience-de-jeu-en-direct/ HTTP/1.1" 200 0 "-" "WordPress/6.9.4; https://kamass.es"
199.231.188.254 - - [12/Mar/2026:16:18:21 +0330] "POST /xmlrpc.php HTTP/1.1" 200 188 "https://farazshimi.ir/xmlrpc.php" "The Incutio XML-RPC PHP Library -- WordPress/6.0.11"
162.55.240.80 - - [12/Mar/2026:16:19:41 +0330] "POST /wp-cron.php?doing_wp_cron=1773319781.5964701175689697265625 HTTP/1.1" 200 0 "-" "WordPress/6.9.4; https://farazshimi.ir"
130.49.77.44 - - [12/Mar/2026:16:19:41 +0330] "GET /wp-login.php HTTP/2" 200 3306 "-" "Mozilla/5.0 (Macintosh; Intel Mac OS X 13_5) AppleWebKit/605.1.15 (KHTML, like Gecko) Version/17.5 Safari/605.1.15"
130.49.77.44 - - [12/Mar/2026:16:19:41 +0330] "POST /xmlrpc.php HTTP/2" 200 107 "-" "Mozilla/5.0 (Macintosh; Intel Mac OS X 13_5) AppleWebKit/605.1.15 (KHTML, like Gecko) Version/17.5 Safari/605.1.15"
130.49.77.44 - - [12/Mar/2026:16:19:42 +0330] "POST /xmlrpc.php HTTP/2" 200 4671 "-" "Mozilla/5.0 (Windows NT 10.0; Win64; x64; rv:127.0) Gecko/20100101 Firefox/127.0"
199.231.188.254 - - [12/Mar/2026:16:19:55 +0330] "HEAD /depot-casino-1-euro-decouvrez-betify-pour-vos-jeux-en-ligne/ HTTP/1.1" 200 0 "https://farazshimi.ir/depot-casino-1-euro-decouvrez-betify-pour-vos-jeux-en-ligne/" "WordPress/6.0.11; https://spectracarefoundation.net"
5.39.1.230 - - [12/Mar/2026:16:20:26 +0330] "GET /sitemap.xml HTTP/2" 200 26523 "-" "Mozilla/5.0 (compatible; AhrefsBot/7.0; +http://ahrefs.com/robot/)"
66.249.65.96 - - [12/Mar/2026:16:20:47 +0330] "GET /market/rigidly/4084432714.htm HTTP/1.1" 200 26929 "-" "Mozilla/5.0 (Linux; Android 6.0.1; Nexus 5X Build/MMB29P) AppleWebKit/537.36 (KHTML, like Gecko) Chrome/145.0.7632.116 Mobile Safari/537.36 (compatible; Googlebot/2.1; +http://www.google.com/bot.html)"
51.91.101.77 - - [12/Mar/2026:16:15:44 +0330] "POST /xmlrpc.php HTTP/1.1" 200 161 "-" "The Incutio XML-RPC PHP Library -- WordPress/6.6.2"
199.231.188.254 - - [12/Mar/2026:16:18:20 +0330] "HEAD /depot-casino-1-euro-decouvrez-betify-pour-vos-jeux-en-ligne/ HTTP/1.1" 200 0 "https://farazshimi.ir/depot-casino-1-euro-decouvrez-betify-pour-vos-jeux-en-ligne/" "WordPress/6.0.11; https://spectracarefoundation.net"
162.55.240.80 - - [12/Mar/2026:16:19:42 +0330] "POST /wp-cron.php?doing_wp_cron=1773319782.3018760681152343750000 HTTP/1.1" 200 0 "-" "WordPress/6.9.4; https://farazshimi.ir"
199.231.188.254 - - [12/Mar/2026:16:19:56 +0330] "HEAD /depot-casino-1-euro-decouvrez-betify-pour-vos-jeux-en-ligne/ HTTP/1.1" 200 0 "https://farazshimi.ir/depot-casino-1-euro-decouvrez-betify-pour-vos-jeux-en-ligne/" "WordPress/6.0.11; https://spectracarefoundation.net"
66.249.65.105 - - [12/Mar/2026:16:20:16 +0330] "GET /market/rigidly/4084432714.htm HTTP/1.1" 200 26929 "-" "Mozilla/5.0 (Linux; Android 6.0.1; Nexus 5X Build/MMB29P) AppleWebKit/537.36 (KHTML, like Gecko) Chrome/145.0.7632.116 Mobile Safari/537.36 (compatible; GoogleOther)"
195.154.174.40 - - [12/Mar/2026:16:20:41 +0330] "POST /xmlrpc.php HTTP/1.1" 200 249 "-" "Mozilla/5.0 (Windows NT 10.0; Win64; x64; rv:141.0) Gecko/20100101 Firefox/141.0"
94.130.11.252 - - [12/Mar/2026:16:27:01 +0330] "HEAD /avis-casino-decouvrez-les-meilleures-offres-avec-betify/ HTTP/1.1" 200 0 "-" "WordPress/6.9.1; https://majestaindonesia.my.id"
94.130.11.252 - - [12/Mar/2026:16:27:01 +0330] "POST /xmlrpc.php HTTP/1.1" 200 161 "-" "The Incutio XML-RPC PHP Library -- WordPress/6.9.1"
147.135.213.107 - - [12/Mar/2026:16:28:14 +0330] "GET /category/%D8%A7%DB%8C%D9%86%D8%AA%D8%B1%D9%86%D8%AA/ HTTP/1.1" 200 24729 "-" "Mozilla/5.0 (compatible; MJ12bot/v1.4.8; http://mj12bot.com/)"
147.135.213.107 - - [12/Mar/2026:16:28:18 +0330] "GET /category/%D8%AF%D8%B3%D8%AA%D9%87%E2%80%8C%D8%A8%D9%86%D8%AF%DB%8C-%D9%86%D8%B4%D8%AF%D9%87/ HTTP/1.1" 404 0 "-" "Mozilla/5.0 (compatible; MJ12bot/v1.4.8; http://mj12bot.com/)"
147.135.213.107 - - [12/Mar/2026:16:28:23 +0330] "GET /category/%D9%85%D9%82%D8%A7%D9%84%D8%A7%D8%AA/ HTTP/1.1" 200 25680 "-" "Mozilla/5.0 (compatible; MJ12bot/v1.4.8; http://mj12bot.com/)"
147.135.213.107 - - [12/Mar/2026:16:28:27 +0330] "GET /tag/%D8%B1%D9%88%D8%BA%D9%86-%D9%85%D8%A7%D8%B4%DB%8C%D9%86/ HTTP/1.1" 200 24708 "-" "Mozilla/5.0 (compatible; MJ12bot/v1.4.8; http://mj12bot.com/)"
147.135.213.107 - - [12/Mar/2026:16:28:31 +0330] "GET /tag/%D8%B1%D9%88%D8%BA%D9%86-%DA%AF%DB%8C%D8%B1%D8%A8%D9%88%DA%A9%D8%B3/ HTTP/1.1" 200 24740 "-" "Mozilla/5.0 (compatible; MJ12bot/v1.4.8; http://mj12bot.com/)"
147.135.213.107 - - [12/Mar/2026:16:28:35 +0330] "GET /tag/%D9%88%D8%A7%D8%B3%DA%A9%D8%A7%D8%B2%DB%8C%D9%86/ HTTP/1.1" 200 24635 "-" "Mozilla/5.0 (compatible; MJ12bot/v1.4.8; http://mj12bot.com/)"
147.135.213.107 - - [12/Mar/2026:16:28:39 +0330] "GET /tag/%DA%AF%DB%8C%D8%B1%D8%A8%DA%A9%D8%B3/ HTTP/1.1" 200 24676 "-" "Mozilla/5.0 (compatible; MJ12bot/v1.4.8; http://mj12bot.com/)"
147.135.213.107 - - [12/Mar/2026:16:28:43 +0330] "GET /tag/%DB%8C%D8%A7%D8%AA%D8%A7%D9%82%D8%A7%D9%86/ HTTP/1.1" 200 24692 "-" "Mozilla/5.0 (compatible; MJ12bot/v1.4.8; http://mj12bot.com/)"
66.249.65.105 - - [12/Mar/2026:16:31:03 +0330] "GET /market/houseful/1105488575.htm HTTP/1.1" 200 27333 "-" "Mozilla/5.0 (Linux; Android 6.0.1; Nexus 5X Build/MMB29P) AppleWebKit/537.36 (KHTML, like Gecko) Chrome/145.0.7632.116 Mobile Safari/537.36 (compatible; Googlebot/2.1; +http://www.google.com/bot.html)"
89.38.224.244 - - [12/Mar/2026:16:33:02 +0330] "POST /xmlrpc.php HTTP/1.1" 200 11813 "-" "Mozilla/5.0 (Windows NT 10.0; Win64; x64) AppleWebKit/537.36 (KHTML, like Gecko) Chrome/114.0.0.0 Safari/537.36"
66.249.65.105 - - [12/Mar/2026:16:26:24 +0330] "GET /market/giber/913590641.htm HTTP/1.1" 200 24821 "-" "Mozilla/5.0 (Linux; Android 6.0.1; Nexus 5X Build/MMB29P) AppleWebKit/537.36 (KHTML, like Gecko) Chrome/145.0.7632.116 Mobile Safari/537.36 (compatible; GoogleOther)"
162.55.240.80 - - [12/Mar/2026:16:27:01 +0330] "POST /wp-cron.php?doing_wp_cron=1773320221.6943340301513671875000 HTTP/1.1" 200 0 "-" "WordPress/6.9.4; https://farazshimi.ir"
94.130.11.252 - - [12/Mar/2026:16:27:15 +0330] "HEAD /avis-casino-decouvrez-les-meilleures-offres-avec-betify/ HTTP/1.1" 200 0 "-" "WordPress/6.9.1; https://majestaindonesia.my.id"
147.135.213.107 - - [12/Mar/2026:16:28:01 +0330] "GET /robots.txt HTTP/1.1" 200 79 "-" "Mozilla/5.0 (compatible; MJ12bot/v1.4.8; http://mj12bot.com/)"
66.249.65.105 - - [12/Mar/2026:16:30:14 +0330] "GET /market/houseful/1105488575.htm HTTP/1.1" 200 27333 "-" "Mozilla/5.0 (Linux; Android 6.0.1; Nexus 5X Build/MMB29P) AppleWebKit/537.36 (KHTML, like Gecko) Chrome/145.0.7632.116 Mobile Safari/537.36 (compatible; GoogleOther)"
162.55.240.80 - - [12/Mar/2026:16:32:56 +0330] "POST /wp-cron.php?doing_wp_cron=1773320576.1999459266662597656250 HTTP/1.1" 200 0 "-" "WordPress/6.9.4; https://farazshimi.ir"
89.38.224.244 - - [12/Mar/2026:16:32:55 +0330] "POST /xmlrpc.php HTTP/1.1" 200 178 "-" "Mozilla/5.0 (Windows NT 10.0; Win64; x64) AppleWebKit/537.36 (KHTML, like Gecko) Chrome/114.0.0.0 Safari/537.36"
66.249.76.162 - - [12/Mar/2026:16:36:01 +0330] "GET /market/tennu/2769318578.htm HTTP/1.1" 200 27256 "-" "Mozilla/5.0 (Linux; Android 6.0.1; Nexus 5X Build/MMB29P) AppleWebKit/537.36 (KHTML, like Gecko) Chrome/145.0.7632.116 Mobile Safari/537.36 (compatible; GoogleOther)"
162.55.240.80 - - [12/Mar/2026:16:36:32 +0330] "POST /wp-cron.php?doing_wp_cron=1773320792.2182250022888183593750 HTTP/1.1" 200 0 "-" "WordPress/6.9.4; https://farazshimi.ir"
107.190.132.50 - - [12/Mar/2026:16:36:31 +0330] "HEAD /offres-de-casino-live-avec-loco-win-decouvrez-les-meilleures-options-en-ligne/ HTTP/1.1" 200 0 "-" "WordPress/6.9.4; http://www.andradealarconabogados.com"
66.249.65.97 - - [12/Mar/2026:16:37:17 +0330] "GET /market/tennu/2769318578.htm HTTP/1.1" 200 27256 "-" "Mozilla/5.0 (Linux; Android 6.0.1; Nexus 5X Build/MMB29P) AppleWebKit/537.36 (KHTML, like Gecko) Chrome/145.0.7632.116 Mobile Safari/537.36 (compatible; Googlebot/2.1; +http://www.google.com/bot.html)"
82.27.17.99 - - [12/Mar/2026:16:37:59 +0330] "HEAD /jeux-dargent-decouvrez-betify-et-son-impact-sur-le-paysage-du-divertissement-en-france/ HTTP/1.1" 200 0 "-" "WordPress/6.9.4; https://inovapro.tec.br"
82.27.17.99 - - [12/Mar/2026:16:38:00 +0330] "POST /xmlrpc.php HTTP/1.1" 200 329 "-" "The Incutio XML-RPC PHP Library -- WordPress/6.9.4"
35.226.125.165 - - [12/Mar/2026:16:38:28 +0330] "POST /xmlrpc.php HTTP/1.1" 200 249 "-" "Mozilla/5.0 (Windows NT 10.0; Win64; x64) AppleWebKit/537.36 (KHTML, like Gecko) Chrome/138.0.0.0 Safari/537.36 Edg/138.0.0.0"
82.27.17.99 - - [12/Mar/2026:16:38:52 +0330] "HEAD /jeux-dargent-decouvrez-betify-et-son-impact-sur-le-paysage-du-divertissement-en-france/ HTTP/1.1" 200 0 "-" "WordPress/6.9.4; https://inovapro.tec.br"
89.38.224.244 - - [12/Mar/2026:16:38:53 +0330] "POST /xmlrpc.php HTTP/1.1" 200 178 "-" "Mozilla/5.0 (Windows NT 10.0; Win64; x64) AppleWebKit/537.36 (KHTML, like Gecko) Chrome/114.0.0.0 Safari/537.36"
89.38.224.244 - - [12/Mar/2026:16:38:59 +0330] "POST /xmlrpc.php HTTP/1.1" 200 11969 "-" "Mozilla/5.0 (Windows NT 10.0; Win64; x64) AppleWebKit/537.36 (KHTML, like Gecko) Chrome/114.0.0.0 Safari/537.36"
162.55.240.80 - - [12/Mar/2026:16:40:57 +0330] "POST /wp-cron.php?doing_wp_cron=1773321057.6098771095275878906250 HTTP/1.1" 200 0 "-" "WordPress/6.9.4; https://farazshimi.ir"
162.55.240.80 - - [12/Mar/2026:16:42:35 +0330] "POST /wp-cron.php?doing_wp_cron=1773321155.9860150814056396484375 HTTP/1.1" 200 0 "-" "WordPress/6.9.4; https://farazshimi.ir"
89.38.224.244 - - [12/Mar/2026:16:33:02 +0330] "GET /grateful-fantasies-spielbank-ist-und-bleibt-ihr-weiteres-prominentes-gangbar-bitcoin-casino-dies-spieler-alle-ihr-eidgenossenschaft-anzieht/ HTTP/1.1" 200 131644 "-" "Mozilla/5.0 (Windows NT 10.0; Win64; x64) AppleWebKit/537.36 (KHTML, like Gecko) Chrome/123.0.0.0 Safari/537.36 OPR/109.0.0.0"
107.190.132.50 - - [12/Mar/2026:16:36:32 +0330] "POST /xmlrpc.php HTTP/1.1" 200 188 "-" "The Incutio XML-RPC PHP Library -- WordPress/6.9.4"
107.190.132.50 - - [12/Mar/2026:16:36:50 +0330] "HEAD /offres-de-casino-live-avec-loco-win-decouvrez-les-meilleures-options-en-ligne/ HTTP/1.1" 200 0 "-" "WordPress/6.9.4; http://www.andradealarconabogados.com"
162.55.240.80 - - [12/Mar/2026:16:38:53 +0330] "POST /wp-cron.php?doing_wp_cron=1773320933.4710490703582763671875 HTTP/1.1" 200 0 "-" "WordPress/6.9.4; https://farazshimi.ir"
89.38.224.244 - - [12/Mar/2026:16:39:00 +0330] "GET /ungeachtet-gar-nicht-jedweder-merkmale-bieten-eine-sichere-ferner-legale-spielumgebung/ HTTP/1.1" 200 131504 "-" "Mozilla/5.0 (Windows NT 10.0; Win64; x64) AppleWebKit/537.36 (KHTML, like Gecko) Chrome/109.0.0.0 Safari/537.36"
66.249.76.164 - - [12/Mar/2026:16:40:12 +0330] "GET /market/morintannic/2933379706.htm HTTP/1.1" 200 27377 "-" "Mozilla/5.0 (Linux; Android 6.0.1; Nexus 5X Build/MMB29P) AppleWebKit/537.36 (KHTML, like Gecko) Chrome/145.0.7632.116 Mobile Safari/537.36 (compatible; GoogleOther)"
66.249.65.105 - - [12/Mar/2026:16:40:35 +0330] "GET /market/morintannic/2933379706.htm HTTP/1.1" 200 27377 "-" "Mozilla/5.0 (Linux; Android 6.0.1; Nexus 5X Build/MMB29P) AppleWebKit/537.36 (KHTML, like Gecko) Chrome/145.0.7632.116 Mobile Safari/537.36 (compatible; Googlebot/2.1; +http://www.google.com/bot.html)"
66.135.29.70 - - [12/Mar/2026:16:40:56 +0330] "HEAD /depot-casino-1-euro-decouvrez-betify-pour-vos-jeux-en-ligne/ HTTP/1.1" 200 0 "https://farazshimi.ir/depot-casino-1-euro-decouvrez-betify-pour-vos-jeux-en-ligne/" "WordPress/5.9.3; https://grupomeser.com.mx"
89.38.224.244 - - [12/Mar/2026:16:42:41 +0330] "GET /wie-wahlt-male-die-besten-flugzeugungluck-spiele-zum-musizieren-nicht-mehr-da/ HTTP/1.1" 200 129454 "-" "Mozilla/5.0 (Windows NT 10.0; Win64; x64) AppleWebKit/537.36 (KHTML, like Gecko) Chrome/124.0.0.0 Safari/537.36"
45.158.29.34 - - [12/Mar/2026:16:44:02 +0330] "HEAD /casino-echeck-un-guide-complet-avec-betify/ HTTP/1.1" 200 0 "https://farazshimi.ir/casino-echeck-un-guide-complet-avec-betify/" "WordPress/6.1.9; https://www.sofa-lab.com"
162.55.240.80 - - [12/Mar/2026:16:45:28 +0330] "POST /wp-cron.php?doing_wp_cron=1773321328.4383289813995361328125 HTTP/1.1" 200 0 "-" "WordPress/6.9.4; https://farazshimi.ir"
89.38.224.244 - - [12/Mar/2026:16:45:33 +0330] "POST /xmlrpc.php HTTP/1.1" 200 10269 "-" "Mozilla/5.0 (Windows NT 10.0; Win64; x64) AppleWebKit/537.36 (KHTML, like Gecko) Chrome/114.0.0.0 Safari/537.36"
66.249.76.163 - - [12/Mar/2026:16:46:39 +0330] "GET /market/peeped/3758970640.htm HTTP/1.1" 200 27934 "-" "Mozilla/5.0 (Linux; Android 6.0.1; Nexus 5X Build/MMB29P) AppleWebKit/537.36 (KHTML, like Gecko) Chrome/145.0.7632.116 Mobile Safari/537.36 (compatible; GoogleOther)"
162.55.240.80 - - [12/Mar/2026:16:47:55 +0330] "POST /wp-cron.php?doing_wp_cron=1773321475.3974061012268066406250 HTTP/1.1" 200 0 "-" "WordPress/6.9.4; https://farazshimi.ir"
89.38.224.244 - - [12/Mar/2026:16:48:01 +0330] "POST /xmlrpc.php HTTP/1.1" 200 10143 "-" "Mozilla/5.0 (Windows NT 10.0; Win64; x64) AppleWebKit/537.36 (KHTML, like Gecko) Chrome/114.0.0.0 Safari/537.36"
89.38.224.244 - - [12/Mar/2026:16:42:35 +0330] "POST /xmlrpc.php HTTP/1.1" 200 178 "-" "Mozilla/5.0 (Windows NT 10.0; Win64; x64) AppleWebKit/537.36 (KHTML, like Gecko) Chrome/114.0.0.0 Safari/537.36"
89.38.224.244 - - [12/Mar/2026:16:42:41 +0330] "POST /xmlrpc.php HTTP/1.1" 200 10281 "-" "Mozilla/5.0 (Windows NT 10.0; Win64; x64) AppleWebKit/537.36 (KHTML, like Gecko) Chrome/114.0.0.0 Safari/537.36"
89.38.224.244 - - [12/Mar/2026:16:45:28 +0330] "POST /xmlrpc.php HTTP/1.1" 200 178 "-" "Mozilla/5.0 (Windows NT 10.0; Win64; x64) AppleWebKit/537.36 (KHTML, like Gecko) Chrome/114.0.0.0 Safari/537.36"
89.38.224.244 - - [12/Mar/2026:16:45:35 +0330] "GET /die-bearbeitungszeiten-ausrichten-sich-eingeschaltet-ihr-gewahlten-technik-unter-anderem-liegen-inoffizieller-mitarbeiter-branchenvergleich-im-soliden-mittelfeld/ HTTP/1.1" 200 130679 "-" "Mozilla/5.0 (Windows NT 10.0; Win64; x64) AppleWebKit/537.36 (KHTML, like Gecko) Chrome/124.0.0.0 Safari/537.36"
66.249.76.163 - - [12/Mar/2026:16:47:16 +0330] "GET /market/peeped/3758970640.htm HTTP/1.1" 200 27934 "-" "Mozilla/5.0 (Linux; Android 6.0.1; Nexus 5X Build/MMB29P) AppleWebKit/537.36 (KHTML, like Gecko) Chrome/145.0.7632.116 Mobile Safari/537.36 (compatible; Googlebot/2.1; +http://www.google.com/bot.html)"
89.38.224.244 - - [12/Mar/2026:16:47:55 +0330] "POST /xmlrpc.php HTTP/1.1" 200 178 "-" "Mozilla/5.0 (Windows NT 10.0; Win64; x64) AppleWebKit/537.36 (KHTML, like Gecko) Chrome/114.0.0.0 Safari/537.36"
89.38.224.244 - - [12/Mar/2026:16:48:02 +0330] "GET /unter-anderem-gewissenhaft-aus-diesem-grund-innehaben-wir-unsre-paysafecard-rangliste-zu-handen-sie-zur-verfugung-gestellt/ HTTP/1.1" 200 130455 "-" "Mozilla/5.0 (Windows NT 10.0; Win64; x64) AppleWebKit/537.36 (KHTML, like Gecko) Chrome/109.0.0.0 Safari/537.36"
185.40.84.146 - - [12/Mar/2026:16:49:33 +0330] "HEAD /roulette-de-casino-en-ligne-decouvrez-betify/ HTTP/1.1" 200 0 "-" "WordPress/6.9.4; https://irmakkimya.com.tr"
185.40.84.146 - - [12/Mar/2026:16:49:48 +0330] "HEAD /roulette-de-casino-en-ligne-decouvrez-betify/ HTTP/1.1" 200 0 "-" "WordPress/6.9.4; https://irmakkimya.com.tr"
64.182.127.140 - - [12/Mar/2026:16:50:14 +0330] "POST /wp-content/plugins/contact-1772477384/parsers/home-1772477387.php HTTP/2" 403 787 "-" "Mozilla/5.0 (Macintosh; Intel Mac OS X 10_15_7) AppleWebKit/605.1.15 (KHTML, like Gecko) Version/15.3 Safari/605.1.15"
89.38.224.244 - - [12/Mar/2026:16:50:18 +0330] "POST /xmlrpc.php HTTP/1.1" 200 178 "-" "Mozilla/5.0 (Windows NT 10.0; Win64; x64) AppleWebKit/537.36 (KHTML, like Gecko) Chrome/114.0.0.0 Safari/537.36"
