45.9.251.115 - - [12/Mar/2026:21:55:34 +0330] "GET /is-the-wonderful-tiger-one-deposit-incentive-however-available/ HTTP/1.1" 200 127767 "-" "Mozilla/5.0 (Windows NT 10.0; Win64; x64) AppleWebKit/537.36 (KHTML, like Gecko) Chrome/109.0.0.0 Safari/537.36"
216.73.216.145 - - [12/Mar/2026:21:55:41 +0330] "GET /roulette-de-casino-en-ligne-decouvrez-betify/989930062081 HTTP/2" 301 0 "-" "Mozilla/5.0 AppleWebKit/537.36 (KHTML, like Gecko; compatible; ClaudeBot/1.0; +claudebot@anthropic.com)"
216.73.216.145 - - [12/Mar/2026:21:55:41 +0330] "GET /roulette-de-casino-en-ligne-decouvrez-betify/ HTTP/2" 200 27738 "https://farazshimi.ir/roulette-de-casino-en-ligne-decouvrez-betify/989930062081" "Mozilla/5.0 AppleWebKit/537.36 (KHTML, like Gecko; compatible; ClaudeBot/1.0; +claudebot@anthropic.com)"
216.73.216.145 - - [12/Mar/2026:21:55:42 +0330] "GET /tag/%d8%b1%d9%88%d8%ba%d9%86-%da%af%db%8c%d8%b1%d8%a8%d9%88%da%a9%d8%b3 HTTP/2" 301 0 "-" "Mozilla/5.0 AppleWebKit/537.36 (KHTML, like Gecko; compatible; ClaudeBot/1.0; +claudebot@anthropic.com)"
216.73.216.145 - - [12/Mar/2026:21:55:43 +0330] "GET /tag/%d8%b1%d9%88%d8%ba%d9%86-%da%af%db%8c%d8%b1%d8%a8%d9%88%da%a9%d8%b3/ HTTP/2" 200 24700 "https://farazshimi.ir/tag/%d8%b1%d9%88%d8%ba%d9%86-%da%af%db%8c%d8%b1%d8%a8%d9%88%da%a9%d8%b3" "Mozilla/5.0 AppleWebKit/537.36 (KHTML, like Gecko; compatible; ClaudeBot/1.0; +claudebot@anthropic.com)"
216.73.216.145 - - [12/Mar/2026:21:55:45 +0330] "GET /tag/%d8%b1%d9%88%d8%ba%d9%86-%d9%85%d8%a7%d8%b4%db%8c%d9%86 HTTP/2" 301 0 "-" "Mozilla/5.0 AppleWebKit/537.36 (KHTML, like Gecko; compatible; ClaudeBot/1.0; +claudebot@anthropic.com)"
216.73.216.145 - - [12/Mar/2026:21:55:46 +0330] "GET /tag/%d8%b1%d9%88%d8%ba%d9%86-%d9%85%d8%a7%d8%b4%db%8c%d9%86/ HTTP/2" 200 24647 "https://farazshimi.ir/tag/%d8%b1%d9%88%d8%ba%d9%86-%d9%85%d8%a7%d8%b4%db%8c%d9%86" "Mozilla/5.0 AppleWebKit/537.36 (KHTML, like Gecko; compatible; ClaudeBot/1.0; +claudebot@anthropic.com)"
216.73.216.145 - - [12/Mar/2026:21:55:48 +0330] "GET /ramanei-pe-sprinturile-zilnice-daca-va-plac-antrenamentele-scurte HTTP/2" 301 0 "-" "Mozilla/5.0 AppleWebKit/537.36 (KHTML, like Gecko; compatible; ClaudeBot/1.0; +claudebot@anthropic.com)"
216.73.216.145 - - [12/Mar/2026:21:55:49 +0330] "GET /ramanei-pe-sprinturile-zilnice-daca-va-plac-antrenamentele-scurte/ HTTP/2" 200 27488 "https://farazshimi.ir/ramanei-pe-sprinturile-zilnice-daca-va-plac-antrenamentele-scurte" "Mozilla/5.0 AppleWebKit/537.36 (KHTML, like Gecko; compatible; ClaudeBot/1.0; +claudebot@anthropic.com)"
216.73.216.145 - - [12/Mar/2026:21:55:51 +0330] "GET /category/%d8%a7%db%8c%d9%86%d8%aa%d8%b1%d9%86%d8%aa HTTP/2" 301 0 "-" "Mozilla/5.0 AppleWebKit/537.36 (KHTML, like Gecko; compatible; ClaudeBot/1.0; +claudebot@anthropic.com)"
216.73.216.145 - - [12/Mar/2026:21:55:52 +0330] "GET /category/%d8%a7%db%8c%d9%86%d8%aa%d8%b1%d9%86%d8%aa/ HTTP/2" 200 24697 "https://farazshimi.ir/category/%d8%a7%db%8c%d9%86%d8%aa%d8%b1%d9%86%d8%aa" "Mozilla/5.0 AppleWebKit/537.36 (KHTML, like Gecko; compatible; ClaudeBot/1.0; +claudebot@anthropic.com)"
216.73.216.145 - - [12/Mar/2026:21:56:39 +0330] "GET /videoslots-is-one-of-the-prominent-online-casinos-internationally HTTP/2" 301 0 "-" "Mozilla/5.0 AppleWebKit/537.36 (KHTML, like Gecko; compatible; ClaudeBot/1.0; +claudebot@anthropic.com)"
216.73.216.145 - - [12/Mar/2026:21:56:39 +0330] "GET /videoslots-is-one-of-the-prominent-online-casinos-internationally/ HTTP/2" 200 27214 "https://farazshimi.ir/videoslots-is-one-of-the-prominent-online-casinos-internationally" "Mozilla/5.0 AppleWebKit/537.36 (KHTML, like Gecko; compatible; ClaudeBot/1.0; +claudebot@anthropic.com)"
216.73.216.145 - - [12/Mar/2026:21:56:41 +0330] "GET /pariaza-la-cele-mai-populare-case-din-jocuri-de-noroc-telecomanda-cu-privire-la-romania HTTP/2" 301 0 "-" "Mozilla/5.0 AppleWebKit/537.36 (KHTML, like Gecko; compatible; ClaudeBot/1.0; +claudebot@anthropic.com)"
216.73.216.145 - - [12/Mar/2026:21:56:42 +0330] "GET /pariaza-la-cele-mai-populare-case-din-jocuri-de-noroc-telecomanda-cu-privire-la-romania/ HTTP/2" 200 27974 "https://farazshimi.ir/pariaza-la-cele-mai-populare-case-din-jocuri-de-noroc-telecomanda-cu-privire-la-romania" "Mozilla/5.0 AppleWebKit/537.36 (KHTML, like Gecko; compatible; ClaudeBot/1.0; +claudebot@anthropic.com)"
216.73.216.145 - - [12/Mar/2026:21:56:44 +0330] "GET /for-every-single-reputation-examines-the-center-features-online-game-offerings-extra-formations-commission-options-and-you-may-commitment-to-athlete-help-and-you-may-responsible-playing/feed HTTP/2" 301 0 "-" "Mozilla/5.0 AppleWebKit/537.36 (KHTML, like Gecko; compatible; ClaudeBot/1.0; +claudebot@anthropic.com)"
216.73.216.145 - - [12/Mar/2026:21:56:45 +0330] "GET /for-every-single-reputation-examines-the-center-features-online-game-offerings-extra-formations-commission-options-and-you-may-commitment-to-athlete-help-and-you-may-responsible-playing/feed/ HTTP/2" 200 612 "https://farazshimi.ir/for-every-single-reputation-examines-the-center-features-online-game-offerings-extra-formations-commission-options-and-you-may-commitment-to-athlete-help-and-you-may-responsible-playing/feed" "Mozilla/5.0 AppleWebKit/537.36 (KHTML, like Gecko; compatible; ClaudeBot/1.0; +claudebot@anthropic.com)"
216.73.216.145 - - [12/Mar/2026:21:56:47 +0330] "GET /roulette-de-casino-en-ligne-decouvrez-betify/instagram.com/farazshimialborz HTTP/2" 404 0 "-" "Mozilla/5.0 AppleWebKit/537.36 (KHTML, like Gecko; compatible; ClaudeBot/1.0; +claudebot@anthropic.com)"
216.73.216.145 - - [12/Mar/2026:21:56:50 +0330] "GET /category/%d8%af%d8%b3%d8%aa%d9%87%e2%80%8c%d8%a8%d9%86%d8%af%db%8c-%d9%86%d8%b4%d8%af%d9%87 HTTP/2" 404 0 "-" "Mozilla/5.0 AppleWebKit/537.36 (KHTML, like Gecko; compatible; ClaudeBot/1.0; +claudebot@anthropic.com)"
216.73.216.145 - - [12/Mar/2026:21:56:56 +0330] "GET /mecanica-jocurilor-din-mancare-care-au-rng-ii-bila-neta-sa-i-testezi-strategiile-i-abordarile-de-action HTTP/2" 301 0 "-" "Mozilla/5.0 AppleWebKit/537.36 (KHTML, like Gecko; compatible; ClaudeBot/1.0; +claudebot@anthropic.com)"
216.73.216.145 - - [12/Mar/2026:21:56:57 +0330] "GET /mecanica-jocurilor-din-mancare-care-au-rng-ii-bila-neta-sa-i-testezi-strategiile-i-abordarile-de-action/ HTTP/2" 200 27427 "https://farazshimi.ir/mecanica-jocurilor-din-mancare-care-au-rng-ii-bila-neta-sa-i-testezi-strategiile-i-abordarile-de-action" "Mozilla/5.0 AppleWebKit/537.36 (KHTML, like Gecko; compatible; ClaudeBot/1.0; +claudebot@anthropic.com)"
216.73.216.145 - - [12/Mar/2026:21:56:59 +0330] "GET /jeux-dargent-decouvrez-betify-et-son-impact-sur-le-paysage-du-divertissement-en-france HTTP/2" 301 0 "-" "Mozilla/5.0 AppleWebKit/537.36 (KHTML, like Gecko; compatible; ClaudeBot/1.0; +claudebot@anthropic.com)"
216.73.216.145 - - [12/Mar/2026:21:57:00 +0330] "GET /jeux-dargent-decouvrez-betify-et-son-impact-sur-le-paysage-du-divertissement-en-france/ HTTP/2" 200 27502 "https://farazshimi.ir/jeux-dargent-decouvrez-betify-et-son-impact-sur-le-paysage-du-divertissement-en-france" "Mozilla/5.0 AppleWebKit/537.36 (KHTML, like Gecko; compatible; ClaudeBot/1.0; +claudebot@anthropic.com)"
216.73.216.145 - - [12/Mar/2026:21:54:56 +0330] "GET /news/ HTTP/2" 200 23327 "https://farazshimi.ir/news/989930062081" "Mozilla/5.0 AppleWebKit/537.36 (KHTML, like Gecko; compatible; ClaudeBot/1.0; +claudebot@anthropic.com)"
216.73.216.145 - - [12/Mar/2026:21:55:00 +0330] "GET /author/admlnlx/page/15 HTTP/2" 301 0 "-" "Mozilla/5.0 AppleWebKit/537.36 (KHTML, like Gecko; compatible; ClaudeBot/1.0; +claudebot@anthropic.com)"
216.73.216.145 - - [12/Mar/2026:21:55:01 +0330] "GET /author/admlnlx/page/15/ HTTP/2" 200 25513 "https://farazshimi.ir/author/admlnlx/page/15" "Mozilla/5.0 AppleWebKit/537.36 (KHTML, like Gecko; compatible; ClaudeBot/1.0; +claudebot@anthropic.com)"
216.73.216.145 - - [12/Mar/2026:21:55:03 +0330] "GET /author/admlnlx/page/26 HTTP/2" 301 0 "-" "Mozilla/5.0 AppleWebKit/537.36 (KHTML, like Gecko; compatible; ClaudeBot/1.0; +claudebot@anthropic.com)"
216.73.216.145 - - [12/Mar/2026:21:55:04 +0330] "GET /author/admlnlx/page/26/ HTTP/2" 200 25005 "https://farazshimi.ir/author/admlnlx/page/26" "Mozilla/5.0 AppleWebKit/537.36 (KHTML, like Gecko; compatible; ClaudeBot/1.0; +claudebot@anthropic.com)"
216.73.216.145 - - [12/Mar/2026:21:55:06 +0330] "GET /services/instagram.com/farazshimialborz HTTP/2" 404 0 "-" "Mozilla/5.0 AppleWebKit/537.36 (KHTML, like Gecko; compatible; ClaudeBot/1.0; +claudebot@anthropic.com)"
216.73.216.145 - - [12/Mar/2026:21:55:09 +0330] "GET /author/admlnlx/page/11 HTTP/2" 301 0 "-" "Mozilla/5.0 AppleWebKit/537.36 (KHTML, like Gecko; compatible; ClaudeBot/1.0; +claudebot@anthropic.com)"
216.73.216.145 - - [12/Mar/2026:21:55:10 +0330] "GET /author/admlnlx/page/11/ HTTP/2" 200 25205 "https://farazshimi.ir/author/admlnlx/page/11" "Mozilla/5.0 AppleWebKit/537.36 (KHTML, like Gecko; compatible; ClaudeBot/1.0; +claudebot@anthropic.com)"
68.183.13.1 - - [12/Mar/2026:21:55:13 +0330] "POST /xmlrpc.php HTTP/1.1" 200 249 "-" "Mozilla/5.0 (Windows NT 10.0; Win64; x64) AppleWebKit/537.36 (KHTML, like Gecko) Chrome/137.0.0.0 Safari/537.36 Edg/137.0.0.0"
216.73.216.145 - - [12/Mar/2026:21:55:14 +0330] "GET /where-to-buy/instagram.com/farazshimialborz HTTP/2" 404 0 "-" "Mozilla/5.0 AppleWebKit/537.36 (KHTML, like Gecko; compatible; ClaudeBot/1.0; +claudebot@anthropic.com)"
216.73.216.145 - - [12/Mar/2026:21:55:16 +0330] "GET /where-to-buy/989930062081 HTTP/2" 301 0 "-" "Mozilla/5.0 AppleWebKit/537.36 (KHTML, like Gecko; compatible; ClaudeBot/1.0; +claudebot@anthropic.com)"
216.73.216.145 - - [12/Mar/2026:21:55:17 +0330] "GET /where-to-buy/ HTTP/2" 200 24996 "https://farazshimi.ir/where-to-buy/989930062081" "Mozilla/5.0 AppleWebKit/537.36 (KHTML, like Gecko; compatible; ClaudeBot/1.0; +claudebot@anthropic.com)"
216.73.216.145 - - [12/Mar/2026:21:55:19 +0330] "GET /author/21232f297a57a5a743894a0e4a801fc3 HTTP/2" 301 0 "-" "Mozilla/5.0 AppleWebKit/537.36 (KHTML, like Gecko; compatible; ClaudeBot/1.0; +claudebot@anthropic.com)"
216.73.216.145 - - [12/Mar/2026:21:55:20 +0330] "GET /author/21232f297a57a5a743894a0e4a801fc3/ HTTP/2" 200 25409 "https://farazshimi.ir/author/21232f297a57a5a743894a0e4a801fc3" "Mozilla/5.0 AppleWebKit/537.36 (KHTML, like Gecko; compatible; ClaudeBot/1.0; +claudebot@anthropic.com)"
162.55.240.80 - - [12/Mar/2026:21:55:29 +0330] "POST /wp-cron.php?doing_wp_cron=1773339929.1819820404052734375000 HTTP/1.1" 200 0 "-" "WordPress/6.9.4; https://farazshimi.ir"
216.73.216.145 - - [12/Mar/2026:21:57:31 +0330] "GET /author/admlnlx/page/13 HTTP/2" 301 0 "-" "Mozilla/5.0 AppleWebKit/537.36 (KHTML, like Gecko; compatible; ClaudeBot/1.0; +claudebot@anthropic.com)"
216.73.216.145 - - [12/Mar/2026:21:57:31 +0330] "GET /author/admlnlx/page/13/ HTTP/2" 200 25333 "https://farazshimi.ir/author/admlnlx/page/13" "Mozilla/5.0 AppleWebKit/537.36 (KHTML, like Gecko; compatible; ClaudeBot/1.0; +claudebot@anthropic.com)"
216.73.216.145 - - [12/Mar/2026:21:57:32 +0330] "GET /author/admlnlx/page/10 HTTP/2" 301 0 "-" "Mozilla/5.0 AppleWebKit/537.36 (KHTML, like Gecko; compatible; ClaudeBot/1.0; +claudebot@anthropic.com)"
216.73.216.145 - - [12/Mar/2026:21:57:33 +0330] "GET /author/admlnlx/page/10/ HTTP/2" 200 25245 "https://farazshimi.ir/author/admlnlx/page/10" "Mozilla/5.0 AppleWebKit/537.36 (KHTML, like Gecko; compatible; ClaudeBot/1.0; +claudebot@anthropic.com)"
216.73.216.145 - - [12/Mar/2026:21:57:35 +0330] "GET /author/admlnlx/page/21 HTTP/2" 301 0 "-" "Mozilla/5.0 AppleWebKit/537.36 (KHTML, like Gecko; compatible; ClaudeBot/1.0; +claudebot@anthropic.com)"
216.73.216.145 - - [12/Mar/2026:21:57:36 +0330] "GET /author/admlnlx/page/21/ HTTP/2" 200 24880 "https://farazshimi.ir/author/admlnlx/page/21" "Mozilla/5.0 AppleWebKit/537.36 (KHTML, like Gecko; compatible; ClaudeBot/1.0; +claudebot@anthropic.com)"
216.73.216.145 - - [12/Mar/2026:21:57:38 +0330] "GET /author/admlnlx/page/23 HTTP/2" 301 0 "-" "Mozilla/5.0 AppleWebKit/537.36 (KHTML, like Gecko; compatible; ClaudeBot/1.0; +claudebot@anthropic.com)"
216.73.216.145 - - [12/Mar/2026:21:57:39 +0330] "GET /author/admlnlx/page/23/ HTTP/2" 200 24982 "https://farazshimi.ir/author/admlnlx/page/23" "Mozilla/5.0 AppleWebKit/537.36 (KHTML, like Gecko; compatible; ClaudeBot/1.0; +claudebot@anthropic.com)"
216.73.216.145 - - [12/Mar/2026:21:57:41 +0330] "GET /author/admlnlx/page/16 HTTP/2" 301 0 "-" "Mozilla/5.0 AppleWebKit/537.36 (KHTML, like Gecko; compatible; ClaudeBot/1.0; +claudebot@anthropic.com)"
216.73.216.145 - - [12/Mar/2026:21:57:42 +0330] "GET /author/admlnlx/page/16/ HTTP/2" 200 25515 "https://farazshimi.ir/author/admlnlx/page/16" "Mozilla/5.0 AppleWebKit/537.36 (KHTML, like Gecko; compatible; ClaudeBot/1.0; +claudebot@anthropic.com)"
51.195.183.247 - - [12/Mar/2026:21:57:44 +0330] "GET /market/gargle/3243660164.htm HTTP/2" 404 0 "-" "Mozilla/5.0 (compatible; AhrefsBot/7.0; +http://ahrefs.com/robot/)"
216.73.216.145 - - [12/Mar/2026:21:57:47 +0330] "GET /%d8%af%d9%88%d8%af%d9%87-2/instagram.com/farazshimialborz HTTP/2" 404 0 "-" "Mozilla/5.0 AppleWebKit/537.36 (KHTML, like Gecko; compatible; ClaudeBot/1.0; +claudebot@anthropic.com)"
216.73.216.145 - - [12/Mar/2026:21:57:49 +0330] "GET /tag/%da%af%db%8c%d8%b1%d8%a8%da%a9%d8%b3 HTTP/2" 301 0 "-" "Mozilla/5.0 AppleWebKit/537.36 (KHTML, like Gecko; compatible; ClaudeBot/1.0; +claudebot@anthropic.com)"
216.73.216.145 - - [12/Mar/2026:21:57:50 +0330] "GET /tag/%da%af%db%8c%d8%b1%d8%a8%da%a9%d8%b3/ HTTP/2" 200 24636 "https://farazshimi.ir/tag/%da%af%db%8c%d8%b1%d8%a8%da%a9%d8%b3" "Mozilla/5.0 AppleWebKit/537.36 (KHTML, like Gecko; compatible; ClaudeBot/1.0; +claudebot@anthropic.com)"
216.73.216.145 - - [12/Mar/2026:21:57:52 +0330] "GET /%d8%af%d9%88%d8%af%d9%87-2/989930062081 HTTP/2" 301 0 "-" "Mozilla/5.0 AppleWebKit/537.36 (KHTML, like Gecko; compatible; ClaudeBot/1.0; +claudebot@anthropic.com)"
216.73.216.145 - - [12/Mar/2026:21:57:53 +0330] "GET /%d8%af%d9%88%d8%af%d9%87-2/ HTTP/2" 200 23710 "https://farazshimi.ir/%d8%af%d9%88%d8%af%d9%87-2/989930062081" "Mozilla/5.0 AppleWebKit/537.36 (KHTML, like Gecko; compatible; ClaudeBot/1.0; +claudebot@anthropic.com)"
216.73.216.145 - - [12/Mar/2026:21:57:55 +0330] "GET /rdv%d9%82%db%8c%d8%b1/instagram.com/farazshimialborz HTTP/2" 404 0 "-" "Mozilla/5.0 AppleWebKit/537.36 (KHTML, like Gecko; compatible; ClaudeBot/1.0; +claudebot@anthropic.com)"
162.55.240.80 - - [12/Mar/2026:21:57:58 +0330] "POST /wp-cron.php?doing_wp_cron=1773340078.6280479431152343750000 HTTP/1.1" 200 0 "-" "WordPress/6.9.4; https://farazshimi.ir"
45.9.251.115 - - [12/Mar/2026:21:57:58 +0330] "POST /xmlrpc.php HTTP/1.1" 200 178 "-" "Mozilla/5.0 (Windows NT 10.0; Win64; x64) AppleWebKit/537.36 (KHTML, like Gecko) Chrome/114.0.0.0 Safari/537.36"
216.73.216.145 - - [12/Mar/2026:21:57:58 +0330] "GET /rdv%d9%82%db%8c%d8%b1/989930062081 HTTP/2" 301 0 "-" "Mozilla/5.0 AppleWebKit/537.36 (KHTML, like Gecko; compatible; ClaudeBot/1.0; +claudebot@anthropic.com)"
216.73.216.145 - - [12/Mar/2026:21:57:59 +0330] "GET /rdv%d9%82%db%8c%d8%b1/ HTTP/2" 200 23531 "https://farazshimi.ir/rdv%d9%82%db%8c%d8%b1/989930062081" "Mozilla/5.0 AppleWebKit/537.36 (KHTML, like Gecko; compatible; ClaudeBot/1.0; +claudebot@anthropic.com)"
45.9.251.115 - - [12/Mar/2026:21:58:03 +0330] "POST /xmlrpc.php HTTP/1.1" 200 8697 "-" "Mozilla/5.0 (Windows NT 10.0; Win64; x64) AppleWebKit/537.36 (KHTML, like Gecko) Chrome/114.0.0.0 Safari/537.36"
45.9.251.115 - - [12/Mar/2026:21:58:04 +0330] "GET /on-the-real-time-speak-you-are-able-to-usually-talk-to-anyone-in-a-few-minutes/ HTTP/1.1" 200 127508 "-" "Mozilla/5.0 (Windows NT 10.0; Win64; x64; rv:125.0) Gecko/20100101 Firefox/125.0"
216.73.216.145 - - [12/Mar/2026:21:58:06 +0330] "GET /company/instagram.com/farazshimialborz HTTP/2" 404 0 "-" "Mozilla/5.0 AppleWebKit/537.36 (KHTML, like Gecko; compatible; ClaudeBot/1.0; +claudebot@anthropic.com)"
216.73.216.145 - - [12/Mar/2026:21:58:09 +0330] "GET /news/instagram.com/farazshimialborz HTTP/2" 404 0 "-" "Mozilla/5.0 AppleWebKit/537.36 (KHTML, like Gecko; compatible; ClaudeBot/1.0; +claudebot@anthropic.com)"
216.73.216.145 - - [12/Mar/2026:21:58:12 +0330] "GET /author/admlnlx/instagram.com/farazshimialborz HTTP/2" 404 0 "-" "Mozilla/5.0 AppleWebKit/537.36 (KHTML, like Gecko; compatible; ClaudeBot/1.0; +claudebot@anthropic.com)"
216.73.216.145 - - [12/Mar/2026:21:58:15 +0330] "GET /home/instagram.com/farazshimialborz HTTP/2" 404 0 "-" "Mozilla/5.0 AppleWebKit/537.36 (KHTML, like Gecko; compatible; ClaudeBot/1.0; +claudebot@anthropic.com)"
216.73.216.145 - - [12/Mar/2026:21:58:18 +0330] "GET /machines/instagram.com/farazshimialborz HTTP/2" 404 0 "-" "Mozilla/5.0 AppleWebKit/537.36 (KHTML, like Gecko; compatible; ClaudeBot/1.0; +claudebot@anthropic.com)"
216.73.216.145 - - [12/Mar/2026:21:57:02 +0330] "GET /for-every-single-reputation-examines-the-center-features-online-game-offerings-extra-formations-commission-options-and-you-may-commitment-to-athlete-help-and-you-may-responsible-playing/instagram.com/farazshimialborz HTTP/2" 404 0 "-" "Mozilla/5.0 AppleWebKit/537.36 (KHTML, like Gecko; compatible; ClaudeBot/1.0; +claudebot@anthropic.com)"
216.73.216.145 - - [12/Mar/2026:21:57:05 +0330] "GET /for-every-single-reputation-examines-the-center-features-online-game-offerings-extra-formations-commission-options-and-you-may-commitment-to-athlete-help-and-you-may-responsible-playing/989930062081 HTTP/2" 301 0 "-" "Mozilla/5.0 AppleWebKit/537.36 (KHTML, like Gecko; compatible; ClaudeBot/1.0; +claudebot@anthropic.com)"
216.73.216.145 - - [12/Mar/2026:21:57:06 +0330] "GET /for-every-single-reputation-examines-the-center-features-online-game-offerings-extra-formations-commission-options-and-you-may-commitment-to-athlete-help-and-you-may-responsible-playing/ HTTP/2" 200 27820 "https://farazshimi.ir/for-every-single-reputation-examines-the-center-features-online-game-offerings-extra-formations-commission-options-and-you-may-commitment-to-athlete-help-and-you-may-responsible-playing/989930062081" "Mozilla/5.0 AppleWebKit/537.36 (KHTML, like Gecko; compatible; ClaudeBot/1.0; +claudebot@anthropic.com)"
216.73.216.145 - - [12/Mar/2026:22:01:34 +0330] "GET /%d8%b1%d9%88%d8%ba%d9%86-%d9%84%d8%a7%d8%b3%d8%aa%db%8c%da%a9/989930062081 HTTP/2" 301 0 "-" "Mozilla/5.0 AppleWebKit/537.36 (KHTML, like Gecko; compatible; ClaudeBot/1.0; +claudebot@anthropic.com)"
216.73.216.145 - - [12/Mar/2026:22:01:35 +0330] "GET /%d8%b1%d9%88%d8%ba%d9%86-%d9%84%d8%a7%d8%b3%d8%aa%db%8c%da%a9/ HTTP/2" 200 26504 "https://farazshimi.ir/%d8%b1%d9%88%d8%ba%d9%86-%d9%84%d8%a7%d8%b3%d8%aa%db%8c%da%a9/989930062081" "Mozilla/5.0 AppleWebKit/537.36 (KHTML, like Gecko; compatible; ClaudeBot/1.0; +claudebot@anthropic.com)"
216.73.216.145 - - [12/Mar/2026:22:03:25 +0330] "GET /?p=246 HTTP/2" 301 0 "-" "Mozilla/5.0 AppleWebKit/537.36 (KHTML, like Gecko; compatible; ClaudeBot/1.0; +claudebot@anthropic.com)"
216.73.216.145 - - [12/Mar/2026:22:03:26 +0330] "GET /%d8%b1%d9%88%d8%ba%d9%86-%d9%84%d8%a7%d8%b3%d8%aa%db%8c%da%a9/ HTTP/2" 200 26504 "https://farazshimi.ir/?p=246" "Mozilla/5.0 AppleWebKit/537.36 (KHTML, like Gecko; compatible; ClaudeBot/1.0; +claudebot@anthropic.com)"
216.73.216.145 - - [12/Mar/2026:22:04:58 +0330] "GET /wp-content/uploads/betheme/css/post-246.css HTTP/2" 200 52 "-" "Mozilla/5.0 AppleWebKit/537.36 (KHTML, like Gecko; compatible; ClaudeBot/1.0; +claudebot@anthropic.com)"
23.101.4.52 - - [12/Mar/2026:22:05:06 +0330] "GET /.trash7206/index.php HTTP/1.1" 301 0 "-" "Mozilla/5.0 (Windows NT 10.0; Win64; x64) AppleWebKit/537.36 (KHTML, like Gecko) Chrome/120.0.0.0 Safari/537.36"
23.101.4.52 - - [12/Mar/2026:22:05:07 +0330] "GET /.well-known/logs233/index.php?p= HTTP/1.1" 301 0 "-" "Mozilla/5.0 (Windows NT 10.0; Win64; x64) AppleWebKit/537.36 (KHTML, like Gecko) Chrome/120.0.0.0 Safari/537.36"
23.101.4.52 - - [12/Mar/2026:22:05:08 +0330] "GET /wp-content/themes/haha.php HTTP/1.1" 404 0 "-" "Mozilla/5.0 (Windows NT 10.0; Win64; x64) AppleWebKit/537.36 (KHTML, like Gecko) Chrome/120.0.0.0 Safari/537.36"
23.101.4.52 - - [12/Mar/2026:22:05:09 +0330] "GET /wp-content/themes/theme/about.php HTTP/1.1" 404 0 "-" "Mozilla/5.0 (Windows NT 10.0; Win64; x64) AppleWebKit/537.36 (KHTML, like Gecko) Chrome/120.0.0.0 Safari/537.36"
23.101.4.52 - - [12/Mar/2026:22:05:10 +0330] "GET /wp-content/plugins/plugin/index.php HTTP/1.1" 301 0 "-" "Mozilla/5.0 (Windows NT 10.0; Win64; x64) AppleWebKit/537.36 (KHTML, like Gecko) Chrome/120.0.0.0 Safari/537.36"
23.101.4.52 - - [12/Mar/2026:22:05:11 +0330] "GET /xmr.php HTTP/1.1" 404 0 "-" "Mozilla/5.0 (Windows NT 10.0; Win64; x64) AppleWebKit/537.36 (KHTML, like Gecko) Chrome/120.0.0.0 Safari/537.36"
23.101.4.52 - - [12/Mar/2026:22:05:12 +0330] "GET /about.php HTTP/1.1" 404 0 "-" "Mozilla/5.0 (Windows NT 10.0; Win64; x64) AppleWebKit/537.36 (KHTML, like Gecko) Chrome/120.0.0.0 Safari/537.36"
23.101.4.52 - - [12/Mar/2026:22:05:13 +0330] "GET /admin.php HTTP/1.1" 404 0 "-" "Mozilla/5.0 (Windows NT 10.0; Win64; x64) AppleWebKit/537.36 (KHTML, like Gecko) Chrome/120.0.0.0 Safari/537.36"
23.101.4.52 - - [12/Mar/2026:22:05:13 +0330] "GET /adminfuns.php HTTP/1.1" 404 0 "-" "Mozilla/5.0 (Windows NT 10.0; Win64; x64) AppleWebKit/537.36 (KHTML, like Gecko) Chrome/120.0.0.0 Safari/537.36"
23.101.4.52 - - [12/Mar/2026:22:05:14 +0330] "GET /as.php HTTP/1.1" 404 0 "-" "Mozilla/5.0 (Windows NT 10.0; Win64; x64) AppleWebKit/537.36 (KHTML, like Gecko) Chrome/120.0.0.0 Safari/537.36"
23.101.4.52 - - [12/Mar/2026:22:05:15 +0330] "GET /bolt.php HTTP/1.1" 404 0 "-" "Mozilla/5.0 (Windows NT 10.0; Win64; x64) AppleWebKit/537.36 (KHTML, like Gecko) Chrome/120.0.0.0 Safari/537.36"
23.101.4.52 - - [12/Mar/2026:22:05:16 +0330] "GET /cgi-bin/ HTTP/1.1" 404 0 "-" "Mozilla/5.0 (Windows NT 10.0; Win64; x64) AppleWebKit/537.36 (KHTML, like Gecko) Chrome/120.0.0.0 Safari/537.36"
23.101.4.52 - - [12/Mar/2026:22:05:17 +0330] "GET /class-t.api.php HTTP/1.1" 404 0 "-" "Mozilla/5.0 (Windows NT 10.0; Win64; x64) AppleWebKit/537.36 (KHTML, like Gecko) Chrome/120.0.0.0 Safari/537.36"
23.101.4.52 - - [12/Mar/2026:22:05:18 +0330] "GET /edit.php HTTP/1.1" 404 0 "-" "Mozilla/5.0 (Windows NT 10.0; Win64; x64) AppleWebKit/537.36 (KHTML, like Gecko) Chrome/120.0.0.0 Safari/537.36"
23.101.4.52 - - [12/Mar/2026:22:05:18 +0330] "GET /ff1.php HTTP/1.1" 404 0 "-" "Mozilla/5.0 (Windows NT 10.0; Win64; x64) AppleWebKit/537.36 (KHTML, like Gecko) Chrome/120.0.0.0 Safari/537.36"
23.101.4.52 - - [12/Mar/2026:22:05:19 +0330] "GET /fff.php HTTP/1.1" 404 0 "-" "Mozilla/5.0 (Windows NT 10.0; Win64; x64) AppleWebKit/537.36 (KHTML, like Gecko) Chrome/120.0.0.0 Safari/537.36"
23.101.4.52 - - [12/Mar/2026:22:05:20 +0330] "GET /inputs.php?p= HTTP/1.1" 301 0 "-" "Mozilla/5.0 (Windows NT 10.0; Win64; x64) AppleWebKit/537.36 (KHTML, like Gecko) Chrome/120.0.0.0 Safari/537.36"
23.101.4.52 - - [12/Mar/2026:22:05:21 +0330] "GET /ioxi-o.php HTTP/1.1" 404 0 "-" "Mozilla/5.0 (Windows NT 10.0; Win64; x64) AppleWebKit/537.36 (KHTML, like Gecko) Chrome/120.0.0.0 Safari/537.36"
23.101.4.52 - - [12/Mar/2026:22:05:22 +0330] "GET /lite.php HTTP/1.1" 404 0 "-" "Mozilla/5.0 (Windows NT 10.0; Win64; x64) AppleWebKit/537.36 (KHTML, like Gecko) Chrome/120.0.0.0 Safari/537.36"
23.101.4.52 - - [12/Mar/2026:22:05:23 +0330] "GET /ms-edit.php HTTP/1.1" 404 0 "-" "Mozilla/5.0 (Windows NT 10.0; Win64; x64) AppleWebKit/537.36 (KHTML, like Gecko) Chrome/120.0.0.0 Safari/537.36"
23.101.4.52 - - [12/Mar/2026:22:05:24 +0330] "GET /rip.php HTTP/1.1" 404 0 "-" "Mozilla/5.0 (Windows NT 10.0; Win64; x64) AppleWebKit/537.36 (KHTML, like Gecko) Chrome/120.0.0.0 Safari/537.36"
23.101.4.52 - - [12/Mar/2026:22:05:24 +0330] "GET /update/da222.php HTTP/1.1" 404 0 "-" "Mozilla/5.0 (Windows NT 10.0; Win64; x64) AppleWebKit/537.36 (KHTML, like Gecko) Chrome/120.0.0.0 Safari/537.36"
23.101.4.52 - - [12/Mar/2026:22:05:25 +0330] "GET /upload.php HTTP/1.1" 404 0 "-" "Mozilla/5.0 (Windows NT 10.0; Win64; x64) AppleWebKit/537.36 (KHTML, like Gecko) Chrome/120.0.0.0 Safari/537.36"
23.101.4.52 - - [12/Mar/2026:22:05:26 +0330] "GET /wk/index.php HTTP/1.1" 301 0 "-" "Mozilla/5.0 (Windows NT 10.0; Win64; x64) AppleWebKit/537.36 (KHTML, like Gecko) Chrome/120.0.0.0 Safari/537.36"
23.101.4.52 - - [12/Mar/2026:22:05:27 +0330] "GET /wp-act.php HTTP/1.1" 404 0 "-" "Mozilla/5.0 (Windows NT 10.0; Win64; x64) AppleWebKit/537.36 (KHTML, like Gecko) Chrome/120.0.0.0 Safari/537.36"
23.101.4.52 - - [12/Mar/2026:22:05:28 +0330] "GET /wp-admin/css/bolt.php HTTP/1.1" 302 0 "-" "Mozilla/5.0 (Windows NT 10.0; Win64; x64) AppleWebKit/537.36 (KHTML, like Gecko) Chrome/120.0.0.0 Safari/537.36"
23.101.4.52 - - [12/Mar/2026:22:05:28 +0330] "GET /wp-admin/js/ HTTP/1.1" 200 3632 "-" "Mozilla/5.0 (Windows NT 10.0; Win64; x64) AppleWebKit/537.36 (KHTML, like Gecko) Chrome/120.0.0.0 Safari/537.36"
23.101.4.52 - - [12/Mar/2026:22:05:29 +0330] "GET /wp-admin/js/widgets/ HTTP/1.1" 200 1274 "-" "Mozilla/5.0 (Windows NT 10.0; Win64; x64) AppleWebKit/537.36 (KHTML, like Gecko) Chrome/120.0.0.0 Safari/537.36"
23.101.4.52 - - [12/Mar/2026:22:05:29 +0330] "GET /wp-admin/maint/ HTTP/1.1" 200 623 "-" "Mozilla/5.0 (Windows NT 10.0; Win64; x64) AppleWebKit/537.36 (KHTML, like Gecko) Chrome/120.0.0.0 Safari/537.36"
23.101.4.52 - - [12/Mar/2026:22:05:29 +0330] "GET /wp-admin/ HTTP/1.1" 302 0 "-" "Mozilla/5.0 (Windows NT 10.0; Win64; x64) AppleWebKit/537.36 (KHTML, like Gecko) Chrome/120.0.0.0 Safari/537.36"
23.101.4.52 - - [12/Mar/2026:22:05:30 +0330] "GET /wp-content/themes/ HTTP/1.1" 403 787 "-" "Mozilla/5.0 (Windows NT 10.0; Win64; x64) AppleWebKit/537.36 (KHTML, like Gecko) Chrome/120.0.0.0 Safari/537.36"
23.101.4.52 - - [12/Mar/2026:22:05:30 +0330] "GET /wp-content/themes/admin.php HTTP/1.1" 404 0 "-" "Mozilla/5.0 (Windows NT 10.0; Win64; x64) AppleWebKit/537.36 (KHTML, like Gecko) Chrome/120.0.0.0 Safari/537.36"
23.101.4.52 - - [12/Mar/2026:22:05:31 +0330] "GET /wp-content/uploads/ HTTP/1.1" 200 1035 "-" "Mozilla/5.0 (Windows NT 10.0; Win64; x64) AppleWebKit/537.36 (KHTML, like Gecko) Chrome/120.0.0.0 Safari/537.36"
162.55.240.80 - - [12/Mar/2026:22:00:38 +0330] "POST /wp-cron.php?doing_wp_cron=1773340238.5950849056243896484375 HTTP/1.1" 200 0 "-" "WordPress/6.9.4; https://farazshimi.ir"
45.9.251.115 - - [12/Mar/2026:22:00:38 +0330] "POST /xmlrpc.php HTTP/1.1" 200 178 "-" "Mozilla/5.0 (Windows NT 10.0; Win64; x64) AppleWebKit/537.36 (KHTML, like Gecko) Chrome/114.0.0.0 Safari/537.36"
45.9.251.115 - - [12/Mar/2026:22:00:44 +0330] "POST /xmlrpc.php HTTP/1.1" 200 8900 "-" "Mozilla/5.0 (Windows NT 10.0; Win64; x64) AppleWebKit/537.36 (KHTML, like Gecko) Chrome/114.0.0.0 Safari/537.36"
45.9.251.115 - - [12/Mar/2026:22:00:45 +0330] "GET /significant-gambling-establishment-claims-to-be-available-24-eight-thru-live-chat-email-and-you-can-cellular-phone/ HTTP/1.1" 200 128507 "-" "Mozilla/5.0 (Windows NT 10.0; Win64; x64; rv:125.0) Gecko/20100101 Firefox/125.0"
216.73.216.145 - - [12/Mar/2026:22:01:15 +0330] "GET /%d8%b1%d9%88%d8%ba%d9%86-%d9%84%d8%a7%d8%b3%d8%aa%db%8c%da%a9/instagram.com/farazshimialborz HTTP/2" 404 0 "-" "Mozilla/5.0 AppleWebKit/537.36 (KHTML, like Gecko; compatible; ClaudeBot/1.0; +claudebot@anthropic.com)"
162.55.240.80 - - [12/Mar/2026:22:02:49 +0330] "POST /wp-cron.php?doing_wp_cron=1773340369.7940919399261474609375 HTTP/1.1" 200 0 "-" "WordPress/6.9.4; https://farazshimi.ir"
45.9.251.115 - - [12/Mar/2026:22:02:49 +0330] "POST /xmlrpc.php HTTP/1.1" 200 178 "-" "Mozilla/5.0 (Windows NT 10.0; Win64; x64) AppleWebKit/537.36 (KHTML, like Gecko) Chrome/114.0.0.0 Safari/537.36"
45.9.251.115 - - [12/Mar/2026:22:02:54 +0330] "POST /xmlrpc.php HTTP/1.1" 200 8343 "-" "Mozilla/5.0 (Windows NT 10.0; Win64; x64) AppleWebKit/537.36 (KHTML, like Gecko) Chrome/114.0.0.0 Safari/537.36"
45.9.251.115 - - [12/Mar/2026:22:02:56 +0330] "GET /huge-mondial-gambling-establishment-california-150-100-free-revolves-chances-to-feel-a-good-millionaire/ HTTP/1.1" 200 128108 "-" "Mozilla/5.0 (Windows NT 10.0; Win64; x64; rv:124.0) Gecko/20100101 Firefox/124.0"
162.55.240.80 - - [12/Mar/2026:22:04:48 +0330] "POST /wp-cron.php?doing_wp_cron=1773340488.2553060054779052734375 HTTP/1.1" 200 0 "-" "WordPress/6.9.4; https://farazshimi.ir"
45.9.251.115 - - [12/Mar/2026:22:04:47 +0330] "POST /xmlrpc.php HTTP/1.1" 200 178 "-" "Mozilla/5.0 (Windows NT 10.0; Win64; x64) AppleWebKit/537.36 (KHTML, like Gecko) Chrome/114.0.0.0 Safari/537.36"
45.9.251.115 - - [12/Mar/2026:22:04:53 +0330] "POST /xmlrpc.php HTTP/1.1" 200 9867 "-" "Mozilla/5.0 (Windows NT 10.0; Win64; x64) AppleWebKit/537.36 (KHTML, like Gecko) Chrome/114.0.0.0 Safari/537.36"
45.9.251.115 - - [12/Mar/2026:22:04:59 +0330] "GET /make-use-of-your-extra-where-they-delivers-better-game-and-you-will-app-people/ HTTP/1.1" 200 128961 "-" "Mozilla/5.0 (Windows NT 10.0; Win64; x64) AppleWebKit/537.36 (KHTML, like Gecko) Chrome/109.0.0.0 Safari/537.36"
104.37.174.183 - - [12/Mar/2026:22:05:33 +0330] "POST /xmlrpc.php HTTP/1.1" 200 249 "-" "Mozilla/5.0 (Windows NT 10.0; WOW64) AppleWebKit/537.43 (KHTML, like Gecko) Chrome/138.0.0.0 Safari/537.36 OPR/122.0.0.0"
45.9.251.115 - - [12/Mar/2026:22:07:38 +0330] "POST /xmlrpc.php HTTP/1.1" 200 178 "-" "Mozilla/5.0 (Windows NT 10.0; Win64; x64) AppleWebKit/537.36 (KHTML, like Gecko) Chrome/114.0.0.0 Safari/537.36"
45.9.251.115 - - [12/Mar/2026:22:07:44 +0330] "POST /xmlrpc.php HTTP/1.1" 200 8502 "-" "Mozilla/5.0 (Windows NT 10.0; Win64; x64) AppleWebKit/537.36 (KHTML, like Gecko) Chrome/114.0.0.0 Safari/537.36"
45.9.251.115 - - [12/Mar/2026:22:07:45 +0330] "GET /it%EF%BF%BDs-for-example-a-small-measure-vegas-and-in-actual-fact-a-very-amusing-put/ HTTP/1.1" 200 127614 "-" "Mozilla/5.0 (Windows NT 10.0; Win64; x64; rv:124.0) Gecko/20100101 Firefox/124.0"
45.9.251.115 - - [12/Mar/2026:22:09:28 +0330] "POST /xmlrpc.php HTTP/1.1" 200 178 "-" "Mozilla/5.0 (Windows NT 10.0; Win64; x64) AppleWebKit/537.36 (KHTML, like Gecko) Chrome/114.0.0.0 Safari/537.36"
45.9.251.115 - - [12/Mar/2026:22:09:35 +0330] "POST /xmlrpc.php HTTP/1.1" 200 9003 "-" "Mozilla/5.0 (Windows NT 10.0; Win64; x64) AppleWebKit/537.36 (KHTML, like Gecko) Chrome/114.0.0.0 Safari/537.36"
23.101.4.52 - - [12/Mar/2026:22:05:31 +0330] "GET /wp-content/uploads/admin.php HTTP/1.1" 404 0 "-" "Mozilla/5.0 (Windows NT 10.0; Win64; x64) AppleWebKit/537.36 (KHTML, like Gecko) Chrome/120.0.0.0 Safari/537.36"
23.101.4.52 - - [12/Mar/2026:22:05:32 +0330] "GET /wp-includes/ HTTP/1.1" 200 9261 "-" "Mozilla/5.0 (Windows NT 10.0; Win64; x64) AppleWebKit/537.36 (KHTML, like Gecko) Chrome/120.0.0.0 Safari/537.36"
23.101.4.52 - - [12/Mar/2026:22:05:32 +0330] "GET /wp-includes/js/crop/ HTTP/1.1" 200 754 "-" "Mozilla/5.0 (Windows NT 10.0; Win64; x64) AppleWebKit/537.36 (KHTML, like Gecko) Chrome/120.0.0.0 Safari/537.36"
23.101.4.52 - - [12/Mar/2026:22:05:32 +0330] "GET /wp-links-opml.php HTTP/1.1" 200 184 "-" "Mozilla/5.0 (Windows NT 10.0; Win64; x64) AppleWebKit/537.36 (KHTML, like Gecko) Chrome/120.0.0.0 Safari/537.36"
198.244.168.220 - - [12/Mar/2026:22:06:28 +0330] "GET /market/fermo/3075263513.htm HTTP/2" 404 0 "-" "Mozilla/5.0 (compatible; AhrefsBot/7.0; +http://ahrefs.com/robot/)"
162.55.240.80 - - [12/Mar/2026:22:07:39 +0330] "POST /wp-cron.php?doing_wp_cron=1773340659.4105041027069091796875 HTTP/1.1" 200 0 "-" "WordPress/6.9.4; https://farazshimi.ir"
162.55.240.80 - - [12/Mar/2026:22:09:29 +0330] "POST /wp-cron.php?doing_wp_cron=1773340769.4116320610046386718750 HTTP/1.1" 200 0 "-" "WordPress/6.9.4; https://farazshimi.ir"
216.73.216.145 - - [12/Mar/2026:22:11:44 +0330] "GET /depot-au-casino-guide-complet-avec-betify/989930062081 HTTP/2" 301 0 "-" "Mozilla/5.0 AppleWebKit/537.36 (KHTML, like Gecko; compatible; ClaudeBot/1.0; +claudebot@anthropic.com)"
216.73.216.145 - - [12/Mar/2026:22:11:45 +0330] "GET /depot-au-casino-guide-complet-avec-betify/ HTTP/2" 200 27279 "https://farazshimi.ir/depot-au-casino-guide-complet-avec-betify/989930062081" "Mozilla/5.0 AppleWebKit/537.36 (KHTML, like Gecko; compatible; ClaudeBot/1.0; +claudebot@anthropic.com)"
162.55.240.80 - - [12/Mar/2026:22:12:08 +0330] "POST /wp-cron.php?doing_wp_cron=1773340928.3403620719909667968750 HTTP/1.1" 200 0 "-" "WordPress/6.9.4; https://farazshimi.ir"
216.73.216.145 - - [12/Mar/2026:22:13:16 +0330] "GET /you-to-might-not-accept-is-as-true-however-washington-has-many-playing-attractions-one-receive-individuals-to-is-their-fortune/feed HTTP/2" 301 0 "-" "Mozilla/5.0 AppleWebKit/537.36 (KHTML, like Gecko; compatible; ClaudeBot/1.0; +claudebot@anthropic.com)"
216.73.216.145 - - [12/Mar/2026:22:13:17 +0330] "GET /you-to-might-not-accept-is-as-true-however-washington-has-many-playing-attractions-one-receive-individuals-to-is-their-fortune/feed/ HTTP/2" 200 571 "https://farazshimi.ir/you-to-might-not-accept-is-as-true-however-washington-has-many-playing-attractions-one-receive-individuals-to-is-their-fortune/feed" "Mozilla/5.0 AppleWebKit/537.36 (KHTML, like Gecko; compatible; ClaudeBot/1.0; +claudebot@anthropic.com)"
216.73.216.145 - - [12/Mar/2026:22:13:22 +0330] "GET /avis-casino-decouvrez-les-meilleures-offres-avec-betify HTTP/2" 301 0 "-" "Mozilla/5.0 AppleWebKit/537.36 (KHTML, like Gecko; compatible; ClaudeBot/1.0; +claudebot@anthropic.com)"
216.73.216.145 - - [12/Mar/2026:22:13:22 +0330] "GET /avis-casino-decouvrez-les-meilleures-offres-avec-betify/ HTTP/2" 200 27859 "https://farazshimi.ir/avis-casino-decouvrez-les-meilleures-offres-avec-betify" "Mozilla/5.0 AppleWebKit/537.36 (KHTML, like Gecko; compatible; ClaudeBot/1.0; +claudebot@anthropic.com)"
162.55.240.80 - - [12/Mar/2026:22:14:02 +0330] "POST /wp-cron.php?doing_wp_cron=1773341042.2701430320739746093750 HTTP/1.1" 200 0 "-" "WordPress/6.9.4; https://farazshimi.ir"
45.9.251.115 - - [12/Mar/2026:22:14:01 +0330] "POST /xmlrpc.php HTTP/1.1" 200 178 "-" "Mozilla/5.0 (Windows NT 10.0; Win64; x64) AppleWebKit/537.36 (KHTML, like Gecko) Chrome/114.0.0.0 Safari/537.36"
162.55.240.80 - - [12/Mar/2026:22:14:09 +0330] "POST /wp-cron.php?doing_wp_cron=1773341049.1947360038757324218750 HTTP/1.1" 200 0 "-" "WordPress/6.9.4; https://farazshimi.ir"
45.9.251.115 - - [12/Mar/2026:22:09:40 +0330] "GET /c-lotto-organizations-statistics-showing-which-local-casino-possessions-noticed-140/ HTTP/1.1" 200 128200 "-" "Mozilla/5.0 (Windows NT 10.0; Win64; x64) AppleWebKit/537.36 (KHTML, like Gecko) Chrome/124.0.0.0 Safari/537.36 Edg/124.0.0.0"
216.73.216.145 - - [12/Mar/2026:22:11:00 +0330] "GET /look-for-everything-you-need-to-learn-within-our-greatest-ports-guide HTTP/2" 301 0 "-" "Mozilla/5.0 AppleWebKit/537.36 (KHTML, like Gecko; compatible; ClaudeBot/1.0; +claudebot@anthropic.com)"
216.73.216.145 - - [12/Mar/2026:22:11:01 +0330] "GET /look-for-everything-you-need-to-learn-within-our-greatest-ports-guide/ HTTP/2" 200 27129 "https://farazshimi.ir/look-for-everything-you-need-to-learn-within-our-greatest-ports-guide" "Mozilla/5.0 AppleWebKit/537.36 (KHTML, like Gecko; compatible; ClaudeBot/1.0; +claudebot@anthropic.com)"
45.9.251.115 - - [12/Mar/2026:22:12:07 +0330] "POST /xmlrpc.php HTTP/1.1" 200 178 "-" "Mozilla/5.0 (Windows NT 10.0; Win64; x64) AppleWebKit/537.36 (KHTML, like Gecko) Chrome/114.0.0.0 Safari/537.36"
45.9.251.115 - - [12/Mar/2026:22:12:13 +0330] "POST /xmlrpc.php HTTP/1.1" 200 8989 "-" "Mozilla/5.0 (Windows NT 10.0; Win64; x64) AppleWebKit/537.36 (KHTML, like Gecko) Chrome/114.0.0.0 Safari/537.36"
45.9.251.115 - - [12/Mar/2026:22:12:14 +0330] "GET /yes-spin-local-casino-has-the-benefit-of-easy-access-to-systems-including-care-about-examination-self-exception-to-this-rule-choice-and-you-can-deposits-limits/ HTTP/1.1" 200 129483 "-" "Mozilla/5.0 (Windows NT 10.0; Win64; x64) AppleWebKit/537.36 (KHTML, like Gecko) Chrome/123.0.0.0 Safari/537.36"
216.73.216.145 - - [12/Mar/2026:22:15:01 +0330] "GET /depot-au-casino-guide-complet-avec-betify/instagram.com/farazshimialborz HTTP/2" 404 0 "-" "Mozilla/5.0 AppleWebKit/537.36 (KHTML, like Gecko; compatible; ClaudeBot/1.0; +claudebot@anthropic.com)"
162.55.240.80 - - [12/Mar/2026:22:16:00 +0330] "POST /wp-cron.php?doing_wp_cron=1773341160.2630701065063476562500 HTTP/1.1" 200 0 "-" "WordPress/6.9.4; https://farazshimi.ir"
45.9.251.115 - - [12/Mar/2026:22:15:59 +0330] "POST /xmlrpc.php HTTP/1.1" 200 178 "-" "Mozilla/5.0 (Windows NT 10.0; Win64; x64) AppleWebKit/537.36 (KHTML, like Gecko) Chrome/114.0.0.0 Safari/537.36"
45.9.251.115 - - [12/Mar/2026:22:16:05 +0330] "POST /xmlrpc.php HTTP/1.1" 200 9515 "-" "Mozilla/5.0 (Windows NT 10.0; Win64; x64) AppleWebKit/537.36 (KHTML, like Gecko) Chrome/114.0.0.0 Safari/537.36"
45.9.251.115 - - [12/Mar/2026:22:16:10 +0330] "GET /incentives-is-actually-monitored-and-you-may-rechecked-all-7%EF%BF%BD2-weeks-otherwise-at-some-point-when-the-flagged/ HTTP/1.1" 200 129189 "-" "Mozilla/5.0 (Windows NT 10.0; Win64; x64) AppleWebKit/537.36 (KHTML, like Gecko) Chrome/109.0.0.0 Safari/537.36"
45.9.251.115 - - [12/Mar/2026:22:14:07 +0330] "POST /xmlrpc.php HTTP/1.1" 200 8885 "-" "Mozilla/5.0 (Windows NT 10.0; Win64; x64) AppleWebKit/537.36 (KHTML, like Gecko) Chrome/114.0.0.0 Safari/537.36"
216.73.216.145 - - [12/Mar/2026:22:14:09 +0330] "GET /you-to-might-not-accept-is-as-true-however-washington-has-many-playing-attractions-one-receive-individuals-to-is-their-fortune/989930062081 HTTP/2" 301 0 "-" "Mozilla/5.0 AppleWebKit/537.36 (KHTML, like Gecko; compatible; ClaudeBot/1.0; +claudebot@anthropic.com)"
216.73.216.145 - - [12/Mar/2026:22:14:10 +0330] "GET /you-to-might-not-accept-is-as-true-however-washington-has-many-playing-attractions-one-receive-individuals-to-is-their-fortune/ HTTP/2" 200 27448 "https://farazshimi.ir/you-to-might-not-accept-is-as-true-however-washington-has-many-playing-attractions-one-receive-individuals-to-is-their-fortune/989930062081" "Mozilla/5.0 AppleWebKit/537.36 (KHTML, like Gecko; compatible; ClaudeBot/1.0; +claudebot@anthropic.com)"
216.73.216.145 - - [12/Mar/2026:22:14:11 +0330] "GET /?p=706 HTTP/2" 301 0 "-" "Mozilla/5.0 AppleWebKit/537.36 (KHTML, like Gecko; compatible; ClaudeBot/1.0; +claudebot@anthropic.com)"
216.73.216.145 - - [12/Mar/2026:22:14:12 +0330] "GET /you-to-might-not-accept-is-as-true-however-washington-has-many-playing-attractions-one-receive-individuals-to-is-their-fortune/ HTTP/2" 200 27448 "https://farazshimi.ir/?p=706" "Mozilla/5.0 AppleWebKit/537.36 (KHTML, like Gecko; compatible; ClaudeBot/1.0; +claudebot@anthropic.com)"
45.9.251.115 - - [12/Mar/2026:22:14:14 +0330] "GET /huge-mondial-local-casino-versus-yukon-gold-gambling-establishment-race-of-your-incentives/ HTTP/1.1" 200 128622 "-" "Mozilla/5.0 (Windows NT 10.0; Win64; x64) AppleWebKit/537.36 (KHTML, like Gecko) Chrome/109.0.0.0 Safari/537.36"
51.195.244.76 - - [12/Mar/2026:22:15:08 +0330] "GET /market/envied/2391395596.htm HTTP/2" 404 0 "-" "Mozilla/5.0 (compatible; AhrefsBot/7.0; +http://ahrefs.com/robot/)"
216.73.216.145 - - [12/Mar/2026:22:15:22 +0330] "GET /casino-avec-depot-minimum-de-1-e-decouvrez-le-casino-leon HTTP/2" 301 0 "-" "Mozilla/5.0 AppleWebKit/537.36 (KHTML, like Gecko; compatible; ClaudeBot/1.0; +claudebot@anthropic.com)"
216.73.216.145 - - [12/Mar/2026:22:15:23 +0330] "GET /casino-avec-depot-minimum-de-1-e-decouvrez-le-casino-leon/ HTTP/2" 200 27489 "https://farazshimi.ir/casino-avec-depot-minimum-de-1-e-decouvrez-le-casino-leon" "Mozilla/5.0 AppleWebKit/537.36 (KHTML, like Gecko; compatible; ClaudeBot/1.0; +claudebot@anthropic.com)"
216.73.216.145 - - [12/Mar/2026:22:16:34 +0330] "GET /the-way-to-select-an-educated-and-most-reliable-on-the-internet-position-game HTTP/2" 301 0 "-" "Mozilla/5.0 AppleWebKit/537.36 (KHTML, like Gecko; compatible; ClaudeBot/1.0; +claudebot@anthropic.com)"
216.73.216.145 - - [12/Mar/2026:22:16:35 +0330] "GET /the-way-to-select-an-educated-and-most-reliable-on-the-internet-position-game/ HTTP/2" 200 27346 "https://farazshimi.ir/the-way-to-select-an-educated-and-most-reliable-on-the-internet-position-game" "Mozilla/5.0 AppleWebKit/537.36 (KHTML, like Gecko; compatible; ClaudeBot/1.0; +claudebot@anthropic.com)"
205.185.122.204 - - [12/Mar/2026:22:17:08 +0330] "GET /wp-login.php HTTP/1.1" 200 11614 "-" "Mozilla/5.0 (Windows NT 5.1; rv:31.0) Gecko/20100101 Firefox/31.0"
205.185.122.204 - - [12/Mar/2026:22:17:09 +0330] "POST /wp-login.php HTTP/1.1" 200 12156 "-" "Mozilla/5.0 (Windows NT 5.1; rv:31.0) Gecko/20100101 Firefox/31.0"
162.55.240.80 - - [12/Mar/2026:22:18:21 +0330] "POST /wp-cron.php?doing_wp_cron=1773341301.5414659976959228515625 HTTP/1.1" 200 0 "-" "WordPress/6.9.4; https://farazshimi.ir"
45.9.251.115 - - [12/Mar/2026:22:18:21 +0330] "POST /xmlrpc.php HTTP/1.1" 200 178 "-" "Mozilla/5.0 (Windows NT 10.0; Win64; x64) AppleWebKit/537.36 (KHTML, like Gecko) Chrome/114.0.0.0 Safari/537.36"
45.9.251.115 - - [12/Mar/2026:22:18:27 +0330] "POST /xmlrpc.php HTTP/1.1" 200 9778 "-" "Mozilla/5.0 (Windows NT 10.0; Win64; x64) AppleWebKit/537.36 (KHTML, like Gecko) Chrome/114.0.0.0 Safari/537.36"
45.9.251.115 - - [12/Mar/2026:22:18:28 +0330] "GET /the-conclusion-to-the-no-deposit-bonuses-to-have-established-members/ HTTP/1.1" 200 128682 "-" "Mozilla/5.0 (Windows NT 10.0; Win64; x64) AppleWebKit/537.36 (KHTML, like Gecko) Chrome/122.0.0.0 Safari/537.36"
216.73.216.145 - - [12/Mar/2026:22:18:29 +0330] "GET /?p=490 HTTP/2" 301 0 "-" "Mozilla/5.0 AppleWebKit/537.36 (KHTML, like Gecko; compatible; ClaudeBot/1.0; +claudebot@anthropic.com)"
216.73.216.145 - - [12/Mar/2026:22:18:29 +0330] "GET /depot-au-casino-guide-complet-avec-betify/ HTTP/2" 200 27242 "https://farazshimi.ir/?p=490" "Mozilla/5.0 AppleWebKit/537.36 (KHTML, like Gecko; compatible; ClaudeBot/1.0; +claudebot@anthropic.com)"
216.73.216.145 - - [12/Mar/2026:22:19:41 +0330] "GET /you-to-might-not-accept-is-as-true-however-washington-has-many-playing-attractions-one-receive-individuals-to-is-their-fortune/instagram.com/farazshimialborz HTTP/2" 404 0 "-" "Mozilla/5.0 AppleWebKit/537.36 (KHTML, like Gecko; compatible; ClaudeBot/1.0; +claudebot@anthropic.com)"
162.55.240.80 - - [12/Mar/2026:22:20:32 +0330] "POST /wp-cron.php?doing_wp_cron=1773341432.9033849239349365234375 HTTP/1.1" 200 0 "-" "WordPress/6.9.4; https://farazshimi.ir"
45.9.251.115 - - [12/Mar/2026:22:20:31 +0330] "POST /xmlrpc.php HTTP/1.1" 200 178 "-" "Mozilla/5.0 (Windows NT 10.0; Win64; x64) AppleWebKit/537.36 (KHTML, like Gecko) Chrome/114.0.0.0 Safari/537.36"
45.9.251.115 - - [12/Mar/2026:22:20:38 +0330] "POST /xmlrpc.php HTTP/1.1" 200 8601 "-" "Mozilla/5.0 (Windows NT 10.0; Win64; x64) AppleWebKit/537.36 (KHTML, like Gecko) Chrome/114.0.0.0 Safari/537.36"
45.9.251.115 - - [12/Mar/2026:22:20:39 +0330] "GET /the-final-greeting-bonus-will-suit-your-percentage-of-the-150-and-you-may-will-not-go-above-1000-eur/ HTTP/1.1" 200 127913 "-" "Mozilla/5.0 (Windows NT 10.0; Win64; x64) AppleWebKit/537.36 (KHTML, like Gecko) Chrome/123.0.0.0 Safari/537.36"
162.55.240.80 - - [12/Mar/2026:22:22:53 +0330] "POST /wp-cron.php?doing_wp_cron=1773341573.7177870273590087890625 HTTP/1.1" 200 0 "-" "WordPress/6.9.4; https://farazshimi.ir"
198.244.183.111 - - [12/Mar/2026:22:23:53 +0330] "GET /market/electionered/143027923.htm HTTP/2" 404 0 "-" "Mozilla/5.0 (compatible; AhrefsBot/7.0; +http://ahrefs.com/robot/)"
162.55.240.80 - - [12/Mar/2026:22:25:11 +0330] "POST /wp-cron.php?doing_wp_cron=1773341711.3998639583587646484375 HTTP/1.1" 200 0 "-" "WordPress/6.9.4; https://farazshimi.ir"
45.9.251.115 - - [12/Mar/2026:22:25:10 +0330] "POST /xmlrpc.php HTTP/1.1" 200 178 "-" "Mozilla/5.0 (Windows NT 10.0; Win64; x64) AppleWebKit/537.36 (KHTML, like Gecko) Chrome/114.0.0.0 Safari/537.36"
45.9.251.115 - - [12/Mar/2026:22:25:16 +0330] "POST /xmlrpc.php HTTP/1.1" 200 8302 "-" "Mozilla/5.0 (Windows NT 10.0; Win64; x64) AppleWebKit/537.36 (KHTML, like Gecko) Chrome/114.0.0.0 Safari/537.36"
45.9.251.115 - - [12/Mar/2026:22:25:18 +0330] "GET /not-available-for-the-al-california-de-id-mi-mt-nv-tn-wa-new-jersey-otherwise-ct/ HTTP/1.1" 200 127400 "-" "Mozilla/5.0 (Windows NT 10.0; Win64; x64) AppleWebKit/537.36 (KHTML, like Gecko) Chrome/124.0.0.0 Safari/537.36"
162.55.240.80 - - [12/Mar/2026:22:27:20 +0330] "POST /wp-cron.php?doing_wp_cron=1773341840.1552059650421142578125 HTTP/1.1" 200 0 "-" "WordPress/6.9.4; https://farazshimi.ir"
162.55.240.80 - - [12/Mar/2026:22:29:41 +0330] "POST /wp-cron.php?doing_wp_cron=1773341981.9265129566192626953125 HTTP/1.1" 200 0 "-" "WordPress/6.9.4; https://farazshimi.ir"
216.73.216.145 - - [12/Mar/2026:22:18:55 +0330] "GET /depot-au-casino-guide-complet-avec-betify/feed HTTP/2" 301 0 "-" "Mozilla/5.0 AppleWebKit/537.36 (KHTML, like Gecko; compatible; ClaudeBot/1.0; +claudebot@anthropic.com)"
216.73.216.145 - - [12/Mar/2026:22:18:56 +0330] "GET /depot-au-casino-guide-complet-avec-betify/feed/ HTTP/2" 200 498 "https://farazshimi.ir/depot-au-casino-guide-complet-avec-betify/feed" "Mozilla/5.0 AppleWebKit/537.36 (KHTML, like Gecko; compatible; ClaudeBot/1.0; +claudebot@anthropic.com)"
162.55.240.80 - - [12/Mar/2026:22:19:41 +0330] "POST /wp-cron.php?doing_wp_cron=1773341381.7053010463714599609375 HTTP/1.1" 200 0 "-" "WordPress/6.9.4; https://farazshimi.ir"
45.9.251.115 - - [12/Mar/2026:22:22:53 +0330] "POST /xmlrpc.php HTTP/1.1" 200 178 "-" "Mozilla/5.0 (Windows NT 10.0; Win64; x64) AppleWebKit/537.36 (KHTML, like Gecko) Chrome/114.0.0.0 Safari/537.36"
45.9.251.115 - - [12/Mar/2026:22:22:59 +0330] "POST /xmlrpc.php HTTP/1.1" 200 8929 "-" "Mozilla/5.0 (Windows NT 10.0; Win64; x64) AppleWebKit/537.36 (KHTML, like Gecko) Chrome/114.0.0.0 Safari/537.36"
45.9.251.115 - - [12/Mar/2026:22:23:00 +0330] "GET /large-added-bonus-energy-to-your-iphone-revolves-basic-upcoming-places/ HTTP/1.1" 200 127949 "-" "Mozilla/5.0 (Windows NT 10.0; Win64; x64) AppleWebKit/537.36 (KHTML, like Gecko) Chrome/124.0.0.0 Safari/537.36"
45.9.251.115 - - [12/Mar/2026:22:27:19 +0330] "POST /xmlrpc.php HTTP/1.1" 200 178 "-" "Mozilla/5.0 (Windows NT 10.0; Win64; x64) AppleWebKit/537.36 (KHTML, like Gecko) Chrome/114.0.0.0 Safari/537.36"
45.9.251.115 - - [12/Mar/2026:22:27:26 +0330] "POST /xmlrpc.php HTTP/1.1" 200 8219 "-" "Mozilla/5.0 (Windows NT 10.0; Win64; x64) AppleWebKit/537.36 (KHTML, like Gecko) Chrome/114.0.0.0 Safari/537.36"
45.9.251.115 - - [12/Mar/2026:22:27:29 +0330] "GET /trick-what-things-to-see-just-before-using-a-good-discount-password/ HTTP/1.1" 200 127064 "-" "Mozilla/5.0 (Windows NT 10.0; Win64; x64) AppleWebKit/537.36 (KHTML, like Gecko) Chrome/123.0.0.0 Safari/537.36"
89.22.123.105 - - [12/Mar/2026:22:31:51 +0330] "POST /xmlrpc.php HTTP/1.1" 200 249 "-" "Mozilla/5.0 (Windows NT 10.0; Win64; x64) AppleWebKit/537.43 (KHTML, like Gecko) Chrome/135.0.0.0 Safari/537.36 OPR/120.0.0.0"
45.9.251.115 - - [12/Mar/2026:22:32:00 +0330] "POST /xmlrpc.php HTTP/1.1" 200 178 "-" "Mozilla/5.0 (Windows NT 10.0; Win64; x64) AppleWebKit/537.36 (KHTML, like Gecko) Chrome/114.0.0.0 Safari/537.36"
45.9.251.115 - - [12/Mar/2026:22:32:06 +0330] "POST /xmlrpc.php HTTP/1.1" 200 8292 "-" "Mozilla/5.0 (Windows NT 10.0; Win64; x64) AppleWebKit/537.36 (KHTML, like Gecko) Chrome/114.0.0.0 Safari/537.36"
45.9.251.115 - - [12/Mar/2026:22:32:07 +0330] "GET /delivering-free-spins-with-a-promo-password-for-canadian-players/ HTTP/1.1" 200 127054 "-" "Mozilla/5.0 (Windows NT 10.0; Win64; x64) AppleWebKit/537.36 (KHTML, like Gecko) Chrome/124.0.0.0 Safari/537.36"
45.9.251.115 - - [12/Mar/2026:22:29:41 +0330] "POST /xmlrpc.php HTTP/1.1" 200 178 "-" "Mozilla/5.0 (Windows NT 10.0; Win64; x64) AppleWebKit/537.36 (KHTML, like Gecko) Chrome/114.0.0.0 Safari/537.36"
45.9.251.115 - - [12/Mar/2026:22:29:47 +0330] "POST /xmlrpc.php HTTP/1.1" 200 8548 "-" "Mozilla/5.0 (Windows NT 10.0; Win64; x64) AppleWebKit/537.36 (KHTML, like Gecko) Chrome/114.0.0.0 Safari/537.36"
45.9.251.115 - - [12/Mar/2026:22:29:50 +0330] "GET /very-first-tri-before-switching-its-identity-to-help-you-lumina-copper-firm/ HTTP/1.1" 200 127533 "-" "Mozilla/5.0 (Windows NT 10.0; Win64; x64) AppleWebKit/537.36 (KHTML, like Gecko) Chrome/122.0.0.0 Safari/537.36"
162.55.240.80 - - [12/Mar/2026:22:32:01 +0330] "POST /wp-cron.php?doing_wp_cron=1773342121.1064140796661376953125 HTTP/1.1" 200 0 "-" "WordPress/6.9.4; https://farazshimi.ir"
51.195.215.35 - - [12/Mar/2026:22:33:00 +0330] "GET /market/ecostate/3628781760.htm HTTP/2" 404 0 "-" "Mozilla/5.0 (compatible; AhrefsBot/7.0; +http://ahrefs.com/robot/)"
45.9.251.115 - - [12/Mar/2026:22:34:06 +0330] "POST /xmlrpc.php HTTP/1.1" 200 178 "-" "Mozilla/5.0 (Windows NT 10.0; Win64; x64) AppleWebKit/537.36 (KHTML, like Gecko) Chrome/114.0.0.0 Safari/537.36"
45.9.251.115 - - [12/Mar/2026:22:34:13 +0330] "POST /xmlrpc.php HTTP/1.1" 200 11029 "-" "Mozilla/5.0 (Windows NT 10.0; Win64; x64) AppleWebKit/537.36 (KHTML, like Gecko) Chrome/114.0.0.0 Safari/537.36"
45.9.251.115 - - [12/Mar/2026:22:34:15 +0330] "GET /it-is-one-of-several-oldest-gambling-enterprises-international-and-is-extremely-attractive-as-well/ HTTP/1.1" 200 130218 "-" "Mozilla/5.0 (Windows NT 10.0; Win64; x64; rv:125.0) Gecko/20100101 Firefox/125.0"
45.9.251.115 - - [12/Mar/2026:22:36:35 +0330] "POST /xmlrpc.php HTTP/1.1" 200 178 "-" "Mozilla/5.0 (Windows NT 10.0; Win64; x64) AppleWebKit/537.36 (KHTML, like Gecko) Chrome/114.0.0.0 Safari/537.36"
45.9.251.115 - - [12/Mar/2026:22:36:41 +0330] "POST /xmlrpc.php HTTP/1.1" 200 8093 "-" "Mozilla/5.0 (Windows NT 10.0; Win64; x64) AppleWebKit/537.36 (KHTML, like Gecko) Chrome/114.0.0.0 Safari/537.36"
45.9.251.115 - - [12/Mar/2026:22:36:42 +0330] "GET /action-12-create-very-first-put-casino-hurt-you-wallet/ HTTP/1.1" 200 126909 "-" "Mozilla/5.0 (Windows NT 10.0; Win64; x64; rv:125.0) Gecko/20100101 Firefox/125.0"
198.244.240.213 - - [12/Mar/2026:22:41:06 +0330] "GET /market/driveler/2877918576.htm HTTP/2" 404 0 "-" "Mozilla/5.0 (compatible; AhrefsBot/7.0; +http://ahrefs.com/robot/)"
213.231.10.145 - - [12/Mar/2026:22:41:28 +0330] "GET /wp-login.php HTTP/2" 200 3306 "-" "Mozilla/5.0 (Windows NT 10.0; Win64; x64) AppleWebKit/537.36 (KHTML, like Gecko) Chrome/145.0.0.0 Safari/537.36"
