216.73.216.149 - - [13/Mar/2026:04:22:27 +0330] "GET /mecanica-jocurilor-din-mancare-care-au-rng-ii-bila-neta-sa-i-testezi-strategiile-i-abordarile-de-action/feed HTTP/2" 200 3797 "-" "Mozilla/5.0 AppleWebKit/537.36 (KHTML, like Gecko; compatible; ClaudeBot/1.0; +claudebot@anthropic.com)"
216.73.216.149 - - [13/Mar/2026:04:20:40 +0330] "GET /significant-gambling-establishment-claims-to-be-available-24-eight-thru-live-chat-email-and-you-can-cellular-phone/989930062081 HTTP/2" 200 3797 "-" "Mozilla/5.0 AppleWebKit/537.36 (KHTML, like Gecko; compatible; ClaudeBot/1.0; +claudebot@anthropic.com)"
216.73.216.149 - - [13/Mar/2026:04:20:43 +0330] "GET /a-good-ironclad-certification-regulation-the-new-low-flexible-foundation-of-safety/instagram.com/farazshimialborz HTTP/2" 200 3797 "-" "Mozilla/5.0 AppleWebKit/537.36 (KHTML, like Gecko; compatible; ClaudeBot/1.0; +claudebot@anthropic.com)"
216.73.216.149 - - [13/Mar/2026:04:21:21 +0330] "GET /%d8%b1%d9%88%d8%ba%d9%86-%d9%87%d8%a7%db%8c-%d8%ae%d9%88%d8%af%d8%b1%d9%88-%d8%b3%d9%86%da%af%db%8c%d9%86/989930062081 HTTP/2" 200 3797 "-" "Mozilla/5.0 AppleWebKit/537.36 (KHTML, like Gecko; compatible; ClaudeBot/1.0; +claudebot@anthropic.com)"
216.73.216.149 - - [13/Mar/2026:04:21:24 +0330] "GET /look-for-all-you-need-to-see-within-best-ports-book/instagram.com/farazshimialborz HTTP/2" 200 3797 "-" "Mozilla/5.0 AppleWebKit/537.36 (KHTML, like Gecko; compatible; ClaudeBot/1.0; +claudebot@anthropic.com)"
216.73.216.149 - - [13/Mar/2026:04:21:27 +0330] "GET /jeux-de-cartes-de-casino-plongez-dans-lunivers-de-leon/989930062081 HTTP/2" 200 3783 "-" "Mozilla/5.0 AppleWebKit/537.36 (KHTML, like Gecko; compatible; ClaudeBot/1.0; +claudebot@anthropic.com)"
216.73.216.149 - - [13/Mar/2026:04:21:30 +0330] "GET /jouer-au-casino-en-ligne-decouvrez-leon-et-les-meilleures-astuces/feed HTTP/2" 200 3797 "-" "Mozilla/5.0 AppleWebKit/537.36 (KHTML, like Gecko; compatible; ClaudeBot/1.0; +claudebot@anthropic.com)"
66.249.65.96 - - [13/Mar/2026:04:22:01 +0330] "GET /market/bristled/2644510290.htm HTTP/1.1" 200 27635 "-" "Mozilla/5.0 (Linux; Android 6.0.1; Nexus 5X Build/MMB29P) AppleWebKit/537.36 (KHTML, like Gecko) Chrome/145.0.7632.116 Mobile Safari/537.36 (compatible; GoogleOther)"
66.249.65.96 - - [13/Mar/2026:04:22:04 +0330] "GET /market/hyporachis/2840207483.htm HTTP/1.1" 200 28047 "-" "Mozilla/5.0 (Linux; Android 6.0.1; Nexus 5X Build/MMB29P) AppleWebKit/537.36 (KHTML, like Gecko) Chrome/145.0.7632.116 Mobile Safari/537.36 (compatible; Googlebot/2.1; +http://www.google.com/bot.html)"
216.73.216.149 - - [13/Mar/2026:04:24:04 +0330] "GET /nove-online-casino-objevte-nejlepsi-online-casino-cz/feed HTTP/2" 200 3797 "-" "Mozilla/5.0 AppleWebKit/537.36 (KHTML, like Gecko; compatible; ClaudeBot/1.0; +claudebot@anthropic.com)"
216.73.216.149 - - [13/Mar/2026:04:24:06 +0330] "GET /les-meilleures-machines-a-sous-en-ligne-sur-casino-leon/feed HTTP/2" 200 3797 "-" "Mozilla/5.0 AppleWebKit/537.36 (KHTML, like Gecko; compatible; ClaudeBot/1.0; +claudebot@anthropic.com)"
216.73.216.149 - - [13/Mar/2026:04:24:09 +0330] "GET /with-a-qualification-inside-analytical-sciences-james-including-draws-towards-the-his-experience-with-possibility-and-you-can-likelihood-in-his-position-recommendations/feed HTTP/2" 200 3797 "-" "Mozilla/5.0 AppleWebKit/537.36 (KHTML, like Gecko; compatible; ClaudeBot/1.0; +claudebot@anthropic.com)"
216.73.216.149 - - [13/Mar/2026:04:24:12 +0330] "GET /machines-a-sous-en-argent-reel-gagnez-instantanement/feed HTTP/2" 200 3797 "-" "Mozilla/5.0 AppleWebKit/537.36 (KHTML, like Gecko; compatible; ClaudeBot/1.0; +claudebot@anthropic.com)"
216.73.216.149 - - [13/Mar/2026:04:24:15 +0330] "GET /2-guarda-gli-streaming-dei-giocatori-di-slot-online/feed HTTP/2" 200 3797 "-" "Mozilla/5.0 AppleWebKit/537.36 (KHTML, like Gecko; compatible; ClaudeBot/1.0; +claudebot@anthropic.com)"
66.249.65.105 - - [13/Mar/2026:04:24:17 +0330] "GET /market/attorneyship/16707241.htm HTTP/1.1" 200 27288 "-" "Mozilla/5.0 (Linux; Android 6.0.1; Nexus 5X Build/MMB29P) AppleWebKit/537.36 (KHTML, like Gecko) Chrome/145.0.7632.116 Mobile Safari/537.36 (compatible; Googlebot/2.1; +http://www.google.com/bot.html)"
216.73.216.149 - - [13/Mar/2026:04:22:30 +0330] "GET /casino-narozeninovy-bonus-a-casino-bonus-za-registraci/989930062081 HTTP/2" 200 3797 "-" "Mozilla/5.0 AppleWebKit/537.36 (KHTML, like Gecko; compatible; ClaudeBot/1.0; +claudebot@anthropic.com)"
216.73.216.149 - - [13/Mar/2026:04:22:41 +0330] "GET /a-good-ironclad-certification-regulation-the-new-low-flexible-foundation-of-safety/989930062081 HTTP/2" 200 3797 "-" "Mozilla/5.0 AppleWebKit/537.36 (KHTML, like Gecko; compatible; ClaudeBot/1.0; +claudebot@anthropic.com)"
216.73.216.149 - - [13/Mar/2026:04:22:44 +0330] "GET /form-of-casinos-on-the-internet-on-the-better-20-listing/instagram.com/farazshimialborz HTTP/2" 200 3773 "-" "Mozilla/5.0 AppleWebKit/537.36 (KHTML, like Gecko; compatible; ClaudeBot/1.0; +claudebot@anthropic.com)"
216.73.216.149 - - [13/Mar/2026:04:22:47 +0330] "GET /%d8%b2%d9%85%d8%a7%d9%86-%d8%aa%d8%b9%d9%88%db%8c%d8%b6-%d9%88%d8%a7%d8%b3%da%a9%d8%a7%d8%b2%db%8c%d9%86/989930062081 HTTP/2" 200 3797 "-" "Mozilla/5.0 AppleWebKit/537.36 (KHTML, like Gecko; compatible; ClaudeBot/1.0; +claudebot@anthropic.com)"
216.73.216.149 - - [13/Mar/2026:04:22:50 +0330] "GET /with-respect-to-fee-approaches-for-web-based-casinos-you-are-able-to-note-that-particular-choices-are-both-omitted/989930062081 HTTP/2" 200 3797 "-" "Mozilla/5.0 AppleWebKit/537.36 (KHTML, like Gecko; compatible; ClaudeBot/1.0; +claudebot@anthropic.com)"
216.73.216.149 - - [13/Mar/2026:04:23:01 +0330] "GET /significant-gambling-establishment-claims-to-be-available-24-eight-thru-live-chat-email-and-you-can-cellular-phone/instagram.com/farazshimialborz HTTP/2" 200 3828 "-" "Mozilla/5.0 AppleWebKit/537.36 (KHTML, like Gecko; compatible; ClaudeBot/1.0; +claudebot@anthropic.com)"
216.73.216.149 - - [13/Mar/2026:04:23:04 +0330] "GET /nove-online-casino-objevte-nejlepsi-online-casino-cz/instagram.com/farazshimialborz HTTP/2" 200 3820 "-" "Mozilla/5.0 AppleWebKit/537.36 (KHTML, like Gecko; compatible; ClaudeBot/1.0; +claudebot@anthropic.com)"
216.73.216.149 - - [13/Mar/2026:04:23:07 +0330] "GET /odvazne-kure-nebezpecna-cesta-zabavna-hra-chicken-road-demo-s/989930062081 HTTP/2" 200 3797 "-" "Mozilla/5.0 AppleWebKit/537.36 (KHTML, like Gecko; compatible; ClaudeBot/1.0; +claudebot@anthropic.com)"
216.73.216.149 - - [13/Mar/2026:04:23:10 +0330] "GET /%d8%a7%d9%86%d9%88%d8%a7%d8%b9-%d8%a7%d8%b5%d9%84%db%8c-%d8%b1%d9%88%d8%ba%d9%86%e2%80%8c%d9%87%d8%a7%db%8c-%da%af%db%8c%d8%b1%d8%a8%da%a9%d8%b3-%d8%a8%d8%a7-%d8%aa%d9%88%d8%ac%d9%87-%d8%a8%d9%87/feed HTTP/2" 200 3797 "-" "Mozilla/5.0 AppleWebKit/537.36 (KHTML, like Gecko; compatible; ClaudeBot/1.0; +claudebot@anthropic.com)"
216.73.216.149 - - [13/Mar/2026:04:23:16 +0330] "GET /bei-der-sache-effizienz-die-kunden-willkommensboni-nicht-mehr-da-exklusive-langer-kunde-dahinter-bleiben/instagram.com/farazshimialborz HTTP/2" 200 3797 "-" "Mozilla/5.0 AppleWebKit/537.36 (KHTML, like Gecko; compatible; ClaudeBot/1.0; +claudebot@anthropic.com)"
216.73.216.149 - - [13/Mar/2026:04:23:19 +0330] "GET /an-educated-slot-machines-for-the-gambling-enterprises-you-to-definitely-professionals-really-loves/989930062081 HTTP/2" 200 3797 "-" "Mozilla/5.0 AppleWebKit/537.36 (KHTML, like Gecko; compatible; ClaudeBot/1.0; +claudebot@anthropic.com)"
66.249.76.163 - - [13/Mar/2026:04:23:37 +0330] "GET /market/attorneyship/16707241.htm HTTP/1.1" 200 27288 "-" "Mozilla/5.0 (Linux; Android 6.0.1; Nexus 5X Build/MMB29P) AppleWebKit/537.36 (KHTML, like Gecko) Chrome/145.0.7632.116 Mobile Safari/537.36 (compatible; GoogleOther)"
216.73.216.149 - - [13/Mar/2026:04:24:31 +0330] "GET /not-available-for-the-al-california-de-id-mi-mt-nv-tn-wa-new-jersey-otherwise-ct/instagram.com/farazshimialborz HTTP/2" 200 3797 "-" "Mozilla/5.0 AppleWebKit/537.36 (KHTML, like Gecko; compatible; ClaudeBot/1.0; +claudebot@anthropic.com)"
216.73.216.149 - - [13/Mar/2026:04:24:33 +0330] "GET /not-available-for-the-al-california-de-id-mi-mt-nv-tn-wa-new-jersey-otherwise-ct/989930062081 HTTP/2" 200 3797 "-" "Mozilla/5.0 AppleWebKit/537.36 (KHTML, like Gecko; compatible; ClaudeBot/1.0; +claudebot@anthropic.com)"
216.73.216.149 - - [13/Mar/2026:04:24:22 +0330] "GET /2-guarda-gli-streaming-dei-giocatori-di-slot-online/instagram.com/farazshimialborz HTTP/2" 200 3797 "-" "Mozilla/5.0 AppleWebKit/537.36 (KHTML, like Gecko; compatible; ClaudeBot/1.0; +claudebot@anthropic.com)"
216.73.216.149 - - [13/Mar/2026:04:24:25 +0330] "GET /coastline-life-is-a-be-a-beneficial-playtech-slot-filled-up-with-summertime-vibes HTTP/2" 200 3797 "-" "Mozilla/5.0 AppleWebKit/537.36 (KHTML, like Gecko; compatible; ClaudeBot/1.0; +claudebot@anthropic.com)"
46.137.50.105 - - [13/Mar/2026:04:24:40 +0330] "GET / HTTP/1.0" 200 53602 "-" "Mozilla/5.0 (compatible; NetcraftSurveyAgent/1.0; +info@netcraft.com)"
66.249.76.162 - - [13/Mar/2026:04:26:03 +0330] "GET /market/verbs/806299347.htm HTTP/1.1" 200 28312 "-" "Mozilla/5.0 (Linux; Android 6.0.1; Nexus 5X Build/MMB29P) AppleWebKit/537.36 (KHTML, like Gecko) Chrome/145.0.7632.116 Mobile Safari/537.36 (compatible; GoogleOther)"
66.249.76.162 - - [13/Mar/2026:04:26:35 +0330] "GET /market/galeas/778149272.htm HTTP/1.1" 200 27937 "-" "Mozilla/5.0 (Linux; Android 6.0.1; Nexus 5X Build/MMB29P) AppleWebKit/537.36 (KHTML, like Gecko) Chrome/145.0.7632.116 Mobile Safari/537.36 (compatible; GoogleOther)"
66.249.76.162 - - [13/Mar/2026:04:26:45 +0330] "GET /market/tenantableness/558619705.htm HTTP/1.1" 200 27291 "-" "Mozilla/5.0 (Linux; Android 6.0.1; Nexus 5X Build/MMB29P) AppleWebKit/537.36 (KHTML, like Gecko) Chrome/145.0.7632.116 Mobile Safari/537.36 (compatible; GoogleOther)"
216.73.216.149 - - [13/Mar/2026:04:24:39 +0330] "GET /trick-what-things-to-see-just-before-using-a-good-discount-password HTTP/2" 200 3797 "-" "Mozilla/5.0 AppleWebKit/537.36 (KHTML, like Gecko; compatible; ClaudeBot/1.0; +claudebot@anthropic.com)"
66.249.65.105 - - [13/Mar/2026:04:25:01 +0330] "GET /market/shortening/604428844.htm HTTP/1.1" 200 26763 "-" "Mozilla/5.0 (Linux; Android 6.0.1; Nexus 5X Build/MMB29P) AppleWebKit/537.36 (KHTML, like Gecko) Chrome/145.0.7632.116 Mobile Safari/537.36 (compatible; GoogleOther)"
66.249.65.105 - - [13/Mar/2026:04:25:57 +0330] "GET /market/emboly/2916488506.htm HTTP/1.1" 200 28136 "-" "Mozilla/5.0 (Linux; Android 6.0.1; Nexus 5X Build/MMB29P) AppleWebKit/537.36 (KHTML, like Gecko) Chrome/145.0.7632.116 Mobile Safari/537.36 (compatible; GoogleOther)"
92.222.104.204 - - [13/Mar/2026:04:25:58 +0330] "GET /market/insection/870339914.htm HTTP/2" 200 3797 "-" "Mozilla/5.0 (compatible; AhrefsBot/7.0; +http://ahrefs.com/robot/)"
66.249.65.105 - - [13/Mar/2026:04:25:59 +0330] "GET /market/subverter/4120672073.htm HTTP/1.1" 200 27337 "-" "Mozilla/5.0 (Linux; Android 6.0.1; Nexus 5X Build/MMB29P) AppleWebKit/537.36 (KHTML, like Gecko) Chrome/145.0.7632.116 Mobile Safari/537.36 (compatible; GoogleOther)"
66.249.65.105 - - [13/Mar/2026:04:26:05 +0330] "GET /market/indirection/2497288606.htm HTTP/1.1" 200 27349 "-" "Mozilla/5.0 (Linux; Android 6.0.1; Nexus 5X Build/MMB29P) AppleWebKit/537.36 (KHTML, like Gecko) Chrome/145.0.7632.116 Mobile Safari/537.36 (compatible; GoogleOther)"
66.249.65.105 - - [13/Mar/2026:04:26:08 +0330] "GET /market/transpose/940786113.htm HTTP/1.1" 200 29802 "-" "Mozilla/5.0 (Linux; Android 6.0.1; Nexus 5X Build/MMB29P) AppleWebKit/537.36 (KHTML, like Gecko) Chrome/145.0.7632.116 Mobile Safari/537.36 (compatible; GoogleOther)"
66.249.65.105 - - [13/Mar/2026:04:26:14 +0330] "GET /market/compressibleness/1208970471.htm HTTP/1.1" 200 27943 "-" "Mozilla/5.0 (Linux; Android 6.0.1; Nexus 5X Build/MMB29P) AppleWebKit/537.36 (KHTML, like Gecko) Chrome/145.0.7632.116 Mobile Safari/537.36 (compatible; GoogleOther)"
66.249.65.105 - - [13/Mar/2026:04:26:17 +0330] "GET /market/cohosh/2289770509.htm HTTP/1.1" 200 26854 "-" "Mozilla/5.0 (Linux; Android 6.0.1; Nexus 5X Build/MMB29P) AppleWebKit/537.36 (KHTML, like Gecko) Chrome/145.0.7632.116 Mobile Safari/537.36 (compatible; GoogleOther)"
216.73.216.149 - - [13/Mar/2026:04:26:18 +0330] "GET /?p=768 HTTP/2" 200 3797 "-" "Mozilla/5.0 AppleWebKit/537.36 (KHTML, like Gecko; compatible; ClaudeBot/1.0; +claudebot@anthropic.com)"
66.249.65.105 - - [13/Mar/2026:04:26:55 +0330] "GET /market/seldomness/4051447097.htm HTTP/1.1" 200 28375 "-" "Mozilla/5.0 (Linux; Android 6.0.1; Nexus 5X Build/MMB29P) AppleWebKit/537.36 (KHTML, like Gecko) Chrome/145.0.7632.116 Mobile Safari/537.36 (compatible; GoogleOther)"
66.249.65.105 - - [13/Mar/2026:04:27:16 +0330] "GET /market/tenantableness/558619705.htm HTTP/1.1" 200 27291 "-" "Mozilla/5.0 (Linux; Android 6.0.1; Nexus 5X Build/MMB29P) AppleWebKit/537.36 (KHTML, like Gecko) Chrome/145.0.7632.116 Mobile Safari/537.36 (compatible; Googlebot/2.1; +http://www.google.com/bot.html)"
216.73.216.149 - - [13/Mar/2026:04:27:29 +0330] "GET /not-available-for-the-al-california-de-id-mi-mt-nv-tn-wa-new-jersey-otherwise-ct/feed HTTP/2" 200 3797 "-" "Mozilla/5.0 AppleWebKit/537.36 (KHTML, like Gecko; compatible; ClaudeBot/1.0; +claudebot@anthropic.com)"
209.141.60.143 - - [13/Mar/2026:04:30:21 +0330] "GET /wp-login.php HTTP/1.1" 200 53602 "-" "Mozilla/5.0 (Windows NT 6.1; WOW64) AppleWebKit/537.36 (KHTML, like Gecko) Chrome/35.0.1916.114 Safari/537.36"
66.249.65.96 - - [13/Mar/2026:04:30:41 +0330] "GET /market/gaugeable/3935053007.htm HTTP/1.1" 200 28834 "-" "Mozilla/5.0 (Linux; Android 6.0.1; Nexus 5X Build/MMB29P) AppleWebKit/537.36 (KHTML, like Gecko) Chrome/145.0.7632.116 Mobile Safari/537.36 (compatible; GoogleOther)"
66.249.65.96 - - [13/Mar/2026:04:30:45 +0330] "GET /market/consciousness/609525407.htm HTTP/1.1" 200 27429 "-" "Mozilla/5.0 (Linux; Android 6.0.1; Nexus 5X Build/MMB29P) AppleWebKit/537.36 (KHTML, like Gecko) Chrome/145.0.7632.116 Mobile Safari/537.36 (compatible; GoogleOther)"
66.249.76.162 - - [13/Mar/2026:04:31:16 +0330] "GET /market/consciousness/609525407.htm HTTP/1.1" 200 27429 "-" "Mozilla/5.0 (Linux; Android 6.0.1; Nexus 5X Build/MMB29P) AppleWebKit/537.36 (KHTML, like Gecko) Chrome/145.0.7632.116 Mobile Safari/537.36 (compatible; Googlebot/2.1; +http://www.google.com/bot.html)"
66.249.76.164 - - [13/Mar/2026:04:33:34 +0330] "GET /market/decipheress/3545009548.htm HTTP/1.1" 200 26930 "-" "Mozilla/5.0 (Linux; Android 6.0.1; Nexus 5X Build/MMB29P) AppleWebKit/537.36 (KHTML, like Gecko) Chrome/145.0.7632.116 Mobile Safari/537.36 (compatible; Googlebot/2.1; +http://www.google.com/bot.html)"
66.249.76.162 - - [13/Mar/2026:04:26:59 +0330] "GET /market/galeas/778149272.htm HTTP/1.1" 200 27937 "-" "Mozilla/5.0 (Linux; Android 6.0.1; Nexus 5X Build/MMB29P) AppleWebKit/537.36 (KHTML, like Gecko) Chrome/145.0.7632.116 Mobile Safari/537.36 (compatible; Googlebot/2.1; +http://www.google.com/bot.html)"
66.249.76.162 - - [13/Mar/2026:04:27:07 +0330] "GET /market/epitaphial/3833095632.htm HTTP/1.1" 200 27089 "-" "Mozilla/5.0 (Linux; Android 6.0.1; Nexus 5X Build/MMB29P) AppleWebKit/537.36 (KHTML, like Gecko) Chrome/145.0.7632.116 Mobile Safari/537.36 (compatible; GoogleOther)"
46.114.156.240 - - [13/Mar/2026:04:28:06 +0330] "GET / HTTP/1.1" 200 4765 "-" "Mozilla/5.0 (Windows NT 10.0; Win64; x64) AppleWebKit/537.36 (KHTML, like Gecko) Chrome/120.0.0.0 Safari/537.36"
66.249.65.96 - - [13/Mar/2026:04:31:05 +0330] "GET /market/lucknow/3930223733.htm HTTP/1.1" 200 27339 "-" "Mozilla/5.0 (Linux; Android 6.0.1; Nexus 5X Build/MMB29P) AppleWebKit/537.36 (KHTML, like Gecko) Chrome/145.0.7632.116 Mobile Safari/537.36 (compatible; GoogleOther)"
66.249.65.105 - - [13/Mar/2026:04:31:07 +0330] "GET /market/gaugeable/3935053007.htm HTTP/1.1" 200 28834 "-" "Mozilla/5.0 (Linux; Android 6.0.1; Nexus 5X Build/MMB29P) AppleWebKit/537.36 (KHTML, like Gecko) Chrome/145.0.7632.116 Mobile Safari/537.36 (compatible; Googlebot/2.1; +http://www.google.com/bot.html)"
82.223.49.50 - - [13/Mar/2026:04:32:17 +0330] "POST /xmlrpc.php HTTP/1.1" 200 4733 "-" "Mozilla/5.0 (Windows NT 10.0; WOW64) AppleWebKit/537.36 (KHTML, like Gecko) Chrome/141.0.0.0 Safari/537.36"
66.249.76.162 - - [13/Mar/2026:04:32:38 +0330] "GET /market/skewing/3323109658.htm HTTP/1.1" 200 29169 "-" "Mozilla/5.0 (Linux; Android 6.0.1; Nexus 5X Build/MMB29P) AppleWebKit/537.36 (KHTML, like Gecko) Chrome/145.0.7632.116 Mobile Safari/537.36 (compatible; GoogleOther)"
66.249.65.105 - - [13/Mar/2026:04:32:57 +0330] "GET /market/decipheress/3545009548.htm HTTP/1.1" 200 26930 "-" "Mozilla/5.0 (Linux; Android 6.0.1; Nexus 5X Build/MMB29P) AppleWebKit/537.36 (KHTML, like Gecko) Chrome/145.0.7632.116 Mobile Safari/537.36 (compatible; GoogleOther)"
37.59.204.141 - - [13/Mar/2026:04:35:15 +0330] "GET /market/formonly/71212172.htm HTTP/2" 200 3902 "-" "Mozilla/5.0 (compatible; AhrefsBot/7.0; +http://ahrefs.com/robot/)"
66.249.65.105 - - [13/Mar/2026:04:37:52 +0330] "GET /market/mannipara/804298921.htm HTTP/1.1" 200 26643 "-" "Mozilla/5.0 (Linux; Android 6.0.1; Nexus 5X Build/MMB29P) AppleWebKit/537.36 (KHTML, like Gecko) Chrome/145.0.7632.116 Mobile Safari/537.36 (compatible; GoogleOther)"
66.249.76.163 - - [13/Mar/2026:04:37:59 +0330] "GET /market/snuffcoloured/4194401845.htm HTTP/1.1" 200 27351 "-" "Mozilla/5.0 (Linux; Android 6.0.1; Nexus 5X Build/MMB29P) AppleWebKit/537.36 (KHTML, like Gecko) Chrome/145.0.7632.116 Mobile Safari/537.36 (compatible; Googlebot/2.1; +http://www.google.com/bot.html)"
66.249.65.105 - - [13/Mar/2026:04:38:19 +0330] "GET /market/mannipara/804298921.htm HTTP/1.1" 200 26643 "-" "Mozilla/5.0 (Linux; Android 6.0.1; Nexus 5X Build/MMB29P) AppleWebKit/537.36 (KHTML, like Gecko) Chrome/145.0.7632.116 Mobile Safari/537.36 (compatible; Googlebot/2.1; +http://www.google.com/bot.html)"
66.249.65.105 - - [13/Mar/2026:04:40:40 +0330] "GET /market/hydrometeor/773483235.htm HTTP/1.1" 200 27204 "-" "Mozilla/5.0 (Linux; Android 6.0.1; Nexus 5X Build/MMB29P) AppleWebKit/537.36 (KHTML, like Gecko) Chrome/145.0.7632.116 Mobile Safari/537.36 (compatible; GoogleOther)"
66.249.76.163 - - [13/Mar/2026:04:41:18 +0330] "GET /market/hydrometeor/773483235.htm HTTP/1.1" 200 27204 "-" "Mozilla/5.0 (Linux; Android 6.0.1; Nexus 5X Build/MMB29P) AppleWebKit/537.36 (KHTML, like Gecko) Chrome/145.0.7632.116 Mobile Safari/537.36 (compatible; Googlebot/2.1; +http://www.google.com/bot.html)"
104.28.207.218 - - [13/Mar/2026:04:42:32 +0330] "POST /wp-login.php HTTP/1.1" 200 4660 "https://farazshimi.ir/wp-admin/" "Mozilla/5.0 (Windows NT 10.0; Win64; x64) AppleWebKit/537.36 (KHTML, like Gecko) Chrome/90.0.4430.85 Safari/537.36"
104.28.207.218 - - [13/Mar/2026:04:42:33 +0330] "GET /wp-admin/ HTTP/1.1" 200 8761 "www.google.com" "Mozilla/5.0 (Windows NT 10.0; Win64; x64) AppleWebKit/537.36 (KHTML, like Gecko) Chrome/90.0.4430.85 Safari/537.36"
104.28.207.218 - - [13/Mar/2026:04:42:33 +0330] "GET /wp-admin/upgrade.php?step=1 HTTP/1.1" 403 787 "www.google.com" "Mozilla/5.0 (Windows NT 10.0; Win64; x64) AppleWebKit/537.36 (KHTML, like Gecko) Chrome/90.0.4430.85 Safari/537.36"
104.28.207.218 - - [13/Mar/2026:04:42:34 +0330] "GET /wp-admin/plugin-install.php?tab=upload HTTP/1.1" 403 787 "www.google.com" "Mozilla/5.0 (Windows NT 10.0; Win64; x64) AppleWebKit/537.36 (KHTML, like Gecko) Chrome/90.0.4430.85 Safari/537.36"
104.28.207.218 - - [13/Mar/2026:04:42:34 +0330] "GET /wp-admin/theme-install.php?tab=upload HTTP/1.1" 403 787 "www.google.com" "Mozilla/5.0 (Windows NT 10.0; Win64; x64) AppleWebKit/537.36 (KHTML, like Gecko) Chrome/90.0.4430.85 Safari/537.36"
66.249.65.96 - - [13/Mar/2026:04:37:29 +0330] "GET /market/snuffcoloured/4194401845.htm HTTP/1.1" 200 27351 "-" "Mozilla/5.0 (Linux; Android 6.0.1; Nexus 5X Build/MMB29P) AppleWebKit/537.36 (KHTML, like Gecko) Chrome/145.0.7632.116 Mobile Safari/537.36 (compatible; GoogleOther)"
66.249.65.97 - - [13/Mar/2026:04:40:06 +0330] "GET /market/amandine/3677365924.htm HTTP/1.1" 200 27736 "-" "Mozilla/5.0 (Linux; Android 6.0.1; Nexus 5X Build/MMB29P) AppleWebKit/537.36 (KHTML, like Gecko) Chrome/145.0.7632.116 Mobile Safari/537.36 (compatible; GoogleOther)"
66.249.65.105 - - [13/Mar/2026:04:42:27 +0330] "GET /market/dillenii/2346223221.htm HTTP/1.1" 200 27952 "-" "Mozilla/5.0 (Linux; Android 6.0.1; Nexus 5X Build/MMB29P) AppleWebKit/537.36 (KHTML, like Gecko) Chrome/145.0.7632.116 Mobile Safari/537.36 (compatible; GoogleOther)"
66.249.65.96 - - [13/Mar/2026:04:43:37 +0330] "GET /market/manualist/1802303021.htm HTTP/1.1" 200 27454 "-" "Mozilla/5.0 (Linux; Android 6.0.1; Nexus 5X Build/MMB29P) AppleWebKit/537.36 (KHTML, like Gecko) Chrome/145.0.7632.116 Mobile Safari/537.36 (compatible; GoogleOther)"
66.249.76.163 - - [13/Mar/2026:04:43:55 +0330] "GET /market/commanderies/2898083440.htm HTTP/1.1" 200 27269 "-" "Mozilla/5.0 (Linux; Android 6.0.1; Nexus 5X Build/MMB29P) AppleWebKit/537.36 (KHTML, like Gecko) Chrome/145.0.7632.116 Mobile Safari/537.36 (compatible; GoogleOther)"
66.249.76.163 - - [13/Mar/2026:04:44:07 +0330] "GET /market/callat/4075821990.htm HTTP/1.1" 200 28113 "-" "Mozilla/5.0 (Linux; Android 6.0.1; Nexus 5X Build/MMB29P) AppleWebKit/537.36 (KHTML, like Gecko) Chrome/145.0.7632.116 Mobile Safari/537.36 (compatible; GoogleOther)"
66.249.65.97 - - [13/Mar/2026:04:44:11 +0330] "GET /market/embracing/3924212491.htm HTTP/1.1" 200 27072 "-" "Mozilla/5.0 (Linux; Android 6.0.1; Nexus 5X Build/MMB29P) AppleWebKit/537.36 (KHTML, like Gecko) Chrome/145.0.7632.116 Mobile Safari/537.36 (compatible; GoogleOther)"
66.249.76.162 - - [13/Mar/2026:04:44:37 +0330] "GET /market/commanderies/2898083440.htm HTTP/1.1" 200 27269 "-" "Mozilla/5.0 (Linux; Android 6.0.1; Nexus 5X Build/MMB29P) AppleWebKit/537.36 (KHTML, like Gecko) Chrome/145.0.7632.116 Mobile Safari/537.36 (compatible; Googlebot/2.1; +http://www.google.com/bot.html)"
66.249.76.162 - - [13/Mar/2026:04:44:43 +0330] "GET /market/ethiopic/2019006520.htm HTTP/1.1" 200 28167 "-" "Mozilla/5.0 (Linux; Android 6.0.1; Nexus 5X Build/MMB29P) AppleWebKit/537.36 (KHTML, like Gecko) Chrome/145.0.7632.116 Mobile Safari/537.36 (compatible; GoogleOther)"
66.249.65.105 - - [13/Mar/2026:04:44:45 +0330] "GET /market/callat/4075821990.htm HTTP/1.1" 200 28113 "-" "Mozilla/5.0 (Linux; Android 6.0.1; Nexus 5X Build/MMB29P) AppleWebKit/537.36 (KHTML, like Gecko) Chrome/145.0.7632.116 Mobile Safari/537.36 (compatible; Googlebot/2.1; +http://www.google.com/bot.html)"
5.39.109.187 - - [13/Mar/2026:04:46:33 +0330] "GET /market/dilly/3492792375.htm HTTP/2" 200 3797 "-" "Mozilla/5.0 (compatible; AhrefsBot/7.0; +http://ahrefs.com/robot/)"
66.249.65.105 - - [13/Mar/2026:04:46:40 +0330] "GET /market/culcita/1899696712.htm HTTP/1.1" 200 27788 "-" "Mozilla/5.0 (Linux; Android 6.0.1; Nexus 5X Build/MMB29P) AppleWebKit/537.36 (KHTML, like Gecko) Chrome/145.0.7632.116 Mobile Safari/537.36 (compatible; GoogleOther)"
66.249.65.105 - - [13/Mar/2026:04:47:58 +0330] "GET /market/hairnet/1872645685.htm HTTP/1.1" 200 28440 "-" "Mozilla/5.0 (Linux; Android 6.0.1; Nexus 5X Build/MMB29P) AppleWebKit/537.36 (KHTML, like Gecko) Chrome/145.0.7632.116 Mobile Safari/537.36 (compatible; Googlebot/2.1; +http://www.google.com/bot.html)"
66.249.65.105 - - [13/Mar/2026:04:48:06 +0330] "GET /market/trophi/1431019781.htm HTTP/1.1" 200 28422 "-" "Mozilla/5.0 (Linux; Android 6.0.1; Nexus 5X Build/MMB29P) AppleWebKit/537.36 (KHTML, like Gecko) Chrome/145.0.7632.116 Mobile Safari/537.36 (compatible; GoogleOther)"
66.249.65.96 - - [13/Mar/2026:04:48:39 +0330] "GET /market/trophi/1431019781.htm HTTP/1.1" 200 28422 "-" "Mozilla/5.0 (Linux; Android 6.0.1; Nexus 5X Build/MMB29P) AppleWebKit/537.36 (KHTML, like Gecko) Chrome/145.0.7632.116 Mobile Safari/537.36 (compatible; Googlebot/2.1; +http://www.google.com/bot.html)"
66.249.65.105 - - [13/Mar/2026:04:49:13 +0330] "GET /market/handle/1645757746.htm HTTP/1.1" 200 26978 "-" "Mozilla/5.0 (Linux; Android 6.0.1; Nexus 5X Build/MMB29P) AppleWebKit/537.36 (KHTML, like Gecko) Chrome/145.0.7632.116 Mobile Safari/537.36 (compatible; GoogleOther)"
66.249.65.105 - - [13/Mar/2026:04:50:22 +0330] "GET /market/siaga/1906742602.htm HTTP/1.1" 200 27433 "-" "Mozilla/5.0 (Linux; Android 6.0.1; Nexus 5X Build/MMB29P) AppleWebKit/537.36 (KHTML, like Gecko) Chrome/145.0.7632.116 Mobile Safari/537.36 (compatible; GoogleOther)"
64.182.127.140 - - [13/Mar/2026:04:52:05 +0330] "POST /wp-content/plugins/contact-1772477384/parsers/home-1772477387.php HTTP/2" 403 787 "-" "Mozilla/5.0 (Windows NT 10.0; Win64; x64) AppleWebKit/537.36 (KHTML, like Gecko) Chrome/116.0.0.0 Safari/537.36"
66.249.65.105 - - [13/Mar/2026:04:54:12 +0330] "GET /market/rasores/1774429347.htm HTTP/1.1" 200 27050 "-" "Mozilla/5.0 (Linux; Android 6.0.1; Nexus 5X Build/MMB29P) AppleWebKit/537.36 (KHTML, like Gecko) Chrome/145.0.7632.116 Mobile Safari/537.36 (compatible; GoogleOther)"
66.249.65.97 - - [13/Mar/2026:04:55:49 +0330] "GET /market/lynch/605452575.htm HTTP/1.1" 200 27252 "-" "Mozilla/5.0 (Linux; Android 6.0.1; Nexus 5X Build/MMB29P) AppleWebKit/537.36 (KHTML, like Gecko) Chrome/145.0.7632.116 Mobile Safari/537.36 (compatible; GoogleOther)"
66.249.65.96 - - [13/Mar/2026:04:56:05 +0330] "GET /market/beautifully/2985771914.htm HTTP/1.1" 200 27129 "-" "Mozilla/5.0 (Linux; Android 6.0.1; Nexus 5X Build/MMB29P) AppleWebKit/537.36 (KHTML, like Gecko) Chrome/145.0.7632.116 Mobile Safari/537.36 (compatible; GoogleOther)"
66.249.65.97 - - [13/Mar/2026:04:56:07 +0330] "GET /market/choicha/2579143727.htm HTTP/1.1" 200 27370 "-" "Mozilla/5.0 (Linux; Android 6.0.1; Nexus 5X Build/MMB29P) AppleWebKit/537.36 (KHTML, like Gecko) Chrome/145.0.7632.116 Mobile Safari/537.36 (compatible; GoogleOther)"
66.249.65.105 - - [13/Mar/2026:04:56:17 +0330] "GET /market/aggregation/1041089716.htm HTTP/1.1" 200 27468 "-" "Mozilla/5.0 (Linux; Android 6.0.1; Nexus 5X Build/MMB29P) AppleWebKit/537.36 (KHTML, like Gecko) Chrome/145.0.7632.116 Mobile Safari/537.36 (compatible; GoogleOther)"
66.249.76.162 - - [13/Mar/2026:04:56:35 +0330] "GET /market/constraint/2670476052.htm HTTP/1.1" 200 28024 "-" "Mozilla/5.0 (Linux; Android 6.0.1; Nexus 5X Build/MMB29P) AppleWebKit/537.36 (KHTML, like Gecko) Chrome/145.0.7632.116 Mobile Safari/537.36 (compatible; GoogleOther)"
66.249.65.96 - - [13/Mar/2026:04:57:00 +0330] "GET /market/deploy/1653946953.htm HTTP/1.1" 200 27403 "-" "Mozilla/5.0 (Linux; Android 6.0.1; Nexus 5X Build/MMB29P) AppleWebKit/537.36 (KHTML, like Gecko) Chrome/145.0.7632.116 Mobile Safari/537.36 (compatible; GoogleOther)"
66.249.76.162 - - [13/Mar/2026:04:57:51 +0330] "GET /market/rotifera/1935758325.htm HTTP/1.1" 200 27497 "-" "Mozilla/5.0 (Linux; Android 6.0.1; Nexus 5X Build/MMB29P) AppleWebKit/537.36 (KHTML, like Gecko) Chrome/145.0.7632.116 Mobile Safari/537.36 (compatible; GoogleOther)"
66.249.76.163 - - [13/Mar/2026:04:47:04 +0330] "GET /market/hygroscope/137418738.htm HTTP/1.1" 200 27292 "-" "Mozilla/5.0 (Linux; Android 6.0.1; Nexus 5X Build/MMB29P) AppleWebKit/537.36 (KHTML, like Gecko) Chrome/145.0.7632.116 Mobile Safari/537.36 (compatible; GoogleOther)"
66.249.65.105 - - [13/Mar/2026:04:47:20 +0330] "GET /market/hairnet/1872645685.htm HTTP/1.1" 200 28440 "-" "Mozilla/5.0 (Linux; Android 6.0.1; Nexus 5X Build/MMB29P) AppleWebKit/537.36 (KHTML, like Gecko) Chrome/145.0.7632.116 Mobile Safari/537.36 (compatible; GoogleOther)"
66.249.65.105 - - [13/Mar/2026:04:47:58 +0330] "GET /market/phraseless/3860993229.htm HTTP/1.1" 200 29281 "-" "Mozilla/5.0 (Linux; Android 6.0.1; Nexus 5X Build/MMB29P) AppleWebKit/537.36 (KHTML, like Gecko) Chrome/145.0.7632.116 Mobile Safari/537.36 (compatible; GoogleOther)"
66.249.76.163 - - [13/Mar/2026:04:48:34 +0330] "GET /market/phraseless/3860993229.htm HTTP/1.1" 200 29282 "-" "Mozilla/5.0 (Linux; Android 6.0.1; Nexus 5X Build/MMB29P) AppleWebKit/537.36 (KHTML, like Gecko) Chrome/145.0.7632.116 Mobile Safari/537.36 (compatible; Googlebot/2.1; +http://www.google.com/bot.html)"
66.249.65.105 - - [13/Mar/2026:04:49:50 +0330] "GET /market/replicate/2844366589.htm HTTP/1.1" 200 27798 "-" "Mozilla/5.0 (Linux; Android 6.0.1; Nexus 5X Build/MMB29P) AppleWebKit/537.36 (KHTML, like Gecko) Chrome/145.0.7632.116 Mobile Safari/537.36 (compatible; GoogleOther)"
66.249.76.162 - - [13/Mar/2026:04:50:48 +0330] "GET /market/siaga/1906742602.htm HTTP/1.1" 200 27433 "-" "Mozilla/5.0 (Linux; Android 6.0.1; Nexus 5X Build/MMB29P) AppleWebKit/537.36 (KHTML, like Gecko) Chrome/145.0.7632.116 Mobile Safari/537.36 (compatible; Googlebot/2.1; +http://www.google.com/bot.html)"
148.113.202.220 - - [13/Mar/2026:04:52:50 +0330] "POST /xmlrpc.php HTTP/1.1" 200 4660 "-" "Mozilla/5.0 (Windows NT 10.0) AppleWebKit/537.36 (KHTML, like Gecko) Chrome/139.0.0.0 Safari/537.36 Edg/139.0.0.0"
66.249.65.96 - - [13/Mar/2026:04:54:50 +0330] "GET /ctg/apiAllLCate/ HTTP/1.1" 200 27324 "https://farazshimi.ir/market/rasores/1774429347.htm" "Mozilla/5.0 (Linux; Android 6.0.1; Nexus 5X Build/MMB29P) AppleWebKit/537.36 (KHTML, like Gecko) Chrome/145.0.7632.116 Mobile Safari/537.36 (compatible; GoogleOther)"
66.249.65.105 - - [13/Mar/2026:04:57:29 +0330] "GET /market/modular/1512339080.htm HTTP/1.1" 200 27119 "-" "Mozilla/5.0 (Linux; Android 6.0.1; Nexus 5X Build/MMB29P) AppleWebKit/537.36 (KHTML, like Gecko) Chrome/145.0.7632.116 Mobile Safari/537.36 (compatible; GoogleOther)"
66.249.76.162 - - [13/Mar/2026:04:57:57 +0330] "GET /market/integer/2684487340.htm HTTP/1.1" 200 26990 "-" "Mozilla/5.0 (Linux; Android 6.0.1; Nexus 5X Build/MMB29P) AppleWebKit/537.36 (KHTML, like Gecko) Chrome/145.0.7632.116 Mobile Safari/537.36 (compatible; GoogleOther)"
66.249.65.105 - - [13/Mar/2026:04:58:34 +0330] "GET /market/rotifera/1935758325.htm HTTP/1.1" 200 27497 "-" "Mozilla/5.0 (Linux; Android 6.0.1; Nexus 5X Build/MMB29P) AppleWebKit/537.36 (KHTML, like Gecko) Chrome/145.0.7632.116 Mobile Safari/537.36 (compatible; Googlebot/2.1; +http://www.google.com/bot.html)"
66.249.65.105 - - [13/Mar/2026:04:58:45 +0330] "GET /market/crouching/3332528082.htm HTTP/1.1" 200 27039 "-" "Mozilla/5.0 (Linux; Android 6.0.1; Nexus 5X Build/MMB29P) AppleWebKit/537.36 (KHTML, like Gecko) Chrome/145.0.7632.116 Mobile Safari/537.36 (compatible; GoogleOther)"
66.249.76.163 - - [13/Mar/2026:04:59:22 +0330] "GET /market/crouching/3332528082.htm HTTP/1.1" 200 27039 "-" "Mozilla/5.0 (Linux; Android 6.0.1; Nexus 5X Build/MMB29P) AppleWebKit/537.36 (KHTML, like Gecko) Chrome/145.0.7632.116 Mobile Safari/537.36 (compatible; Googlebot/2.1; +http://www.google.com/bot.html)"
66.249.65.96 - - [13/Mar/2026:05:00:05 +0330] "GET /market/preremote/1504883796.htm HTTP/1.1" 200 27298 "-" "Mozilla/5.0 (Linux; Android 6.0.1; Nexus 5X Build/MMB29P) AppleWebKit/537.36 (KHTML, like Gecko) Chrome/145.0.7632.116 Mobile Safari/537.36 (compatible; GoogleOther)"
66.249.76.163 - - [13/Mar/2026:05:00:23 +0330] "GET /market/houseline/3308204069.htm HTTP/1.1" 200 27029 "-" "Mozilla/5.0 (Linux; Android 6.0.1; Nexus 5X Build/MMB29P) AppleWebKit/537.36 (KHTML, like Gecko) Chrome/145.0.7632.116 Mobile Safari/537.36 (compatible; GoogleOther)"
66.249.76.162 - - [13/Mar/2026:05:03:21 +0330] "GET /market/boraginaceous/4227926486.htm HTTP/1.1" 200 26314 "-" "Mozilla/5.0 (Linux; Android 6.0.1; Nexus 5X Build/MMB29P) AppleWebKit/537.36 (KHTML, like Gecko) Chrome/145.0.7632.116 Mobile Safari/537.36 (compatible; GoogleOther)"
216.73.216.149 - - [13/Mar/2026:05:04:36 +0330] "GET /ways-to-get-very-first-deposit-extra-inside-a-real-income/instagram.com/farazshimialborz?path=%2Fhome%2Ffarzache%2Fpublic_html%2F6 HTTP/2" 200 2930 "-" "Mozilla/5.0 AppleWebKit/537.36 (KHTML, like Gecko; compatible; ClaudeBot/1.0; +claudebot@anthropic.com)"
216.73.216.149 - - [13/Mar/2026:05:04:38 +0330] "GET /ways-to-get-very-first-deposit-extra-inside-a-real-income/989930062081?fileloc=%2Fhome%2Ffarzache%2Fpublic_html%2Fjdech.php&path=%2Fhome%2Ffarzache%2Fpublic_html HTTP/2" 200 5987 "-" "Mozilla/5.0 AppleWebKit/537.36 (KHTML, like Gecko; compatible; ClaudeBot/1.0; +claudebot@anthropic.com)"
216.73.216.149 - - [13/Mar/2026:05:04:42 +0330] "GET /ways-to-get-very-first-deposit-extra-inside-a-real-income/989930062081?fileloc=%2Fhome%2Ffarzache%2Fpublic_html%2Ftxets.php&path=%2Fhome%2Ffarzache%2Fpublic_html HTTP/2" 200 4931 "-" "Mozilla/5.0 AppleWebKit/537.36 (KHTML, like Gecko; compatible; ClaudeBot/1.0; +claudebot@anthropic.com)"
216.73.216.149 - - [13/Mar/2026:05:04:44 +0330] "GET /ways-to-get-very-first-deposit-extra-inside-a-real-income/instagram.com/farazshimialborz?path=%2Fhome%2Ffarzache%2Fpublic_html HTTP/2" 200 3783 "-" "Mozilla/5.0 AppleWebKit/537.36 (KHTML, like Gecko; compatible; ClaudeBot/1.0; +claudebot@anthropic.com)"
216.73.216.149 - - [13/Mar/2026:05:04:48 +0330] "GET /ways-to-get-very-first-deposit-extra-inside-a-real-income/989930062081?fileloc=%2Fhome%2Ffarzache%2Fpublic_html%2Findex.php&path=%2Fhome%2Ffarzache%2Fpublic_html HTTP/2" 200 10939 "-" "Mozilla/5.0 AppleWebKit/537.36 (KHTML, like Gecko; compatible; ClaudeBot/1.0; +claudebot@anthropic.com)"
216.73.216.149 - - [13/Mar/2026:05:04:51 +0330] "GET /ways-to-get-very-first-deposit-extra-inside-a-real-income/989930062081?fileloc=%2Fhome%2Ffarzache%2Fpublic_html%2Fwp-login.php&path=%2Fhome%2Ffarzache%2Fpublic_html HTTP/2" 200 16109 "-" "Mozilla/5.0 AppleWebKit/537.36 (KHTML, like Gecko; compatible; ClaudeBot/1.0; +claudebot@anthropic.com)"
216.73.216.149 - - [13/Mar/2026:05:04:54 +0330] "GET /ways-to-get-very-first-deposit-extra-inside-a-real-income/989930062081?fileloc=%2Fhome%2Ffarzache%2Fpublic_html%2Fwp-blog-header.php&path=%2Fhome%2Ffarzache%2Fpublic_html HTTP/2" 200 2863 "-" "Mozilla/5.0 AppleWebKit/537.36 (KHTML, like Gecko; compatible; ClaudeBot/1.0; +claudebot@anthropic.com)"
216.73.216.149 - - [13/Mar/2026:05:04:57 +0330] "GET /ways-to-get-very-first-deposit-extra-inside-a-real-income/989930062081?fileloc=%2Fhome%2Ffarzache%2Fpublic_html%2Fwp-config.php&path=%2Fhome%2Ffarzache%2Fpublic_html HTTP/2" 200 4294 "-" "Mozilla/5.0 AppleWebKit/537.36 (KHTML, like Gecko; compatible; ClaudeBot/1.0; +claudebot@anthropic.com)"
216.73.216.149 - - [13/Mar/2026:05:05:00 +0330] "GET /ways-to-get-very-first-deposit-extra-inside-a-real-income/989930062081?path=%2Fhome%2Ffarzache%2Fpublic_html%2F.tmb HTTP/2" 200 4150 "-" "Mozilla/5.0 AppleWebKit/537.36 (KHTML, like Gecko; compatible; ClaudeBot/1.0; +claudebot@anthropic.com)"
216.73.216.149 - - [13/Mar/2026:05:05:03 +0330] "GET /ways-to-get-very-first-deposit-extra-inside-a-real-income/989930062081?fileloc=%2Fhome%2Ffarzache%2Fpublic_html%2Fwp-cron.php&path=%2Fhome%2Ffarzache%2Fpublic_html HTTP/2" 200 4664 "-" "Mozilla/5.0 AppleWebKit/537.36 (KHTML, like Gecko; compatible; ClaudeBot/1.0; +claudebot@anthropic.com)"
216.73.216.149 - - [13/Mar/2026:05:05:06 +0330] "GET /ways-to-get-very-first-deposit-extra-inside-a-real-income/989930062081?fileloc=%2Fhome%2Ffarzache%2Fpublic_html%2Fwp-trackback.php&path=%2Fhome%2Ffarzache%2Fpublic_html HTTP/2" 200 4463 "-" "Mozilla/5.0 AppleWebKit/537.36 (KHTML, like Gecko; compatible; ClaudeBot/1.0; +claudebot@anthropic.com)"
209.141.49.144 - - [13/Mar/2026:05:01:18 +0330] "GET /wp-login.php HTTP/1.1" 200 53602 "-" "Mozilla/5.0 (Windows NT 6.1; rv:31.0) Gecko/20100101 Firefox/31.0"
66.249.76.164 - - [13/Mar/2026:05:04:06 +0330] "GET /market/pawpaw/3447400053.htm HTTP/1.1" 200 30024 "-" "Mozilla/5.0 (Linux; Android 6.0.1; Nexus 5X Build/MMB29P) AppleWebKit/537.36 (KHTML, like Gecko) Chrome/145.0.7632.116 Mobile Safari/537.36 (compatible; GoogleOther)"
4.205.20.132 - - [13/Mar/2026:05:05:00 +0330] "GET /assets/jquery-ui/images/lock2.php HTTP/1.1" 200 3797 "-" "Mozilla/5.0 (Windows NT 10.0; Win64; x64) AppleWebKit/537.36 (KHTML, like Gecko) Chrome/120.0.0.0 Safari/537.36"
66.249.65.96 - - [13/Mar/2026:05:05:03 +0330] "GET /market/earnestful/3961489027.htm HTTP/1.1" 200 29125 "-" "Mozilla/5.0 (Linux; Android 6.0.1; Nexus 5X Build/MMB29P) AppleWebKit/537.36 (KHTML, like Gecko) Chrome/145.0.7632.116 Mobile Safari/537.36 (compatible; GoogleOther)"
149.154.161.202 - - [13/Mar/2026:05:05:26 +0330] "GET /assets/jquery-ui/images/lock2.php HTTP/2" 200 3797 "-" "TelegramBot (like TwitterBot)"
66.249.76.162 - - [13/Mar/2026:05:05:52 +0330] "GET /market/mundanity/3471560543.htm HTTP/1.1" 200 27476 "-" "Mozilla/5.0 (Linux; Android 6.0.1; Nexus 5X Build/MMB29P) AppleWebKit/537.36 (KHTML, like Gecko) Chrome/145.0.7632.116 Mobile Safari/537.36 (compatible; Googlebot/2.1; +http://www.google.com/bot.html)"
216.73.216.149 - - [13/Mar/2026:05:06:07 +0330] "GET /online-casino-czech-republic-vse-co-potrebujete-vedet-o-online-casino-cz/feed?fileloc=%2Fhome%2Ffarzache%2Fpublic_html%2Fwp-settings.php&path=%2Fhome%2Ffarzache%2Fpublic_html HTTP/2" 200 8810 "-" "Mozilla/5.0 AppleWebKit/537.36 (KHTML, like Gecko; compatible; ClaudeBot/1.0; +claudebot@anthropic.com)"
216.73.216.149 - - [13/Mar/2026:05:06:09 +0330] "GET /online-casino-czk-jak-si-uzit-hazardni-hry-z-pohodli-domova/feed?path=%2Fhome%2Ffarzache%2Fpublic_html%2F.tmb HTTP/2" 200 4146 "-" "Mozilla/5.0 AppleWebKit/537.36 (KHTML, like Gecko; compatible; ClaudeBot/1.0; +claudebot@anthropic.com)"
216.73.216.149 - - [13/Mar/2026:05:06:12 +0330] "GET /casino-vstupni-bonus-bonus-za-registraci-jako-klic-k-uspechu/feed?fileloc=%2Fhome%2Ffarzache%2Fpublic_html%2Fwp-login.php&path=%2Fhome%2Ffarzache%2Fpublic_html HTTP/2" 200 16109 "-" "Mozilla/5.0 AppleWebKit/537.36 (KHTML, like Gecko; compatible; ClaudeBot/1.0; +claudebot@anthropic.com)"
216.73.216.149 - - [13/Mar/2026:05:06:15 +0330] "GET /ways-to-get-very-first-deposit-extra-inside-a-real-income/989930062081?fileloc=%2Fhome%2Ffarzache%2Fpublic_html%2Flicense.txt&path=%2Fhome%2Ffarzache%2Fpublic_html HTTP/2" 200 9893 "-" "Mozilla/5.0 AppleWebKit/537.36 (KHTML, like Gecko; compatible; ClaudeBot/1.0; +claudebot@anthropic.com)"
216.73.216.149 - - [13/Mar/2026:05:06:18 +0330] "GET /online-casino-czk-jak-si-uzit-hazardni-hry-z-pohodli-domova/feed?fileloc=%2Fhome%2Ffarzache%2Fpublic_html%2Fwp-signup.php&path=%2Fhome%2Ffarzache%2Fpublic_html HTTP/2" 200 11032 "-" "Mozilla/5.0 AppleWebKit/537.36 (KHTML, like Gecko; compatible; ClaudeBot/1.0; +claudebot@anthropic.com)"
216.73.216.149 - - [13/Mar/2026:05:06:21 +0330] "GET /online-casino-czk-jak-si-uzit-hazardni-hry-z-pohodli-domova/989930062081?fileloc=%2Fhome%2Ffarzache%2Fpublic_html%2Fwp-comments-post.php&path=%2Fhome%2Ffarzache%2Fpublic_html HTTP/2" 200 3589 "-" "Mozilla/5.0 AppleWebKit/537.36 (KHTML, like Gecko; compatible; ClaudeBot/1.0; +claudebot@anthropic.com)"
216.73.216.149 - - [13/Mar/2026:05:06:24 +0330] "GET /online-casino-czech-republic-vse-co-potrebujete-vedet-o-online-casino-cz/feed?fileloc=%2Fhome%2Ffarzache%2Fpublic_html%2Fwp-comments-post.php&path=%2Fhome%2Ffarzache%2Fpublic_html HTTP/2" 200 3589 "-" "Mozilla/5.0 AppleWebKit/537.36 (KHTML, like Gecko; compatible; ClaudeBot/1.0; +claudebot@anthropic.com)"
216.73.216.149 - - [13/Mar/2026:05:06:27 +0330] "GET /casino-vstupni-bonus-bonus-za-registraci-jako-klic-k-uspechu/feed?fileloc=%2Fhome%2Ffarzache%2Fpublic_html%2Fwp-config.php&path=%2Fhome%2Ffarzache%2Fpublic_html HTTP/2" 200 4294 "-" "Mozilla/5.0 AppleWebKit/537.36 (KHTML, like Gecko; compatible; ClaudeBot/1.0; +claudebot@anthropic.com)"
216.73.216.149 - - [13/Mar/2026:05:06:30 +0330] "GET /online-casino-czk-jak-si-uzit-hazardni-hry-z-pohodli-domova/989930062081?path=%2Fhome%2Ffarzache%2Fpublic_html%2Fwp-includes HTTP/2" 200 12165 "-" "Mozilla/5.0 AppleWebKit/537.36 (KHTML, like Gecko; compatible; ClaudeBot/1.0; +claudebot@anthropic.com)"
216.73.216.149 - - [13/Mar/2026:05:06:33 +0330] "GET /online-casino-czech-republic-vse-co-potrebujete-vedet-o-online-casino-cz/feed?path=%2Fhome%2Ffarzache%2Fpublic_html%2Fwp-includes HTTP/2" 200 11990 "-" "Mozilla/5.0 AppleWebKit/537.36 (KHTML, like Gecko; compatible; ClaudeBot/1.0; +claudebot@anthropic.com)"
216.73.216.149 - - [13/Mar/2026:05:06:36 +0330] "GET /casino-vstupni-bonus-bonus-za-registraci-jako-klic-k-uspechu/feed?fileloc=%2Fhome%2Ffarzache%2Fpublic_html%2Fwp-blog-header.php&path=%2Fhome%2Ffarzache%2Fpublic_html HTTP/2" 200 2863 "-" "Mozilla/5.0 AppleWebKit/537.36 (KHTML, like Gecko; compatible; ClaudeBot/1.0; +claudebot@anthropic.com)"
216.73.216.149 - - [13/Mar/2026:05:06:41 +0330] "GET /online-casino-czech-republic-vse-co-potrebujete-vedet-o-online-casino-cz/989930062081?fileloc=%2Fhome%2Ffarzache%2Fpublic_html%2Fwp-comments-post.php&path=%2Fhome%2Ffarzache%2Fpublic_html HTTP/2" 200 3562 "-" "Mozilla/5.0 AppleWebKit/537.36 (KHTML, like Gecko; compatible; ClaudeBot/1.0; +claudebot@anthropic.com)"
216.73.216.149 - - [13/Mar/2026:05:06:43 +0330] "GET /that-it-program-captivates-players-with-its-varied-online-game-possibilities-secure-environment-and-you-can-frequent-advertising-now-offers?fileloc=%2Fhome%2Ffarzache%2Fpublic_html%2Flicense.txt&path=%2Fhome%2Ffarzache%2Fpublic_html HTTP/2" 200 9915 "-" "Mozilla/5.0 AppleWebKit/537.36 (KHTML, like Gecko; compatible; ClaudeBot/1.0; +claudebot@anthropic.com)"
216.73.216.149 - - [13/Mar/2026:05:06:47 +0330] "GET /casino-vstupni-bonus-bonus-za-registraci-jako-klic-k-uspechu/989930062081?path=%2Fhome%2Ffarzache%2Fpublic_html%2Fwordpress HTTP/2" 200 2940 "-" "Mozilla/5.0 AppleWebKit/537.36 (KHTML, like Gecko; compatible; ClaudeBot/1.0; +claudebot@anthropic.com)"
216.73.216.149 - - [13/Mar/2026:05:06:49 +0330] "GET /online-casino-czk-jak-si-uzit-hazardni-hry-z-pohodli-domova/989930062081?fileloc=%2Fhome%2Ffarzache%2Fpublic_html%2Freadme.html&path=%2Fhome%2Ffarzache%2Fpublic_html HTTP/2" 200 5590 "-" "Mozilla/5.0 AppleWebKit/537.36 (KHTML, like Gecko; compatible; ClaudeBot/1.0; +claudebot@anthropic.com)"
216.73.216.149 - - [13/Mar/2026:05:06:52 +0330] "GET /online-casino-czech-republic-vse-co-potrebujete-vedet-o-online-casino-cz/feed?fileloc=%2Fhome%2Ffarzache%2Fpublic_html%2Freadme.html&path=%2Fhome%2Ffarzache%2Fpublic_html HTTP/2" 200 5590 "-" "Mozilla/5.0 AppleWebKit/537.36 (KHTML, like Gecko; compatible; ClaudeBot/1.0; +claudebot@anthropic.com)"
216.73.216.149 - - [13/Mar/2026:05:06:55 +0330] "GET /casino-vstupni-bonus-bonus-za-registraci-jako-klic-k-uspechu/989930062081?fileloc=%2Fhome%2Ffarzache%2Fpublic_html%2Fwp-blog-header.php&path=%2Fhome%2Ffarzache%2Fpublic_html HTTP/2" 200 2863 "-" "Mozilla/5.0 AppleWebKit/537.36 (KHTML, like Gecko; compatible; ClaudeBot/1.0; +claudebot@anthropic.com)"
216.73.216.149 - - [13/Mar/2026:05:06:58 +0330] "GET /casino-vstupni-bonus-bonus-za-registraci-jako-klic-k-uspechu/instagram.com/farazshimialborz?path=%2Fhome%2Ffarzache%2Fpublic_html%2Fwp-includes HTTP/2" 200 12014 "-" "Mozilla/5.0 AppleWebKit/537.36 (KHTML, like Gecko; compatible; ClaudeBot/1.0; +claudebot@anthropic.com)"
66.249.65.96 - - [13/Mar/2026:05:06:59 +0330] "GET /market/warnles/1159968705.htm HTTP/1.1" 200 27331 "-" "Mozilla/5.0 (Linux; Android 6.0.1; Nexus 5X Build/MMB29P) AppleWebKit/537.36 (KHTML, like Gecko) Chrome/145.0.7632.116 Mobile Safari/537.36 (compatible; GoogleOther)"
216.73.216.149 - - [13/Mar/2026:05:05:10 +0330] "GET /that-it-program-captivates-players-with-its-varied-online-game-possibilities-secure-environment-and-you-can-frequent-advertising-now-offers?fileloc=%2Fhome%2Ffarzache%2Fpublic_html%2Freadme.html&path=%2Fhome%2Ffarzache%2Fpublic_html HTTP/2" 200 5590 "-" "Mozilla/5.0 AppleWebKit/537.36 (KHTML, like Gecko; compatible; ClaudeBot/1.0; +claudebot@anthropic.com)"
66.249.65.96 - - [13/Mar/2026:05:05:11 +0330] "GET /market/mundanity/3471560543.htm HTTP/1.1" 200 27476 "-" "Mozilla/5.0 (Linux; Android 6.0.1; Nexus 5X Build/MMB29P) AppleWebKit/537.36 (KHTML, like Gecko) Chrome/145.0.7632.116 Mobile Safari/537.36 (compatible; GoogleOther)"
216.73.216.149 - - [13/Mar/2026:05:05:13 +0330] "GET /that-it-program-captivates-players-with-its-varied-online-game-possibilities-secure-environment-and-you-can-frequent-advertising-now-offers?path=%2Fhome%2Ffarzache%2Fpublic_html%2F.tmb HTTP/2" 200 4146 "-" "Mozilla/5.0 AppleWebKit/537.36 (KHTML, like Gecko; compatible; ClaudeBot/1.0; +claudebot@anthropic.com)"
216.73.216.149 - - [13/Mar/2026:05:05:16 +0330] "GET /online-casino-czk-jak-si-uzit-hazardni-hry-z-pohodli-domova/feed?fileloc=%2Fhome%2Ffarzache%2Fpublic_html%2Fwp-settings.php&path=%2Fhome%2Ffarzache%2Fpublic_html HTTP/2" 200 8810 "-" "Mozilla/5.0 AppleWebKit/537.36 (KHTML, like Gecko; compatible; ClaudeBot/1.0; +claudebot@anthropic.com)"
216.73.216.149 - - [13/Mar/2026:05:05:19 +0330] "GET /online-casino-czk-jak-si-uzit-hazardni-hry-z-pohodli-domova/feed?fileloc=%2Fhome%2Ffarzache%2Fpublic_html%2Fwp-load.php&path=%2Fhome%2Ffarzache%2Fpublic_html HTTP/2" 200 4268 "-" "Mozilla/5.0 AppleWebKit/537.36 (KHTML, like Gecko; compatible; ClaudeBot/1.0; +claudebot@anthropic.com)"
216.73.216.149 - - [13/Mar/2026:05:05:22 +0330] "GET /online-casino-czk-jak-si-uzit-hazardni-hry-z-pohodli-domova/feed?path=%2Fhome%2Ffarzache%2Fpublic_html%2Fwp-content HTTP/2" 200 3239 "-" "Mozilla/5.0 AppleWebKit/537.36 (KHTML, like Gecko; compatible; ClaudeBot/1.0; +claudebot@anthropic.com)"
216.73.216.149 - - [13/Mar/2026:05:07:28 +0330] "GET /online-casino-czech-republic-vse-co-potrebujete-vedet-o-online-casino-cz/989930062081?path=%2Fhome%2Ffarzache%2Fpublic_html%2Fwp-content HTTP/2" 200 3268 "-" "Mozilla/5.0 AppleWebKit/537.36 (KHTML, like Gecko; compatible; ClaudeBot/1.0; +claudebot@anthropic.com)"
216.73.216.149 - - [13/Mar/2026:05:07:31 +0330] "GET /online-casino-czech-republic-vse-co-potrebujete-vedet-o-online-casino-cz/989930062081?fileloc=%2Fhome%2Ffarzache%2Fpublic_html%2Fwp-links-opml.php&path=%2Fhome%2Ffarzache%2Fpublic_html HTTP/2" 200 3665 "-" "Mozilla/5.0 AppleWebKit/537.36 (KHTML, like Gecko; compatible; ClaudeBot/1.0; +claudebot@anthropic.com)"
216.73.216.149 - - [13/Mar/2026:05:07:34 +0330] "GET /online-casino-czech-republic-vse-co-potrebujete-vedet-o-online-casino-cz/989930062081?fileloc=%2Fhome%2Ffarzache%2Fpublic_html%2Fjdech.php&path=%2Fhome%2Ffarzache%2Fpublic_html HTTP/2" 200 5987 "-" "Mozilla/5.0 AppleWebKit/537.36 (KHTML, like Gecko; compatible; ClaudeBot/1.0; +claudebot@anthropic.com)"
216.73.216.149 - - [13/Mar/2026:05:07:37 +0330] "GET /casino-vstupni-bonus-bonus-za-registraci-jako-klic-k-uspechu/feed?path=%2Fhome HTTP/2" 200 2815 "-" "Mozilla/5.0 AppleWebKit/537.36 (KHTML, like Gecko; compatible; ClaudeBot/1.0; +claudebot@anthropic.com)"
216.73.216.149 - - [13/Mar/2026:05:07:40 +0330] "GET /online-casino-czech-republic-vse-co-potrebujete-vedet-o-online-casino-cz/989930062081?path=%2Fhome%2Ffarzache%2Fpublic_html%2Fwordpress HTTP/2" 200 2940 "-" "Mozilla/5.0 AppleWebKit/537.36 (KHTML, like Gecko; compatible; ClaudeBot/1.0; +claudebot@anthropic.com)"
216.73.216.149 - - [13/Mar/2026:05:07:43 +0330] "GET /online-casino-czech-republic-vse-co-potrebujete-vedet-o-online-casino-cz/989930062081?fileloc=%2Fhome%2Ffarzache%2Fpublic_html%2Findex.php&path=%2Fhome%2Ffarzache%2Fpublic_html HTTP/2" 200 10939 "-" "Mozilla/5.0 AppleWebKit/537.36 (KHTML, like Gecko; compatible; ClaudeBot/1.0; +claudebot@anthropic.com)"
216.73.216.149 - - [13/Mar/2026:05:07:01 +0330] "GET /casino-vstupni-bonus-bonus-za-registraci-jako-klic-k-uspechu/989930062081?path=%2Fhome%2Ffarzache%2Fpublic_html%2Fwp-admin HTTP/2" 200 6133 "-" "Mozilla/5.0 AppleWebKit/537.36 (KHTML, like Gecko; compatible; ClaudeBot/1.0; +claudebot@anthropic.com)"
216.73.216.149 - - [13/Mar/2026:05:07:05 +0330] "GET /casino-vstupni-bonus-bonus-za-registraci-jako-klic-k-uspechu/989930062081?fileloc=%2Fhome%2Ffarzache%2Fpublic_html%2Fwp-trackback.php&path=%2Fhome%2Ffarzache%2Fpublic_html HTTP/2" 200 4463 "-" "Mozilla/5.0 AppleWebKit/537.36 (KHTML, like Gecko; compatible; ClaudeBot/1.0; +claudebot@anthropic.com)"
216.73.216.149 - - [13/Mar/2026:05:07:08 +0330] "GET /casino-vstupni-bonus-bonus-za-registraci-jako-klic-k-uspechu/989930062081?fileloc=%2Fhome%2Ffarzache%2Fpublic_html%2Fwp-cron.php&path=%2Fhome%2Ffarzache%2Fpublic_html HTTP/2" 200 4664 "-" "Mozilla/5.0 AppleWebKit/537.36 (KHTML, like Gecko; compatible; ClaudeBot/1.0; +claudebot@anthropic.com)"
216.73.216.149 - - [13/Mar/2026:05:07:11 +0330] "GET /online-casino-czech-republic-vse-co-potrebujete-vedet-o-online-casino-cz/989930062081?fileloc=%2Fhome%2Ffarzache%2Fpublic_html%2Fxmlrpc.php&path=%2Fhome%2Ffarzache%2Fpublic_html HTTP/2" 200 3949 "-" "Mozilla/5.0 AppleWebKit/537.36 (KHTML, like Gecko; compatible; ClaudeBot/1.0; +claudebot@anthropic.com)"
216.73.216.149 - - [13/Mar/2026:05:07:13 +0330] "GET /casino-vstupni-bonus-bonus-za-registraci-jako-klic-k-uspechu/feed?fileloc=%2Fhome%2Ffarzache%2Fpublic_html%2F.htaccess&path=%2Fhome%2Ffarzache%2Fpublic_html HTTP/2" 200 3341 "-" "Mozilla/5.0 AppleWebKit/537.36 (KHTML, like Gecko; compatible; ClaudeBot/1.0; +claudebot@anthropic.com)"
216.73.216.149 - - [13/Mar/2026:05:07:17 +0330] "GET /casino-vstupni-bonus-bonus-za-registraci-jako-klic-k-uspechu/989930062081?fileloc=%2Fhome%2Ffarzache%2Fpublic_html%2Fwp-activate.php&path=%2Fhome%2Ffarzache%2Fpublic_html HTTP/2" 200 5091 "-" "Mozilla/5.0 AppleWebKit/537.36 (KHTML, like Gecko; compatible; ClaudeBot/1.0; +claudebot@anthropic.com)"
216.73.216.149 - - [13/Mar/2026:05:07:20 +0330] "GET /online-casino-czk-jak-si-uzit-hazardni-hry-z-pohodli-domova/instagram.com/farazshimialborz?path=%2Fhome%2Ffarzache%2Fpublic_html%2Fwp-content HTTP/2" 200 3268 "-" "Mozilla/5.0 AppleWebKit/537.36 (KHTML, like Gecko; compatible; ClaudeBot/1.0; +claudebot@anthropic.com)"
66.249.65.105 - - [13/Mar/2026:05:07:51 +0330] "GET /market/verners/3743085222.htm HTTP/1.1" 200 28027 "-" "Mozilla/5.0 (Linux; Android 6.0.1; Nexus 5X Build/MMB29P) AppleWebKit/537.36 (KHTML, like Gecko) Chrome/145.0.7632.116 Mobile Safari/537.36 (compatible; GoogleOther)"
66.249.65.105 - - [13/Mar/2026:05:07:54 +0330] "GET /market/fluxionist/879504390.htm HTTP/1.1" 200 27538 "-" "Mozilla/5.0 (Linux; Android 6.0.1; Nexus 5X Build/MMB29P) AppleWebKit/537.36 (KHTML, like Gecko) Chrome/145.0.7632.116 Mobile Safari/537.36 (compatible; GoogleOther)"
