216.73.216.145 - - [12/Mar/2026:23:29:02 +0330] "GET /tag/%d8%b1%d9%88%d8%ba%d9%86-%d9%85%d8%a7%d8%b4%db%8c%d9%86/989930062081 HTTP/2" 404 0 "-" "Mozilla/5.0 AppleWebKit/537.36 (KHTML, like Gecko; compatible; ClaudeBot/1.0; +claudebot@anthropic.com)"
162.55.240.80 - - [12/Mar/2026:23:29:06 +0330] "POST /wp-cron.php?doing_wp_cron=1773345546.6895289421081542968750 HTTP/1.1" 200 0 "-" "WordPress/6.9.4; https://farazshimi.ir"
216.73.216.145 - - [12/Mar/2026:23:27:07 +0330] "GET /author/21232f297a57a5a743894a0e4a801fc3/page/2 HTTP/2" 301 0 "-" "Mozilla/5.0 AppleWebKit/537.36 (KHTML, like Gecko; compatible; ClaudeBot/1.0; +claudebot@anthropic.com)"
216.73.216.145 - - [12/Mar/2026:23:27:08 +0330] "GET /author/21232f297a57a5a743894a0e4a801fc3/page/2/ HTTP/2" 200 25671 "https://farazshimi.ir/author/21232f297a57a5a743894a0e4a801fc3/page/2" "Mozilla/5.0 AppleWebKit/537.36 (KHTML, like Gecko; compatible; ClaudeBot/1.0; +claudebot@anthropic.com)"
216.73.216.145 - - [12/Mar/2026:23:27:10 +0330] "GET /author/admlnlx/page/11/instagram.com/farazshimialborz HTTP/2" 404 0 "-" "Mozilla/5.0 AppleWebKit/537.36 (KHTML, like Gecko; compatible; ClaudeBot/1.0; +claudebot@anthropic.com)"
216.73.216.145 - - [12/Mar/2026:23:27:13 +0330] "GET /author/admlnlx/page/24/instagram.com/farazshimialborz HTTP/2" 404 0 "-" "Mozilla/5.0 AppleWebKit/537.36 (KHTML, like Gecko; compatible; ClaudeBot/1.0; +claudebot@anthropic.com)"
216.73.216.145 - - [12/Mar/2026:23:27:16 +0330] "GET /author/admlnlx/page/18/instagram.com/farazshimialborz HTTP/2" 404 0 "-" "Mozilla/5.0 AppleWebKit/537.36 (KHTML, like Gecko; compatible; ClaudeBot/1.0; +claudebot@anthropic.com)"
216.73.216.145 - - [12/Mar/2026:23:27:19 +0330] "GET /author/admlnlx/page/20/instagram.com/farazshimialborz HTTP/2" 404 0 "-" "Mozilla/5.0 AppleWebKit/537.36 (KHTML, like Gecko; compatible; ClaudeBot/1.0; +claudebot@anthropic.com)"
216.73.216.145 - - [12/Mar/2026:23:27:22 +0330] "GET /author/admlnlx/page/19/instagram.com/farazshimialborz HTTP/2" 404 0 "-" "Mozilla/5.0 AppleWebKit/537.36 (KHTML, like Gecko; compatible; ClaudeBot/1.0; +claudebot@anthropic.com)"
45.135.1.46 - - [12/Mar/2026:23:27:26 +0330] "POST /xmlrpc.php HTTP/2" 200 138 "-" "WordPress/XMLRPC Client"
45.135.1.46 - - [12/Mar/2026:23:27:27 +0330] "GET /?p=791 HTTP/2" 301 0 "-" "Mozilla/5.0 (Windows NT 10.0; Win64; x64) AppleWebKit/537.36 (KHTML, like Gecko) Chrome/120.0.0.0 Safari/537.36"
220.239.74.60 - - [12/Mar/2026:23:27:35 +0330] "POST /xmlrpc.php HTTP/1.1" 200 426 "-" "Mozilla/5.0 (X11; Ubuntu; Linux x86_64; x64) AppleWebKit/537.36 (KHTML, like Gecko) Safari/15.0.0.0 Safari/537.36"
103.116.141.210 - - [12/Mar/2026:23:28:25 +0330] "POST /xmlrpc.php HTTP/1.1" 200 426 "-" "Mozilla/5.0 (Linux; Android 10; x86) AppleWebKit/537.36 (KHTML, like Gecko) Firefox/96.0.0.0 Safari/537.36"
216.73.216.145 - - [12/Mar/2026:23:29:09 +0330] "GET /%d8%b1%d9%88%d8%ba%d9%86-%d9%87%d8%a7%db%8c-%d8%ae%d9%88%d8%af%d8%b1%d9%88-%d8%b3%d9%86%da%af%db%8c%d9%86 HTTP/2" 301 0 "-" "Mozilla/5.0 AppleWebKit/537.36 (KHTML, like Gecko; compatible; ClaudeBot/1.0; +claudebot@anthropic.com)"
216.73.216.145 - - [12/Mar/2026:23:29:10 +0330] "GET /%d8%b1%d9%88%d8%ba%d9%86-%d9%87%d8%a7%db%8c-%d8%ae%d9%88%d8%af%d8%b1%d9%88-%d8%b3%d9%86%da%af%db%8c%d9%86/ HTTP/2" 200 26375 "https://farazshimi.ir/%d8%b1%d9%88%d8%ba%d9%86-%d9%87%d8%a7%db%8c-%d8%ae%d9%88%d8%af%d8%b1%d9%88-%d8%b3%d9%86%da%af%db%8c%d9%86" "Mozilla/5.0 AppleWebKit/537.36 (KHTML, like Gecko; compatible; ClaudeBot/1.0; +claudebot@anthropic.com)"
216.73.216.145 - - [12/Mar/2026:23:29:12 +0330] "GET /tag/%d8%b1%d9%88%d8%ba%d9%86-%da%af%db%8c%d8%b1%d8%a8%d9%88%da%a9%d8%b3/instagram.com/farazshimialborz HTTP/2" 404 0 "-" "Mozilla/5.0 AppleWebKit/537.36 (KHTML, like Gecko; compatible; ClaudeBot/1.0; +claudebot@anthropic.com)"
216.73.216.145 - - [12/Mar/2026:23:29:15 +0330] "GET /%d8%b2%d9%85%d8%a7%d9%86-%d8%aa%d8%b9%d9%88%db%8c%d8%b6-%d9%88%d8%a7%d8%b3%da%a9%d8%a7%d8%b2%db%8c%d9%86 HTTP/2" 301 0 "-" "Mozilla/5.0 AppleWebKit/537.36 (KHTML, like Gecko; compatible; ClaudeBot/1.0; +claudebot@anthropic.com)"
216.73.216.145 - - [12/Mar/2026:23:29:16 +0330] "GET /%d8%b2%d9%85%d8%a7%d9%86-%d8%aa%d8%b9%d9%88%db%8c%d8%b6-%d9%88%d8%a7%d8%b3%da%a9%d8%a7%d8%b2%db%8c%d9%86/ HTTP/2" 200 27061 "https://farazshimi.ir/%d8%b2%d9%85%d8%a7%d9%86-%d8%aa%d8%b9%d9%88%db%8c%d8%b6-%d9%88%d8%a7%d8%b3%da%a9%d8%a7%d8%b2%db%8c%d9%86" "Mozilla/5.0 AppleWebKit/537.36 (KHTML, like Gecko; compatible; ClaudeBot/1.0; +claudebot@anthropic.com)"
216.73.216.145 - - [12/Mar/2026:23:29:18 +0330] "GET /percentage-steps-was-assessed-according-to-deal-speed-precision-and-you-can-cover HTTP/2" 301 0 "-" "Mozilla/5.0 AppleWebKit/537.36 (KHTML, like Gecko; compatible; ClaudeBot/1.0; +claudebot@anthropic.com)"
216.73.216.145 - - [12/Mar/2026:23:29:19 +0330] "GET /percentage-steps-was-assessed-according-to-deal-speed-precision-and-you-can-cover/ HTTP/2" 200 27283 "https://farazshimi.ir/percentage-steps-was-assessed-according-to-deal-speed-precision-and-you-can-cover" "Mozilla/5.0 AppleWebKit/537.36 (KHTML, like Gecko; compatible; ClaudeBot/1.0; +claudebot@anthropic.com)"
216.73.216.145 - - [12/Mar/2026:23:29:21 +0330] "GET /will-you-might-give-you-to-an-online-position-is-actually-created-by-netent-by-just-deciding-on-they HTTP/2" 301 0 "-" "Mozilla/5.0 AppleWebKit/537.36 (KHTML, like Gecko; compatible; ClaudeBot/1.0; +claudebot@anthropic.com)"
216.73.216.145 - - [12/Mar/2026:23:29:22 +0330] "GET /will-you-might-give-you-to-an-online-position-is-actually-created-by-netent-by-just-deciding-on-they/ HTTP/2" 200 27393 "https://farazshimi.ir/will-you-might-give-you-to-an-online-position-is-actually-created-by-netent-by-just-deciding-on-they" "Mozilla/5.0 AppleWebKit/537.36 (KHTML, like Gecko; compatible; ClaudeBot/1.0; +claudebot@anthropic.com)"
216.73.216.145 - - [12/Mar/2026:23:29:24 +0330] "GET /ramanei-pe-sprinturile-zilnice-daca-va-plac-antrenamentele-scurte/989930062081 HTTP/2" 301 0 "-" "Mozilla/5.0 AppleWebKit/537.36 (KHTML, like Gecko; compatible; ClaudeBot/1.0; +claudebot@anthropic.com)"
216.73.216.145 - - [12/Mar/2026:23:29:25 +0330] "GET /ramanei-pe-sprinturile-zilnice-daca-va-plac-antrenamentele-scurte/ HTTP/2" 200 27571 "https://farazshimi.ir/ramanei-pe-sprinturile-zilnice-daca-va-plac-antrenamentele-scurte/989930062081" "Mozilla/5.0 AppleWebKit/537.36 (KHTML, like Gecko; compatible; ClaudeBot/1.0; +claudebot@anthropic.com)"
66.249.65.105 - - [12/Mar/2026:23:29:25 +0330] "GET /market/saddles/1977016516.htm HTTP/1.1" 200 29569 "-" "Mozilla/5.0 (Linux; Android 6.0.1; Nexus 5X Build/MMB29P) AppleWebKit/537.36 (KHTML, like Gecko) Chrome/145.0.7632.116 Mobile Safari/537.36 (compatible; GoogleOther)"
216.73.216.145 - - [12/Mar/2026:23:29:27 +0330] "GET /tag/%d8%b1%d9%88%d8%ba%d9%86-%d9%85%d8%a7%d8%b4%db%8c%d9%86/instagram.com/farazshimialborz HTTP/2" 404 0 "-" "Mozilla/5.0 AppleWebKit/537.36 (KHTML, like Gecko; compatible; ClaudeBot/1.0; +claudebot@anthropic.com)"
216.73.216.145 - - [12/Mar/2026:23:29:30 +0330] "GET /depot-casino-1-euro-jouer-malin-avec-casino-leon HTTP/2" 301 0 "-" "Mozilla/5.0 AppleWebKit/537.36 (KHTML, like Gecko; compatible; ClaudeBot/1.0; +claudebot@anthropic.com)"
216.73.216.145 - - [12/Mar/2026:23:29:31 +0330] "GET /depot-casino-1-euro-jouer-malin-avec-casino-leon/ HTTP/2" 200 27611 "https://farazshimi.ir/depot-casino-1-euro-jouer-malin-avec-casino-leon" "Mozilla/5.0 AppleWebKit/537.36 (KHTML, like Gecko; compatible; ClaudeBot/1.0; +claudebot@anthropic.com)"
216.73.216.145 - - [12/Mar/2026:23:29:44 +0330] "GET /bonus-de-bienvenue-casino-sans-depot-chez-leon-maximisez-vos-gains HTTP/2" 301 0 "-" "Mozilla/5.0 AppleWebKit/537.36 (KHTML, like Gecko; compatible; ClaudeBot/1.0; +claudebot@anthropic.com)"
216.73.216.145 - - [12/Mar/2026:23:29:45 +0330] "GET /bonus-de-bienvenue-casino-sans-depot-chez-leon-maximisez-vos-gains/ HTTP/2" 200 27677 "https://farazshimi.ir/bonus-de-bienvenue-casino-sans-depot-chez-leon-maximisez-vos-gains" "Mozilla/5.0 AppleWebKit/537.36 (KHTML, like Gecko; compatible; ClaudeBot/1.0; +claudebot@anthropic.com)"
216.73.216.145 - - [12/Mar/2026:23:29:47 +0330] "GET /die-traktandum-provider-ihr-spielsaal-spiele-uff-einen-merkmale-von-btc-spielcasino HTTP/2" 301 0 "-" "Mozilla/5.0 AppleWebKit/537.36 (KHTML, like Gecko; compatible; ClaudeBot/1.0; +claudebot@anthropic.com)"
216.73.216.145 - - [12/Mar/2026:23:29:48 +0330] "GET /die-traktandum-provider-ihr-spielsaal-spiele-uff-einen-merkmale-von-btc-spielcasino/ HTTP/2" 200 28164 "https://farazshimi.ir/die-traktandum-provider-ihr-spielsaal-spiele-uff-einen-merkmale-von-btc-spielcasino" "Mozilla/5.0 AppleWebKit/537.36 (KHTML, like Gecko; compatible; ClaudeBot/1.0; +claudebot@anthropic.com)"
216.73.216.145 - - [12/Mar/2026:23:29:50 +0330] "GET /the-fresh-new-regal-nearest-and-dearest-on-the-web-position-is-the-most-yggdrasils-the-new-isense-2 HTTP/2" 301 0 "-" "Mozilla/5.0 AppleWebKit/537.36 (KHTML, like Gecko; compatible; ClaudeBot/1.0; +claudebot@anthropic.com)"
216.73.216.145 - - [12/Mar/2026:23:29:51 +0330] "GET /the-fresh-new-regal-nearest-and-dearest-on-the-web-position-is-the-most-yggdrasils-the-new-isense-2/ HTTP/2" 200 27701 "https://farazshimi.ir/the-fresh-new-regal-nearest-and-dearest-on-the-web-position-is-the-most-yggdrasils-the-new-isense-2" "Mozilla/5.0 AppleWebKit/537.36 (KHTML, like Gecko; compatible; ClaudeBot/1.0; +claudebot@anthropic.com)"
103.116.141.210 - - [12/Mar/2026:23:29:53 +0330] "POST /xmlrpc.php HTTP/1.1" 200 426 "-" "Mozilla/5.0 (Macintosh; Intel Mac OS X 10_15_7; x64) AppleWebKit/537.36 (KHTML, like Gecko) Opera/72.0.0.0 Safari/537.36"
216.73.216.145 - - [12/Mar/2026:23:29:53 +0330] "GET /depot-casino-1-euro-jouez-instantanement-avec-un-budget-minimal HTTP/2" 301 0 "-" "Mozilla/5.0 AppleWebKit/537.36 (KHTML, like Gecko; compatible; ClaudeBot/1.0; +claudebot@anthropic.com)"
216.73.216.145 - - [12/Mar/2026:23:29:53 +0330] "GET /depot-casino-1-euro-jouez-instantanement-avec-un-budget-minimal/ HTTP/2" 200 27666 "https://farazshimi.ir/depot-casino-1-euro-jouez-instantanement-avec-un-budget-minimal" "Mozilla/5.0 AppleWebKit/537.36 (KHTML, like Gecko; compatible; ClaudeBot/1.0; +claudebot@anthropic.com)"
216.73.216.145 - - [12/Mar/2026:23:29:56 +0330] "GET /ramanei-pe-sprinturile-zilnice-daca-va-plac-antrenamentele-scurte/instagram.com/farazshimialborz HTTP/2" 404 0 "-" "Mozilla/5.0 AppleWebKit/537.36 (KHTML, like Gecko; compatible; ClaudeBot/1.0; +claudebot@anthropic.com)"
216.73.216.145 - - [12/Mar/2026:23:30:01 +0330] "GET /mecanica-jocurilor-din-mancare-care-au-rng-ii-bila-neta-sa-i-testezi-strategiile-i-abordarile-de-action/feed HTTP/2" 301 0 "-" "Mozilla/5.0 AppleWebKit/537.36 (KHTML, like Gecko; compatible; ClaudeBot/1.0; +claudebot@anthropic.com)"
216.73.216.145 - - [12/Mar/2026:23:30:02 +0330] "GET /mecanica-jocurilor-din-mancare-care-au-rng-ii-bila-neta-sa-i-testezi-strategiile-i-abordarile-de-action/feed/ HTTP/2" 200 567 "https://farazshimi.ir/mecanica-jocurilor-din-mancare-care-au-rng-ii-bila-neta-sa-i-testezi-strategiile-i-abordarile-de-action/feed" "Mozilla/5.0 AppleWebKit/537.36 (KHTML, like Gecko; compatible; ClaudeBot/1.0; +claudebot@anthropic.com)"
216.73.216.145 - - [12/Mar/2026:23:30:10 +0330] "GET /videoslots-is-one-of-the-prominent-online-casinos-internationally/feed HTTP/2" 301 0 "-" "Mozilla/5.0 AppleWebKit/537.36 (KHTML, like Gecko; compatible; ClaudeBot/1.0; +claudebot@anthropic.com)"
216.73.216.145 - - [12/Mar/2026:23:30:11 +0330] "GET /videoslots-is-one-of-the-prominent-online-casinos-internationally/feed/ HTTP/2" 200 500 "https://farazshimi.ir/videoslots-is-one-of-the-prominent-online-casinos-internationally/feed" "Mozilla/5.0 AppleWebKit/537.36 (KHTML, like Gecko; compatible; ClaudeBot/1.0; +claudebot@anthropic.com)"
216.73.216.145 - - [12/Mar/2026:23:30:12 +0330] "GET /but-if-you-need-more-spicy-spins-large-volatility-ports-certainly-are-the-route-to-take HTTP/2" 301 0 "-" "Mozilla/5.0 AppleWebKit/537.36 (KHTML, like Gecko; compatible; ClaudeBot/1.0; +claudebot@anthropic.com)"
216.73.216.145 - - [12/Mar/2026:23:30:13 +0330] "GET /but-if-you-need-more-spicy-spins-large-volatility-ports-certainly-are-the-route-to-take/ HTTP/2" 200 27427 "https://farazshimi.ir/but-if-you-need-more-spicy-spins-large-volatility-ports-certainly-are-the-route-to-take" "Mozilla/5.0 AppleWebKit/537.36 (KHTML, like Gecko; compatible; ClaudeBot/1.0; +claudebot@anthropic.com)"
216.73.216.145 - - [12/Mar/2026:23:30:15 +0330] "GET /a-knowledgeable-online-casinos-playing-online-slots-the-real-deal-money-in-the-2026 HTTP/2" 301 0 "-" "Mozilla/5.0 AppleWebKit/537.36 (KHTML, like Gecko; compatible; ClaudeBot/1.0; +claudebot@anthropic.com)"
216.73.216.145 - - [12/Mar/2026:23:30:16 +0330] "GET /a-knowledgeable-online-casinos-playing-online-slots-the-real-deal-money-in-the-2026/ HTTP/2" 200 27357 "https://farazshimi.ir/a-knowledgeable-online-casinos-playing-online-slots-the-real-deal-money-in-the-2026" "Mozilla/5.0 AppleWebKit/537.36 (KHTML, like Gecko; compatible; ClaudeBot/1.0; +claudebot@anthropic.com)"
216.73.216.145 - - [12/Mar/2026:23:30:18 +0330] "GET /%d8%b1%d9%88%d8%ba%d9%86-%d8%af%d9%86%d8%af%d9%87-%d8%a8%d8%b1%d8%a7%db%8c-%d8%ae%d9%88%d8%af%d8%b1%d9%88%e2%80%8c%d9%87%d8%a7%db%8c-%da%af%db%8c%d8%b1%d8%a8%da%a9%d8%b3-%d8%a7%d8%aa%d9%88%d9%85%d8%a7 HTTP/2" 301 0 "-" "Mozilla/5.0 AppleWebKit/537.36 (KHTML, like Gecko; compatible; ClaudeBot/1.0; +claudebot@anthropic.com)"
216.73.216.145 - - [12/Mar/2026:23:30:19 +0330] "GET /%d8%b1%d9%88%d8%ba%d9%86-%d8%af%d9%86%d8%af%d9%87-%d8%a8%d8%b1%d8%a7%db%8c-%d8%ae%d9%88%d8%af%d8%b1%d9%88%e2%80%8c%d9%87%d8%a7%db%8c-%da%af%db%8c%d8%b1%d8%a8%da%a9%d8%b3-%d8%a7%d8%aa%d9%88%d9%85%d8%a7/ HTTP/2" 200 27923 "https://farazshimi.ir/%d8%b1%d9%88%d8%ba%d9%86-%d8%af%d9%86%d8%af%d9%87-%d8%a8%d8%b1%d8%a7%db%8c-%d8%ae%d9%88%d8%af%d8%b1%d9%88%e2%80%8c%d9%87%d8%a7%db%8c-%da%af%db%8c%d8%b1%d8%a8%da%a9%d8%b3-%d8%a7%d8%aa%d9%88%d9%85%d8%a7" "Mozilla/5.0 AppleWebKit/537.36 (KHTML, like Gecko; compatible; ClaudeBot/1.0; +claudebot@anthropic.com)"
216.73.216.145 - - [12/Mar/2026:23:30:21 +0330] "GET /we-would-located-compensation-after-you-energy-casino-officiele-website-just-click-website-links-to-people-items HTTP/2" 301 0 "-" "Mozilla/5.0 AppleWebKit/537.36 (KHTML, like Gecko; compatible; ClaudeBot/1.0; +claudebot@anthropic.com)"
216.73.216.145 - - [12/Mar/2026:23:30:22 +0330] "GET /we-would-located-compensation-after-you-energy-casino-officiele-website-just-click-website-links-to-people-items/ HTTP/2" 200 27457 "https://farazshimi.ir/we-would-located-compensation-after-you-energy-casino-officiele-website-just-click-website-links-to-people-items" "Mozilla/5.0 AppleWebKit/537.36 (KHTML, like Gecko; compatible; ClaudeBot/1.0; +claudebot@anthropic.com)"
216.73.216.145 - - [12/Mar/2026:23:30:24 +0330] "GET /wp-content/uploads/2023/08/bgsab032i5jstjz7uow0yyhn6z9yqq6v.jpg HTTP/2" 200 115491 "-" "Mozilla/5.0 AppleWebKit/537.36 (KHTML, like Gecko; compatible; ClaudeBot/1.0; +claudebot@anthropic.com)"
216.73.216.145 - - [12/Mar/2026:23:30:27 +0330] "GET /%d9%86%d8%b4%d8%a7%d9%86%d9%87%e2%80%8c%d9%87%d8%a7%db%8c-%d8%aa%d8%b9%d9%88%db%8c%d8%b6-%d9%88-%d9%86%d8%b4%d8%aa%db%8c-%d8%b1%d9%88%d8%ba%d9%86-%da%af%db%8c%d8%b1%d8%a8%da%a9%d8%b3 HTTP/2" 301 0 "-" "Mozilla/5.0 AppleWebKit/537.36 (KHTML, like Gecko; compatible; ClaudeBot/1.0; +claudebot@anthropic.com)"
216.73.216.145 - - [12/Mar/2026:23:30:28 +0330] "GET /%d9%86%d8%b4%d8%a7%d9%86%d9%87%e2%80%8c%d9%87%d8%a7%db%8c-%d8%aa%d8%b9%d9%88%db%8c%d8%b6-%d9%88-%d9%86%d8%b4%d8%aa%db%8c-%d8%b1%d9%88%d8%ba%d9%86-%da%af%db%8c%d8%b1%d8%a8%da%a9%d8%b3/ HTTP/2" 200 27696 "https://farazshimi.ir/%d9%86%d8%b4%d8%a7%d9%86%d9%87%e2%80%8c%d9%87%d8%a7%db%8c-%d8%aa%d8%b9%d9%88%db%8c%d8%b6-%d9%88-%d9%86%d8%b4%d8%aa%db%8c-%d8%b1%d9%88%d8%ba%d9%86-%da%af%db%8c%d8%b1%d8%a8%da%a9%d8%b3" "Mozilla/5.0 AppleWebKit/537.36 (KHTML, like Gecko; compatible; ClaudeBot/1.0; +claudebot@anthropic.com)"
216.73.216.145 - - [12/Mar/2026:23:30:30 +0330] "GET /pariaza-la-cele-mai-populare-case-din-jocuri-de-noroc-telecomanda-cu-privire-la-romania/feed HTTP/2" 301 0 "-" "Mozilla/5.0 AppleWebKit/537.36 (KHTML, like Gecko; compatible; ClaudeBot/1.0; +claudebot@anthropic.com)"
216.73.216.145 - - [12/Mar/2026:23:30:31 +0330] "GET /pariaza-la-cele-mai-populare-case-din-jocuri-de-noroc-telecomanda-cu-privire-la-romania/feed/ HTTP/2" 200 537 "https://farazshimi.ir/pariaza-la-cele-mai-populare-case-din-jocuri-de-noroc-telecomanda-cu-privire-la-romania/feed" "Mozilla/5.0 AppleWebKit/537.36 (KHTML, like Gecko; compatible; ClaudeBot/1.0; +claudebot@anthropic.com)"
216.73.216.145 - - [12/Mar/2026:23:30:51 +0330] "GET /an-dieser-stelle-finden-sie-gunstgewerblerin-enorme-auslese-aktiv-slot-auffuhren-are-living-spielen-via-gutem-rtp HTTP/2" 301 0 "-" "Mozilla/5.0 AppleWebKit/537.36 (KHTML, like Gecko; compatible; ClaudeBot/1.0; +claudebot@anthropic.com)"
216.73.216.145 - - [12/Mar/2026:23:30:52 +0330] "GET /an-dieser-stelle-finden-sie-gunstgewerblerin-enorme-auslese-aktiv-slot-auffuhren-are-living-spielen-via-gutem-rtp/ HTTP/2" 200 28106 "https://farazshimi.ir/an-dieser-stelle-finden-sie-gunstgewerblerin-enorme-auslese-aktiv-slot-auffuhren-are-living-spielen-via-gutem-rtp" "Mozilla/5.0 AppleWebKit/537.36 (KHTML, like Gecko; compatible; ClaudeBot/1.0; +claudebot@anthropic.com)"
216.73.216.145 - - [12/Mar/2026:23:30:54 +0330] "GET /unter-anderem-gewissenhaft-aus-diesem-grund-innehaben-wir-unsre-paysafecard-rangliste-zu-handen-sie-zur-verfugung-gestellt HTTP/2" 301 0 "-" "Mozilla/5.0 AppleWebKit/537.36 (KHTML, like Gecko; compatible; ClaudeBot/1.0; +claudebot@anthropic.com)"
216.73.216.145 - - [12/Mar/2026:23:30:55 +0330] "GET /unter-anderem-gewissenhaft-aus-diesem-grund-innehaben-wir-unsre-paysafecard-rangliste-zu-handen-sie-zur-verfugung-gestellt/ HTTP/2" 200 28375 "https://farazshimi.ir/unter-anderem-gewissenhaft-aus-diesem-grund-innehaben-wir-unsre-paysafecard-rangliste-zu-handen-sie-zur-verfugung-gestellt" "Mozilla/5.0 AppleWebKit/537.36 (KHTML, like Gecko; compatible; ClaudeBot/1.0; +claudebot@anthropic.com)"
216.73.216.145 - - [12/Mar/2026:23:30:57 +0330] "GET /mecanica-jocurilor-din-mancare-care-au-rng-ii-bila-neta-sa-i-testezi-strategiile-i-abordarile-de-action/instagram.com/farazshimialborz HTTP/2" 404 0 "-" "Mozilla/5.0 AppleWebKit/537.36 (KHTML, like Gecko; compatible; ClaudeBot/1.0; +claudebot@anthropic.com)"
216.73.216.145 - - [12/Mar/2026:23:31:00 +0330] "GET /mecanica-jocurilor-din-mancare-care-au-rng-ii-bila-neta-sa-i-testezi-strategiile-i-abordarile-de-action/989930062081 HTTP/2" 301 0 "-" "Mozilla/5.0 AppleWebKit/537.36 (KHTML, like Gecko; compatible; ClaudeBot/1.0; +claudebot@anthropic.com)"
216.73.216.145 - - [12/Mar/2026:23:31:01 +0330] "GET /mecanica-jocurilor-din-mancare-care-au-rng-ii-bila-neta-sa-i-testezi-strategiile-i-abordarile-de-action/ HTTP/2" 200 27538 "https://farazshimi.ir/mecanica-jocurilor-din-mancare-care-au-rng-ii-bila-neta-sa-i-testezi-strategiile-i-abordarile-de-action/989930062081" "Mozilla/5.0 AppleWebKit/537.36 (KHTML, like Gecko; compatible; ClaudeBot/1.0; +claudebot@anthropic.com)"
216.73.216.145 - - [12/Mar/2026:23:31:03 +0330] "GET /wie-wahlt-male-die-besten-flugzeugungluck-spiele-zum-musizieren-nicht-mehr-da HTTP/2" 301 0 "-" "Mozilla/5.0 AppleWebKit/537.36 (KHTML, like Gecko; compatible; ClaudeBot/1.0; +claudebot@anthropic.com)"
216.73.216.145 - - [12/Mar/2026:23:31:04 +0330] "GET /wie-wahlt-male-die-besten-flugzeugungluck-spiele-zum-musizieren-nicht-mehr-da/ HTTP/2" 200 28306 "https://farazshimi.ir/wie-wahlt-male-die-besten-flugzeugungluck-spiele-zum-musizieren-nicht-mehr-da" "Mozilla/5.0 AppleWebKit/537.36 (KHTML, like Gecko; compatible; ClaudeBot/1.0; +claudebot@anthropic.com)"
216.73.216.145 - - [12/Mar/2026:23:31:07 +0330] "GET /casino-echeck-instant-transactions-for-your-gaming-experience HTTP/2" 301 0 "-" "Mozilla/5.0 AppleWebKit/537.36 (KHTML, like Gecko; compatible; ClaudeBot/1.0; +claudebot@anthropic.com)"
216.73.216.145 - - [12/Mar/2026:23:31:08 +0330] "GET /casino-echeck-instant-transactions-for-your-gaming-experience/ HTTP/2" 200 27801 "https://farazshimi.ir/casino-echeck-instant-transactions-for-your-gaming-experience" "Mozilla/5.0 AppleWebKit/537.36 (KHTML, like Gecko; compatible; ClaudeBot/1.0; +claudebot@anthropic.com)"
216.73.216.145 - - [12/Mar/2026:23:31:10 +0330] "GET /is-the-wonderful-tiger-one-deposit-incentive-however-available HTTP/2" 301 0 "-" "Mozilla/5.0 AppleWebKit/537.36 (KHTML, like Gecko; compatible; ClaudeBot/1.0; +claudebot@anthropic.com)"
216.73.216.145 - - [12/Mar/2026:23:31:10 +0330] "GET /is-the-wonderful-tiger-one-deposit-incentive-however-available/ HTTP/2" 200 27215 "https://farazshimi.ir/is-the-wonderful-tiger-one-deposit-incentive-however-available" "Mozilla/5.0 AppleWebKit/537.36 (KHTML, like Gecko; compatible; ClaudeBot/1.0; +claudebot@anthropic.com)"
216.73.216.145 - - [12/Mar/2026:23:31:13 +0330] "GET /machine-a-sous-demo-plongez-dans-lunivers-de-casino-leon HTTP/2" 301 0 "-" "Mozilla/5.0 AppleWebKit/537.36 (KHTML, like Gecko; compatible; ClaudeBot/1.0; +claudebot@anthropic.com)"
216.73.216.145 - - [12/Mar/2026:23:31:13 +0330] "GET /machine-a-sous-demo-plongez-dans-lunivers-de-casino-leon/ HTTP/2" 200 27601 "https://farazshimi.ir/machine-a-sous-demo-plongez-dans-lunivers-de-casino-leon" "Mozilla/5.0 AppleWebKit/537.36 (KHTML, like Gecko; compatible; ClaudeBot/1.0; +claudebot@anthropic.com)"
216.73.216.145 - - [12/Mar/2026:23:31:16 +0330] "GET /wp-content/uploads/2017/10/home_internet_post2-960x720.jpg HTTP/2" 200 79455 "-" "Mozilla/5.0 AppleWebKit/537.36 (KHTML, like Gecko; compatible; ClaudeBot/1.0; +claudebot@anthropic.com)"
216.73.216.145 - - [12/Mar/2026:23:31:19 +0330] "GET /wp-content/uploads/2017/10/home_internet_post1-960x720.jpg HTTP/2" 200 71230 "-" "Mozilla/5.0 AppleWebKit/537.36 (KHTML, like Gecko; compatible; ClaudeBot/1.0; +claudebot@anthropic.com)"
216.73.216.145 - - [12/Mar/2026:23:31:22 +0330] "GET /wp-content/uploads/2017/10/home_internet_post1-1024x743.jpg HTTP/2" 200 77506 "-" "Mozilla/5.0 AppleWebKit/537.36 (KHTML, like Gecko; compatible; ClaudeBot/1.0; +claudebot@anthropic.com)"
220.239.74.60 - - [12/Mar/2026:23:31:22 +0330] "POST /xmlrpc.php HTTP/1.1" 200 426 "-" "Mozilla/5.0 (Linux; Android 10; arm64) AppleWebKit/537.36 (KHTML, like Gecko) Chrome/82.0.0.0 Safari/537.36"
216.73.216.145 - - [12/Mar/2026:23:31:25 +0330] "GET /roulette-de-casino-en-ligne-decouvrez-betify/feed HTTP/2" 301 0 "-" "Mozilla/5.0 AppleWebKit/537.36 (KHTML, like Gecko; compatible; ClaudeBot/1.0; +claudebot@anthropic.com)"
216.73.216.145 - - [12/Mar/2026:23:31:26 +0330] "GET /roulette-de-casino-en-ligne-decouvrez-betify/feed/ HTTP/2" 200 517 "https://farazshimi.ir/roulette-de-casino-en-ligne-decouvrez-betify/feed" "Mozilla/5.0 AppleWebKit/537.36 (KHTML, like Gecko; compatible; ClaudeBot/1.0; +claudebot@anthropic.com)"
216.73.216.145 - - [12/Mar/2026:23:31:28 +0330] "GET /bonus-casino-bitcoin-profitez-davantages-instantanes HTTP/2" 301 0 "-" "Mozilla/5.0 AppleWebKit/537.36 (KHTML, like Gecko; compatible; ClaudeBot/1.0; +claudebot@anthropic.com)"
216.73.216.145 - - [12/Mar/2026:23:31:29 +0330] "GET /bonus-casino-bitcoin-profitez-davantages-instantanes/ HTTP/2" 200 27771 "https://farazshimi.ir/bonus-casino-bitcoin-profitez-davantages-instantanes" "Mozilla/5.0 AppleWebKit/537.36 (KHTML, like Gecko; compatible; ClaudeBot/1.0; +claudebot@anthropic.com)"
216.73.216.145 - - [12/Mar/2026:23:31:31 +0330] "GET /roulette-de-casino-en-ligne-decouvrez-betify-2 HTTP/2" 301 0 "-" "Mozilla/5.0 AppleWebKit/537.36 (KHTML, like Gecko; compatible; ClaudeBot/1.0; +claudebot@anthropic.com)"
216.73.216.145 - - [12/Mar/2026:23:31:32 +0330] "GET /roulette-de-casino-en-ligne-decouvrez-betify-2/ HTTP/2" 200 28245 "https://farazshimi.ir/roulette-de-casino-en-ligne-decouvrez-betify-2" "Mozilla/5.0 AppleWebKit/537.36 (KHTML, like Gecko; compatible; ClaudeBot/1.0; +claudebot@anthropic.com)"
216.73.216.145 - - [12/Mar/2026:23:31:34 +0330] "GET /votre-casino-en-ligne-prefere-instant-et-accessibilite HTTP/2" 301 0 "-" "Mozilla/5.0 AppleWebKit/537.36 (KHTML, like Gecko; compatible; ClaudeBot/1.0; +claudebot@anthropic.com)"
216.73.216.145 - - [12/Mar/2026:23:29:05 +0330] "GET /le-video-poker-tout-savoir-sur-ce-jeu-de-casino-a-leon HTTP/2" 301 0 "-" "Mozilla/5.0 AppleWebKit/537.36 (KHTML, like Gecko; compatible; ClaudeBot/1.0; +claudebot@anthropic.com)"
216.73.216.145 - - [12/Mar/2026:23:29:06 +0330] "GET /le-video-poker-tout-savoir-sur-ce-jeu-de-casino-a-leon/ HTTP/2" 200 27623 "https://farazshimi.ir/le-video-poker-tout-savoir-sur-ce-jeu-de-casino-a-leon" "Mozilla/5.0 AppleWebKit/537.36 (KHTML, like Gecko; compatible; ClaudeBot/1.0; +claudebot@anthropic.com)"
220.239.74.60 - - [12/Mar/2026:23:29:30 +0330] "POST /xmlrpc.php HTTP/1.1" 200 426 "-" "Mozilla/5.0 (Macintosh; Intel Mac OS X 10_15_7; arm64) AppleWebKit/537.36 (KHTML, like Gecko) Chrome/95.0.0.0 Safari/537.36"
198.244.183.223 - - [12/Mar/2026:23:29:31 +0330] "GET /market/serpentina/1064308194.htm HTTP/2" 404 0 "-" "Mozilla/5.0 (compatible; AhrefsBot/7.0; +http://ahrefs.com/robot/)"
103.116.141.210 - - [12/Mar/2026:23:31:27 +0330] "POST /xmlrpc.php HTTP/1.1" 200 426 "-" "Mozilla/5.0 (Windows NT 6.3; x64) AppleWebKit/537.36 (KHTML, like Gecko) Opera/70.0.0.0 Safari/537.36"
216.73.216.145 - - [12/Mar/2026:23:32:07 +0330] "GET /instead-of-repaired-jackpots-modern-jackpots-still-improve-full-cooking-pot-with-each-choice HTTP/2" 301 0 "-" "Mozilla/5.0 AppleWebKit/537.36 (KHTML, like Gecko; compatible; ClaudeBot/1.0; +claudebot@anthropic.com)"
216.73.216.145 - - [12/Mar/2026:23:32:08 +0330] "GET /instead-of-repaired-jackpots-modern-jackpots-still-improve-full-cooking-pot-with-each-choice/ HTTP/2" 200 27268 "https://farazshimi.ir/instead-of-repaired-jackpots-modern-jackpots-still-improve-full-cooking-pot-with-each-choice" "Mozilla/5.0 AppleWebKit/537.36 (KHTML, like Gecko; compatible; ClaudeBot/1.0; +claudebot@anthropic.com)"
216.73.216.145 - - [12/Mar/2026:23:32:10 +0330] "GET /offres-de-casino-live-avec-betify-plongez-dans-lexperience-de-jeu-en-direct HTTP/2" 301 0 "-" "Mozilla/5.0 AppleWebKit/537.36 (KHTML, like Gecko; compatible; ClaudeBot/1.0; +claudebot@anthropic.com)"
216.73.216.145 - - [12/Mar/2026:23:32:10 +0330] "GET /offres-de-casino-live-avec-betify-plongez-dans-lexperience-de-jeu-en-direct/ HTTP/2" 200 28261 "https://farazshimi.ir/offres-de-casino-live-avec-betify-plongez-dans-lexperience-de-jeu-en-direct" "Mozilla/5.0 AppleWebKit/537.36 (KHTML, like Gecko; compatible; ClaudeBot/1.0; +claudebot@anthropic.com)"
216.73.216.145 - - [12/Mar/2026:23:32:13 +0330] "GET /category/%d8%a7%db%8c%d9%86%d8%aa%d8%b1%d9%86%d8%aa/feed HTTP/2" 301 0 "-" "Mozilla/5.0 AppleWebKit/537.36 (KHTML, like Gecko; compatible; ClaudeBot/1.0; +claudebot@anthropic.com)"
216.73.216.145 - - [12/Mar/2026:23:32:13 +0330] "GET /category/%d8%a7%db%8c%d9%86%d8%aa%d8%b1%d9%86%d8%aa/feed/ HTTP/2" 200 1049 "https://farazshimi.ir/category/%d8%a7%db%8c%d9%86%d8%aa%d8%b1%d9%86%d8%aa/feed" "Mozilla/5.0 AppleWebKit/537.36 (KHTML, like Gecko; compatible; ClaudeBot/1.0; +claudebot@anthropic.com)"
216.73.216.145 - - [12/Mar/2026:23:32:16 +0330] "GET /tag/%da%af%db%8c%d8%b1%d8%a8%da%a9%d8%b3/instagram.com/farazshimialborz HTTP/2" 404 0 "-" "Mozilla/5.0 AppleWebKit/537.36 (KHTML, like Gecko; compatible; ClaudeBot/1.0; +claudebot@anthropic.com)"
216.73.216.145 - - [12/Mar/2026:23:32:19 +0330] "GET /tag/%db%8c%d8%a7%d8%aa%d8%a7%d9%82%d8%a7%d9%86/feed HTTP/2" 301 0 "-" "Mozilla/5.0 AppleWebKit/537.36 (KHTML, like Gecko; compatible; ClaudeBot/1.0; +claudebot@anthropic.com)"
216.73.216.145 - - [12/Mar/2026:23:32:19 +0330] "GET /tag/%db%8c%d8%a7%d8%aa%d8%a7%d9%82%d8%a7%d9%86/feed/ HTTP/2" 200 2212 "https://farazshimi.ir/tag/%db%8c%d8%a7%d8%aa%d8%a7%d9%82%d8%a7%d9%86/feed" "Mozilla/5.0 AppleWebKit/537.36 (KHTML, like Gecko; compatible; ClaudeBot/1.0; +claudebot@anthropic.com)"
216.73.216.145 - - [12/Mar/2026:23:32:22 +0330] "GET /application-de-casino-mobile-decouvrez-betify-pour-jouer-en-ligne HTTP/2" 301 0 "-" "Mozilla/5.0 AppleWebKit/537.36 (KHTML, like Gecko; compatible; ClaudeBot/1.0; +claudebot@anthropic.com)"
216.73.216.145 - - [12/Mar/2026:23:32:22 +0330] "GET /application-de-casino-mobile-decouvrez-betify-pour-jouer-en-ligne/ HTTP/2" 200 27819 "https://farazshimi.ir/application-de-casino-mobile-decouvrez-betify-pour-jouer-en-ligne" "Mozilla/5.0 AppleWebKit/537.36 (KHTML, like Gecko; compatible; ClaudeBot/1.0; +claudebot@anthropic.com)"
216.73.216.145 - - [12/Mar/2026:23:32:25 +0330] "GET /look-for-all-you-need-to-see-within-best-ports-book HTTP/2" 301 0 "-" "Mozilla/5.0 AppleWebKit/537.36 (KHTML, like Gecko; compatible; ClaudeBot/1.0; +claudebot@anthropic.com)"
216.73.216.145 - - [12/Mar/2026:23:32:25 +0330] "GET /look-for-all-you-need-to-see-within-best-ports-book/ HTTP/2" 200 27147 "https://farazshimi.ir/look-for-all-you-need-to-see-within-best-ports-book" "Mozilla/5.0 AppleWebKit/537.36 (KHTML, like Gecko; compatible; ClaudeBot/1.0; +claudebot@anthropic.com)"
216.73.216.145 - - [12/Mar/2026:23:32:28 +0330] "GET /tag/%d9%88%d8%a7%d8%b3%da%a9%d8%a7%d8%b2%db%8c%d9%86/feed HTTP/2" 301 0 "-" "Mozilla/5.0 AppleWebKit/537.36 (KHTML, like Gecko; compatible; ClaudeBot/1.0; +claudebot@anthropic.com)"
216.73.216.145 - - [12/Mar/2026:23:32:28 +0330] "GET /tag/%d9%88%d8%a7%d8%b3%da%a9%d8%a7%d8%b2%db%8c%d9%86/feed/ HTTP/2" 200 1573 "https://farazshimi.ir/tag/%d9%88%d8%a7%d8%b3%da%a9%d8%a7%d8%b2%db%8c%d9%86/feed" "Mozilla/5.0 AppleWebKit/537.36 (KHTML, like Gecko; compatible; ClaudeBot/1.0; +claudebot@anthropic.com)"
216.73.216.145 - - [12/Mar/2026:23:32:31 +0330] "GET /wp-content/uploads/2023/08/d224c33e-481f-48f8-8045-19dbd6bc3a6f-scaled.jpg HTTP/2" 200 536911 "-" "Mozilla/5.0 AppleWebKit/537.36 (KHTML, like Gecko; compatible; ClaudeBot/1.0; +claudebot@anthropic.com)"
220.239.74.60 - - [12/Mar/2026:23:33:18 +0330] "POST /xmlrpc.php HTTP/1.1" 200 426 "-" "Mozilla/5.0 (Windows NT 6.2; arm64) AppleWebKit/537.36 (KHTML, like Gecko) Opera/73.0.0.0 Safari/537.36"
162.55.240.80 - - [12/Mar/2026:23:34:25 +0330] "POST /wp-cron.php?doing_wp_cron=1773345865.7635660171508789062500 HTTP/1.1" 200 0 "-" "WordPress/6.9.4; https://farazshimi.ir"
103.116.141.210 - - [12/Mar/2026:23:34:25 +0330] "POST /xmlrpc.php HTTP/1.1" 200 426 "-" "Mozilla/5.0 (Linux; Android 10; arm64) AppleWebKit/537.36 (KHTML, like Gecko) Opera/64.0.0.0 Safari/537.36"
103.116.141.210 - - [12/Mar/2026:23:35:43 +0330] "POST /xmlrpc.php HTTP/1.1" 200 426 "-" "Mozilla/5.0 (Windows NT 6.3; arm64) AppleWebKit/537.36 (KHTML, like Gecko) Chrome/106.0.0.0 Safari/537.36"
103.116.141.210 - - [12/Mar/2026:23:36:53 +0330] "POST /xmlrpc.php HTTP/1.1" 200 426 "-" "Mozilla/5.0 (Windows NT 10.0; arm64) AppleWebKit/537.36 (KHTML, like Gecko) Safari/13.0.0.0 Safari/537.36"
220.239.74.60 - - [12/Mar/2026:23:37:03 +0330] "POST /xmlrpc.php HTTP/1.1" 200 426 "-" "Mozilla/5.0 (Windows NT 6.2; x64) AppleWebKit/537.36 (KHTML, like Gecko) Safari/13.0.0.0 Safari/537.36"
103.116.141.210 - - [12/Mar/2026:23:38:03 +0330] "POST /xmlrpc.php HTTP/1.1" 200 426 "-" "Mozilla/5.0 (Windows NT 10.0; x64) AppleWebKit/537.36 (KHTML, like Gecko) Opera/80.0.0.0 Safari/537.36"
65.108.78.33 - - [12/Mar/2026:23:38:31 +0330] "GET /robots.txt HTTP/1.1" 200 79 "-" "Mozilla/5.0 (compatible; MJ12bot/v1.4.8; http://mj12bot.com/)"
65.108.78.33 - - [12/Mar/2026:23:38:35 +0330] "GET /you-dont-need-to-offer-people-cards-facts-with-the-gambling-enterprise-that-produces-purchases-both-faster-and-you-will-safer/ HTTP/1.1" 200 27293 "-" "Mozilla/5.0 (compatible; MJ12bot/v1.4.8; http://mj12bot.com/)"
220.239.74.60 - - [12/Mar/2026:23:38:51 +0330] "POST /xmlrpc.php HTTP/1.1" 200 426 "-" "Mozilla/5.0 (Windows NT 6.2; arm64) AppleWebKit/537.36 (KHTML, like Gecko) Safari/11.0.0.0 Safari/537.36"
51.195.244.231 - - [12/Mar/2026:23:38:58 +0330] "GET /market/philtered/3295674649.htm HTTP/2" 404 0 "-" "Mozilla/5.0 (compatible; AhrefsBot/7.0; +http://ahrefs.com/robot/)"
162.55.240.80 - - [12/Mar/2026:23:39:13 +0330] "POST /wp-cron.php?doing_wp_cron=1773346153.7654120922088623046875 HTTP/1.1" 200 0 "-" "WordPress/6.9.4; https://farazshimi.ir"
216.73.216.145 - - [12/Mar/2026:23:31:35 +0330] "GET /votre-casino-en-ligne-prefere-instant-et-accessibilite/ HTTP/2" 200 27587 "https://farazshimi.ir/votre-casino-en-ligne-prefere-instant-et-accessibilite" "Mozilla/5.0 AppleWebKit/537.36 (KHTML, like Gecko; compatible; ClaudeBot/1.0; +claudebot@anthropic.com)"
216.73.216.145 - - [12/Mar/2026:23:31:37 +0330] "GET /tag/%da%af%db%8c%d8%b1%d8%a8%da%a9%d8%b3/feed HTTP/2" 301 0 "-" "Mozilla/5.0 AppleWebKit/537.36 (KHTML, like Gecko; compatible; ClaudeBot/1.0; +claudebot@anthropic.com)"
216.73.216.145 - - [12/Mar/2026:23:31:38 +0330] "GET /tag/%da%af%db%8c%d8%b1%d8%a8%da%a9%d8%b3/feed/ HTTP/2" 200 2882 "https://farazshimi.ir/tag/%da%af%db%8c%d8%b1%d8%a8%da%a9%d8%b3/feed" "Mozilla/5.0 AppleWebKit/537.36 (KHTML, like Gecko; compatible; ClaudeBot/1.0; +claudebot@anthropic.com)"
216.73.216.145 - - [12/Mar/2026:23:31:40 +0330] "GET /wp-content/uploads/2017/10/home_internet_post3-1024x743.jpg HTTP/2" 200 90885 "-" "Mozilla/5.0 AppleWebKit/537.36 (KHTML, like Gecko; compatible; ClaudeBot/1.0; +claudebot@anthropic.com)"
216.73.216.145 - - [12/Mar/2026:23:31:43 +0330] "GET /author/21232f297a57a5a743894a0e4a801fc3/instagram.com/farazshimialborz HTTP/2" 404 0 "-" "Mozilla/5.0 AppleWebKit/537.36 (KHTML, like Gecko; compatible; ClaudeBot/1.0; +claudebot@anthropic.com)"
216.73.216.145 - - [12/Mar/2026:23:31:46 +0330] "GET /machine-a-sous-demo-decouvrez-lunivers-avec-casino-leon HTTP/2" 301 0 "-" "Mozilla/5.0 AppleWebKit/537.36 (KHTML, like Gecko; compatible; ClaudeBot/1.0; +claudebot@anthropic.com)"
216.73.216.145 - - [12/Mar/2026:23:31:47 +0330] "GET /machine-a-sous-demo-decouvrez-lunivers-avec-casino-leon/ HTTP/2" 200 27804 "https://farazshimi.ir/machine-a-sous-demo-decouvrez-lunivers-avec-casino-leon" "Mozilla/5.0 AppleWebKit/537.36 (KHTML, like Gecko; compatible; ClaudeBot/1.0; +claudebot@anthropic.com)"
216.73.216.145 - - [12/Mar/2026:23:32:35 +0330] "GET /wp-content/uploads/2023/08/bgsab032i5jstjz7uow0yyhn6z9yqq6v-960x750.jpg HTTP/2" 200 44847 "-" "Mozilla/5.0 AppleWebKit/537.36 (KHTML, like Gecko; compatible; ClaudeBot/1.0; +claudebot@anthropic.com)"
216.73.216.145 - - [12/Mar/2026:23:32:37 +0330] "GET /pariaza-la-cele-mai-populare-case-din-jocuri-de-noroc-telecomanda-cu-privire-la-romania/989930062081 HTTP/2" 301 0 "-" "Mozilla/5.0 AppleWebKit/537.36 (KHTML, like Gecko; compatible; ClaudeBot/1.0; +claudebot@anthropic.com)"
216.73.216.145 - - [12/Mar/2026:23:32:38 +0330] "GET /pariaza-la-cele-mai-populare-case-din-jocuri-de-noroc-telecomanda-cu-privire-la-romania/ HTTP/2" 200 28052 "https://farazshimi.ir/pariaza-la-cele-mai-populare-case-din-jocuri-de-noroc-telecomanda-cu-privire-la-romania/989930062081" "Mozilla/5.0 AppleWebKit/537.36 (KHTML, like Gecko; compatible; ClaudeBot/1.0; +claudebot@anthropic.com)"
103.116.141.210 - - [12/Mar/2026:23:33:02 +0330] "POST /xmlrpc.php HTTP/1.1" 200 426 "-" "Mozilla/5.0 (Windows NT 6.3; arm64) AppleWebKit/537.36 (KHTML, like Gecko) Edge/90.0.0.0 Safari/537.36"
220.239.74.60 - - [12/Mar/2026:23:35:08 +0330] "POST /xmlrpc.php HTTP/1.1" 200 426 "-" "Mozilla/5.0 (Windows NT 6.3; x86) AppleWebKit/537.36 (KHTML, like Gecko) Opera/60.0.0.0 Safari/537.36"
66.249.65.105 - - [12/Mar/2026:23:39:01 +0330] "GET /market/depravation/2813571028.htm HTTP/1.1" 200 27556 "-" "Mozilla/5.0 (Linux; Android 6.0.1; Nexus 5X Build/MMB29P) AppleWebKit/537.36 (KHTML, like Gecko) Chrome/145.0.7632.116 Mobile Safari/537.36 (compatible; GoogleOther)"
103.116.141.210 - - [12/Mar/2026:23:40:28 +0330] "POST /xmlrpc.php HTTP/1.1" 200 426 "-" "Mozilla/5.0 (X11; Ubuntu; Linux x86_64; arm64) AppleWebKit/537.36 (KHTML, like Gecko) Firefox/96.0.0.0 Safari/537.36"
216.73.216.145 - - [12/Mar/2026:23:40:43 +0330] "GET /?p=708 HTTP/2" 301 0 "-" "Mozilla/5.0 AppleWebKit/537.36 (KHTML, like Gecko; compatible; ClaudeBot/1.0; +claudebot@anthropic.com)"
103.116.141.210 - - [12/Mar/2026:23:39:13 +0330] "POST /xmlrpc.php HTTP/1.1" 200 426 "-" "Mozilla/5.0 (Windows NT 6.2; arm64) AppleWebKit/537.36 (KHTML, like Gecko) Chrome/102.0.0.0 Safari/537.36"
216.73.216.145 - - [12/Mar/2026:23:40:12 +0330] "GET /look-for-everything-you-need-to-learn-within-our-greatest-ports-guide/instagram.com/farazshimialborz HTTP/2" 404 0 "-" "Mozilla/5.0 AppleWebKit/537.36 (KHTML, like Gecko; compatible; ClaudeBot/1.0; +claudebot@anthropic.com)"
220.239.74.60 - - [12/Mar/2026:23:40:38 +0330] "POST /xmlrpc.php HTTP/1.1" 200 426 "-" "Mozilla/5.0 (Windows NT 6.2; x64) AppleWebKit/537.36 (KHTML, like Gecko) Edge/90.0.0.0 Safari/537.36"
216.73.216.145 - - [12/Mar/2026:23:41:18 +0330] "GET /look-for-everything-you-need-to-learn-within-our-greatest-ports-guide/feed HTTP/2" 301 0 "-" "Mozilla/5.0 AppleWebKit/537.36 (KHTML, like Gecko; compatible; ClaudeBot/1.0; +claudebot@anthropic.com)"
216.73.216.145 - - [12/Mar/2026:23:41:19 +0330] "GET /look-for-everything-you-need-to-learn-within-our-greatest-ports-guide/feed/ HTTP/2" 200 521 "https://farazshimi.ir/look-for-everything-you-need-to-learn-within-our-greatest-ports-guide/feed" "Mozilla/5.0 AppleWebKit/537.36 (KHTML, like Gecko; compatible; ClaudeBot/1.0; +claudebot@anthropic.com)"
216.73.216.145 - - [12/Mar/2026:23:40:43 +0330] "GET /look-for-everything-you-need-to-learn-within-our-greatest-ports-guide/ HTTP/2" 200 27183 "https://farazshimi.ir/?p=708" "Mozilla/5.0 AppleWebKit/537.36 (KHTML, like Gecko; compatible; ClaudeBot/1.0; +claudebot@anthropic.com)"
103.116.141.210 - - [12/Mar/2026:23:41:35 +0330] "POST /xmlrpc.php HTTP/1.1" 200 426 "-" "Mozilla/5.0 (Windows NT 10.0; x64) AppleWebKit/537.36 (KHTML, like Gecko) Chrome/104.0.0.0 Safari/537.36"
216.73.216.145 - - [12/Mar/2026:23:43:06 +0330] "GET /look-for-everything-you-need-to-learn-within-our-greatest-ports-guide/989930062081 HTTP/2" 301 0 "-" "Mozilla/5.0 AppleWebKit/537.36 (KHTML, like Gecko; compatible; ClaudeBot/1.0; +claudebot@anthropic.com)"
216.73.216.145 - - [12/Mar/2026:23:43:06 +0330] "GET /look-for-everything-you-need-to-learn-within-our-greatest-ports-guide/ HTTP/2" 200 27183 "https://farazshimi.ir/look-for-everything-you-need-to-learn-within-our-greatest-ports-guide/989930062081" "Mozilla/5.0 AppleWebKit/537.36 (KHTML, like Gecko; compatible; ClaudeBot/1.0; +claudebot@anthropic.com)"
216.73.216.145 - - [12/Mar/2026:23:43:41 +0330] "GET /c-lotto-organizations-statistics-showing-which-local-casino-possessions-noticed-140 HTTP/2" 301 0 "-" "Mozilla/5.0 AppleWebKit/537.36 (KHTML, like Gecko; compatible; ClaudeBot/1.0; +claudebot@anthropic.com)"
216.73.216.145 - - [12/Mar/2026:23:43:42 +0330] "GET /c-lotto-organizations-statistics-showing-which-local-casino-possessions-noticed-140/ HTTP/2" 200 27350 "https://farazshimi.ir/c-lotto-organizations-statistics-showing-which-local-casino-possessions-noticed-140" "Mozilla/5.0 AppleWebKit/537.36 (KHTML, like Gecko; compatible; ClaudeBot/1.0; +claudebot@anthropic.com)"
162.55.240.80 - - [12/Mar/2026:23:44:49 +0330] "POST /wp-cron.php?doing_wp_cron=1773346489.3360319137573242187500 HTTP/1.1" 200 0 "-" "WordPress/6.9.4; https://farazshimi.ir"
220.239.74.60 - - [12/Mar/2026:23:45:13 +0330] "POST /xmlrpc.php HTTP/1.1" 200 426 "-" "Mozilla/5.0 (Windows NT 6.2; x86) AppleWebKit/537.36 (KHTML, like Gecko) Edge/82.0.0.0 Safari/537.36"
216.73.216.145 - - [12/Mar/2026:23:45:34 +0330] "GET /?p=484 HTTP/2" 301 0 "-" "Mozilla/5.0 AppleWebKit/537.36 (KHTML, like Gecko; compatible; ClaudeBot/1.0; +claudebot@anthropic.com)"
216.73.216.145 - - [12/Mar/2026:23:45:35 +0330] "GET /avis-casino-decouvrez-les-meilleures-offres-avec-betify/ HTTP/2" 200 27825 "https://farazshimi.ir/?p=484" "Mozilla/5.0 AppleWebKit/537.36 (KHTML, like Gecko; compatible; ClaudeBot/1.0; +claudebot@anthropic.com)"
103.116.141.210 - - [12/Mar/2026:23:45:47 +0330] "POST /xmlrpc.php HTTP/1.1" 200 426 "-" "Mozilla/5.0 (Macintosh; Intel Mac OS X 10_15_7; x86) AppleWebKit/537.36 (KHTML, like Gecko) Chrome/99.0.0.0 Safari/537.36"
103.116.141.210 - - [12/Mar/2026:23:46:52 +0330] "POST /xmlrpc.php HTTP/1.1" 200 426 "-" "Mozilla/5.0 (Windows NT 6.2; arm64) AppleWebKit/537.36 (KHTML, like Gecko) Chrome/101.0.0.0 Safari/537.36"
216.73.216.145 - - [12/Mar/2026:23:47:32 +0330] "GET /casino-echeck-un-guide-complet-avec-betify HTTP/2" 301 0 "-" "Mozilla/5.0 AppleWebKit/537.36 (KHTML, like Gecko; compatible; ClaudeBot/1.0; +claudebot@anthropic.com)"
216.73.216.145 - - [12/Mar/2026:23:47:33 +0330] "GET /casino-echeck-un-guide-complet-avec-betify/ HTTP/2" 200 27563 "https://farazshimi.ir/casino-echeck-un-guide-complet-avec-betify" "Mozilla/5.0 AppleWebKit/537.36 (KHTML, like Gecko; compatible; ClaudeBot/1.0; +claudebot@anthropic.com)"
103.116.141.210 - - [12/Mar/2026:23:48:06 +0330] "POST /xmlrpc.php HTTP/1.1" 200 426 "-" "Mozilla/5.0 (Windows NT 6.3; x86) AppleWebKit/537.36 (KHTML, like Gecko) Safari/11.0.0.0 Safari/537.36"
4.205.20.132 - - [12/Mar/2026:23:48:22 +0330] "GET /wp-admin/maint/ HTTP/1.1" 200 623 "-" "Mozilla/5.0 (Windows NT 10.0; Win64; x64) AppleWebKit/537.36 (KHTML, like Gecko) Chrome/120.0.0.0 Safari/537.36"
4.205.20.132 - - [12/Mar/2026:23:48:22 +0330] "GET /f.php HTTP/1.1" 404 0 "-" "Mozilla/5.0 (Windows NT 10.0; Win64; x64) AppleWebKit/537.36 (KHTML, like Gecko) Chrome/120.0.0.0 Safari/537.36"
4.205.20.132 - - [12/Mar/2026:23:48:23 +0330] "GET /wp-content/uploads/2025/ HTTP/1.1" 200 1078 "-" "Mozilla/5.0 (Windows NT 10.0; Win64; x64) AppleWebKit/537.36 (KHTML, like Gecko) Chrome/120.0.0.0 Safari/537.36"
4.205.20.132 - - [12/Mar/2026:23:48:23 +0330] "GET /alfa.php HTTP/1.1" 404 0 "-" "Mozilla/5.0 (Windows NT 10.0; Win64; x64) AppleWebKit/537.36 (KHTML, like Gecko) Chrome/120.0.0.0 Safari/537.36"
4.205.20.132 - - [12/Mar/2026:23:48:24 +0330] "GET /wp-admin/admin.php HTTP/1.1" 302 0 "-" "Mozilla/5.0 (Windows NT 10.0; Win64; x64) AppleWebKit/537.36 (KHTML, like Gecko) Chrome/120.0.0.0 Safari/537.36"
216.73.216.145 - - [12/Mar/2026:23:48:24 +0330] "GET /avis-casino-decouvrez-les-meilleures-offres-avec-betify/989930062081 HTTP/2" 301 0 "-" "Mozilla/5.0 AppleWebKit/537.36 (KHTML, like Gecko; compatible; ClaudeBot/1.0; +claudebot@anthropic.com)"
4.205.20.132 - - [12/Mar/2026:23:48:25 +0330] "GET /edit.php HTTP/1.1" 404 0 "-" "Mozilla/5.0 (Windows NT 10.0; Win64; x64) AppleWebKit/537.36 (KHTML, like Gecko) Chrome/120.0.0.0 Safari/537.36"
216.73.216.145 - - [12/Mar/2026:23:48:25 +0330] "GET /avis-casino-decouvrez-les-meilleures-offres-avec-betify/ HTTP/2" 200 27825 "https://farazshimi.ir/avis-casino-decouvrez-les-meilleures-offres-avec-betify/989930062081" "Mozilla/5.0 AppleWebKit/537.36 (KHTML, like Gecko; compatible; ClaudeBot/1.0; +claudebot@anthropic.com)"
4.205.20.132 - - [12/Mar/2026:23:48:25 +0330] "GET /flower.php HTTP/1.1" 404 0 "-" "Mozilla/5.0 (Windows NT 10.0; Win64; x64) AppleWebKit/537.36 (KHTML, like Gecko) Chrome/120.0.0.0 Safari/537.36"
4.205.20.132 - - [12/Mar/2026:23:48:26 +0330] "GET /nc4.php HTTP/1.1" 404 0 "-" "Mozilla/5.0 (Windows NT 10.0; Win64; x64) AppleWebKit/537.36 (KHTML, like Gecko) Chrome/120.0.0.0 Safari/537.36"
4.205.20.132 - - [12/Mar/2026:23:48:27 +0330] "GET /xleet.php HTTP/1.1" 404 0 "-" "Mozilla/5.0 (Windows NT 10.0; Win64; x64) AppleWebKit/537.36 (KHTML, like Gecko) Chrome/120.0.0.0 Safari/537.36"
4.205.20.132 - - [12/Mar/2026:23:48:28 +0330] "GET /wp-admin/includes/ HTTP/1.1" 200 4582 "-" "Mozilla/5.0 (Windows NT 10.0; Win64; x64) AppleWebKit/537.36 (KHTML, like Gecko) Chrome/120.0.0.0 Safari/537.36"
4.205.20.132 - - [12/Mar/2026:23:48:28 +0330] "GET /wp-content/upgrade/index.php HTTP/1.1" 301 0 "-" "Mozilla/5.0 (Windows NT 10.0; Win64; x64) AppleWebKit/537.36 (KHTML, like Gecko) Chrome/120.0.0.0 Safari/537.36"
4.205.20.132 - - [12/Mar/2026:23:48:29 +0330] "GET /wp-includes/Text/Diff/Renderer/ HTTP/1.1" 200 632 "-" "Mozilla/5.0 (Windows NT 10.0; Win64; x64) AppleWebKit/537.36 (KHTML, like Gecko) Chrome/120.0.0.0 Safari/537.36"
4.205.20.132 - - [12/Mar/2026:23:48:29 +0330] "GET /wp-includes/style-engine/ HTTP/1.1" 200 775 "-" "Mozilla/5.0 (Windows NT 10.0; Win64; x64) AppleWebKit/537.36 (KHTML, like Gecko) Chrome/120.0.0.0 Safari/537.36"
4.205.20.132 - - [12/Mar/2026:23:48:29 +0330] "GET /asasx.php HTTP/1.1" 404 0 "-" "Mozilla/5.0 (Windows NT 10.0; Win64; x64) AppleWebKit/537.36 (KHTML, like Gecko) Chrome/120.0.0.0 Safari/537.36"
4.205.20.132 - - [12/Mar/2026:23:48:30 +0330] "GET /cong.php HTTP/1.1" 404 0 "-" "Mozilla/5.0 (Windows NT 10.0; Win64; x64) AppleWebKit/537.36 (KHTML, like Gecko) Chrome/120.0.0.0 Safari/537.36"
4.205.20.132 - - [12/Mar/2026:23:48:30 +0330] "GET /file2.php HTTP/1.1" 404 0 "-" "Mozilla/5.0 (Windows NT 10.0; Win64; x64) AppleWebKit/537.36 (KHTML, like Gecko) Chrome/120.0.0.0 Safari/537.36"
4.205.20.132 - - [12/Mar/2026:23:48:31 +0330] "GET /wp-admin/css/colors/blue/index.php HTTP/1.1" 302 0 "-" "Mozilla/5.0 (Windows NT 10.0; Win64; x64) AppleWebKit/537.36 (KHTML, like Gecko) Chrome/120.0.0.0 Safari/537.36"
4.205.20.132 - - [12/Mar/2026:23:48:32 +0330] "GET /wp-content/plugins/yanierin/akcc.php HTTP/1.1" 404 0 "-" "Mozilla/5.0 (Windows NT 10.0; Win64; x64) AppleWebKit/537.36 (KHTML, like Gecko) Chrome/120.0.0.0 Safari/537.36"
4.205.20.132 - - [12/Mar/2026:23:48:33 +0330] "GET /wp-content/wp-conflg.php HTTP/1.1" 404 0 "-" "Mozilla/5.0 (Windows NT 10.0; Win64; x64) AppleWebKit/537.36 (KHTML, like Gecko) Chrome/120.0.0.0 Safari/537.36"
4.205.20.132 - - [12/Mar/2026:23:48:33 +0330] "GET /wp-includes/IXR/ HTTP/1.1" 200 1213 "-" "Mozilla/5.0 (Windows NT 10.0; Win64; x64) AppleWebKit/537.36 (KHTML, like Gecko) Chrome/120.0.0.0 Safari/537.36"
4.205.20.132 - - [12/Mar/2026:23:48:34 +0330] "GET /wp-includes/fonts/ HTTP/1.1" 200 1241 "-" "Mozilla/5.0 (Windows NT 10.0; Win64; x64) AppleWebKit/537.36 (KHTML, like Gecko) Chrome/120.0.0.0 Safari/537.36"
4.205.20.132 - - [12/Mar/2026:23:48:34 +0330] "GET /wp-includes/fonts/index.php HTTP/1.1" 301 0 "-" "Mozilla/5.0 (Windows NT 10.0; Win64; x64) AppleWebKit/537.36 (KHTML, like Gecko) Chrome/120.0.0.0 Safari/537.36"
4.205.20.132 - - [12/Mar/2026:23:48:34 +0330] "GET /wp-includes/js/crop/ HTTP/1.1" 200 754 "-" "Mozilla/5.0 (Windows NT 10.0; Win64; x64) AppleWebKit/537.36 (KHTML, like Gecko) Chrome/120.0.0.0 Safari/537.36"
4.205.20.132 - - [12/Mar/2026:23:48:35 +0330] "GET /wp-includes/widgets/ HTTP/1.1" 200 1495 "-" "Mozilla/5.0 (Windows NT 10.0; Win64; x64) AppleWebKit/537.36 (KHTML, like Gecko) Chrome/120.0.0.0 Safari/537.36"
4.205.20.132 - - [12/Mar/2026:23:48:35 +0330] "GET /wp-includes/certificates/ HTTP/1.1" 200 620 "-" "Mozilla/5.0 (Windows NT 10.0; Win64; x64) AppleWebKit/537.36 (KHTML, like Gecko) Chrome/120.0.0.0 Safari/537.36"
4.205.20.132 - - [12/Mar/2026:23:48:35 +0330] "GET /admin.phphttps://www-vn500.com/inputs.php HTTP/1.1" 301 0 "-" "Mozilla/5.0 (Windows NT 10.0; Win64; x64) AppleWebKit/537.36 (KHTML, like Gecko) Chrome/120.0.0.0 Safari/537.36"
4.205.20.132 - - [12/Mar/2026:23:48:36 +0330] "GET /class-t.api.php HTTP/1.1" 404 0 "-" "Mozilla/5.0 (Windows NT 10.0; Win64; x64) AppleWebKit/537.36 (KHTML, like Gecko) Chrome/120.0.0.0 Safari/537.36"
4.205.20.132 - - [12/Mar/2026:23:48:36 +0330] "GET /wp-includes/Text/Diff/Engine/index.php HTTP/1.1" 301 0 "-" "Mozilla/5.0 (Windows NT 10.0; Win64; x64) AppleWebKit/537.36 (KHTML, like Gecko) Chrome/120.0.0.0 Safari/537.36"
4.205.20.132 - - [12/Mar/2026:23:48:37 +0330] "GET /wp-content/plugins/admin.php HTTP/1.1" 404 0 "-" "Mozilla/5.0 (Windows NT 10.0; Win64; x64) AppleWebKit/537.36 (KHTML, like Gecko) Chrome/120.0.0.0 Safari/537.36"
4.205.20.132 - - [12/Mar/2026:23:48:38 +0330] "GET /wp-admin/themes.php HTTP/1.1" 302 0 "-" "Mozilla/5.0 (Windows NT 10.0; Win64; x64) AppleWebKit/537.36 (KHTML, like Gecko) Chrome/120.0.0.0 Safari/537.36"
4.205.20.132 - - [12/Mar/2026:23:48:38 +0330] "GET /.well-known/ HTTP/1.1" 200 676 "-" "Mozilla/5.0 (Windows NT 10.0; Win64; x64) AppleWebKit/537.36 (KHTML, like Gecko) Chrome/120.0.0.0 Safari/537.36"
4.205.20.132 - - [12/Mar/2026:23:48:38 +0330] "GET /wp-admin/css/colors/index.php HTTP/1.1" 302 0 "-" "Mozilla/5.0 (Windows NT 10.0; Win64; x64) AppleWebKit/537.36 (KHTML, like Gecko) Chrome/120.0.0.0 Safari/537.36"
4.205.20.132 - - [12/Mar/2026:23:48:39 +0330] "GET /images/images/about.php HTTP/1.1" 404 0 "-" "Mozilla/5.0 (Windows NT 10.0; Win64; x64) AppleWebKit/537.36 (KHTML, like Gecko) Chrome/120.0.0.0 Safari/537.36"
4.205.20.132 - - [12/Mar/2026:23:48:40 +0330] "GET /lock.php HTTP/1.1" 404 0 "-" "Mozilla/5.0 (Windows NT 10.0; Win64; x64) AppleWebKit/537.36 (KHTML, like Gecko) Chrome/120.0.0.0 Safari/537.36"
4.205.20.132 - - [12/Mar/2026:23:48:40 +0330] "GET /wp-includes/fonts/wp-login.php HTTP/1.1" 404 0 "-" "Mozilla/5.0 (Windows NT 10.0; Win64; x64) AppleWebKit/537.36 (KHTML, like Gecko) Chrome/120.0.0.0 Safari/537.36"
4.205.20.132 - - [12/Mar/2026:23:48:41 +0330] "GET /wp-includes/Text/index.php HTTP/1.1" 301 0 "-" "Mozilla/5.0 (Windows NT 10.0; Win64; x64) AppleWebKit/537.36 (KHTML, like Gecko) Chrome/120.0.0.0 Safari/537.36"
4.205.20.132 - - [12/Mar/2026:23:48:42 +0330] "GET /wp-includes/js/jcrop/Jcrop.php HTTP/1.1" 404 0 "-" "Mozilla/5.0 (Windows NT 10.0; Win64; x64) AppleWebKit/537.36 (KHTML, like Gecko) Chrome/120.0.0.0 Safari/537.36"
4.205.20.132 - - [12/Mar/2026:23:48:43 +0330] "GET /sidwsi.php HTTP/1.1" 404 0 "-" "Mozilla/5.0 (Windows NT 10.0; Win64; x64) AppleWebKit/537.36 (KHTML, like Gecko) Chrome/120.0.0.0 Safari/537.36"
4.205.20.132 - - [12/Mar/2026:23:48:44 +0330] "GET /wp-includes/IXR/index.php HTTP/1.1" 301 0 "-" "Mozilla/5.0 (Windows NT 10.0; Win64; x64) AppleWebKit/537.36 (KHTML, like Gecko) Chrome/120.0.0.0 Safari/537.36"
4.205.20.132 - - [12/Mar/2026:23:48:44 +0330] "GET /wp-admin/css/colors/about.php HTTP/1.1" 302 0 "-" "Mozilla/5.0 (Windows NT 10.0; Win64; x64) AppleWebKit/537.36 (KHTML, like Gecko) Chrome/120.0.0.0 Safari/537.36"
4.205.20.132 - - [12/Mar/2026:23:48:45 +0330] "GET /wp-includes/certificates/about.php HTTP/1.1" 404 0 "-" "Mozilla/5.0 (Windows NT 10.0; Win64; x64) AppleWebKit/537.36 (KHTML, like Gecko) Chrome/120.0.0.0 Safari/537.36"
