66.249.76.164 - - [13/Mar/2026:03:36:21 +0330] "GET /market/interpenetrative/3840450742.htm HTTP/1.1" 200 27216 "-" "Mozilla/5.0 (Linux; Android 6.0.1; Nexus 5X Build/MMB29P) AppleWebKit/537.36 (KHTML, like Gecko) Chrome/145.0.7632.116 Mobile Safari/537.36 (compatible; GoogleOther)"
66.249.65.105 - - [13/Mar/2026:03:36:56 +0330] "GET /market/transuding/349216371.htm HTTP/1.1" 200 27054 "-" "Mozilla/5.0 (Linux; Android 6.0.1; Nexus 5X Build/MMB29P) AppleWebKit/537.36 (KHTML, like Gecko) Chrome/145.0.7632.116 Mobile Safari/537.36 (compatible; GoogleOther)"
162.55.240.80 - - [13/Mar/2026:03:37:25 +0330] "POST /wp-cron.php?doing_wp_cron=1773360445.5132949352264404296875 HTTP/1.1" 200 0 "-" "WordPress/6.9.4; https://farazshimi.ir"
66.249.65.105 - - [13/Mar/2026:03:37:35 +0330] "GET /market/transuding/349216371.htm HTTP/1.1" 200 27054 "-" "Mozilla/5.0 (Linux; Android 6.0.1; Nexus 5X Build/MMB29P) AppleWebKit/537.36 (KHTML, like Gecko) Chrome/145.0.7632.116 Mobile Safari/537.36 (compatible; Googlebot/2.1; +http://www.google.com/bot.html)"
66.249.76.164 - - [13/Mar/2026:03:39:21 +0330] "GET /market/swaddling/297143353.htm HTTP/1.1" 200 27517 "-" "Mozilla/5.0 (Linux; Android 6.0.1; Nexus 5X Build/MMB29P) AppleWebKit/537.36 (KHTML, like Gecko) Chrome/145.0.7632.116 Mobile Safari/537.36 (compatible; Googlebot/2.1; +http://www.google.com/bot.html)"
66.249.65.96 - - [13/Mar/2026:03:39:27 +0330] "GET /market/soundage/2708970409.htm HTTP/1.1" 200 27306 "-" "Mozilla/5.0 (Linux; Android 6.0.1; Nexus 5X Build/MMB29P) AppleWebKit/537.36 (KHTML, like Gecko) Chrome/145.0.7632.116 Mobile Safari/537.36 (compatible; GoogleOther)"
66.249.65.96 - - [13/Mar/2026:03:40:05 +0330] "GET /market/soundage/2708970409.htm HTTP/1.1" 200 27306 "-" "Mozilla/5.0 (Linux; Android 6.0.1; Nexus 5X Build/MMB29P) AppleWebKit/537.36 (KHTML, like Gecko) Chrome/145.0.7632.116 Mobile Safari/537.36 (compatible; Googlebot/2.1; +http://www.google.com/bot.html)"
66.249.76.162 - - [13/Mar/2026:03:43:44 +0330] "GET /market/theatricals/3026339259.htm HTTP/1.1" 200 26896 "-" "Mozilla/5.0 (Linux; Android 6.0.1; Nexus 5X Build/MMB29P) AppleWebKit/537.36 (KHTML, like Gecko) Chrome/145.0.7632.116 Mobile Safari/537.36 (compatible; GoogleOther)"
66.249.76.164 - - [13/Mar/2026:03:44:16 +0330] "GET /market/logchip/4074120002.htm HTTP/1.1" 200 27799 "-" "Mozilla/5.0 (Linux; Android 6.0.1; Nexus 5X Build/MMB29P) AppleWebKit/537.36 (KHTML, like Gecko) Chrome/145.0.7632.116 Mobile Safari/537.36 (compatible; GoogleOther)"
162.55.240.80 - - [13/Mar/2026:03:46:19 +0330] "POST /wp-cron.php?doing_wp_cron=1773360979.2161469459533691406250 HTTP/1.1" 200 0 "-" "WordPress/6.9.4; https://farazshimi.ir"
217.76.58.119 - - [13/Mar/2026:03:46:18 +0330] "HEAD / HTTP/1.1" 200 0 "https://farazshimi.ir/" "Mozilla/5.0 (Windows NT 10.0; Win64; x64) AppleWebKit/537.36 (KHTML, like Gecko) Chrome/91.0.4472.124 Safari/537.36"
217.76.58.119 - - [13/Mar/2026:03:46:20 +0330] "POST /wp-login.php HTTP/1.1" 200 3304 "https://www.google.com/" "Mozilla/5.0 (Windows NT 10.0; Win64; x64) AppleWebKit/537.36 (KHTML, like Gecko) Chrome/91.0.4472.124 Safari/537.36"
217.76.58.119 - - [13/Mar/2026:03:46:21 +0330] "POST /wp-login.php HTTP/1.1" 302 0 "https://farazshimi.ir/wp-admin/" "Mozilla/5.0 (Windows NT 10.0; Win64; x64) AppleWebKit/537.36 (KHTML, like Gecko) Chrome/90.0.4430.85 Safari/537.36"
217.76.58.119 - - [13/Mar/2026:03:46:21 +0330] "GET /wp-login.php?redirect_to=https%3A%2F%2Ffarazshimi.ir%2Fwp-admin%2F&action=confirm_admin_email&wp_lang=fa_IR HTTP/1.1" 200 1948 "https://farazshimi.ir/wp-admin/" "Mozilla/5.0 (Windows NT 10.0; Win64; x64) AppleWebKit/537.36 (KHTML, like Gecko) Chrome/90.0.4430.85 Safari/537.36"
217.76.58.119 - - [13/Mar/2026:03:46:21 +0330] "GET /wp-admin/ HTTP/1.1" 200 110462 "https://www.google.com/" "Mozilla/5.0 (Windows NT 10.0; Win64; x64) AppleWebKit/537.36 (KHTML, like Gecko) Chrome/91.0.4472.124 Safari/537.36"
217.76.58.119 - - [13/Mar/2026:03:46:22 +0330] "GET /wp-admin/plugin-install.php?tab=upload HTTP/1.1" 403 787 "https://www.google.com/" "Mozilla/5.0 (Windows NT 10.0; Win64; x64) AppleWebKit/537.36 (KHTML, like Gecko) Chrome/91.0.4472.124 Safari/537.36"
217.76.58.119 - - [13/Mar/2026:03:46:22 +0330] "GET /wp-admin/ HTTP/1.1" 200 110550 "-" "Mozilla/5.0 (Windows NT 10.0; Win64; x64) AppleWebKit/537.36 (KHTML, like Gecko) Chrome/133.0.0.0 Safari/537.36"
51.68.247.215 - - [13/Mar/2026:03:37:24 +0330] "GET /market/sparklingness/3634746154.htm HTTP/2" 404 0 "-" "Mozilla/5.0 (compatible; AhrefsBot/7.0; +http://ahrefs.com/robot/)"
66.249.65.105 - - [13/Mar/2026:03:37:29 +0330] "GET /market/swaddling/297143353.htm HTTP/1.1" 200 27517 "-" "Mozilla/5.0 (Linux; Android 6.0.1; Nexus 5X Build/MMB29P) AppleWebKit/537.36 (KHTML, like Gecko) Chrome/145.0.7632.116 Mobile Safari/537.36 (compatible; GoogleOther)"
66.249.65.105 - - [13/Mar/2026:03:38:01 +0330] "GET /market/belonites/2127164091.htm HTTP/1.1" 200 26602 "-" "Mozilla/5.0 (Linux; Android 6.0.1; Nexus 5X Build/MMB29P) AppleWebKit/537.36 (KHTML, like Gecko) Chrome/145.0.7632.116 Mobile Safari/537.36 (compatible; GoogleOther)"
66.249.76.162 - - [13/Mar/2026:03:38:46 +0330] "GET /market/belonites/2127164091.htm HTTP/1.1" 200 26602 "-" "Mozilla/5.0 (Linux; Android 6.0.1; Nexus 5X Build/MMB29P) AppleWebKit/537.36 (KHTML, like Gecko) Chrome/145.0.7632.116 Mobile Safari/537.36 (compatible; Googlebot/2.1; +http://www.google.com/bot.html)"
66.249.76.162 - - [13/Mar/2026:03:44:50 +0330] "GET /market/theatricals/3026339259.htm HTTP/1.1" 200 26896 "-" "Mozilla/5.0 (Linux; Android 6.0.1; Nexus 5X Build/MMB29P) AppleWebKit/537.36 (KHTML, like Gecko) Chrome/145.0.7632.116 Mobile Safari/537.36 (compatible; Googlebot/2.1; +http://www.google.com/bot.html)"
66.249.65.105 - - [13/Mar/2026:03:45:02 +0330] "GET /market/epopt/3208523628.htm HTTP/1.1" 200 26862 "-" "Mozilla/5.0 (Linux; Android 6.0.1; Nexus 5X Build/MMB29P) AppleWebKit/537.36 (KHTML, like Gecko) Chrome/145.0.7632.116 Mobile Safari/537.36 (compatible; GoogleOther)"
66.249.65.105 - - [13/Mar/2026:03:45:34 +0330] "GET /market/epopt/3208523628.htm HTTP/1.1" 200 26862 "-" "Mozilla/5.0 (Linux; Android 6.0.1; Nexus 5X Build/MMB29P) AppleWebKit/537.36 (KHTML, like Gecko) Chrome/145.0.7632.116 Mobile Safari/537.36 (compatible; Googlebot/2.1; +http://www.google.com/bot.html)"
217.76.58.119 - - [13/Mar/2026:03:46:20 +0330] "HEAD / HTTP/1.1" 200 0 "https://farazshimi.ir/" "Mozilla/5.0 (Windows NT 10.0; Win64; x64) AppleWebKit/537.36 (KHTML, like Gecko) Chrome/91.0.4472.124 Safari/537.36"
162.55.240.80 - - [13/Mar/2026:03:46:31 +0330] "GET /wp-admin/plugin-editor.php?plugin=wp-file-manager%2Ffile_folder_manager.php&file=wp-file-manager%2Ffile_folder_manager.php&wp_scrape_key=b11c5b794f6436b9de3fa1cc69c0d4af&wp_scrape_nonce=1432742517 HTTP/1.1" 200 8527 "-" "WordPress/6.9.4; https://farazshimi.ir"
162.55.240.80 - - [13/Mar/2026:03:46:31 +0330] "GET /?wp_scrape_key=b11c5b794f6436b9de3fa1cc69c0d4af&wp_scrape_nonce=1432742517 HTTP/1.1" 200 4799 "-" "WordPress/6.9.4; https://farazshimi.ir"
94.23.188.202 - - [13/Mar/2026:03:47:49 +0330] "GET /market/porcupine/3735909515.htm HTTP/2" 200 3797 "-" "Mozilla/5.0 (compatible; AhrefsBot/7.0; +http://ahrefs.com/robot/)"
85.128.143.131 - - [13/Mar/2026:03:50:15 +0330] "POST /xmlrpc.php HTTP/1.1" 200 4765 "-" "Mozilla/5.0 (Windows NT 10.0; WOW64) AppleWebKit/537.36 (KHTML, like Gecko) Chrome/139.0.0.0 Safari/537.36 Edg/139.0.0.0"
69.163.206.7 - - [13/Mar/2026:03:51:25 +0330] "POST /xmlrpc.php HTTP/1.1" 200 4660 "-" "Mozilla/5.0 (Windows NT 10.0; Win64; x64) AppleWebKit/537.36 (KHTML, like Gecko) Chrome/141.0.0.0 Safari/537.36 Edg/141.0.0.0"
66.249.65.96 - - [13/Mar/2026:03:51:35 +0330] "GET /market/fletiferous/91036901.htm HTTP/1.1" 200 27037 "-" "Mozilla/5.0 (Linux; Android 6.0.1; Nexus 5X Build/MMB29P) AppleWebKit/537.36 (KHTML, like Gecko) Chrome/145.0.7632.116 Mobile Safari/537.36 (compatible; Googlebot/2.1; +http://www.google.com/bot.html)"
66.249.65.105 - - [13/Mar/2026:03:52:31 +0330] "GET /market/diluted/1075059374.htm HTTP/1.1" 200 27046 "-" "Mozilla/5.0 (Linux; Android 6.0.1; Nexus 5X Build/MMB29P) AppleWebKit/537.36 (KHTML, like Gecko) Chrome/145.0.7632.116 Mobile Safari/537.36 (compatible; GoogleOther)"
217.76.58.119 - - [13/Mar/2026:03:46:22 +0330] "POST /wp-admin/admin-ajax.php HTTP/1.1" 200 193 "-" "Mozilla/5.0 (Windows NT 10.0; Win64; x64) AppleWebKit/537.36 (KHTML, like Gecko) Chrome/133.0.0.0 Safari/537.36"
217.76.58.119 - - [13/Mar/2026:03:46:27 +0330] "POST /wp-admin/admin-ajax.php HTTP/1.1" 200 185 "-" "Mozilla/5.0 (Windows NT 10.0; Win64; x64) AppleWebKit/537.36 (KHTML, like Gecko) Chrome/133.0.0.0 Safari/537.36"
217.76.58.119 - - [13/Mar/2026:03:46:27 +0330] "GET /wp-admin/plugins.php HTTP/1.1" 200 96031 "-" "Mozilla/5.0 (Windows NT 10.0; Win64; x64) AppleWebKit/537.36 (KHTML, like Gecko) Chrome/133.0.0.0 Safari/537.36"
217.76.58.119 - - [13/Mar/2026:03:46:28 +0330] "GET /wp-admin/admin.php?page=wp_file_manager HTTP/1.1" 200 73133 "https://www.google.com/" "Mozilla/5.0 (Windows NT 10.0; Win64; x64) AppleWebKit/537.36 (KHTML, like Gecko) Chrome/91.0.4472.124 Safari/537.36"
217.76.58.119 - - [13/Mar/2026:03:46:28 +0330] "POST /wp-admin/admin-ajax.php HTTP/1.1" 200 657 "https://farazshimi.ir/wp-admin/admin.php?ssd" "Mozilla/5.0 (Windows NT 10.0; Win64; x64) AppleWebKit/537.36 (KHTML, like Gecko) Chrome/133.0.0.0 Safari/537.36"
217.76.58.119 - - [13/Mar/2026:03:46:29 +0330] "GET /jdech.php HTTP/1.1" 403 787 "https://www.google.com/" "Mozilla/5.0 (Windows NT 10.0; Win64; x64) AppleWebKit/537.36 (KHTML, like Gecko) Chrome/91.0.4472.124 Safari/537.36"
217.76.58.119 - - [13/Mar/2026:03:46:29 +0330] "GET /wp-admin/theme-install.php?tab=upload HTTP/1.1" 403 787 "https://www.google.com/" "Mozilla/5.0 (Windows NT 10.0; Win64; x64) AppleWebKit/537.36 (KHTML, like Gecko) Chrome/91.0.4472.124 Safari/537.36"
217.76.58.119 - - [13/Mar/2026:03:46:29 +0330] "GET /wp-admin/ HTTP/1.1" 200 110486 "-" "Mozilla/5.0 (Windows NT 10.0; Win64; x64) AppleWebKit/537.36 (KHTML, like Gecko) Chrome/133.0.0.0 Safari/537.36"
217.76.58.119 - - [13/Mar/2026:03:46:29 +0330] "GET /wp-admin/plugin-editor.php?plugin=wp-file-manager%2Ffile_folder_manager.php&Submit=Select HTTP/1.1" 200 102121 "-" "Mozilla/5.0 (Windows NT 10.0; Win64; x64) AppleWebKit/537.36 (KHTML, like Gecko) Chrome/133.0.0.0 Safari/537.36"
217.76.58.119 - - [13/Mar/2026:03:46:30 +0330] "POST /wp-admin/admin-ajax.php HTTP/1.1" 200 98 "-" "Mozilla/5.0 (Windows NT 10.0; Win64; x64) AppleWebKit/537.36 (KHTML, like Gecko) Chrome/133.0.0.0 Safari/537.36"
217.76.58.119 - - [13/Mar/2026:03:46:32 +0330] "GET /wp-content/plugins/wp-file-manager/file_folder_manager.php HTTP/1.1" 403 787 "https://www.google.com/" "Mozilla/5.0 (Windows NT 10.0; Win64; x64) AppleWebKit/537.36 (KHTML, like Gecko) Chrome/91.0.4472.124 Safari/537.36"
217.76.58.119 - - [13/Mar/2026:03:46:32 +0330] "POST /wp-admin/admin-ajax.php HTTP/1.1" 200 6250 "https://farazshimi.ir/wp-admin/plugin-editor.php" "Mozilla/5.0 (Windows NT 10.0; Win64; x64) AppleWebKit/537.36 (KHTML, like Gecko) Chrome/138.0.0.0 Safari/537.36"
217.76.58.119 - - [13/Mar/2026:03:46:32 +0330] "GET /wp-admin/plugin-editor.php HTTP/1.1" 200 6140 "https://farazshimi.ir/wp-admin/plugin-editor.php" "Mozilla/5.0 (Windows NT 10.0; Win64; x64) AppleWebKit/537.36 (KHTML, like Gecko) Chrome/138.0.0.0 Safari/537.36"
66.249.65.105 - - [13/Mar/2026:03:50:58 +0330] "GET /market/fletiferous/91036901.htm HTTP/1.1" 200 27037 "-" "Mozilla/5.0 (Linux; Android 6.0.1; Nexus 5X Build/MMB29P) AppleWebKit/537.36 (KHTML, like Gecko) Chrome/145.0.7632.116 Mobile Safari/537.36 (compatible; GoogleOther)"
66.249.65.97 - - [13/Mar/2026:03:52:03 +0330] "GET /market/deucedly/1584830910.htm HTTP/1.1" 200 27402 "-" "Mozilla/5.0 (Linux; Android 6.0.1; Nexus 5X Build/MMB29P) AppleWebKit/537.36 (KHTML, like Gecko) Chrome/145.0.7632.116 Mobile Safari/537.36 (compatible; GoogleOther)"
66.249.65.105 - - [13/Mar/2026:03:52:37 +0330] "GET /market/deucedly/1584830910.htm HTTP/1.1" 200 27402 "-" "Mozilla/5.0 (Linux; Android 6.0.1; Nexus 5X Build/MMB29P) AppleWebKit/537.36 (KHTML, like Gecko) Chrome/145.0.7632.116 Mobile Safari/537.36 (compatible; Googlebot/2.1; +http://www.google.com/bot.html)"
66.249.65.105 - - [13/Mar/2026:03:52:44 +0330] "GET /market/diluted/1075059374.htm HTTP/1.1" 200 27046 "-" "Mozilla/5.0 (Linux; Android 6.0.1; Nexus 5X Build/MMB29P) AppleWebKit/537.36 (KHTML, like Gecko) Chrome/145.0.7632.116 Mobile Safari/537.36 (compatible; Googlebot/2.1; +http://www.google.com/bot.html)"
66.249.65.97 - - [13/Mar/2026:03:53:27 +0330] "GET /market/rails/3348295799.htm HTTP/1.1" 200 26971 "-" "Mozilla/5.0 (Linux; Android 6.0.1; Nexus 5X Build/MMB29P) AppleWebKit/537.36 (KHTML, like Gecko) Chrome/145.0.7632.116 Mobile Safari/537.36 (compatible; GoogleOther)"
216.73.216.149 - - [13/Mar/2026:03:54:35 +0330] "GET /ways-to-get-very-first-deposit-extra-inside-a-real-income/feed HTTP/2" 200 3797 "-" "Mozilla/5.0 AppleWebKit/537.36 (KHTML, like Gecko; compatible; ClaudeBot/1.0; +claudebot@anthropic.com)"
216.73.216.149 - - [13/Mar/2026:03:56:14 +0330] "GET /ways-to-get-very-first-deposit-extra-inside-a-real-income/instagram.com/farazshimialborz HTTP/2" 200 3762 "-" "Mozilla/5.0 AppleWebKit/537.36 (KHTML, like Gecko; compatible; ClaudeBot/1.0; +claudebot@anthropic.com)"
176.31.139.4 - - [13/Mar/2026:03:56:45 +0330] "GET /market/pizzle/3414474702.htm HTTP/2" 200 3797 "-" "Mozilla/5.0 (compatible; AhrefsBot/7.0; +http://ahrefs.com/robot/)"
216.73.216.149 - - [13/Mar/2026:03:57:27 +0330] "GET /online-casino-czk-jak-si-uzit-hazardni-hry-z-pohodli-domova/feed HTTP/2" 200 3797 "-" "Mozilla/5.0 AppleWebKit/537.36 (KHTML, like Gecko; compatible; ClaudeBot/1.0; +claudebot@anthropic.com)"
216.73.216.149 - - [13/Mar/2026:03:57:31 +0330] "GET /online-casino-czech-republic-vse-co-potrebujete-vedet-o-online-casino-cz/feed HTTP/2" 200 3797 "-" "Mozilla/5.0 AppleWebKit/537.36 (KHTML, like Gecko; compatible; ClaudeBot/1.0; +claudebot@anthropic.com)"
216.73.216.149 - - [13/Mar/2026:03:57:52 +0330] "GET /online-casino-czk-jak-si-uzit-hazardni-hry-z-pohodli-domova/instagram.com/farazshimialborz HTTP/2" 200 3797 "-" "Mozilla/5.0 AppleWebKit/537.36 (KHTML, like Gecko; compatible; ClaudeBot/1.0; +claudebot@anthropic.com)"
66.249.65.96 - - [13/Mar/2026:03:58:01 +0330] "GET /market/canecutter/1768724561.htm HTTP/1.1" 200 27680 "-" "Mozilla/5.0 (Linux; Android 6.0.1; Nexus 5X Build/MMB29P) AppleWebKit/537.36 (KHTML, like Gecko) Chrome/145.0.7632.116 Mobile Safari/537.36 (compatible; GoogleOther)"
216.73.216.149 - - [13/Mar/2026:03:58:38 +0330] "GET /casino-vstupni-bonus-bonus-za-registraci-jako-klic-k-uspechu/989930062081 HTTP/2" 200 3797 "-" "Mozilla/5.0 AppleWebKit/537.36 (KHTML, like Gecko; compatible; ClaudeBot/1.0; +claudebot@anthropic.com)"
66.249.76.162 - - [13/Mar/2026:03:58:46 +0330] "GET /market/elfishly/981986220.htm HTTP/1.1" 200 27885 "-" "Mozilla/5.0 (Linux; Android 6.0.1; Nexus 5X Build/MMB29P) AppleWebKit/537.36 (KHTML, like Gecko) Chrome/145.0.7632.116 Mobile Safari/537.36 (compatible; GoogleOther)"
66.249.76.162 - - [13/Mar/2026:03:58:48 +0330] "GET /market/pirouetted/177664708.htm HTTP/1.1" 200 27314 "-" "Mozilla/5.0 (Linux; Android 6.0.1; Nexus 5X Build/MMB29P) AppleWebKit/537.36 (KHTML, like Gecko) Chrome/145.0.7632.116 Mobile Safari/537.36 (compatible; GoogleOther)"
216.73.216.149 - - [13/Mar/2026:03:58:59 +0330] "GET /casino-vstupni-bonus-bonus-za-registraci-jako-klic-k-uspechu/instagram.com/farazshimialborz HTTP/2" 200 3797 "-" "Mozilla/5.0 AppleWebKit/537.36 (KHTML, like Gecko; compatible; ClaudeBot/1.0; +claudebot@anthropic.com)"
66.249.76.164 - - [13/Mar/2026:03:59:16 +0330] "GET /market/canecutter/1768724561.htm HTTP/1.1" 200 27680 "-" "Mozilla/5.0 (Linux; Android 6.0.1; Nexus 5X Build/MMB29P) AppleWebKit/537.36 (KHTML, like Gecko) Chrome/145.0.7632.116 Mobile Safari/537.36 (compatible; Googlebot/2.1; +http://www.google.com/bot.html)"
216.73.216.149 - - [13/Mar/2026:03:59:30 +0330] "GET /online-casino-czech-republic-vse-co-potrebujete-vedet-o-online-casino-cz/instagram.com/farazshimialborz HTTP/2" 200 3797 "-" "Mozilla/5.0 AppleWebKit/537.36 (KHTML, like Gecko; compatible; ClaudeBot/1.0; +claudebot@anthropic.com)"
216.73.216.149 - - [13/Mar/2026:03:59:46 +0330] "GET /online-casino-czk-jak-si-uzit-hazardni-hry-z-pohodli-domova/989930062081 HTTP/2" 200 3817 "-" "Mozilla/5.0 AppleWebKit/537.36 (KHTML, like Gecko; compatible; ClaudeBot/1.0; +claudebot@anthropic.com)"
66.249.76.162 - - [13/Mar/2026:03:59:58 +0330] "GET /market/divisibility/80311155.htm HTTP/1.1" 200 26936 "-" "Mozilla/5.0 (Linux; Android 6.0.1; Nexus 5X Build/MMB29P) AppleWebKit/537.36 (KHTML, like Gecko) Chrome/145.0.7632.116 Mobile Safari/537.36 (compatible; GoogleOther)"
209.141.54.205 - - [13/Mar/2026:03:54:29 +0330] "GET /wp-login.php HTTP/1.1" 200 53602 "-" "Mozilla/5.0 (iPad; CPU OS 7_1_2 like Mac OS X) AppleWebKit/537.51.2 (KHTML, like Gecko) Version/7.0 Mobile/11D257 Safari/9537.53"
216.73.216.149 - - [13/Mar/2026:03:54:39 +0330] "GET /?p=785 HTTP/2" 200 3797 "-" "Mozilla/5.0 AppleWebKit/537.36 (KHTML, like Gecko; compatible; ClaudeBot/1.0; +claudebot@anthropic.com)"
216.73.216.149 - - [13/Mar/2026:03:54:42 +0330] "GET /?p=431 HTTP/2" 200 3797 "-" "Mozilla/5.0 AppleWebKit/537.36 (KHTML, like Gecko; compatible; ClaudeBot/1.0; +claudebot@anthropic.com)"
216.73.216.149 - - [13/Mar/2026:03:56:11 +0330] "GET /ways-to-get-very-first-deposit-extra-inside-a-real-income/989930062081 HTTP/2" 200 3797 "-" "Mozilla/5.0 AppleWebKit/537.36 (KHTML, like Gecko; compatible; ClaudeBot/1.0; +claudebot@anthropic.com)"
216.73.216.149 - - [13/Mar/2026:03:56:49 +0330] "GET /?p=429 HTTP/2" 200 3797 "-" "Mozilla/5.0 AppleWebKit/537.36 (KHTML, like Gecko; compatible; ClaudeBot/1.0; +claudebot@anthropic.com)"
216.73.216.149 - - [13/Mar/2026:03:56:52 +0330] "GET /?p=433 HTTP/2" 200 3797 "-" "Mozilla/5.0 AppleWebKit/537.36 (KHTML, like Gecko; compatible; ClaudeBot/1.0; +claudebot@anthropic.com)"
216.73.216.149 - - [13/Mar/2026:03:59:13 +0330] "GET /online-casino-czech-republic-vse-co-potrebujete-vedet-o-online-casino-cz/989930062081 HTTP/2" 200 3797 "-" "Mozilla/5.0 AppleWebKit/537.36 (KHTML, like Gecko; compatible; ClaudeBot/1.0; +claudebot@anthropic.com)"
66.249.65.105 - - [13/Mar/2026:03:59:18 +0330] "GET /market/apiarian/3648547896.htm HTTP/1.1" 200 26950 "-" "Mozilla/5.0 (Linux; Android 6.0.1; Nexus 5X Build/MMB29P) AppleWebKit/537.36 (KHTML, like Gecko) Chrome/145.0.7632.116 Mobile Safari/537.36 (compatible; GoogleOther)"
66.249.65.96 - - [13/Mar/2026:03:59:20 +0330] "GET /market/zincongraphical/1352342647.htm HTTP/1.1" 200 28003 "-" "Mozilla/5.0 (Linux; Android 6.0.1; Nexus 5X Build/MMB29P) AppleWebKit/537.36 (KHTML, like Gecko) Chrome/145.0.7632.116 Mobile Safari/537.36 (compatible; GoogleOther)"
66.249.76.163 - - [13/Mar/2026:03:59:23 +0330] "GET /market/puffingly/70739775.htm HTTP/1.1" 200 26514 "-" "Mozilla/5.0 (Linux; Android 6.0.1; Nexus 5X Build/MMB29P) AppleWebKit/537.36 (KHTML, like Gecko) Chrome/145.0.7632.116 Mobile Safari/537.36 (compatible; GoogleOther)"
66.249.65.105 - - [13/Mar/2026:04:00:06 +0330] "GET /market/apiarian/3648547896.htm HTTP/1.1" 200 26950 "-" "Mozilla/5.0 (Linux; Android 6.0.1; Nexus 5X Build/MMB29P) AppleWebKit/537.36 (KHTML, like Gecko) Chrome/145.0.7632.116 Mobile Safari/537.36 (compatible; Googlebot/2.1; +http://www.google.com/bot.html)"
66.249.76.162 - - [13/Mar/2026:04:00:26 +0330] "GET /market/zincongraphical/1352342647.htm HTTP/1.1" 200 28003 "-" "Mozilla/5.0 (Linux; Android 6.0.1; Nexus 5X Build/MMB29P) AppleWebKit/537.36 (KHTML, like Gecko) Chrome/145.0.7632.116 Mobile Safari/537.36 (compatible; Googlebot/2.1; +http://www.google.com/bot.html)"
216.73.216.149 - - [13/Mar/2026:04:00:35 +0330] "GET /that-it-program-captivates-players-with-its-varied-online-game-possibilities-secure-environment-and-you-can-frequent-advertising-now-offers HTTP/2" 200 3797 "-" "Mozilla/5.0 AppleWebKit/537.36 (KHTML, like Gecko; compatible; ClaudeBot/1.0; +claudebot@anthropic.com)"
66.249.65.105 - - [13/Mar/2026:04:01:48 +0330] "GET /market/vertebrate/3757599787.htm HTTP/1.1" 200 26963 "-" "Mozilla/5.0 (Linux; Android 6.0.1; Nexus 5X Build/MMB29P) AppleWebKit/537.36 (KHTML, like Gecko) Chrome/145.0.7632.116 Mobile Safari/537.36 (compatible; GoogleOther)"
66.249.65.96 - - [13/Mar/2026:04:02:20 +0330] "GET /market/trichinosis/2728739022.htm HTTP/1.1" 200 26921 "-" "Mozilla/5.0 (Linux; Android 6.0.1; Nexus 5X Build/MMB29P) AppleWebKit/537.36 (KHTML, like Gecko) Chrome/145.0.7632.116 Mobile Safari/537.36 (compatible; GoogleOther)"
66.249.76.162 - - [13/Mar/2026:04:00:00 +0330] "GET /market/centenaries/996698086.htm HTTP/1.1" 200 28545 "-" "Mozilla/5.0 (Linux; Android 6.0.1; Nexus 5X Build/MMB29P) AppleWebKit/537.36 (KHTML, like Gecko) Chrome/145.0.7632.116 Mobile Safari/537.36 (compatible; GoogleOther)"
216.73.216.149 - - [13/Mar/2026:04:00:32 +0330] "GET /casino-vstupni-bonus-bonus-za-registraci-jako-klic-k-uspechu/feed HTTP/2" 200 3797 "-" "Mozilla/5.0 AppleWebKit/537.36 (KHTML, like Gecko; compatible; ClaudeBot/1.0; +claudebot@anthropic.com)"
66.249.65.105 - - [13/Mar/2026:04:01:16 +0330] "GET /market/dubitative/4190426204.htm HTTP/1.1" 200 26955 "-" "Mozilla/5.0 (Linux; Android 6.0.1; Nexus 5X Build/MMB29P) AppleWebKit/537.36 (KHTML, like Gecko) Chrome/145.0.7632.116 Mobile Safari/537.36 (compatible; GoogleOther)"
66.249.76.163 - - [13/Mar/2026:04:01:49 +0330] "GET /market/idiomatic/54341885.htm HTTP/1.1" 200 27931 "-" "Mozilla/5.0 (Linux; Android 6.0.1; Nexus 5X Build/MMB29P) AppleWebKit/537.36 (KHTML, like Gecko) Chrome/145.0.7632.116 Mobile Safari/537.36 (compatible; GoogleOther)"
66.249.65.97 - - [13/Mar/2026:04:02:15 +0330] "GET /market/vertebrate/3757599787.htm HTTP/1.1" 200 26963 "-" "Mozilla/5.0 (Linux; Android 6.0.1; Nexus 5X Build/MMB29P) AppleWebKit/537.36 (KHTML, like Gecko) Chrome/145.0.7632.116 Mobile Safari/537.36 (compatible; Googlebot/2.1; +http://www.google.com/bot.html)"
66.249.76.164 - - [13/Mar/2026:04:03:36 +0330] "GET /market/waverer/1004587054.htm HTTP/1.1" 200 27800 "-" "Mozilla/5.0 (Linux; Android 6.0.1; Nexus 5X Build/MMB29P) AppleWebKit/537.36 (KHTML, like Gecko) Chrome/145.0.7632.116 Mobile Safari/537.36 (compatible; GoogleOther)"
66.249.65.97 - - [13/Mar/2026:04:04:45 +0330] "GET /market/scraped/4249056897.htm HTTP/1.1" 200 28404 "-" "Mozilla/5.0 (Linux; Android 6.0.1; Nexus 5X Build/MMB29P) AppleWebKit/537.36 (KHTML, like Gecko) Chrome/145.0.7632.116 Mobile Safari/537.36 (compatible; GoogleOther)"
66.249.76.162 - - [13/Mar/2026:04:05:25 +0330] "GET /market/distune/553396627.htm HTTP/1.1" 200 27619 "-" "Mozilla/5.0 (Linux; Android 6.0.1; Nexus 5X Build/MMB29P) AppleWebKit/537.36 (KHTML, like Gecko) Chrome/145.0.7632.116 Mobile Safari/537.36 (compatible; GoogleOther)"
66.249.65.96 - - [13/Mar/2026:04:05:27 +0330] "GET /market/handiwork/2195659080.htm HTTP/1.1" 200 27690 "-" "Mozilla/5.0 (Linux; Android 6.0.1; Nexus 5X Build/MMB29P) AppleWebKit/537.36 (KHTML, like Gecko) Chrome/145.0.7632.116 Mobile Safari/537.36 (compatible; GoogleOther)"
66.249.76.162 - - [13/Mar/2026:04:05:53 +0330] "GET /ctg/apiAllLCate/ HTTP/1.1" 200 27324 "https://farazshimi.ir/market/ophiocephalus/3962279987.htm" "Mozilla/5.0 (Linux; Android 6.0.1; Nexus 5X Build/MMB29P) AppleWebKit/537.36 (KHTML, like Gecko) Chrome/145.0.7632.116 Mobile Safari/537.36 (compatible; GoogleOther)"
66.249.65.105 - - [13/Mar/2026:04:06:00 +0330] "GET /market/intermutual/4250011002.htm HTTP/1.1" 200 27546 "-" "Mozilla/5.0 (Linux; Android 6.0.1; Nexus 5X Build/MMB29P) AppleWebKit/537.36 (KHTML, like Gecko) Chrome/145.0.7632.116 Mobile Safari/537.36 (compatible; GoogleOther)"
92.222.104.195 - - [13/Mar/2026:04:06:30 +0330] "GET /market/nepotism/2086616612.htm HTTP/2" 200 3762 "-" "Mozilla/5.0 (compatible; AhrefsBot/7.0; +http://ahrefs.com/robot/)"
66.249.65.105 - - [13/Mar/2026:04:06:35 +0330] "GET /market/mindfulness/879005942.htm HTTP/1.1" 200 27057 "-" "Mozilla/5.0 (Linux; Android 6.0.1; Nexus 5X Build/MMB29P) AppleWebKit/537.36 (KHTML, like Gecko) Chrome/145.0.7632.116 Mobile Safari/537.36 (compatible; GoogleOther)"
66.249.76.162 - - [13/Mar/2026:04:06:37 +0330] "GET /market/lithographically/196372973.htm HTTP/1.1" 200 27077 "-" "Mozilla/5.0 (Linux; Android 6.0.1; Nexus 5X Build/MMB29P) AppleWebKit/537.36 (KHTML, like Gecko) Chrome/145.0.7632.116 Mobile Safari/537.36 (compatible; GoogleOther)"
66.249.65.105 - - [13/Mar/2026:04:04:08 +0330] "GET /market/argument/2345122181.htm HTTP/1.1" 200 26896 "-" "Mozilla/5.0 (Linux; Android 6.0.1; Nexus 5X Build/MMB29P) AppleWebKit/537.36 (KHTML, like Gecko) Chrome/145.0.7632.116 Mobile Safari/537.36 (compatible; GoogleOther)"
66.249.76.163 - - [13/Mar/2026:04:04:43 +0330] "GET /market/mushroom/408779894.htm HTTP/1.1" 200 27811 "-" "Mozilla/5.0 (Linux; Android 6.0.1; Nexus 5X Build/MMB29P) AppleWebKit/537.36 (KHTML, like Gecko) Chrome/145.0.7632.116 Mobile Safari/537.36 (compatible; GoogleOther)"
66.249.65.105 - - [13/Mar/2026:04:05:18 +0330] "GET /market/ophiocephalus/3962279987.htm HTTP/1.1" 200 27177 "-" "Mozilla/5.0 (Linux; Android 6.0.1; Nexus 5X Build/MMB29P) AppleWebKit/537.36 (KHTML, like Gecko) Chrome/145.0.7632.116 Mobile Safari/537.36 (compatible; GoogleOther)"
66.249.65.105 - - [13/Mar/2026:04:06:12 +0330] "GET /market/ophiocephalus/3962279987.htm HTTP/1.1" 200 27177 "-" "Mozilla/5.0 (Linux; Android 6.0.1; Nexus 5X Build/MMB29P) AppleWebKit/537.36 (KHTML, like Gecko) Chrome/145.0.7632.116 Mobile Safari/537.36 (compatible; Googlebot/2.1; +http://www.google.com/bot.html)"
66.249.65.105 - - [13/Mar/2026:04:06:26 +0330] "GET /market/waxwork/1532842114.htm HTTP/1.1" 200 27069 "-" "Mozilla/5.0 (Linux; Android 6.0.1; Nexus 5X Build/MMB29P) AppleWebKit/537.36 (KHTML, like Gecko) Chrome/145.0.7632.116 Mobile Safari/537.36 (compatible; GoogleOther)"
66.249.76.162 - - [13/Mar/2026:04:06:27 +0330] "GET /market/handiwork/2195659080.htm HTTP/1.1" 200 27690 "-" "Mozilla/5.0 (Linux; Android 6.0.1; Nexus 5X Build/MMB29P) AppleWebKit/537.36 (KHTML, like Gecko) Chrome/145.0.7632.116 Mobile Safari/537.36 (compatible; Googlebot/2.1; +http://www.google.com/bot.html)"
66.249.76.162 - - [13/Mar/2026:04:06:48 +0330] "GET /market/intermutual/4250011002.htm HTTP/1.1" 200 27546 "-" "Mozilla/5.0 (Linux; Android 6.0.1; Nexus 5X Build/MMB29P) AppleWebKit/537.36 (KHTML, like Gecko) Chrome/145.0.7632.116 Mobile Safari/537.36 (compatible; Googlebot/2.1; +http://www.google.com/bot.html)"
147.135.252.182 - - [13/Mar/2026:04:06:55 +0330] "GET /robots.txt HTTP/1.1" 200 79 "-" "Mozilla/5.0 (compatible; MJ12bot/v1.4.8; http://mj12bot.com/)"
147.135.252.182 - - [13/Mar/2026:04:06:59 +0330] "GET /%D8%AF%D9%88%D8%AF%D9%87-2/ HTTP/1.1" 200 3797 "-" "Mozilla/5.0 (compatible; MJ12bot/v1.4.8; http://mj12bot.com/)"
147.135.252.182 - - [13/Mar/2026:04:07:03 +0330] "GET /%D8%B1%D9%88%D8%BA%D9%86-%D9%84%D8%A7%D8%B3%D8%AA%DB%8C%DA%A9/ HTTP/1.1" 200 3797 "-" "Mozilla/5.0 (compatible; MJ12bot/v1.4.8; http://mj12bot.com/)"
66.249.65.97 - - [13/Mar/2026:04:07:03 +0330] "GET /market/waxwork/1532842114.htm HTTP/1.1" 200 27069 "-" "Mozilla/5.0 (Linux; Android 6.0.1; Nexus 5X Build/MMB29P) AppleWebKit/537.36 (KHTML, like Gecko) Chrome/145.0.7632.116 Mobile Safari/537.36 (compatible; Googlebot/2.1; +http://www.google.com/bot.html)"
147.135.252.182 - - [13/Mar/2026:04:07:07 +0330] "GET /for-every-single-reputation-examines-the-center-features-online-game-offerings-extra-formations-commission-options-and-you-may-commitment-to-athlete-help-and-you-may-responsible-playing/989930062081 HTTP/1.1" 200 3797 "-" "Mozilla/5.0 (compatible; MJ12bot/v1.4.8; http://mj12bot.com/)"
147.135.252.182 - - [13/Mar/2026:04:07:11 +0330] "GET /for-every-single-reputation-examines-the-center-features-online-game-offerings-extra-formations-commission-options-and-you-may-commitment-to-athlete-help-and-you-may-responsible-playing/feed/ HTTP/1.1" 200 3797 "-" "Mozilla/5.0 (compatible; MJ12bot/v1.4.8; http://mj12bot.com/)"
147.135.252.182 - - [13/Mar/2026:04:07:16 +0330] "GET /for-every-single-reputation-examines-the-center-features-online-game-offerings-extra-formations-commission-options-and-you-may-commitment-to-athlete-help-and-you-may-responsible-playing/instagram.com/farazshimialborz HTTP/1.1" 200 3797 "-" "Mozilla/5.0 (compatible; MJ12bot/v1.4.8; http://mj12bot.com/)"
66.249.76.163 - - [13/Mar/2026:04:07:15 +0330] "GET /market/salutatorily/3034803530.htm HTTP/1.1" 200 27391 "-" "Mozilla/5.0 (Linux; Android 6.0.1; Nexus 5X Build/MMB29P) AppleWebKit/537.36 (KHTML, like Gecko) Chrome/145.0.7632.116 Mobile Safari/537.36 (compatible; GoogleOther)"
66.249.65.105 - - [13/Mar/2026:04:07:16 +0330] "GET /market/mindfulness/879005942.htm HTTP/1.1" 200 27057 "-" "Mozilla/5.0 (Linux; Android 6.0.1; Nexus 5X Build/MMB29P) AppleWebKit/537.36 (KHTML, like Gecko) Chrome/145.0.7632.116 Mobile Safari/537.36 (compatible; Googlebot/2.1; +http://www.google.com/bot.html)"
66.249.76.163 - - [13/Mar/2026:04:08:27 +0330] "GET /market/effluence/2998882010.htm HTTP/1.1" 200 28167 "-" "Mozilla/5.0 (Linux; Android 6.0.1; Nexus 5X Build/MMB29P) AppleWebKit/537.36 (KHTML, like Gecko) Chrome/145.0.7632.116 Mobile Safari/537.36 (compatible; Googlebot/2.1; +http://www.google.com/bot.html)"
66.249.76.163 - - [13/Mar/2026:04:08:59 +0330] "GET /market/bounds/1781577041.htm HTTP/1.1" 200 27687 "-" "Mozilla/5.0 (Linux; Android 6.0.1; Nexus 5X Build/MMB29P) AppleWebKit/537.36 (KHTML, like Gecko) Chrome/145.0.7632.116 Mobile Safari/537.36 (compatible; GoogleOther)"
66.249.65.105 - - [13/Mar/2026:04:09:26 +0330] "GET /market/anacathartic/1905848720.htm HTTP/1.1" 200 27273 "-" "Mozilla/5.0 (Linux; Android 6.0.1; Nexus 5X Build/MMB29P) AppleWebKit/537.36 (KHTML, like Gecko) Chrome/145.0.7632.116 Mobile Safari/537.36 (compatible; GoogleOther)"
66.249.65.105 - - [13/Mar/2026:04:10:02 +0330] "GET /market/successionally/1368944493.htm HTTP/1.1" 200 27317 "-" "Mozilla/5.0 (Linux; Android 6.0.1; Nexus 5X Build/MMB29P) AppleWebKit/537.36 (KHTML, like Gecko) Chrome/145.0.7632.116 Mobile Safari/537.36 (compatible; Googlebot/2.1; +http://www.google.com/bot.html)"
147.135.252.182 - - [13/Mar/2026:04:07:20 +0330] "GET /if-the-games-is-not-packing-it-would-be-due-to-a-lacking-net-connection/ HTTP/1.1" 200 3797 "-" "Mozilla/5.0 (compatible; MJ12bot/v1.4.8; http://mj12bot.com/)"
147.135.252.182 - - [13/Mar/2026:04:07:25 +0330] "GET /look-for-everything-you-need-to-learn-within-our-greatest-ports-guide/ HTTP/1.1" 200 3797 "-" "Mozilla/5.0 (compatible; MJ12bot/v1.4.8; http://mj12bot.com/)"
147.135.252.182 - - [13/Mar/2026:04:07:29 +0330] "GET /quick-withdrawals-download-all-the-slots-gambling-enterprise-at-no-cost-or-instantaneous-enjoy-thumb-casino/989930062081 HTTP/1.1" 200 3797 "-" "Mozilla/5.0 (compatible; MJ12bot/v1.4.8; http://mj12bot.com/)"
147.135.252.182 - - [13/Mar/2026:04:07:34 +0330] "GET /quick-withdrawals-download-all-the-slots-gambling-enterprise-at-no-cost-or-instantaneous-enjoy-thumb-casino/feed/ HTTP/1.1" 200 3797 "-" "Mozilla/5.0 (compatible; MJ12bot/v1.4.8; http://mj12bot.com/)"
147.135.252.182 - - [13/Mar/2026:04:07:38 +0330] "GET /quick-withdrawals-download-all-the-slots-gambling-enterprise-at-no-cost-or-instantaneous-enjoy-thumb-casino/instagram.com/farazshimialborz HTTP/1.1" 200 3797 "-" "Mozilla/5.0 (compatible; MJ12bot/v1.4.8; http://mj12bot.com/)"
147.135.252.182 - - [13/Mar/2026:04:07:42 +0330] "GET /rdv%D9%82%DB%8C%D8%B1/ HTTP/1.1" 200 3797 "-" "Mozilla/5.0 (compatible; MJ12bot/v1.4.8; http://mj12bot.com/)"
147.135.252.182 - - [13/Mar/2026:04:07:46 +0330] "GET /videoslots-is-one-of-the-prominent-online-casinos-internationally/ HTTP/1.1" 200 3797 "-" "Mozilla/5.0 (compatible; MJ12bot/v1.4.8; http://mj12bot.com/)"
66.249.65.105 - - [13/Mar/2026:04:07:48 +0330] "GET /market/effluence/2998882010.htm HTTP/1.1" 200 28167 "-" "Mozilla/5.0 (Linux; Android 6.0.1; Nexus 5X Build/MMB29P) AppleWebKit/537.36 (KHTML, like Gecko) Chrome/145.0.7632.116 Mobile Safari/537.36 (compatible; GoogleOther)"
66.249.65.105 - - [13/Mar/2026:04:07:50 +0330] "GET /market/numeration/1432154587.htm HTTP/1.1" 200 27333 "-" "Mozilla/5.0 (Linux; Android 6.0.1; Nexus 5X Build/MMB29P) AppleWebKit/537.36 (KHTML, like Gecko) Chrome/145.0.7632.116 Mobile Safari/537.36 (compatible; GoogleOther)"
147.135.252.182 - - [13/Mar/2026:04:07:50 +0330] "GET /you-to-might-not-accept-is-as-true-however-washington-has-many-playing-attractions-one-receive-individuals-to-is-their-fortune/989930062081 HTTP/1.1" 200 3797 "-" "Mozilla/5.0 (compatible; MJ12bot/v1.4.8; http://mj12bot.com/)"
147.135.252.182 - - [13/Mar/2026:04:07:54 +0330] "GET /you-to-might-not-accept-is-as-true-however-washington-has-many-playing-attractions-one-receive-individuals-to-is-their-fortune/feed/ HTTP/1.1" 200 3797 "-" "Mozilla/5.0 (compatible; MJ12bot/v1.4.8; http://mj12bot.com/)"
147.135.252.182 - - [13/Mar/2026:04:07:59 +0330] "GET /you-to-might-not-accept-is-as-true-however-washington-has-many-playing-attractions-one-receive-individuals-to-is-their-fortune/instagram.com/farazshimialborz HTTP/1.1" 200 3797 "-" "Mozilla/5.0 (compatible; MJ12bot/v1.4.8; http://mj12bot.com/)"
66.249.65.105 - - [13/Mar/2026:04:09:33 +0330] "GET /market/methylamine/899758351.htm HTTP/1.1" 200 28281 "-" "Mozilla/5.0 (Linux; Android 6.0.1; Nexus 5X Build/MMB29P) AppleWebKit/537.36 (KHTML, like Gecko) Chrome/145.0.7632.116 Mobile Safari/537.36 (compatible; GoogleOther)"
66.249.65.105 - - [13/Mar/2026:04:09:35 +0330] "GET /market/successionally/1368944493.htm HTTP/1.1" 200 27317 "-" "Mozilla/5.0 (Linux; Android 6.0.1; Nexus 5X Build/MMB29P) AppleWebKit/537.36 (KHTML, like Gecko) Chrome/145.0.7632.116 Mobile Safari/537.36 (compatible; GoogleOther)"
66.249.65.96 - - [13/Mar/2026:04:10:12 +0330] "GET /market/browbeating/2162922838.htm HTTP/1.1" 200 26101 "-" "Mozilla/5.0 (Linux; Android 6.0.1; Nexus 5X Build/MMB29P) AppleWebKit/537.36 (KHTML, like Gecko) Chrome/145.0.7632.116 Mobile Safari/537.36 (compatible; GoogleOther)"
66.249.76.164 - - [13/Mar/2026:04:11:36 +0330] "GET /market/heathenesse/4187023886.htm HTTP/1.1" 200 27389 "-" "Mozilla/5.0 (Linux; Android 6.0.1; Nexus 5X Build/MMB29P) AppleWebKit/537.36 (KHTML, like Gecko) Chrome/145.0.7632.116 Mobile Safari/537.36 (compatible; GoogleOther)"
94.139.29.2 - - [13/Mar/2026:04:12:38 +0330] "POST /xmlrpc.php HTTP/2" 200 4699 "-" "Mozilla/5.0"
94.139.29.2 - - [13/Mar/2026:04:12:39 +0330] "POST /xmlrpc.php HTTP/2" 200 4660 "-" "Mozilla/5.0"
66.249.65.105 - - [13/Mar/2026:04:13:34 +0330] "GET /market/cupulate/557177325.htm HTTP/1.1" 200 28713 "-" "Mozilla/5.0 (Linux; Android 6.0.1; Nexus 5X Build/MMB29P) AppleWebKit/537.36 (KHTML, like Gecko) Chrome/145.0.7632.116 Mobile Safari/537.36 (compatible; GoogleOther)"
66.249.65.105 - - [13/Mar/2026:04:13:35 +0330] "GET /market/municipalities/4029645360.htm HTTP/1.1" 200 26973 "-" "Mozilla/5.0 (Linux; Android 6.0.1; Nexus 5X Build/MMB29P) AppleWebKit/537.36 (KHTML, like Gecko) Chrome/145.0.7632.116 Mobile Safari/537.36 (compatible; GoogleOther)"
66.249.65.97 - - [13/Mar/2026:04:14:19 +0330] "GET /market/municipalities/4029645360.htm HTTP/1.1" 200 26973 "-" "Mozilla/5.0 (Linux; Android 6.0.1; Nexus 5X Build/MMB29P) AppleWebKit/537.36 (KHTML, like Gecko) Chrome/145.0.7632.116 Mobile Safari/537.36 (compatible; Googlebot/2.1; +http://www.google.com/bot.html)"
66.249.65.97 - - [13/Mar/2026:04:16:19 +0330] "GET /market/lappeting/2424239389.htm HTTP/1.1" 200 27354 "-" "Mozilla/5.0 (Linux; Android 6.0.1; Nexus 5X Build/MMB29P) AppleWebKit/537.36 (KHTML, like Gecko) Chrome/145.0.7632.116 Mobile Safari/537.36 (compatible; GoogleOther)"
66.249.65.96 - - [13/Mar/2026:04:17:04 +0330] "GET /market/lappeting/2424239389.htm HTTP/1.1" 200 27354 "-" "Mozilla/5.0 (Linux; Android 6.0.1; Nexus 5X Build/MMB29P) AppleWebKit/537.36 (KHTML, like Gecko) Chrome/145.0.7632.116 Mobile Safari/537.36 (compatible; Googlebot/2.1; +http://www.google.com/bot.html)"
216.73.216.149 - - [13/Mar/2026:04:17:46 +0330] "GET /robots.txt HTTP/2" 200 79 "-" "Mozilla/5.0 AppleWebKit/537.36 (KHTML, like Gecko; compatible; ClaudeBot/1.0; +claudebot@anthropic.com)"
216.73.216.149 - - [13/Mar/2026:04:17:46 +0330] "GET /?p=640 HTTP/2" 200 3762 "-" "Mozilla/5.0 AppleWebKit/537.36 (KHTML, like Gecko; compatible; ClaudeBot/1.0; +claudebot@anthropic.com)"
216.73.216.149 - - [13/Mar/2026:04:17:49 +0330] "GET /?p=41 HTTP/2" 200 3797 "-" "Mozilla/5.0 AppleWebKit/537.36 (KHTML, like Gecko; compatible; ClaudeBot/1.0; +claudebot@anthropic.com)"
216.73.216.149 - - [13/Mar/2026:04:17:52 +0330] "GET /?p=652 HTTP/2" 200 3797 "-" "Mozilla/5.0 AppleWebKit/537.36 (KHTML, like Gecko; compatible; ClaudeBot/1.0; +claudebot@anthropic.com)"
216.73.216.149 - - [13/Mar/2026:04:17:55 +0330] "GET /?p=656 HTTP/2" 200 3797 "-" "Mozilla/5.0 AppleWebKit/537.36 (KHTML, like Gecko; compatible; ClaudeBot/1.0; +claudebot@anthropic.com)"
216.73.216.149 - - [13/Mar/2026:04:17:58 +0330] "GET /?p=443 HTTP/2" 200 3797 "-" "Mozilla/5.0 AppleWebKit/537.36 (KHTML, like Gecko; compatible; ClaudeBot/1.0; +claudebot@anthropic.com)"
216.73.216.149 - - [13/Mar/2026:04:18:03 +0330] "GET /?p=746 HTTP/2" 200 3797 "-" "Mozilla/5.0 AppleWebKit/537.36 (KHTML, like Gecko; compatible; ClaudeBot/1.0; +claudebot@anthropic.com)"
216.73.216.149 - - [13/Mar/2026:04:18:06 +0330] "GET /?p=744 HTTP/2" 200 3797 "-" "Mozilla/5.0 AppleWebKit/537.36 (KHTML, like Gecko; compatible; ClaudeBot/1.0; +claudebot@anthropic.com)"
216.73.216.149 - - [13/Mar/2026:04:18:09 +0330] "GET /?p=658 HTTP/2" 200 3797 "-" "Mozilla/5.0 AppleWebKit/537.36 (KHTML, like Gecko; compatible; ClaudeBot/1.0; +claudebot@anthropic.com)"
216.73.216.149 - - [13/Mar/2026:04:18:52 +0330] "GET /large-added-bonus-energy-to-your-iphone-revolves-basic-upcoming-places/feed HTTP/2" 200 3797 "-" "Mozilla/5.0 AppleWebKit/537.36 (KHTML, like Gecko; compatible; ClaudeBot/1.0; +claudebot@anthropic.com)"
216.73.216.149 - - [13/Mar/2026:04:18:54 +0330] "GET /?p=638 HTTP/2" 200 3797 "-" "Mozilla/5.0 AppleWebKit/537.36 (KHTML, like Gecko; compatible; ClaudeBot/1.0; +claudebot@anthropic.com)"
216.73.216.149 - - [13/Mar/2026:04:18:57 +0330] "GET /?p=791 HTTP/2" 200 3797 "-" "Mozilla/5.0 AppleWebKit/537.36 (KHTML, like Gecko; compatible; ClaudeBot/1.0; +claudebot@anthropic.com)"
216.73.216.149 - - [13/Mar/2026:04:19:00 +0330] "GET /?p=766 HTTP/2" 200 3797 "-" "Mozilla/5.0 AppleWebKit/537.36 (KHTML, like Gecko; compatible; ClaudeBot/1.0; +claudebot@anthropic.com)"
216.73.216.149 - - [13/Mar/2026:04:19:03 +0330] "GET /?p=532 HTTP/2" 200 3797 "-" "Mozilla/5.0 AppleWebKit/537.36 (KHTML, like Gecko; compatible; ClaudeBot/1.0; +claudebot@anthropic.com)"
161.97.166.122 - - [13/Mar/2026:04:19:06 +0330] "POST /xmlrpc.php HTTP/1.1" 200 4648 "-" "Mozilla/5.0 (Windows NT 10.0; Win64; x64; rv:142.0) Gecko/20100101 Firefox/142.0"
216.73.216.149 - - [13/Mar/2026:04:19:12 +0330] "GET /il-svago-dei-bisca-a-capacita-di-lato-durante-i-giochi-online HTTP/2" 200 3902 "-" "Mozilla/5.0 AppleWebKit/537.36 (KHTML, like Gecko; compatible; ClaudeBot/1.0; +claudebot@anthropic.com)"
216.73.216.149 - - [13/Mar/2026:04:19:14 +0330] "GET /people-local-casino-%ef%bf%bd-ideal-for-labeled-registered-harbors/989930062081 HTTP/2" 200 3797 "-" "Mozilla/5.0 AppleWebKit/537.36 (KHTML, like Gecko; compatible; ClaudeBot/1.0; +claudebot@anthropic.com)"
216.73.216.149 - - [13/Mar/2026:04:19:17 +0330] "GET /make-use-of-your-extra-where-they-delivers-better-game-and-you-will-app-people HTTP/2" 200 3797 "-" "Mozilla/5.0 AppleWebKit/537.36 (KHTML, like Gecko; compatible; ClaudeBot/1.0; +claudebot@anthropic.com)"
216.73.216.149 - - [13/Mar/2026:04:19:20 +0330] "GET /generate-plans-to-have-once-you-gamble-to-avoid-on-your-own-surpassing-go-out-constraints HTTP/2" 200 3797 "-" "Mozilla/5.0 AppleWebKit/537.36 (KHTML, like Gecko; compatible; ClaudeBot/1.0; +claudebot@anthropic.com)"
216.73.216.149 - - [13/Mar/2026:04:19:23 +0330] "GET /a-good-ironclad-certification-regulation-the-new-low-flexible-foundation-of-safety/feed HTTP/2" 200 3797 "-" "Mozilla/5.0 AppleWebKit/537.36 (KHTML, like Gecko; compatible; ClaudeBot/1.0; +claudebot@anthropic.com)"
216.73.216.149 - - [13/Mar/2026:04:19:32 +0330] "GET /huge-mondial-gambling-establishment-california-150-100-free-revolves-chances-to-feel-a-good-millionaire HTTP/2" 200 3828 "-" "Mozilla/5.0 AppleWebKit/537.36 (KHTML, like Gecko; compatible; ClaudeBot/1.0; +claudebot@anthropic.com)"
216.73.216.149 - - [13/Mar/2026:04:19:35 +0330] "GET /you-dont-need-to-render-any-card-information-towards-gambling-enterprise-that-makes-deals-each-other-less-and-secure/feed HTTP/2" 200 3797 "-" "Mozilla/5.0 AppleWebKit/537.36 (KHTML, like Gecko; compatible; ClaudeBot/1.0; +claudebot@anthropic.com)"
216.73.216.149 - - [13/Mar/2026:04:19:38 +0330] "GET /enjoy-over-17000-gambling-games-at-no-cost-otherwise-that-have-a-real-income/feed HTTP/2" 200 3820 "-" "Mozilla/5.0 AppleWebKit/537.36 (KHTML, like Gecko; compatible; ClaudeBot/1.0; +claudebot@anthropic.com)"
216.73.216.149 - - [13/Mar/2026:04:19:41 +0330] "GET /with-a-qualification-inside-analytical-sciences-james-including-draws-towards-the-his-experience-with-possibility-and-you-can-likelihood-in-his-position-recommendations/989930062081 HTTP/2" 200 3797 "-" "Mozilla/5.0 AppleWebKit/537.36 (KHTML, like Gecko; compatible; ClaudeBot/1.0; +claudebot@anthropic.com)"
216.73.216.149 - - [13/Mar/2026:04:19:44 +0330] "GET /but-this-is-simply-not-a-young-casino-player-blowing-their-meagre-wages/feed HTTP/2" 200 3797 "-" "Mozilla/5.0 AppleWebKit/537.36 (KHTML, like Gecko; compatible; ClaudeBot/1.0; +claudebot@anthropic.com)"
216.73.216.149 - - [13/Mar/2026:04:20:35 +0330] "GET /les-meilleures-machines-a-sous-en-ligne-sur-casino-leon/instagram.com/farazshimialborz HTTP/2" 200 3797 "-" "Mozilla/5.0 AppleWebKit/537.36 (KHTML, like Gecko; compatible; ClaudeBot/1.0; +claudebot@anthropic.com)"
216.73.216.149 - - [13/Mar/2026:04:20:37 +0330] "GET /auerdem-aufweisen-die-leser-qua-den-demomodus-ferner-sie-sind-so-gesehen-dasjenige-sichere-sprungbrett HTTP/2" 200 3797 "-" "Mozilla/5.0 AppleWebKit/537.36 (KHTML, like Gecko; compatible; ClaudeBot/1.0; +claudebot@anthropic.com)"
66.249.65.105 - - [13/Mar/2026:04:11:51 +0330] "GET /odr/order/apiGetCartItems/ HTTP/1.1" 200 28225 "https://farazshimi.ir/market/heathenesse/4187023886.htm" "Mozilla/5.0 (Linux; Android 6.0.1; Nexus 5X Build/MMB29P) AppleWebKit/537.36 (KHTML, like Gecko) Chrome/145.0.7632.116 Mobile Safari/537.36 (compatible; GoogleOther)"
66.249.76.162 - - [13/Mar/2026:04:12:03 +0330] "GET /resource/js/json/megadrop_2015new.json HTTP/1.1" 200 27060 "https://farazshimi.ir/market/heathenesse/4187023886.htm" "Mozilla/5.0 (Linux; Android 6.0.1; Nexus 5X Build/MMB29P) AppleWebKit/537.36 (KHTML, like Gecko) Chrome/145.0.7632.116 Mobile Safari/537.36 (compatible; GoogleOther)"
66.249.76.162 - - [13/Mar/2026:04:12:29 +0330] "GET /market/anglocatholicism/2682703951.htm HTTP/1.1" 200 28804 "-" "Mozilla/5.0 (Linux; Android 6.0.1; Nexus 5X Build/MMB29P) AppleWebKit/537.36 (KHTML, like Gecko) Chrome/145.0.7632.116 Mobile Safari/537.36 (compatible; GoogleOther)"
66.249.65.96 - - [13/Mar/2026:04:13:25 +0330] "GET /market/anglocatholicism/2682703951.htm HTTP/1.1" 200 28804 "-" "Mozilla/5.0 (Linux; Android 6.0.1; Nexus 5X Build/MMB29P) AppleWebKit/537.36 (KHTML, like Gecko) Chrome/145.0.7632.116 Mobile Safari/537.36 (compatible; Googlebot/2.1; +http://www.google.com/bot.html)"
66.249.65.105 - - [13/Mar/2026:04:13:58 +0330] "GET /market/juice/264325627.htm HTTP/1.1" 200 26334 "-" "Mozilla/5.0 (Linux; Android 6.0.1; Nexus 5X Build/MMB29P) AppleWebKit/537.36 (KHTML, like Gecko) Chrome/145.0.7632.116 Mobile Safari/537.36 (compatible; GoogleOther)"
66.249.65.105 - - [13/Mar/2026:04:14:25 +0330] "GET /market/cupulate/557177325.htm HTTP/1.1" 200 28713 "-" "Mozilla/5.0 (Linux; Android 6.0.1; Nexus 5X Build/MMB29P) AppleWebKit/537.36 (KHTML, like Gecko) Chrome/145.0.7632.116 Mobile Safari/537.36 (compatible; Googlebot/2.1; +http://www.google.com/bot.html)"
66.249.65.105 - - [13/Mar/2026:04:14:59 +0330] "GET /market/plentifulness/3605462615.htm HTTP/1.1" 200 27409 "-" "Mozilla/5.0 (Linux; Android 6.0.1; Nexus 5X Build/MMB29P) AppleWebKit/537.36 (KHTML, like Gecko) Chrome/145.0.7632.116 Mobile Safari/537.36 (compatible; GoogleOther)"
92.222.104.206 - - [13/Mar/2026:04:15:49 +0330] "GET /market/killdee/1304747839.htm HTTP/2" 200 3797 "-" "Mozilla/5.0 (compatible; AhrefsBot/7.0; +http://ahrefs.com/robot/)"
66.249.76.162 - - [13/Mar/2026:04:15:50 +0330] "GET /market/plentifulness/3605462615.htm HTTP/1.1" 200 27409 "-" "Mozilla/5.0 (Linux; Android 6.0.1; Nexus 5X Build/MMB29P) AppleWebKit/537.36 (KHTML, like Gecko) Chrome/145.0.7632.116 Mobile Safari/537.36 (compatible; Googlebot/2.1; +http://www.google.com/bot.html)"
66.249.65.105 - - [13/Mar/2026:04:17:37 +0330] "GET /market/carolling/1022636112.htm HTTP/1.1" 200 26268 "-" "Mozilla/5.0 (Linux; Android 6.0.1; Nexus 5X Build/MMB29P) AppleWebKit/537.36 (KHTML, like Gecko) Chrome/145.0.7632.116 Mobile Safari/537.36 (compatible; GoogleOther)"
66.249.76.163 - - [13/Mar/2026:04:18:59 +0330] "GET /market/discountenancing/399904074.htm HTTP/1.1" 200 27324 "-" "Mozilla/5.0 (Linux; Android 6.0.1; Nexus 5X Build/MMB29P) AppleWebKit/537.36 (KHTML, like Gecko) Chrome/145.0.7632.116 Mobile Safari/537.36 (compatible; GoogleOther)"
66.249.65.105 - - [13/Mar/2026:04:19:30 +0330] "GET /market/endamaged/225644113.htm HTTP/1.1" 200 26992 "-" "Mozilla/5.0 (Linux; Android 6.0.1; Nexus 5X Build/MMB29P) AppleWebKit/537.36 (KHTML, like Gecko) Chrome/145.0.7632.116 Mobile Safari/537.36 (compatible; GoogleOther)"
66.249.65.105 - - [13/Mar/2026:04:20:16 +0330] "GET /market/endamaged/225644113.htm HTTP/1.1" 200 26992 "-" "Mozilla/5.0 (Linux; Android 6.0.1; Nexus 5X Build/MMB29P) AppleWebKit/537.36 (KHTML, like Gecko) Chrome/145.0.7632.116 Mobile Safari/537.36 (compatible; Googlebot/2.1; +http://www.google.com/bot.html)"
216.73.216.149 - - [13/Mar/2026:04:20:56 +0330] "GET /the-fresh-new-regal-nearest-and-dearest-on-the-web-position-is-the-most-yggdrasils-the-new-isense-2/989930062081 HTTP/2" 200 3817 "-" "Mozilla/5.0 AppleWebKit/537.36 (KHTML, like Gecko; compatible; ClaudeBot/1.0; +claudebot@anthropic.com)"
66.249.65.105 - - [13/Mar/2026:04:20:57 +0330] "GET /market/popularly/780838361.htm HTTP/1.1" 200 26618 "-" "Mozilla/5.0 (Linux; Android 6.0.1; Nexus 5X Build/MMB29P) AppleWebKit/537.36 (KHTML, like Gecko) Chrome/145.0.7632.116 Mobile Safari/537.36 (compatible; GoogleOther)"
216.73.216.149 - - [13/Mar/2026:04:20:59 +0330] "GET /bei-der-sache-effizienz-die-kunden-willkommensboni-nicht-mehr-da-exklusive-langer-kunde-dahinter-bleiben/feed HTTP/2" 200 3797 "-" "Mozilla/5.0 AppleWebKit/537.36 (KHTML, like Gecko; compatible; ClaudeBot/1.0; +claudebot@anthropic.com)"
216.73.216.149 - - [13/Mar/2026:04:21:02 +0330] "GET /wp-content/uploads/2023/08/zachem_menyat_motornoe_vesnoy_1-1024x668.jpg HTTP/2" 200 94433 "-" "Mozilla/5.0 AppleWebKit/537.36 (KHTML, like Gecko; compatible; ClaudeBot/1.0; +claudebot@anthropic.com)"
216.73.216.149 - - [13/Mar/2026:04:21:05 +0330] "GET /%d8%a7%d9%86%d9%88%d8%a7%d8%b9-%d8%a7%d8%b5%d9%84%db%8c-%d8%b1%d9%88%d8%ba%d9%86%e2%80%8c%d9%87%d8%a7%db%8c-%da%af%db%8c%d8%b1%d8%a8%da%a9%d8%b3-%d8%a8%d8%a7-%d8%aa%d9%88%d8%ac%d9%87-%d8%a8%d9%87/989930062081 HTTP/2" 200 3797 "-" "Mozilla/5.0 AppleWebKit/537.36 (KHTML, like Gecko; compatible; ClaudeBot/1.0; +claudebot@anthropic.com)"
66.249.76.163 - - [13/Mar/2026:04:21:27 +0330] "GET /market/popularly/780838361.htm HTTP/1.1" 200 26618 "-" "Mozilla/5.0 (Linux; Android 6.0.1; Nexus 5X Build/MMB29P) AppleWebKit/537.36 (KHTML, like Gecko) Chrome/145.0.7632.116 Mobile Safari/537.36 (compatible; Googlebot/2.1; +http://www.google.com/bot.html)"
66.249.65.105 - - [13/Mar/2026:04:21:32 +0330] "GET /market/hyporachis/2840207483.htm HTTP/1.1" 200 28047 "-" "Mozilla/5.0 (Linux; Android 6.0.1; Nexus 5X Build/MMB29P) AppleWebKit/537.36 (KHTML, like Gecko) Chrome/145.0.7632.116 Mobile Safari/537.36 (compatible; GoogleOther)"
216.73.216.149 - - [13/Mar/2026:04:21:34 +0330] "GET /videoslots-is-one-of-the-prominent-online-casinos-internationally/instagram.com/farazshimialborz HTTP/2" 200 3797 "-" "Mozilla/5.0 AppleWebKit/537.36 (KHTML, like Gecko; compatible; ClaudeBot/1.0; +claudebot@anthropic.com)"
216.73.216.149 - - [13/Mar/2026:04:21:36 +0330] "GET /anything-your-profit-away-from-an-extra-twist-games-have-a-tendency-to-fill-their-money/instagram.com/farazshimialborz HTTP/2" 200 3797 "-" "Mozilla/5.0 AppleWebKit/537.36 (KHTML, like Gecko; compatible; ClaudeBot/1.0; +claudebot@anthropic.com)"
216.73.216.149 - - [13/Mar/2026:04:21:39 +0330] "GET /a-knowledgeable-online-casinos-playing-online-slots-the-real-deal-money-in-the-2026/instagram.com/farazshimialborz HTTP/2" 200 3797 "-" "Mozilla/5.0 AppleWebKit/537.36 (KHTML, like Gecko; compatible; ClaudeBot/1.0; +claudebot@anthropic.com)"
216.73.216.149 - - [13/Mar/2026:04:21:42 +0330] "GET /a-knowledgeable-online-casinos-playing-online-slots-the-real-deal-money-in-the-2026/989930062081 HTTP/2" 200 3828 "-" "Mozilla/5.0 AppleWebKit/537.36 (KHTML, like Gecko; compatible; ClaudeBot/1.0; +claudebot@anthropic.com)"
216.73.216.149 - - [13/Mar/2026:04:22:21 +0330] "GET /die-bearbeitungszeiten-ausrichten-sich-eingeschaltet-ihr-gewahlten-technik-unter-anderem-liegen-inoffizieller-mitarbeiter-branchenvergleich-im-soliden-mittelfeld/989930062081 HTTP/2" 200 3797 "-" "Mozilla/5.0 AppleWebKit/537.36 (KHTML, like Gecko; compatible; ClaudeBot/1.0; +claudebot@anthropic.com)"
216.73.216.149 - - [13/Mar/2026:04:22:24 +0330] "GET /banking-strategies-participants-may-use-when-you-look-at-the-united-states-gambling-on-line/instagram.com/farazshimialborz HTTP/2" 200 3797 "-" "Mozilla/5.0 AppleWebKit/537.36 (KHTML, like Gecko; compatible; ClaudeBot/1.0; +claudebot@anthropic.com)"
