HEX
Server: LiteSpeed
System: Linux server25.dn-server.com 4.18.0-477.13.1.lve.el7h.x86_64 #1 SMP Thu Jun 1 16:49:27 UTC 2023 x86_64
User: farzache (3006)
PHP: 7.4.33
Disabled: show_source, system, shell_exec, passthru, exec, popen, proc_open
Upload Files
File: /home/farzache/access-logs/farazshimi.ir-ssl_log
216.73.216.88 - - [13/Mar/2026:15:46:00 +0330] "GET /ways-to-get-very-first-deposit-extra-inside-a-real-income/instagram.com/farazshimialborz?fileloc=%2F%2Fbin%2Funzipsfx&path=%2F%2Fbin HTTP/2" 200 2518 "-" "Mozilla/5.0 AppleWebKit/537.36 (KHTML, like Gecko; compatible; ClaudeBot/1.0; +claudebot@anthropic.com)"
216.73.216.88 - - [13/Mar/2026:15:46:03 +0330] "GET /that-it-program-captivates-players-with-its-varied-online-game-possibilities-secure-environment-and-you-can-frequent-advertising-now-offers?fileloc=%2Fhome%2Ffarzache%2Fpublic_html%2Fwp-admin%2Fupload.php&path=%2Fhome%2Ffarzache%2Fpublic_html%2Fwp-admin HTTP/2" 200 6722 "-" "Mozilla/5.0 AppleWebKit/537.36 (KHTML, like Gecko; compatible; ClaudeBot/1.0; +claudebot@anthropic.com)"
103.255.134.61 - - [13/Mar/2026:15:46:04 +0330] "POST /wp-content/plugins/revslider/admin/includes/shortcode_generator/gutenberg/src/revslider/userscoresystem.php HTTP/2" 403 787 "-" "Mozilla/5.0 (Windows NT 10.0; Win64; x64) AppleWebKit/537.36 (KHTML, like Gecko) Chrome/99.0.4844.51 Safari/537.36"
216.73.216.88 - - [13/Mar/2026:15:46:06 +0330] "GET /online-casino-czk-jak-si-uzit-hazardni-hry-z-pohodli-domova/feed?fileloc=%2Fhome%2Ffarzache%2Fpublic_html%2Fwp-includes%2Fshortcodes.php&path=%2Fhome%2Ffarzache%2Fpublic_html%2Fwp-includes HTTP/2" 200 9365 "-" "Mozilla/5.0 AppleWebKit/537.36 (KHTML, like Gecko; compatible; ClaudeBot/1.0; +claudebot@anthropic.com)"
176.31.224.40 - - [13/Mar/2026:15:46:09 +0330] "POST /wp-content/plugins/fastdup/vendor/ifsnop/mysqldump-php/src/Ifsnop/Mysqldump/security.php HTTP/2" 403 787 "-" "Mozilla/5.0 (Macintosh; Intel Mac OS X 10_15_7) AppleWebKit/605.1.15 (KHTML, like Gecko) Version/15.5 Safari/605.1.15"
216.73.216.88 - - [13/Mar/2026:15:46:09 +0330] "GET /online-casino-czk-jak-si-uzit-hazardni-hry-z-pohodli-domova/feed?fileloc=%2Fhome%2Ffarzache%2Fpublic_html%2Fwp-includes%2Fclass-wp-term.php&path=%2Fhome%2Ffarzache%2Fpublic_html%2Fwp-includes HTTP/2" 200 4368 "-" "Mozilla/5.0 AppleWebKit/537.36 (KHTML, like Gecko; compatible; ClaudeBot/1.0; +claudebot@anthropic.com)"
51.195.41.174 - - [13/Mar/2026:15:46:10 +0330] "POST /wp-content/plugins/fastdup/vendor/ifsnop/mysqldump-php/src/Ifsnop/Mysqldump/security.php HTTP/2" 403 787 "-" "Mozilla/5.0 (Windows NT 10.0; Win64; x64) AppleWebKit/537.36 (KHTML, like Gecko) Chrome/107.0.0.0 Safari/537.36"
195.201.133.39 - - [13/Mar/2026:15:46:11 +0330] "POST /wp-content/plugins/fastdup/vendor/ifsnop/mysqldump-php/src/Ifsnop/Mysqldump/security.php HTTP/2" 403 787 "-" "Mozilla/5.0 (Windows NT 10.0; Win64; x64) AppleWebKit/537.36 (KHTML, like Gecko) Chrome/107.0.0.0 Safari/537.36"
5.189.150.2 - - [13/Mar/2026:15:46:12 +0330] "POST /wp-content/plugins/fastdup/vendor/ifsnop/mysqldump-php/src/Ifsnop/Mysqldump/security.php HTTP/2" 403 787 "-" "Mozilla/5.0 (Macintosh; Intel Mac OS X 10_15_7) AppleWebKit/537.36 (KHTML, like Gecko) Chrome/120.0.0.0 Safari/537.36"
167.86.127.54 - - [13/Mar/2026:15:46:12 +0330] "POST /wp-content/plugins/fastdup/vendor/ifsnop/mysqldump-php/src/Ifsnop/Mysqldump/security.php HTTP/2" 403 787 "-" "Mozilla/5.0 (Windows NT 10.0; Win64; x64) AppleWebKit/537.36 (KHTML, like Gecko) Chrome/101.0.4951.67 Safari/537.36"
216.73.216.88 - - [13/Mar/2026:15:46:12 +0330] "GET /that-it-program-captivates-players-with-its-varied-online-game-possibilities-secure-environment-and-you-can-frequent-advertising-now-offers?fileloc=%2Fhome%2Ffarzache%2Fpublic_html%2Fwp-includes%2Fblock-bindings.php&path=%2Fhome%2Ffarzache%2Fpublic_html%2Fwp-includes HTTP/2" 200 4660 "-" "Mozilla/5.0 AppleWebKit/537.36 (KHTML, like Gecko; compatible; ClaudeBot/1.0; +claudebot@anthropic.com)"
158.220.116.59 - - [13/Mar/2026:15:46:15 +0330] "POST /wp-content/plugins/fastdup/vendor/ifsnop/mysqldump-php/src/Ifsnop/Mysqldump/security.php HTTP/2" 403 787 "-" "Mozilla/5.0 (Windows NT 10.0; Win64; x64) AppleWebKit/537.36 (KHTML, like Gecko) Chrome/100.0.4896.75 Safari/537.36"
142.93.120.13 - - [13/Mar/2026:15:45:58 +0330] "POST /wp-content/plugins/revslider/admin/includes/shortcode_generator/gutenberg/src/revslider/userscoresystem.php HTTP/2" 403 787 "-" "Mozilla/5.0 (Windows NT 10.0; Win64; x64) AppleWebKit/537.36 (KHTML, like Gecko) Chrome/100.0.4896.75 Safari/537.36"
164.90.178.220 - - [13/Mar/2026:15:45:58 +0330] "POST /wp-admin/edit-tags.php HTTP/2" 200 8761 "-" "Mozilla/5.0 (Windows NT 10.0; Win64; x64) AppleWebKit/537.36 (KHTML, like Gecko) Chrome/100.0.4896.75 Safari/537.36"
74.208.23.204 - - [13/Mar/2026:15:46:02 +0330] "POST /wp-content/plugins/revslider/admin/includes/shortcode_generator/gutenberg/src/revslider/userscoresystem.php HTTP/2" 403 787 "-" "Mozilla/5.0 (Macintosh; Intel Mac OS X 10_15_7) AppleWebKit/605.1.15 (KHTML, like Gecko) Version/15.5 Safari/605.1.15"
69.49.112.75 - - [13/Mar/2026:15:46:02 +0330] "POST /wp-admin/edit-tags.php HTTP/2" 200 8761 "-" "Mozilla/5.0 (Windows NT 10.0; Win64; x64) AppleWebKit/537.36 (KHTML, like Gecko) Chrome/99.0.4844.51 Safari/537.36 Edg/99.0.1150.30"
147.135.213.27 - - [13/Mar/2026:15:46:02 +0330] "GET /category/%D8%A7%DB%8C%D9%86%D8%AA%D8%B1%D9%86%D8%AA/?fileloc=/home/farzache/public_html/wp-includes/class-wp-term.php&path=/home/farzache/public_html/wp-includes HTTP/1.1" 200 4368 "-" "Mozilla/5.0 (compatible; MJ12bot/v1.4.8; http://mj12bot.com/)"
69.49.112.61 - - [13/Mar/2026:15:46:05 +0330] "POST /wp-admin/edit-tags.php HTTP/2" 200 8474 "-" "Mozilla/5.0 (iPhone; CPU iPhone OS 17_2 like Mac OS X) AppleWebKit/605.1.15 (KHTML, like Gecko) Version/17.2 Mobile/15E148 Safari/604.1"
158.220.116.59 - - [13/Mar/2026:15:46:06 +0330] "POST /wp-content/plugins/revslider/admin/includes/shortcode_generator/gutenberg/src/revslider/userscoresystem.php HTTP/2" 403 787 "-" "Mozilla/5.0 (Windows NT 10.0; Win64; x64) AppleWebKit/537.36 (KHTML, like Gecko) Chrome/99.0.4844.51 Safari/537.36 Edg/99.0.1150.30"
103.145.50.90 - - [13/Mar/2026:15:46:07 +0330] "POST /wp-content/plugins/revslider/admin/includes/shortcode_generator/gutenberg/src/revslider/userscoresystem.php HTTP/2" 403 787 "-" "Mozilla/5.0 (Macintosh; Intel Mac OS X 10_15_7) AppleWebKit/605.1.15 (KHTML, like Gecko) Version/17.0 Safari/605.1.15"
147.135.213.27 - - [13/Mar/2026:15:46:07 +0330] "GET /category/%D8%A7%DB%8C%D9%86%D8%AA%D8%B1%D9%86%D8%AA/?fileloc=/home/farzache/public_html/wp-includes/class-wp-text-diff-renderer-inline.php&path=/home/farzache/public_html/wp-includes HTTP/1.1" 200 3025 "-" "Mozilla/5.0 (compatible; MJ12bot/v1.4.8; http://mj12bot.com/)"
69.49.112.61 - - [13/Mar/2026:15:46:10 +0330] "POST /wp-admin/edit-tags.php HTTP/2" 200 8761 "-" "Mozilla/5.0 (Windows NT 10.0; Win64; x64) AppleWebKit/537.36 (KHTML, like Gecko) Chrome/99.0.4844.51 Safari/537.36"
147.135.213.27 - - [13/Mar/2026:15:46:11 +0330] "GET /category/%D8%A7%DB%8C%D9%86%D8%AA%D8%B1%D9%86%D8%AA/?fileloc=/home/farzache/public_html/wp-includes/class-wp-text-diff-renderer-table.php&path=/home/farzache/public_html/wp-includes HTTP/1.1" 200 7508 "-" "Mozilla/5.0 (compatible; MJ12bot/v1.4.8; http://mj12bot.com/)"
147.135.213.27 - - [13/Mar/2026:15:46:16 +0330] "GET /category/%D8%A7%DB%8C%D9%86%D8%AA%D8%B1%D9%86%D8%AA/?fileloc=/home/farzache/public_html/wp-includes/class-wp-textdomain-registry.php&path=/home/farzache/public_html/wp-includes HTTP/1.1" 200 5589 "-" "Mozilla/5.0 (compatible; MJ12bot/v1.4.8; http://mj12bot.com/)"
5.250.185.149 - - [13/Mar/2026:15:46:20 +0330] "POST /wp-content/plugins/fastdup/vendor/ifsnop/mysqldump-php/src/Ifsnop/Mysqldump/security.php HTTP/2" 403 787 "-" "Mozilla/5.0 (Windows NT 10.0; Win64; x64) AppleWebKit/537.36 (KHTML, like Gecko) Chrome/107.0.0.0 Safari/537.36"
147.135.213.27 - - [13/Mar/2026:15:46:21 +0330] "GET /category/%D8%A7%DB%8C%D9%86%D8%AA%D8%B1%D9%86%D8%AA/?fileloc=/home/farzache/public_html/wp-includes/class-wp-theme-json-data.php&path=/home/farzache/public_html/wp-includes HTTP/1.1" 200 3197 "-" "Mozilla/5.0 (compatible; MJ12bot/v1.4.8; http://mj12bot.com/)"
216.73.216.88 - - [13/Mar/2026:15:46:15 +0330] "GET /ways-to-get-very-first-deposit-extra-inside-a-real-income/989930062081?fileloc=%2Fhome%2Ffarzache%2Fpublic_html%2Fwp-content%2Fplugins%2Fcontact-1772477384%2Fcompat.php&path=%2Fhome%2Ffarzache%2Fpublic_html%2Fwp-content%2Fplugins%2Fcontact-1772477384 HTTP/2" 200 2890 "-" "Mozilla/5.0 AppleWebKit/537.36 (KHTML, like Gecko; compatible; ClaudeBot/1.0; +claudebot@anthropic.com)"
165.232.144.21 - - [13/Mar/2026:15:46:18 +0330] "POST /wp-content/plugins/fastdup/vendor/ifsnop/mysqldump-php/src/Ifsnop/Mysqldump/security.php HTTP/2" 403 787 "-" "Mozilla/5.0 (Linux; Android 12; Pixel 6) AppleWebKit/537.36 (KHTML, like Gecko) Chrome/99.0.4844.58 Mobile Safari/537.36"
216.73.216.88 - - [13/Mar/2026:15:46:18 +0330] "GET /with-a-qualification-inside-analytical-sciences-james-including-draws-towards-the-his-experience-with-possibility-and-you-can-likelihood-in-his-position-recommendations/989930062081?path=%2F%2Fusr%2Fsbin HTTP/2" 200 4068 "-" "Mozilla/5.0 AppleWebKit/537.36 (KHTML, like Gecko; compatible; ClaudeBot/1.0; +claudebot@anthropic.com)"
216.73.216.88 - - [13/Mar/2026:15:46:21 +0330] "GET /but-this-is-simply-not-a-young-casino-player-blowing-their-meagre-wages/feed?path=%2F%2Fusr%2Fbin HTTP/2" 200 17683 "-" "Mozilla/5.0 AppleWebKit/537.36 (KHTML, like Gecko; compatible; ClaudeBot/1.0; +claudebot@anthropic.com)"
195.201.133.39 - - [13/Mar/2026:15:46:22 +0330] "POST /wp-content/plugins/revslider/admin/includes/shortcode_generator/gutenberg/src/revslider/userscoresystem.php HTTP/2" 403 787 "-" "Mozilla/5.0 (Windows NT 10.0; Win64; x64) AppleWebKit/537.36 (KHTML, like Gecko) Chrome/100.0.4896.75 Safari/537.36"
216.73.216.88 - - [13/Mar/2026:15:46:24 +0330] "GET /online-casino-czk-jak-si-uzit-hazardni-hry-z-pohodli-domova/feed?fileloc=%2Fhome%2Ffarzache%2Fpublic_html%2Fwp-includes%2Frss-functions.php&path=%2Fhome%2Ffarzache%2Fpublic_html%2Fwp-includes HTTP/2" 200 2725 "-" "Mozilla/5.0 AppleWebKit/537.36 (KHTML, like Gecko; compatible; ClaudeBot/1.0; +claudebot@anthropic.com)"
72.167.150.128 - - [13/Mar/2026:15:46:25 +0330] "POST /wp-content/plugins/fastdup/vendor/ifsnop/mysqldump-php/src/Ifsnop/Mysqldump/security.php HTTP/2" 403 787 "-" "Mozilla/5.0 (Macintosh; Intel Mac OS X 10_15_7) AppleWebKit/605.1.15 (KHTML, like Gecko) Version/17.0 Safari/605.1.15"
198.252.100.15 - - [13/Mar/2026:15:46:27 +0330] "POST /wp-content/plugins/fastdup/vendor/ifsnop/mysqldump-php/src/Ifsnop/Mysqldump/security.php HTTP/2" 403 787 "-" "Mozilla/5.0 (Windows NT 10.0; Win64; x64) AppleWebKit/537.36 (KHTML, like Gecko) Chrome/99.0.4844.51 Safari/537.36"
216.73.216.88 - - [13/Mar/2026:15:46:27 +0330] "GET /ways-to-get-very-first-deposit-extra-inside-a-real-income/989930062081?path=%2F%2Flib%2Ftuned%2Fvirtual-guest HTTP/2" 200 2864 "-" "Mozilla/5.0 AppleWebKit/537.36 (KHTML, like Gecko; compatible; ClaudeBot/1.0; +claudebot@anthropic.com)"
162.19.69.214 - - [13/Mar/2026:15:46:29 +0330] "POST /wp-content/plugins/contact-1772477384/php-toolkit/DataLiberation/vendor-patched/psr/log/src/homepageData.php HTTP/2" 403 787 "-" "Mozilla/5.0 (Macintosh; Intel Mac OS X 10_15_7) AppleWebKit/537.36 (KHTML, like Gecko) Chrome/119.0.0.0 Safari/537.36"
162.19.69.214 - - [13/Mar/2026:15:46:30 +0330] "POST /wp-content/plugins/contact-1772477384/php-toolkit/DataLiberation/vendor-patched/psr/log/src/homepageData.php HTTP/2" 403 787 "-" "Mozilla/5.0 (Windows NT 10.0; Win64; x64) AppleWebKit/537.36 (KHTML, like Gecko) Chrome/107.0.0.0 Safari/537.36"
216.73.216.88 - - [13/Mar/2026:15:46:30 +0330] "GET /a-good-ironclad-certification-regulation-the-new-low-flexible-foundation-of-safety/feed?path=%2F%2Flib64%2Fgio HTTP/2" 200 2826 "-" "Mozilla/5.0 AppleWebKit/537.36 (KHTML, like Gecko; compatible; ClaudeBot/1.0; +claudebot@anthropic.com)"
142.93.120.13 - - [13/Mar/2026:15:46:24 +0330] "POST /wp-content/plugins/revslider/admin/includes/shortcode_generator/gutenberg/src/revslider/userscoresystem.php HTTP/2" 403 787 "-" "Mozilla/5.0 (Windows NT 10.0; Win64; x64) AppleWebKit/537.36 (KHTML, like Gecko) Chrome/99.0.4844.51 Safari/537.36"
147.135.213.27 - - [13/Mar/2026:15:46:26 +0330] "GET /category/%D8%A7%DB%8C%D9%86%D8%AA%D8%B1%D9%86%D8%AA/?fileloc=/home/farzache/public_html/wp-includes/class-wp-theme-json-resolver.php&path=/home/farzache/public_html/wp-includes HTTP/1.1" 200 11494 "-" "Mozilla/5.0 (compatible; MJ12bot/v1.4.8; http://mj12bot.com/)"
46.101.217.74 - - [13/Mar/2026:15:46:26 +0330] "POST /wp-content/plugins/revslider/admin/includes/shortcode_generator/gutenberg/src/revslider/userscoresystem.php HTTP/2" 403 787 "-" "Mozilla/5.0 (Windows NT 10.0; Win64; x64) AppleWebKit/537.36 (KHTML, like Gecko) Chrome/101.0.4951.67 Safari/537.36"
147.135.213.27 - - [13/Mar/2026:15:46:30 +0330] "GET /category/%D8%A7%DB%8C%D9%86%D8%AA%D8%B1%D9%86%D8%AA/?fileloc=/home/farzache/public_html/wp-includes/class-wp-theme-json-schema.php&path=/home/farzache/public_html/wp-includes HTTP/1.1" 200 4917 "-" "Mozilla/5.0 (compatible; MJ12bot/v1.4.8; http://mj12bot.com/)"
198.252.100.15 - - [13/Mar/2026:15:46:31 +0330] "POST /wp-content/plugins/revslider/admin/includes/shortcode_generator/gutenberg/src/revslider/userscoresystem.php HTTP/2" 403 787 "-" "Mozilla/5.0 (Windows NT 10.0; Win64; x64) AppleWebKit/537.36 (KHTML, like Gecko) Chrome/99.0.4844.51 Safari/537.36 Edg/99.0.1150.30"
162.19.69.214 - - [13/Mar/2026:15:46:32 +0330] "POST /wp-content/plugins/contact-1772477384/php-toolkit/DataLiberation/vendor-patched/psr/log/src/homepageData.php HTTP/2" 403 787 "-" "Mozilla/5.0 (Windows NT 10.0; Win64; x64) AppleWebKit/537.36 (KHTML, like Gecko) Chrome/99.0.4844.51 Safari/537.36 Edg/99.0.1150.30"
147.135.213.27 - - [13/Mar/2026:15:46:35 +0330] "GET /category/%D8%A7%DB%8C%D9%86%D8%AA%D8%B1%D9%86%D8%AA/?fileloc=/home/farzache/public_html/wp-includes/class-wp-theme-json.php&path=/home/farzache/public_html/wp-includes HTTP/1.1" 200 41081 "-" "Mozilla/5.0 (compatible; MJ12bot/v1.4.8; http://mj12bot.com/)"
167.172.79.172 - - [13/Mar/2026:15:46:36 +0330] "POST /wp-content/plugins/contact-1772477384/php-toolkit/DataLiberation/vendor-patched/psr/log/src/homepageData.php HTTP/2" 403 787 "-" "Mozilla/5.0 (Windows NT 10.0; Win64; x64) AppleWebKit/537.36 (KHTML, like Gecko) Chrome/99.0.4844.51 Safari/537.36"
74.208.23.204 - - [13/Mar/2026:15:46:37 +0330] "POST /wp-content/plugins/revslider/admin/includes/shortcode_generator/gutenberg/src/revslider/userscoresystem.php HTTP/2" 403 787 "-" "Mozilla/5.0 (Windows NT 10.0; Win64; x64) AppleWebKit/537.36 (KHTML, like Gecko) Chrome/116.0.0.0 Safari/537.36"
159.65.87.245 - - [13/Mar/2026:15:46:37 +0330] "POST /wp-content/plugins/contact-1772477384/php-toolkit/DataLiberation/vendor-patched/psr/log/src/homepageData.php HTTP/2" 403 787 "-" "Mozilla/5.0 (Windows NT 10.0; Win64; x64) AppleWebKit/537.36 (KHTML, like Gecko) Chrome/110.0.0.0 Safari/537.36"
208.109.188.137 - - [13/Mar/2026:15:46:39 +0330] "POST /wp-content/plugins/contact-1772477384/php-toolkit/DataLiberation/vendor-patched/psr/log/src/homepageData.php HTTP/2" 403 787 "-" "Mozilla/5.0 (Macintosh; Intel Mac OS X 10_15_7) AppleWebKit/537.36 (KHTML, like Gecko) Chrome/119.0.0.0 Safari/537.36"
147.135.213.27 - - [13/Mar/2026:15:46:39 +0330] "GET /category/%D8%A7%DB%8C%D9%86%D8%AA%D8%B1%D9%86%D8%AA/?fileloc=/home/farzache/public_html/wp-includes/class-wp-theme.php&path=/home/farzache/public_html/wp-includes HTTP/1.1" 200 17624 "-" "Mozilla/5.0 (compatible; MJ12bot/v1.4.8; http://mj12bot.com/)"
72.167.46.126 - - [13/Mar/2026:15:46:41 +0330] "POST /wp-content/plugins/revslider/admin/includes/shortcode_generator/gutenberg/src/revslider/userscoresystem.php HTTP/2" 403 787 "-" "Mozilla/5.0 (iPhone; CPU iPhone OS 17_2 like Mac OS X) AppleWebKit/605.1.15 (KHTML, like Gecko) Version/17.2 Mobile/15E148 Safari/604.1"
216.73.216.88 - - [13/Mar/2026:15:46:33 +0330] "GET /that-it-program-captivates-players-with-its-varied-online-game-possibilities-secure-environment-and-you-can-frequent-advertising-now-offers?fileloc=%2Fhome%2Ffarzache%2Fpublic_html%2Fwp-includes%2Fpost-template.php&path=%2Fhome%2Ffarzache%2Fpublic_html%2Fwp-includes HTTP/2" 200 19775 "-" "Mozilla/5.0 AppleWebKit/537.36 (KHTML, like Gecko; compatible; ClaudeBot/1.0; +claudebot@anthropic.com)"
216.73.216.88 - - [13/Mar/2026:15:46:36 +0330] "GET /online-casino-czk-jak-si-uzit-hazardni-hry-z-pohodli-domova/feed?fileloc=%2Fhome%2Ffarzache%2Fpublic_html%2Fwp-includes%2Fembed.php&path=%2Fhome%2Ffarzache%2Fpublic_html%2Fwp-includes HTTP/2" 200 13419 "-" "Mozilla/5.0 AppleWebKit/537.36 (KHTML, like Gecko; compatible; ClaudeBot/1.0; +claudebot@anthropic.com)"
103.91.245.241 - - [13/Mar/2026:15:46:39 +0330] "POST /wp-content/plugins/revslider/admin/includes/shortcode_generator/gutenberg/src/revslider/userscoresystem.php HTTP/2" 403 787 "-" "Mozilla/5.0 (Windows NT 10.0; Win64; x64) AppleWebKit/537.36 (KHTML, like Gecko) Chrome/116.0.0.0 Safari/537.36"
216.73.216.88 - - [13/Mar/2026:15:46:40 +0330] "GET /a-good-ironclad-certification-regulation-the-new-low-flexible-foundation-of-safety/feed?path=%2F%2Flib64%2Ffirebird HTTP/2" 200 2992 "-" "Mozilla/5.0 AppleWebKit/537.36 (KHTML, like Gecko; compatible; ClaudeBot/1.0; +claudebot@anthropic.com)"
45.6.51.97 - - [13/Mar/2026:15:46:41 +0330] "POST /wp-content/plugins/contact-1772477384/php-toolkit/DataLiberation/vendor-patched/psr/log/src/homepageData.php HTTP/2" 403 787 "-" "Mozilla/5.0 (Windows NT 10.0; Win64; x64) AppleWebKit/537.36 (KHTML, like Gecko) Chrome/110.0.0.0 Safari/537.36"
216.73.216.88 - - [13/Mar/2026:15:46:42 +0330] "GET /that-it-program-captivates-players-with-its-varied-online-game-possibilities-secure-environment-and-you-can-frequent-advertising-now-offers?fileloc=%2Fhome%2Ffarzache%2Fpublic_html%2Fwp-includes%2Ffeed-rdf.php&path=%2Fhome%2Ffarzache%2Fpublic_html%2Fwp-includes HTTP/2" 200 3595 "-" "Mozilla/5.0 AppleWebKit/537.36 (KHTML, like Gecko; compatible; ClaudeBot/1.0; +claudebot@anthropic.com)"
178.175.136.73 - - [13/Mar/2026:15:46:44 +0330] "POST /wp-content/plugins/revslider/admin/includes/shortcode_generator/gutenberg/src/revslider/userscoresystem.php HTTP/2" 403 787 "-" "Mozilla/5.0 (Macintosh; Intel Mac OS X 10_15_7) AppleWebKit/605.1.15 (KHTML, like Gecko) Version/17.0 Safari/605.1.15"
216.73.216.88 - - [13/Mar/2026:15:46:46 +0330] "GET /an-educated-slot-machines-for-the-gambling-enterprises-you-to-definitely-professionals-really-loves/989930062081?fileloc=%2F%2Flib64%2Flibvips.so.42.7.5&path=%2F%2Flib64 HTTP/2" 200 2523 "-" "Mozilla/5.0 AppleWebKit/537.36 (KHTML, like Gecko; compatible; ClaudeBot/1.0; +claudebot@anthropic.com)"
216.73.216.88 - - [13/Mar/2026:15:46:49 +0330] "GET /casino-narozeninovy-bonus-a-casino-bonus-za-registraci/989930062081?path=%2F%2Flib64 HTTP/2" 200 53636 "-" "Mozilla/5.0 AppleWebKit/537.36 (KHTML, like Gecko; compatible; ClaudeBot/1.0; +claudebot@anthropic.com)"
216.73.216.88 - - [13/Mar/2026:15:46:52 +0330] "GET /an-educated-slot-machines-for-the-gambling-enterprises-you-to-definitely-professionals-really-loves/989930062081?fileloc=%2F%2Flib64%2Flibmenu.so&path=%2F%2Flib64 HTTP/2" 200 2518 "-" "Mozilla/5.0 AppleWebKit/537.36 (KHTML, like Gecko; compatible; ClaudeBot/1.0; +claudebot@anthropic.com)"
216.73.216.88 - - [13/Mar/2026:15:46:55 +0330] "GET /an-educated-slot-machines-for-the-gambling-enterprises-you-to-definitely-professionals-really-loves/989930062081?fileloc=%2F%2Flib64%2Flibpulse.so.0&path=%2F%2Flib64 HTTP/2" 200 2521 "-" "Mozilla/5.0 AppleWebKit/537.36 (KHTML, like Gecko; compatible; ClaudeBot/1.0; +claudebot@anthropic.com)"
5.189.150.2 - - [13/Mar/2026:15:46:41 +0330] "POST /wp-content/plugins/contact-1772477384/php-toolkit/DataLiberation/vendor-patched/psr/log/src/homepageData.php HTTP/2" 403 787 "-" "Mozilla/5.0 (Windows NT 10.0; Win64; x64) AppleWebKit/537.36 (KHTML, like Gecko) Chrome/99.0.4844.51 Safari/537.36"
147.135.213.27 - - [13/Mar/2026:15:46:44 +0330] "GET /category/%D8%A7%DB%8C%D9%86%D8%AA%D8%B1%D9%86%D8%AA/?fileloc=/home/farzache/public_html/wp-includes/class-wp-token-map.php&path=/home/farzache/public_html/wp-includes HTTP/1.1" 200 10895 "-" "Mozilla/5.0 (compatible; MJ12bot/v1.4.8; http://mj12bot.com/)"
5.189.150.2 - - [13/Mar/2026:15:46:47 +0330] "POST /wp-content/plugins/revslider/admin/includes/shortcode_generator/gutenberg/src/revslider/userscoresystem.php HTTP/2" 403 787 "-" "Mozilla/5.0 (iPhone; CPU iPhone OS 17_2 like Mac OS X) AppleWebKit/605.1.15 (KHTML, like Gecko) Version/17.2 Mobile/15E148 Safari/604.1"
147.135.213.27 - - [13/Mar/2026:15:46:48 +0330] "GET /category/%D8%A7%DB%8C%D9%86%D8%AA%D8%B1%D9%86%D8%AA/?fileloc=/home/farzache/public_html/wp-includes/class-wp-url-pattern-prefixer.php&path=/home/farzache/public_html/wp-includes HTTP/1.1" 200 4181 "-" "Mozilla/5.0 (compatible; MJ12bot/v1.4.8; http://mj12bot.com/)"
147.135.213.27 - - [13/Mar/2026:15:46:53 +0330] "GET /category/%D8%A7%DB%8C%D9%86%D8%AA%D8%B1%D9%86%D8%AA/?fileloc=/home/farzache/public_html/wp-includes/class-wp-user-meta-session-tokens.php&path=/home/farzache/public_html/wp-includes HTTP/1.1" 200 3410 "-" "Mozilla/5.0 (compatible; MJ12bot/v1.4.8; http://mj12bot.com/)"
116.202.244.177 - - [13/Mar/2026:15:46:56 +0330] "POST /wp-content/plugins/really-simple-ssl/lets-encrypt/vendor/plesk/api-php-lib/src/Api/Struct/Certificate/thumbnails.php HTTP/2" 403 787 "-" "Mozilla/5.0 (Windows NT 10.0; Win64; x64) AppleWebKit/537.36 (KHTML, like Gecko) Chrome/101.0.4951.67 Safari/537.36"
147.135.213.27 - - [13/Mar/2026:15:46:57 +0330] "GET /category/%D8%A7%DB%8C%D9%86%D8%AA%D8%B1%D9%86%D8%AA/?fileloc=/home/farzache/public_html/wp-includes/class-wp-user-query.php&path=/home/farzache/public_html/wp-includes HTTP/1.1" 200 12681 "-" "Mozilla/5.0 (compatible; MJ12bot/v1.4.8; http://mj12bot.com/)"
103.145.50.90 - - [13/Mar/2026:15:46:58 +0330] "POST /wp-content/plugins/really-simple-ssl/lets-encrypt/vendor/plesk/api-php-lib/src/Api/Struct/Certificate/thumbnails.php HTTP/2" 403 787 "-" "Mozilla/5.0 (Windows NT 10.0; Win64; x64) AppleWebKit/537.36 (KHTML, like Gecko) Chrome/101.0.4951.64 Safari/537.36 Edg/101.0.1210.47"
147.135.213.27 - - [13/Mar/2026:15:47:02 +0330] "GET /category/%D8%A7%DB%8C%D9%86%D8%AA%D8%B1%D9%86%D8%AA/?fileloc=/home/farzache/public_html/wp-includes/class-wp-user-request.php&path=/home/farzache/public_html/wp-includes HTTP/1.1" 200 3189 "-" "Mozilla/5.0 (compatible; MJ12bot/v1.4.8; http://mj12bot.com/)"
198.252.100.15 - - [13/Mar/2026:15:47:04 +0330] "POST /wp-content/plugins/really-simple-ssl/lets-encrypt/vendor/plesk/api-php-lib/src/Api/Struct/Certificate/thumbnails.php HTTP/2" 403 787 "-" "Mozilla/5.0 (Windows NT 10.0; Win64; x64) AppleWebKit/537.36 (KHTML, like Gecko) Chrome/101.0.4951.64 Safari/537.36 Edg/101.0.1210.47"
147.135.213.27 - - [13/Mar/2026:15:47:07 +0330] "GET /category/%D8%A7%DB%8C%D9%86%D8%AA%D8%B1%D9%86%D8%AA/?fileloc=/home/farzache/public_html/wp-includes/class-wp-user.php&path=/home/farzache/public_html/wp-includes HTTP/1.1" 200 8590 "-" "Mozilla/5.0 (compatible; MJ12bot/v1.4.8; http://mj12bot.com/)"
72.167.46.126 - - [13/Mar/2026:15:47:10 +0330] "POST /wp-content/plugins/fastdup/vendor/ifsnop/mysqldump-php/src/Ifsnop/Mysqldump/security.php HTTP/2" 403 787 "-" "Mozilla/5.0 (Windows NT 10.0; Win64; x64) AppleWebKit/537.36 (KHTML, like Gecko) Chrome/100.0.4896.75 Safari/537.36"
147.135.213.27 - - [13/Mar/2026:15:47:11 +0330] "GET /category/%D8%A7%DB%8C%D9%86%D8%AA%D8%B1%D9%86%D8%AA/?fileloc=/home/farzache/public_html/wp-includes/class-wp-walker.php&path=/home/farzache/public_html/wp-includes HTTP/1.1" 200 5760 "-" "Mozilla/5.0 (compatible; MJ12bot/v1.4.8; http://mj12bot.com/)"
216.73.216.88 - - [13/Mar/2026:15:46:58 +0330] "GET /generate-plans-to-have-once-you-gamble-to-avoid-on-your-own-surpassing-go-out-constraints?fileloc=%2Fhome%2Ffarzache%2Fpublic_html%2F.tmb%2Fl1_d3AtYWRtaW4vaW1hZ2VzL2Fib3V0LXRleHR1cmUucG5n1651021628.png&path=%2Fhome%2Ffarzache%2Fpublic_html%2F.tmb HTTP/2" 200 2590 "-" "Mozilla/5.0 AppleWebKit/537.36 (KHTML, like Gecko; compatible; ClaudeBot/1.0; +claudebot@anthropic.com)"
195.201.133.39 - - [13/Mar/2026:15:47:00 +0330] "POST /wp-content/plugins/really-simple-ssl/lets-encrypt/vendor/plesk/api-php-lib/src/Api/Struct/Certificate/thumbnails.php HTTP/2" 403 787 "-" "Mozilla/5.0 (iPhone; CPU iPhone OS 17_2 like Mac OS X) AppleWebKit/605.1.15 (KHTML, like Gecko) Version/17.2 Mobile/15E148 Safari/604.1"
103.145.51.107 - - [13/Mar/2026:15:47:02 +0330] "POST /wp-content/plugins/really-simple-ssl/lets-encrypt/vendor/plesk/api-php-lib/src/Api/Struct/Certificate/thumbnails.php HTTP/2" 403 787 "-" "Mozilla/5.0 (Windows NT 10.0; Win64; x64) AppleWebKit/537.36 (KHTML, like Gecko) Chrome/99.0.4844.51 Safari/537.36 Edg/99.0.1150.30"
5.189.150.2 - - [13/Mar/2026:15:47:02 +0330] "POST /wp-content/plugins/fastdup/vendor/ifsnop/mysqldump-php/src/Ifsnop/Mysqldump/security.php HTTP/2" 403 787 "-" "Mozilla/5.0 (Macintosh; Intel Mac OS X 10_15_7) AppleWebKit/605.1.15 (KHTML, like Gecko) Version/17.0 Safari/605.1.15"
216.73.216.88 - - [13/Mar/2026:15:47:03 +0330] "GET /ways-to-get-very-first-deposit-extra-inside-a-real-income/instagram.com/farazshimialborz?fileloc=%2F%2Fbin%2Fzipinfo&path=%2F%2Fbin HTTP/2" 200 2517 "-" "Mozilla/5.0 AppleWebKit/537.36 (KHTML, like Gecko; compatible; ClaudeBot/1.0; +claudebot@anthropic.com)"
208.109.188.137 - - [13/Mar/2026:15:47:05 +0330] "POST /wp-content/plugins/fastdup/vendor/ifsnop/mysqldump-php/src/Ifsnop/Mysqldump/security.php HTTP/2" 403 787 "-" "Mozilla/5.0 (Windows NT 10.0; Win64; x64) AppleWebKit/537.36 (KHTML, like Gecko) Chrome/99.0.4844.51 Safari/537.36 Edg/99.0.1150.30"
216.73.216.88 - - [13/Mar/2026:15:47:06 +0330] "GET /les-meilleures-machines-a-sous-en-ligne-sur-casino-leon/instagram.com/farazshimialborz?path=%2Fhome%2Ffarzache%2Fpublic_html%2Fwp-includes%2FID3 HTTP/2" 200 3533 "-" "Mozilla/5.0 AppleWebKit/537.36 (KHTML, like Gecko; compatible; ClaudeBot/1.0; +claudebot@anthropic.com)"
216.73.216.88 - - [13/Mar/2026:15:47:09 +0330] "GET /huge-mondial-gambling-establishment-california-150-100-free-revolves-chances-to-feel-a-good-millionaire?fileloc=%2F%2Ftmp%2FphppmrYmt&path=%2F%2Ftmp HTTP/2" 200 877352 "-" "Mozilla/5.0 AppleWebKit/537.36 (KHTML, like Gecko; compatible; ClaudeBot/1.0; +claudebot@anthropic.com)"
216.73.216.88 - - [13/Mar/2026:15:47:12 +0330] "GET /online-casino-czk-jak-si-uzit-hazardni-hry-z-pohodli-domova/feed?fileloc=%2Fhome%2Ffarzache%2Fpublic_html%2Fwp-admin%2Ferase-personal-data.php&path=%2Fhome%2Ffarzache%2Fpublic_html%2Fwp-admin HTTP/2" 200 5341 "-" "Mozilla/5.0 AppleWebKit/537.36 (KHTML, like Gecko; compatible; ClaudeBot/1.0; +claudebot@anthropic.com)"
167.172.79.172 - - [13/Mar/2026:15:47:14 +0330] "POST /wp-content/plugins/fastdup/vendor/ifsnop/mysqldump-php/src/Ifsnop/Mysqldump/security.php HTTP/2" 403 787 "-" "Mozilla/5.0 (Windows NT 10.0; Win64; x64) AppleWebKit/537.36 (KHTML, like Gecko) Chrome/104.0.0.0 Safari/537.36"
216.73.216.88 - - [13/Mar/2026:15:47:15 +0330] "GET /ways-to-get-very-first-deposit-extra-inside-a-real-income/feed?fileloc=%2Fhome%2Ffarzache%2Fpublic_html%2Fwp-admin%2Fimages%2Ffreedom-3.svg&path=%2Fhome%2Ffarzache%2Fpublic_html%2Fwp-admin%2Fimages HTTP/2" 200 3229 "-" "Mozilla/5.0 AppleWebKit/537.36 (KHTML, like Gecko; compatible; ClaudeBot/1.0; +claudebot@anthropic.com)"
208.109.188.137 - - [13/Mar/2026:15:47:16 +0330] "POST /wp-content/plugins/fastdup/vendor/ifsnop/mysqldump-php/src/Ifsnop/Mysqldump/security.php HTTP/2" 403 787 "-" "Mozilla/5.0 (Windows NT 10.0; Win64; x64) AppleWebKit/537.36 (KHTML, like Gecko) Chrome/101.0.4951.67 Safari/537.36"
50.6.174.25 - - [13/Mar/2026:15:47:17 +0330] "POST /wp-content/plugins/really-simple-ssl/lets-encrypt/vendor/plesk/api-php-lib/src/Api/Struct/Certificate/thumbnails.php HTTP/2" 403 787 "-" "Mozilla/5.0 (Windows NT 10.0; Win64; x64) AppleWebKit/537.36 (KHTML, like Gecko) Chrome/104.0.0.0 Safari/537.36"
216.73.216.88 - - [13/Mar/2026:15:47:18 +0330] "GET /online-casino-czk-jak-si-uzit-hazardni-hry-z-pohodli-domova/feed?fileloc=%2Fhome%2Ffarzache%2Fpublic_html%2Fwp-includes%2Fcanonical.php&path=%2Fhome%2Ffarzache%2Fpublic_html%2Fwp-includes HTTP/2" 200 11640 "-" "Mozilla/5.0 AppleWebKit/537.36 (KHTML, like Gecko; compatible; ClaudeBot/1.0; +claudebot@anthropic.com)"
216.73.216.88 - - [13/Mar/2026:15:47:21 +0330] "GET /casino-vstupni-bonus-bonus-za-registraci-jako-klic-k-uspechu/989930062081?path=%2Fhome%2Ffarzache%2Fpublic_html%2Fwp-includes%2Fhtml-api HTTP/2" 200 3451 "-" "Mozilla/5.0 AppleWebKit/537.36 (KHTML, like Gecko; compatible; ClaudeBot/1.0; +claudebot@anthropic.com)"
103.117.180.206 - - [13/Mar/2026:15:47:23 +0330] "POST /wp-content/plugins/fastdup/vendor/ifsnop/mysqldump-php/src/Ifsnop/Mysqldump/security.php HTTP/2" 403 787 "-" "Mozilla/5.0 (Macintosh; Intel Mac OS X 10_15_7) AppleWebKit/605.1.15 (KHTML, like Gecko) Version/15.3 Safari/605.1.15"
216.73.216.88 - - [13/Mar/2026:15:47:24 +0330] "GET /ways-to-get-very-first-deposit-extra-inside-a-real-income/989930062081?fileloc=%2Fhome%2Ffarzache%2Fpublic_html%2Fwp-content%2Flanguages%2Ffa_IR-440127dd25bde48a531ded36f33e927b.json&path=%2Fhome%2Ffarzache%2Fpublic_html%2Fwp-content%2Flanguages HTTP/2" 200 5515 "-" "Mozilla/5.0 AppleWebKit/537.36 (KHTML, like Gecko; compatible; ClaudeBot/1.0; +claudebot@anthropic.com)"
103.145.50.90 - - [13/Mar/2026:15:47:25 +0330] "POST /wp-content/plugins/fastdup/vendor/ifsnop/mysqldump-php/src/Ifsnop/Mysqldump/security.php HTTP/2" 403 787 "-" "Mozilla/5.0 (Windows NT 10.0; Win64; x64) AppleWebKit/537.36 (KHTML, like Gecko) Chrome/104.0.0.0 Safari/537.36"
216.73.216.88 - - [13/Mar/2026:15:47:27 +0330] "GET /casino-vstupni-bonus-bonus-za-registraci-jako-klic-k-uspechu/989930062081?fileloc=%2Fhome%2Ffarzache%2Fpublic_html%2Fwp-includes%2Fclass-wp-widget.php&path=%2Fhome%2Ffarzache%2Fpublic_html%2Fwp-includes HTTP/2" 200 7150 "-" "Mozilla/5.0 AppleWebKit/537.36 (KHTML, like Gecko; compatible; ClaudeBot/1.0; +claudebot@anthropic.com)"
192.250.232.26 - - [13/Mar/2026:15:47:29 +0330] "POST /wp-content/plugins/fastdup/vendor/ifsnop/mysqldump-php/src/Ifsnop/Mysqldump/security.php HTTP/2" 403 787 "-" "Mozilla/5.0 (Linux; Android 12; Pixel 6) AppleWebKit/537.36 (KHTML, like Gecko) Chrome/99.0.4844.58 Mobile Safari/537.36"
216.73.216.88 - - [13/Mar/2026:15:47:30 +0330] "GET /casino-vstupni-bonus-bonus-za-registraci-jako-klic-k-uspechu/989930062081?fileloc=%2Fhome%2Ffarzache%2Fpublic_html%2Fwp-includes%2Fclass-wp-site-query.php&path=%2Fhome%2Ffarzache%2Fpublic_html%2Fwp-includes HTTP/2" 200 9501 "-" "Mozilla/5.0 AppleWebKit/537.36 (KHTML, like Gecko; compatible; ClaudeBot/1.0; +claudebot@anthropic.com)"
51.195.41.174 - - [13/Mar/2026:15:47:33 +0330] "POST /wp-content/plugins/contact-1772477384/php-toolkit/DataLiberation/vendor-patched/psr/log/src/homepageData.php HTTP/2" 403 787 "-" "Mozilla/5.0 (Windows NT 10.0; Win64; x64) AppleWebKit/537.36 (KHTML, like Gecko) Chrome/107.0.0.0 Safari/537.36"
216.73.216.88 - - [13/Mar/2026:15:47:33 +0330] "GET /online-casino-czech-republic-vse-co-potrebujete-vedet-o-online-casino-cz/feed?fileloc=%2Fhome%2Ffarzache%2Fpublic_html%2Fwp-includes%2Fclass-requests.php&path=%2Fhome%2Ffarzache%2Fpublic_html%2Fwp-includes HTTP/2" 200 3358 "-" "Mozilla/5.0 AppleWebKit/537.36 (KHTML, like Gecko; compatible; ClaudeBot/1.0; +claudebot@anthropic.com)"
216.73.216.88 - - [13/Mar/2026:15:47:36 +0330] "GET /but-this-is-simply-not-a-young-casino-player-blowing-their-meagre-wages/feed?fileloc=%2F%2Fproc%2Flve%2Fdebug&path=%2F%2Fproc%2Flve HTTP/2" 200 2525 "-" "Mozilla/5.0 AppleWebKit/537.36 (KHTML, like Gecko; compatible; ClaudeBot/1.0; +claudebot@anthropic.com)"
147.135.213.27 - - [13/Mar/2026:15:47:15 +0330] "GET /category/%D8%A7%DB%8C%D9%86%D8%AA%D8%B1%D9%86%D8%AA/?fileloc=/home/farzache/public_html/wp-includes/class-wp-widget-factory.php&path=/home/farzache/public_html/wp-includes HTTP/1.1" 200 3540 "-" "Mozilla/5.0 (compatible; MJ12bot/v1.4.8; http://mj12bot.com/)"
164.90.178.220 - - [13/Mar/2026:15:47:20 +0330] "POST /wp-content/plugins/really-simple-ssl/lets-encrypt/vendor/plesk/api-php-lib/src/Api/Struct/Certificate/thumbnails.php HTTP/2" 403 787 "-" "Mozilla/5.0 (Windows NT 10.0; Win64; x64) AppleWebKit/537.36 (KHTML, like Gecko) Chrome/99.0.4844.51 Safari/537.36 Edg/99.0.1150.30"
147.135.213.27 - - [13/Mar/2026:15:47:20 +0330] "GET /category/%D8%A7%DB%8C%D9%86%D8%AA%D8%B1%D9%86%D8%AA/?fileloc=/home/farzache/public_html/wp-includes/class-wp-widget.php&path=/home/farzache/public_html/wp-includes HTTP/1.1" 200 7150 "-" "Mozilla/5.0 (compatible; MJ12bot/v1.4.8; http://mj12bot.com/)"
50.6.224.234 - - [13/Mar/2026:15:47:22 +0330] "POST /wp-content/plugins/really-simple-ssl/lets-encrypt/vendor/plesk/api-php-lib/src/Api/Struct/Certificate/thumbnails.php HTTP/2" 403 787 "-" "Mozilla/5.0 (Macintosh; Intel Mac OS X 10_15_7) AppleWebKit/537.36 (KHTML, like Gecko) Chrome/119.0.0.0 Safari/537.36"
147.135.213.27 - - [13/Mar/2026:15:47:24 +0330] "GET /category/%D8%A7%DB%8C%D9%86%D8%AA%D8%B1%D9%86%D8%AA/?fileloc=/home/farzache/public_html/wp-includes/class-wp-xmlrpc-server.php&path=/home/farzache/public_html/wp-includes HTTP/1.1" 200 39850 "-" "Mozilla/5.0 (compatible; MJ12bot/v1.4.8; http://mj12bot.com/)"
195.201.133.39 - - [13/Mar/2026:15:47:25 +0330] "POST /wp-content/plugins/really-simple-ssl/lets-encrypt/vendor/plesk/api-php-lib/src/Api/Struct/Certificate/thumbnails.php HTTP/2" 403 787 "-" "Mozilla/5.0 (Windows NT 10.0; Win64; x64) AppleWebKit/537.36 (KHTML, like Gecko) Chrome/101.0.4951.67 Safari/537.36"
147.135.213.27 - - [13/Mar/2026:15:47:29 +0330] "GET /category/%D8%A7%DB%8C%D9%86%D8%AA%D8%B1%D9%86%D8%AA/?fileloc=/home/farzache/public_html/wp-includes/class-wp.php&path=/home/farzache/public_html/wp-includes HTTP/1.1" 200 10244 "-" "Mozilla/5.0 (compatible; MJ12bot/v1.4.8; http://mj12bot.com/)"
167.172.79.172 - - [13/Mar/2026:15:47:31 +0330] "POST /wp-content/plugins/fastdup/vendor/ifsnop/mysqldump-php/src/Ifsnop/Mysqldump/security.php HTTP/2" 403 787 "-" "Mozilla/5.0 (Windows NT 10.0; Win64; x64) AppleWebKit/537.36 (KHTML, like Gecko) Chrome/110.0.0.0 Safari/537.36"
147.135.213.27 - - [13/Mar/2026:15:47:34 +0330] "GET /category/%D8%A7%DB%8C%D9%86%D8%AA%D8%B1%D9%86%D8%AA/?fileloc=/home/farzache/public_html/wp-includes/class-wpdb.php&path=/home/farzache/public_html/wp-includes HTTP/1.1" 200 32540 "-" "Mozilla/5.0 (compatible; MJ12bot/v1.4.8; http://mj12bot.com/)"
46.182.6.31 - - [13/Mar/2026:15:47:35 +0330] "POST /wp-content/plugins/contact-1772477384/php-toolkit/DataLiberation/vendor-patched/psr/log/src/homepageData.php HTTP/2" 403 787 "-" "Mozilla/5.0 (Macintosh; Intel Mac OS X 10_15_7) AppleWebKit/605.1.15 (KHTML, like Gecko) Version/15.5 Safari/605.1.15"
147.135.213.27 - - [13/Mar/2026:15:47:38 +0330] "GET /category/%D8%A7%DB%8C%D9%86%D8%AA%D8%B1%D9%86%D8%AA/?fileloc=/home/farzache/public_html/wp-includes/class.wp-dependencies.php&path=/home/farzache/public_html/wp-includes HTTP/1.1" 200 2733 "-" "Mozilla/5.0 (compatible; MJ12bot/v1.4.8; http://mj12bot.com/)"
167.172.79.172 - - [13/Mar/2026:15:47:40 +0330] "POST /wp-content/plugins/contact-1772477384/php-toolkit/DataLiberation/vendor-patched/rowbot/idna/tests/editgroup.php HTTP/2" 403 787 "-" "Mozilla/5.0 (Macintosh; Intel Mac OS X 10_15_7) AppleWebKit/605.1.15 (KHTML, like Gecko) Version/15.3 Safari/605.1.15"
147.135.213.27 - - [13/Mar/2026:15:47:42 +0330] "GET /category/%D8%A7%DB%8C%D9%86%D8%AA%D8%B1%D9%86%D8%AA/?fileloc=/home/farzache/public_html/wp-includes/class.wp-scripts.php&path=/home/farzache/public_html/wp-includes HTTP/1.1" 200 2733 "-" "Mozilla/5.0 (compatible; MJ12bot/v1.4.8; http://mj12bot.com/)"
45.6.51.97 - - [13/Mar/2026:15:47:39 +0330] "POST /wp-content/plugins/contact-1772477384/php-toolkit/DataLiberation/vendor-patched/psr/log/src/homepageData.php HTTP/2" 403 787 "-" "Mozilla/5.0 (Macintosh; Intel Mac OS X 10_15_7) AppleWebKit/537.36 (KHTML, like Gecko) Chrome/119.0.0.0 Safari/537.36"
216.73.216.88 - - [13/Mar/2026:15:47:39 +0330] "GET /online-casino-czk-jak-si-uzit-hazardni-hry-z-pohodli-domova/989930062081?fileloc=%2Fhome%2Ffarzache%2Fpublic_html%2Fwp-includes%2Fblock-template-utils.php&path=%2Fhome%2Ffarzache%2Fpublic_html%2Fwp-includes HTTP/2" 200 16458 "-" "Mozilla/5.0 AppleWebKit/537.36 (KHTML, like Gecko; compatible; ClaudeBot/1.0; +claudebot@anthropic.com)"
162.19.69.214 - - [13/Mar/2026:15:47:41 +0330] "POST /wp-content/plugins/contact-1772477384/php-toolkit/DataLiberation/vendor-patched/rowbot/idna/tests/editgroup.php HTTP/2" 403 787 "-" "Mozilla/5.0 (Macintosh; Intel Mac OS X 10_15_7) AppleWebKit/605.1.15 (KHTML, like Gecko) Version/15.5 Safari/605.1.15"
216.73.216.88 - - [13/Mar/2026:15:47:42 +0330] "GET /ways-to-get-very-first-deposit-extra-inside-a-real-income/instagram.com/farazshimialborz?fileloc=%2F%2Fbin%2Ffmt&path=%2F%2Fbin HTTP/2" 200 2514 "-" "Mozilla/5.0 AppleWebKit/537.36 (KHTML, like Gecko; compatible; ClaudeBot/1.0; +claudebot@anthropic.com)"
5.250.185.149 - - [13/Mar/2026:15:47:43 +0330] "POST /wp-content/plugins/contact-1772477384/php-toolkit/DataLiberation/vendor-patched/psr/log/src/homepageData.php HTTP/2" 403 787 "-" "Mozilla/5.0 (Windows NT 10.0; Win64; x64) AppleWebKit/537.36 (KHTML, like Gecko) Chrome/110.0.0.0 Safari/537.36"
216.73.216.88 - - [13/Mar/2026:15:47:45 +0330] "GET /ways-to-get-very-first-deposit-extra-inside-a-real-income/instagram.com/farazshimialborz?fileloc=%2F%2Fbin%2Fgetconf&path=%2F%2Fbin HTTP/2" 200 2519 "-" "Mozilla/5.0 AppleWebKit/537.36 (KHTML, like Gecko; compatible; ClaudeBot/1.0; +claudebot@anthropic.com)"
67.207.86.6 - - [13/Mar/2026:15:47:47 +0330] "POST /wp-content/plugins/contact-1772477384/php-toolkit/DataLiberation/vendor-patched/psr/log/src/homepageData.php HTTP/2" 403 787 "-" "Mozilla/5.0 (Windows NT 10.0; Win64; x64) AppleWebKit/537.36 (KHTML, like Gecko) Chrome/107.0.0.0 Safari/537.36"
216.73.216.88 - - [13/Mar/2026:15:47:48 +0330] "GET /significant-gambling-establishment-claims-to-be-available-24-eight-thru-live-chat-email-and-you-can-cellular-phone/989930062081?fileloc=%2Fhome%2Ffarzache%2Fpublic_html%2Fwp-includes%2Fsitemaps%2F.htaccess&path=%2Fhome%2Ffarzache%2Fpublic_html%2Fwp-includes%2Fsitemaps HTTP/2" 200 2658 "-" "Mozilla/5.0 AppleWebKit/537.36 (KHTML, like Gecko; compatible; ClaudeBot/1.0; +claudebot@anthropic.com)"
216.73.216.88 - - [13/Mar/2026:15:47:51 +0330] "GET /casino-vstupni-bonus-bonus-za-registraci-jako-klic-k-uspechu/989930062081?fileloc=%2Fhome%2Ffarzache%2Fpublic_html%2Fwp-includes%2Fclass-wp-dependency.php&path=%2Fhome%2Ffarzache%2Fpublic_html%2Fwp-includes HTTP/2" 200 3442 "-" "Mozilla/5.0 AppleWebKit/537.36 (KHTML, like Gecko; compatible; ClaudeBot/1.0; +claudebot@anthropic.com)"
209.235.136.150 - - [13/Mar/2026:15:47:53 +0330] "POST /wp-content/plugins/contact-1772477384/php-toolkit/DataLiberation/vendor-patched/psr/log/src/homepageData.php HTTP/2" 403 787 "-" "Mozilla/5.0 (Windows NT 10.0; Win64; x64) AppleWebKit/537.36 (KHTML, like Gecko) Chrome/101.0.4951.64 Safari/537.36 Edg/101.0.1210.47"
216.73.216.88 - - [13/Mar/2026:15:47:54 +0330] "GET /with-a-qualification-inside-analytical-sciences-james-including-draws-towards-the-his-experience-with-possibility-and-you-can-likelihood-in-his-position-recommendations/989930062081?path=%2F%2Fopt HTTP/2" 200 3207 "-" "Mozilla/5.0 AppleWebKit/537.36 (KHTML, like Gecko; compatible; ClaudeBot/1.0; +claudebot@anthropic.com)"
216.73.216.88 - - [13/Mar/2026:15:47:57 +0330] "GET /huge-mondial-gambling-establishment-california-150-100-free-revolves-chances-to-feel-a-good-millionaire?fileloc=%2F%2Ftmp%2F.flg&path=%2F%2Ftmp HTTP/2" 200 2560 "-" "Mozilla/5.0 AppleWebKit/537.36 (KHTML, like Gecko; compatible; ClaudeBot/1.0; +claudebot@anthropic.com)"
50.6.174.25 - - [13/Mar/2026:15:47:45 +0330] "POST /wp-content/plugins/contact-1772477384/php-toolkit/DataLiberation/vendor-patched/psr/log/src/homepageData.php HTTP/2" 403 787 "-" "Mozilla/5.0 (Windows NT 10.0; Win64; x64) AppleWebKit/537.36 (KHTML, like Gecko) Chrome/101.0.4951.64 Safari/537.36 Edg/101.0.1210.47"
147.135.213.27 - - [13/Mar/2026:15:47:47 +0330] "GET /category/%D8%A7%DB%8C%D9%86%D8%AA%D8%B1%D9%86%D8%AA/?fileloc=/home/farzache/public_html/wp-includes/class.wp-styles.php&path=/home/farzache/public_html/wp-includes HTTP/1.1" 200 2730 "-" "Mozilla/5.0 (compatible; MJ12bot/v1.4.8; http://mj12bot.com/)"
167.86.127.54 - - [13/Mar/2026:15:47:51 +0330] "POST /wp-content/plugins/contact-1772477384/php-toolkit/DataLiberation/vendor-patched/psr/log/src/homepageData.php HTTP/2" 403 787 "-" "Mozilla/5.0 (Windows NT 10.0; Win64; x64) AppleWebKit/537.36 (KHTML, like Gecko) Chrome/107.0.0.0 Safari/537.36"
147.135.213.27 - - [13/Mar/2026:15:47:51 +0330] "GET /category/%D8%A7%DB%8C%D9%86%D8%AA%D8%B1%D9%86%D8%AA/?fileloc=/home/farzache/public_html/wp-includes/comment-template.php&path=/home/farzache/public_html/wp-includes HTTP/1.1" 200 24353 "-" "Mozilla/5.0 (compatible; MJ12bot/v1.4.8; http://mj12bot.com/)"
147.135.213.27 - - [13/Mar/2026:15:47:56 +0330] "GET /category/%D8%A7%DB%8C%D9%86%D8%AA%D8%B1%D9%86%D8%AA/?fileloc=/home/farzache/public_html/wp-includes/comment.php&path=/home/farzache/public_html/wp-includes HTTP/1.1" 200 33723 "-" "Mozilla/5.0 (compatible; MJ12bot/v1.4.8; http://mj12bot.com/)"
147.135.213.27 - - [13/Mar/2026:15:48:00 +0330] "GET /category/%D8%A7%DB%8C%D9%86%D8%AA%D8%B1%D9%86%D8%AA/?fileloc=/home/farzache/public_html/wp-includes/compat-utf8.php&path=/home/farzache/public_html/wp-includes HTTP/1.1" 200 8207 "-" "Mozilla/5.0 (compatible; MJ12bot/v1.4.8; http://mj12bot.com/)"
147.135.213.27 - - [13/Mar/2026:15:48:05 +0330] "GET /category/%D8%A7%DB%8C%D9%86%D8%AA%D8%B1%D9%86%D8%AA/?fileloc=/home/farzache/public_html/wp-includes/compat.php&path=/home/farzache/public_html/wp-includes HTTP/1.1" 200 6798 "-" "Mozilla/5.0 (compatible; MJ12bot/v1.4.8; http://mj12bot.com/)"
46.101.217.74 - - [13/Mar/2026:15:48:07 +0330] "POST /wp-content/plugins/contact-1772477384/php-toolkit/DataLiberation/vendor-patched/rowbot/idna/tests/editgroup.php HTTP/2" 403 787 "-" "Mozilla/5.0 (Windows NT 10.0; Win64; x64) AppleWebKit/537.36 (KHTML, like Gecko) Chrome/107.0.0.0 Safari/537.36"
46.101.217.74 - - [13/Mar/2026:15:48:07 +0330] "POST /wp-content/plugins/contact-1772477384/php-toolkit/DataLiberation/vendor-patched/psr/log/src/homepageData.php HTTP/2" 403 787 "-" "Mozilla/5.0 (Macintosh; Intel Mac OS X 10_15_7) AppleWebKit/537.36 (KHTML, like Gecko) Chrome/120.0.0.0 Safari/537.36"
198.252.100.15 - - [13/Mar/2026:15:48:08 +0330] "POST /wp-content/plugins/contact-1772477384/php-toolkit/DataLiberation/vendor-patched/rowbot/idna/tests/editgroup.php HTTP/2" 403 787 "-" "Mozilla/5.0 (iPhone; CPU iPhone OS 17_2 like Mac OS X) AppleWebKit/605.1.15 (KHTML, like Gecko) Version/17.2 Mobile/15E148 Safari/604.1"
147.135.213.27 - - [13/Mar/2026:15:48:09 +0330] "GET /category/%D8%A7%DB%8C%D9%86%D8%AA%D8%B1%D9%86%D8%AA/?fileloc=/home/farzache/public_html/wp-includes/cron.php&path=/home/farzache/public_html/wp-includes HTTP/1.1" 200 11316 "-" "Mozilla/5.0 (compatible; MJ12bot/v1.4.8; http://mj12bot.com/)"
147.135.213.27 - - [13/Mar/2026:15:48:13 +0330] "GET /category/%D8%A7%DB%8C%D9%86%D8%AA%D8%B1%D9%86%D8%AA/?fileloc=/home/farzache/public_html/wp-includes/css/.htaccess&path=/home/farzache/public_html/wp-includes/css HTTP/1.1" 200 2653 "-" "Mozilla/5.0 (compatible; MJ12bot/v1.4.8; http://mj12bot.com/)"
5.250.185.149 - - [13/Mar/2026:15:48:15 +0330] "POST /wp-content/plugins/contact-1772477384/php-toolkit/DataLiberation/vendor-patched/rowbot/idna/tests/editgroup.php HTTP/2" 403 787 "-" "Mozilla/5.0 (Windows NT 10.0; Win64; x64) AppleWebKit/537.36 (KHTML, like Gecko) Chrome/104.0.0.0 Safari/537.36"
216.73.216.88 - - [13/Mar/2026:15:48:15 +0330] "GET /ways-to-get-very-first-deposit-extra-inside-a-real-income/989930062081?fileloc=%2F%2Flib%2Fmodules%2F4.18.0-372.26.1.lve.1.el7h.x86_64%2Fbls.conf&path=%2F%2Flib%2Fmodules%2F4.18.0-372.26.1.lve.1.el7h.x86_64 HTTP/2" 200 2684 "-" "Mozilla/5.0 AppleWebKit/537.36 (KHTML, like Gecko; compatible; ClaudeBot/1.0; +claudebot@anthropic.com)"
72.167.46.126 - - [13/Mar/2026:15:48:17 +0330] "POST /wp-content/plugins/revslider/admin/includes/shortcode_generator/divi/styles/XRDS.php HTTP/2" 403 787 "-" "Mozilla/5.0 (Windows NT 10.0; Win64; x64) AppleWebKit/537.36 (KHTML, like Gecko) Chrome/100.0.4896.75 Safari/537.36"
216.73.216.88 - - [13/Mar/2026:15:48:18 +0330] "GET /online-casino-czk-jak-si-uzit-hazardni-hry-z-pohodli-domova/feed?fileloc=%2F%2Fbin%2Fps2pdf13&path=%2F%2Fbin HTTP/2" 200 2662 "-" "Mozilla/5.0 AppleWebKit/537.36 (KHTML, like Gecko; compatible; ClaudeBot/1.0; +claudebot@anthropic.com)"
147.135.213.27 - - [13/Mar/2026:15:48:18 +0330] "GET /category/%D8%A7%DB%8C%D9%86%D8%AA%D8%B1%D9%86%D8%AA/?fileloc=/home/farzache/public_html/wp-includes/css/admin-bar-rtl.css&path=/home/farzache/public_html/wp-includes/css HTTP/1.1" 200 7587 "-" "Mozilla/5.0 (compatible; MJ12bot/v1.4.8; http://mj12bot.com/)"
216.73.216.88 - - [13/Mar/2026:15:48:21 +0330] "GET /online-casino-czk-jak-si-uzit-hazardni-hry-z-pohodli-domova/feed?fileloc=%2F%2Fbin%2Fgpg2&path=%2F%2Fbin HTTP/2" 200 2516 "-" "Mozilla/5.0 AppleWebKit/537.36 (KHTML, like Gecko; compatible; ClaudeBot/1.0; +claudebot@anthropic.com)"
147.135.213.27 - - [13/Mar/2026:15:48:23 +0330] "GET /category/%D8%A7%DB%8C%D9%86%D8%AA%D8%B1%D9%86%D8%AA/?fileloc=/home/farzache/public_html/wp-includes/css/admin-bar-rtl.min.css&path=/home/farzache/public_html/wp-includes/css HTTP/1.1" 200 6566 "-" "Mozilla/5.0 (compatible; MJ12bot/v1.4.8; http://mj12bot.com/)"
216.73.216.88 - - [13/Mar/2026:15:48:24 +0330] "GET /online-casino-czk-jak-si-uzit-hazardni-hry-z-pohodli-domova/feed?fileloc=%2F%2Fbin%2Fzipinfo&path=%2F%2Fbin HTTP/2" 200 2517 "-" "Mozilla/5.0 AppleWebKit/537.36 (KHTML, like Gecko; compatible; ClaudeBot/1.0; +claudebot@anthropic.com)"
216.73.216.88 - - [13/Mar/2026:15:48:27 +0330] "GET /online-casino-czk-jak-si-uzit-hazardni-hry-z-pohodli-domova/feed?fileloc=%2F%2Fbin%2Fgem&path=%2F%2Fbin HTTP/2" 200 2824 "-" "Mozilla/5.0 AppleWebKit/537.36 (KHTML, like Gecko; compatible; ClaudeBot/1.0; +claudebot@anthropic.com)"
147.135.213.27 - - [13/Mar/2026:15:48:27 +0330] "GET /category/%D8%A7%DB%8C%D9%86%D8%AA%D8%B1%D9%86%D8%AA/?fileloc=/home/farzache/public_html/wp-includes/css/admin-bar.css&path=/home/farzache/public_html/wp-includes/css HTTP/1.1" 200 7570 "-" "Mozilla/5.0 (compatible; MJ12bot/v1.4.8; http://mj12bot.com/)"
45.6.51.97 - - [13/Mar/2026:15:48:28 +0330] "POST /wp-content/plugins/revslider/admin/includes/shortcode_generator/divi/styles/XRDS.php HTTP/2" 403 787 "-" "Mozilla/5.0 (Windows NT 10.0; Win64; x64) AppleWebKit/537.36 (KHTML, like Gecko) Chrome/101.0.4951.67 Safari/537.36"
162.0.216.102 - - [13/Mar/2026:15:48:30 +0330] "POST /wp-content/plugins/revslider/admin/includes/shortcode_generator/divi/styles/XRDS.php HTTP/2" 403 787 "-" "Mozilla/5.0 (iPhone; CPU iPhone OS 17_2 like Mac OS X) AppleWebKit/605.1.15 (KHTML, like Gecko) Version/17.2 Mobile/15E148 Safari/604.1"
216.73.216.88 - - [13/Mar/2026:15:48:30 +0330] "GET /online-casino-czk-jak-si-uzit-hazardni-hry-z-pohodli-domova/feed?fileloc=%2F%2Fbin%2Fnproc&path=%2F%2Fbin HTTP/2" 200 2516 "-" "Mozilla/5.0 AppleWebKit/537.36 (KHTML, like Gecko; compatible; ClaudeBot/1.0; +claudebot@anthropic.com)"
147.135.213.27 - - [13/Mar/2026:15:48:32 +0330] "GET /category/%D8%A7%DB%8C%D9%86%D8%AA%D8%B1%D9%86%D8%AA/?fileloc=/home/farzache/public_html/wp-includes/css/admin-bar.min.css&path=/home/farzache/public_html/wp-includes/css HTTP/1.1" 200 6552 "-" "Mozilla/5.0 (compatible; MJ12bot/v1.4.8; http://mj12bot.com/)"
216.73.216.88 - - [13/Mar/2026:15:48:00 +0330] "GET /with-a-qualification-inside-analytical-sciences-james-including-draws-towards-the-his-experience-with-possibility-and-you-can-likelihood-in-his-position-recommendations/989930062081?fileloc=%2F%2Ftmp%2F.symbol&path=%2F%2Ftmp HTTP/2" 200 3906 "-" "Mozilla/5.0 AppleWebKit/537.36 (KHTML, like Gecko; compatible; ClaudeBot/1.0; +claudebot@anthropic.com)"
216.73.216.88 - - [13/Mar/2026:15:48:03 +0330] "GET /a-knowledgeable-online-casinos-playing-online-slots-the-real-deal-money-in-the-2026/989930062081?fileloc=%2Fhome%2Ffarzache%2Fpublic_html%2Fwp-includes%2Ffunctions.php&path=%2Fhome%2Ffarzache%2Fpublic_html%2Fwp-includes HTTP/2" 200 78922 "-" "Mozilla/5.0 AppleWebKit/537.36 (KHTML, like Gecko; compatible; ClaudeBot/1.0; +claudebot@anthropic.com)"
216.73.216.88 - - [13/Mar/2026:15:48:06 +0330] "GET /online-casino-czech-republic-vse-co-potrebujete-vedet-o-online-casino-cz/feed?fileloc=%2Fhome%2Ffarzache%2Fpublic_html%2Fwp-includes%2Fclass.wp-dependencies.php&path=%2Fhome%2Ffarzache%2Fpublic_html%2Fwp-includes HTTP/2" 200 2682 "-" "Mozilla/5.0 AppleWebKit/537.36 (KHTML, like Gecko; compatible; ClaudeBot/1.0; +claudebot@anthropic.com)"
216.73.216.88 - - [13/Mar/2026:15:48:09 +0330] "GET /ways-to-get-very-first-deposit-extra-inside-a-real-income/instagram.com/farazshimialborz?path=%2Fhome%2Ffarzache%2F.cpanel%2Fcaches%2Fconfig HTTP/2" 200 2964 "-" "Mozilla/5.0 AppleWebKit/537.36 (KHTML, like Gecko; compatible; ClaudeBot/1.0; +claudebot@anthropic.com)"
103.117.180.206 - - [13/Mar/2026:15:48:11 +0330] "POST /wp-content/plugins/contact-1772477384/php-toolkit/DataLiberation/vendor-patched/rowbot/idna/tests/editgroup.php HTTP/2" 403 787 "-" "Mozilla/5.0 (Windows NT 10.0; Win64; x64) AppleWebKit/537.36 (KHTML, like Gecko) Chrome/110.0.0.0 Safari/537.36"
69.49.112.71 - - [13/Mar/2026:15:48:13 +0330] "POST /wp-content/plugins/contact-1772477384/php-toolkit/DataLiberation/vendor-patched/rowbot/idna/tests/editgroup.php HTTP/2" 403 787 "-" "Mozilla/5.0 (Windows NT 10.0; Win64; x64) AppleWebKit/537.36 (KHTML, like Gecko) Chrome/99.0.4844.51 Safari/537.36 Edg/99.0.1150.30"
