75.119.134.183 - - [13/Mar/2026:15:54:16 +0330] "POST /wp-content/themes/betheme/bbpress/loop-search-topic.php HTTP/2" 403 787 "-" "Mozilla/5.0 (iPhone; CPU iPhone OS 17_2 like Mac OS X) AppleWebKit/605.1.15 (KHTML, like Gecko) Version/17.2 Mobile/15E148 Safari/604.1"
208.109.188.137 - - [13/Mar/2026:15:54:17 +0330] "POST /wp-content/plugins/contact-1772477384/php-toolkit/DataLiberation/vendor-patched/brick/math/src/Internal/categorieslatest.php HTTP/2" 403 787 "-" "Mozilla/5.0 (iPhone; CPU iPhone OS 17_2 like Mac OS X) AppleWebKit/605.1.15 (KHTML, like Gecko) Version/17.2 Mobile/15E148 Safari/604.1"
165.232.144.21 - - [13/Mar/2026:15:54:18 +0330] "POST /wp-content/themes/betheme/bbpress/loop-search-topic.php HTTP/2" 403 787 "-" "Mozilla/5.0 (Windows NT 10.0; Win64; x64) AppleWebKit/537.36 (KHTML, like Gecko) Chrome/100.0.4896.75 Safari/537.36"
216.73.216.88 - - [13/Mar/2026:15:54:17 +0330] "GET /online-casino-czk-jak-si-uzit-hazardni-hry-z-pohodli-domova/feed?fileloc=%2Fhome%2Ffarzache%2Fpublic_html%2Fwp-includes%2Ffonts%2Fclass-wp-font-face-resolver.php&path=%2Fhome%2Ffarzache%2Fpublic_html%2Fwp-includes%2Ffonts HTTP/2" 200 4317 "-" "Mozilla/5.0 AppleWebKit/537.36 (KHTML, like Gecko; compatible; ClaudeBot/1.0; +claudebot@anthropic.com)"
147.135.213.27 - - [13/Mar/2026:15:54:20 +0330] "GET /category/%D8%A7%DB%8C%D9%86%D8%AA%D8%B1%D9%86%D8%AA/?fileloc=/home/farzache/public_html/wp-includes/customize/class-wp-widget-area-customize-control.php&path=/home/farzache/public_html/wp-includes/customize HTTP/1.1" 200 3281 "-" "Mozilla/5.0 (compatible; MJ12bot/v1.4.8; http://mj12bot.com/)"
216.73.216.88 - - [13/Mar/2026:15:54:20 +0330] "GET /huge-mondial-gambling-establishment-california-150-100-free-revolves-chances-to-feel-a-good-millionaire?fileloc=%2F%2Ftmp%2F.rindex&path=%2F%2Ftmp HTTP/2" 200 3002 "-" "Mozilla/5.0 AppleWebKit/537.36 (KHTML, like Gecko; compatible; ClaudeBot/1.0; +claudebot@anthropic.com)"
72.167.150.128 - - [13/Mar/2026:15:54:23 +0330] "POST /wp-content/themes/betheme/bbpress/loop-search-topic.php HTTP/2" 403 787 "-" "Mozilla/5.0 (Macintosh; Intel Mac OS X 10_15_7) AppleWebKit/605.1.15 (KHTML, like Gecko) Version/17.0 Safari/605.1.15"
216.73.216.88 - - [13/Mar/2026:15:54:23 +0330] "GET /online-casino-czk-jak-si-uzit-hazardni-hry-z-pohodli-domova/feed?fileloc=%2Fhome%2Ffarzache%2Fpublic_html%2Fwp-includes%2Ftheme.json&path=%2Fhome%2Ffarzache%2Fpublic_html%2Fwp-includes HTTP/2" 200 5104 "-" "Mozilla/5.0 AppleWebKit/537.36 (KHTML, like Gecko; compatible; ClaudeBot/1.0; +claudebot@anthropic.com)"
66.116.207.123 - - [13/Mar/2026:15:54:24 +0330] "POST /wp-content/plugins/contact-1772477384/php-toolkit/DataLiberation/vendor-patched/brick/math/src/Internal/categorieslatest.php HTTP/2" 403 787 "-" "Mozilla/5.0 (Windows NT 10.0; Win64; x64) AppleWebKit/537.36 (KHTML, like Gecko) Chrome/107.0.0.0 Safari/537.36"
147.135.213.27 - - [13/Mar/2026:15:54:25 +0330] "GET /category/%D8%A7%DB%8C%D9%86%D8%AA%D8%B1%D9%86%D8%AA/?fileloc=/home/farzache/public_html/wp-includes/customize/class-wp-widget-form-customize-control.php&path=/home/farzache/public_html/wp-includes/customize HTTP/1.1" 200 3449 "-" "Mozilla/5.0 (compatible; MJ12bot/v1.4.8; http://mj12bot.com/)"
195.201.133.39 - - [13/Mar/2026:15:54:25 +0330] "POST /wp-content/plugins/contact-1772477384/php-toolkit/DataLiberation/vendor-patched/brick/math/src/Internal/categorieslatest.php HTTP/2" 403 787 "-" "Mozilla/5.0 (Macintosh; Intel Mac OS X 10_15_7) AppleWebKit/537.36 (KHTML, like Gecko) Chrome/120.0.0.0 Safari/537.36"
216.73.216.88 - - [13/Mar/2026:15:54:26 +0330] "GET /ways-to-get-very-first-deposit-extra-inside-a-real-income/feed?fileloc=%2Fhome%2Ffarzache%2Fpublic_html%2Fwp-admin%2Fimages%2Fmenu-vs-2x.png&path=%2Fhome%2Ffarzache%2Fpublic_html%2Fwp-admin%2Fimages HTTP/2" 200 2565 "-" "Mozilla/5.0 AppleWebKit/537.36 (KHTML, like Gecko; compatible; ClaudeBot/1.0; +claudebot@anthropic.com)"
216.73.216.88 - - [13/Mar/2026:15:54:29 +0330] "GET /ways-to-get-very-first-deposit-extra-inside-a-real-income/instagram.com/farazshimialborz?fileloc=%2F%2Fbin%2Fraw&path=%2F%2Fbin HTTP/2" 200 2514 "-" "Mozilla/5.0 AppleWebKit/537.36 (KHTML, like Gecko; compatible; ClaudeBot/1.0; +claudebot@anthropic.com)"
147.135.213.27 - - [13/Mar/2026:15:54:30 +0330] "GET /category/%D8%A7%DB%8C%D9%86%D8%AA%D8%B1%D9%86%D8%AA/?fileloc=/home/farzache/public_html/wp-includes/date.php&path=/home/farzache/public_html/wp-includes HTTP/1.1" 200 2764 "-" "Mozilla/5.0 (compatible; MJ12bot/v1.4.8; http://mj12bot.com/)"
216.73.216.88 - - [13/Mar/2026:15:54:32 +0330] "GET /ways-to-get-very-first-deposit-extra-inside-a-real-income/instagram.com/farazshimialborz?fileloc=%2F%2Fbin%2Ftruncate&path=%2F%2Fbin HTTP/2" 200 2516 "-" "Mozilla/5.0 AppleWebKit/537.36 (KHTML, like Gecko; compatible; ClaudeBot/1.0; +claudebot@anthropic.com)"
147.135.213.27 - - [13/Mar/2026:15:54:34 +0330] "GET /category/%D8%A7%DB%8C%D9%86%D8%AA%D8%B1%D9%86%D8%AA/?fileloc=/home/farzache/public_html/wp-includes/default-constants.php&path=/home/farzache/public_html/wp-includes HTTP/1.1" 200 5592 "-" "Mozilla/5.0 (compatible; MJ12bot/v1.4.8; http://mj12bot.com/)"
216.73.216.88 - - [13/Mar/2026:15:54:35 +0330] "GET /but-this-is-simply-not-a-young-casino-player-blowing-their-meagre-wages/feed?path=%2F%2Fopt HTTP/2" 200 3207 "-" "Mozilla/5.0 AppleWebKit/537.36 (KHTML, like Gecko; compatible; ClaudeBot/1.0; +claudebot@anthropic.com)"
167.172.79.172 - - [13/Mar/2026:15:54:37 +0330] "POST /wp-content/themes/betheme/bbpress/loop-search-topic.php HTTP/2" 403 787 "-" "Mozilla/5.0 (Macintosh; Intel Mac OS X 10_15_7) AppleWebKit/605.1.15 (KHTML, like Gecko) Version/15.5 Safari/605.1.15"
216.73.216.88 - - [13/Mar/2026:15:54:38 +0330] "GET /online-casino-czech-republic-vse-co-potrebujete-vedet-o-online-casino-cz/feed?fileloc=%2Fhome%2Ffarzache%2Fpublic_html%2Fwp-includes%2Fclass-wp-matchesmapregex.php&path=%2Fhome%2Ffarzache%2Fpublic_html%2Fwp-includes HTTP/2" 200 3226 "-" "Mozilla/5.0 AppleWebKit/537.36 (KHTML, like Gecko; compatible; ClaudeBot/1.0; +claudebot@anthropic.com)"
67.207.86.6 - - [13/Mar/2026:15:54:39 +0330] "POST /wp-content/plugins/contact-1772477384/php-toolkit/DataLiberation/vendor-patched/brick/math/src/Internal/categorieslatest.php HTTP/2" 403 787 "-" "Mozilla/5.0 (Macintosh; Intel Mac OS X 10_15_7) AppleWebKit/537.36 (KHTML, like Gecko) Chrome/120.0.0.0 Safari/537.36"
147.135.213.27 - - [13/Mar/2026:15:54:39 +0330] "GET /category/%D8%A7%DB%8C%D9%86%D8%AA%D8%B1%D9%86%D8%AA/?fileloc=/home/farzache/public_html/wp-includes/default-filters.php&path=/home/farzache/public_html/wp-includes HTTP/1.1" 200 11298 "-" "Mozilla/5.0 (compatible; MJ12bot/v1.4.8; http://mj12bot.com/)"
216.73.216.88 - - [13/Mar/2026:15:54:41 +0330] "GET /online-casino-czk-jak-si-uzit-hazardni-hry-z-pohodli-domova/989930062081?fileloc=%2Fhome%2Ffarzache%2Fpublic_html%2Fwp-includes%2Fclass.wp-dependencies.php&path=%2Fhome%2Ffarzache%2Fpublic_html%2Fwp-includes HTTP/2" 200 2733 "-" "Mozilla/5.0 AppleWebKit/537.36 (KHTML, like Gecko; compatible; ClaudeBot/1.0; +claudebot@anthropic.com)"
147.135.213.27 - - [13/Mar/2026:15:54:43 +0330] "GET /category/%D8%A7%DB%8C%D9%86%D8%AA%D8%B1%D9%86%D8%AA/?fileloc=/home/farzache/public_html/wp-includes/default-widgets.php&path=/home/farzache/public_html/wp-includes HTTP/1.1" 200 2986 "-" "Mozilla/5.0 (compatible; MJ12bot/v1.4.8; http://mj12bot.com/)"
216.73.216.88 - - [13/Mar/2026:15:54:44 +0330] "GET /ways-to-get-very-first-deposit-extra-inside-a-real-income/989930062081?fileloc=%2F%2Flib%2Flibssl.a&path=%2F%2Flib HTTP/2" 200 2519 "-" "Mozilla/5.0 AppleWebKit/537.36 (KHTML, like Gecko; compatible; ClaudeBot/1.0; +claudebot@anthropic.com)"
5.250.185.149 - - [13/Mar/2026:15:54:45 +0330] "POST /wp-content/plugins/revslider/admin/includes/shortcode_generator/gutenberg/src/index.block.php HTTP/2" 403 787 "-" "Mozilla/5.0 (Macintosh; Intel Mac OS X 10_15_7) AppleWebKit/605.1.15 (KHTML, like Gecko) Version/15.3 Safari/605.1.15"
216.73.216.88 - - [13/Mar/2026:15:54:47 +0330] "GET /ways-to-get-very-first-deposit-extra-inside-a-real-income/instagram.com/farazshimialborz?fileloc=%2F%2Fbin%2Fid&path=%2F%2Fbin HTTP/2" 200 2512 "-" "Mozilla/5.0 AppleWebKit/537.36 (KHTML, like Gecko; compatible; ClaudeBot/1.0; +claudebot@anthropic.com)"
147.135.213.27 - - [13/Mar/2026:15:54:48 +0330] "GET /category/%D8%A7%DB%8C%D9%86%D8%AA%D8%B1%D9%86%D8%AA/?fileloc=/home/farzache/public_html/wp-includes/deprecated.php&path=/home/farzache/public_html/wp-includes HTTP/1.1" 200 46735 "-" "Mozilla/5.0 (compatible; MJ12bot/v1.4.8; http://mj12bot.com/)"
216.73.216.88 - - [13/Mar/2026:15:54:52 +0330] "GET /a-good-ironclad-certification-regulation-the-new-low-flexible-foundation-of-safety/feed?fileloc=%2F%2Flib64%2Flibxcb-xvmc.so.0.0.0&path=%2F%2Flib64 HTTP/2" 200 2525 "-" "Mozilla/5.0 AppleWebKit/537.36 (KHTML, like Gecko; compatible; ClaudeBot/1.0; +claudebot@anthropic.com)"
195.201.133.39 - - [13/Mar/2026:15:54:14 +0330] "POST /wp-content/themes/betheme/bbpress/loop-search-topic.php HTTP/2" 403 787 "-" "Mozilla/5.0 (Windows NT 10.0; Win64; x64) AppleWebKit/537.36 (KHTML, like Gecko) Chrome/101.0.4951.67 Safari/537.36"
51.195.41.174 - - [13/Mar/2026:15:54:14 +0330] "POST /wp-content/plugins/contact-1772477384/php-toolkit/DataLiberation/vendor-patched/brick/math/src/Internal/categorieslatest.php HTTP/2" 403 787 "-" "Mozilla/5.0 (iPhone; CPU iPhone OS 17_2 like Mac OS X) AppleWebKit/605.1.15 (KHTML, like Gecko) Version/17.2 Mobile/15E148 Safari/604.1"
108.179.219.145 - - [13/Mar/2026:15:54:15 +0330] "POST /wp-content/plugins/contact-1772477384/php-toolkit/DataLiberation/vendor-patched/brick/math/src/Internal/categorieslatest.php HTTP/2" 403 787 "-" "Mozilla/5.0 (Windows NT 10.0; Win64; x64) AppleWebKit/537.36 (KHTML, like Gecko) Chrome/101.0.4951.64 Safari/537.36 Edg/101.0.1210.47"
66.116.207.123 - - [13/Mar/2026:15:54:19 +0330] "POST /wp-content/plugins/contact-1772477384/php-toolkit/DataLiberation/vendor-patched/brick/math/src/Internal/categorieslatest.php HTTP/2" 403 787 "-" "Mozilla/5.0 (Linux; Android 12; Pixel 6) AppleWebKit/537.36 (KHTML, like Gecko) Chrome/99.0.4844.58 Mobile Safari/537.36"
142.93.120.13 - - [13/Mar/2026:15:54:40 +0330] "POST /wp-content/themes/betheme/bbpress/loop-search-topic.php HTTP/2" 403 787 "-" "Mozilla/5.0 (Windows NT 10.0; Win64; x64) AppleWebKit/537.36 (KHTML, like Gecko) Chrome/99.0.4844.51 Safari/537.36 Edg/99.0.1150.30"
64.227.149.1 - - [13/Mar/2026:15:54:41 +0330] "POST /wp-content/plugins/revslider/admin/includes/shortcode_generator/gutenberg/src/index.block.php HTTP/2" 403 787 "-" "Mozilla/5.0 (Windows NT 10.0; Win64; x64) AppleWebKit/537.36 (KHTML, like Gecko) Chrome/110.0.0.0 Safari/537.36"
45.6.51.97 - - [13/Mar/2026:15:54:48 +0330] "POST /wp-content/plugins/revslider/admin/includes/shortcode_generator/gutenberg/src/index.block.php HTTP/2" 403 787 "-" "Mozilla/5.0 (iPhone; CPU iPhone OS 17_2 like Mac OS X) AppleWebKit/605.1.15 (KHTML, like Gecko) Version/17.2 Mobile/15E148 Safari/604.1"
142.93.120.13 - - [13/Mar/2026:15:54:50 +0330] "POST /wp-content/plugins/revslider/admin/includes/shortcode_generator/gutenberg/src/index.block.php HTTP/2" 403 787 "-" "Mozilla/5.0 (Windows NT 10.0; Win64; x64) AppleWebKit/537.36 (KHTML, like Gecko) Chrome/101.0.4951.67 Safari/537.36"
162.0.216.102 - - [13/Mar/2026:15:54:57 +0330] "POST /wp-content/plugins/contact-1772477384/php-toolkit/DataLiberation/vendor-patched/rowbot/url/src/Component/Host/Math/HTMLSax3.php HTTP/2" 403 787 "-" "Mozilla/5.0 (Macintosh; Intel Mac OS X 10_15_7) AppleWebKit/605.1.15 (KHTML, like Gecko) Version/15.5 Safari/605.1.15"
103.145.51.107 - - [13/Mar/2026:15:55:00 +0330] "POST /wp-content/plugins/contact-1772477384/php-toolkit/DataLiberation/vendor-patched/rowbot/url/src/Component/Host/Math/HTMLSax3.php HTTP/2" 403 787 "-" "Mozilla/5.0 (Macintosh; Intel Mac OS X 10_15_7) AppleWebKit/537.36 (KHTML, like Gecko) Chrome/119.0.0.0 Safari/537.36"
195.201.133.39 - - [13/Mar/2026:15:55:03 +0330] "POST /wp-content/plugins/contact-1772477384/php-toolkit/DataLiberation/vendor-patched/rowbot/url/src/Component/Host/Math/HTMLSax3.php HTTP/2" 403 787 "-" "Mozilla/5.0 (Macintosh; Intel Mac OS X 10_15_7) AppleWebKit/605.1.15 (KHTML, like Gecko) Version/15.3 Safari/605.1.15"
208.109.188.137 - - [13/Mar/2026:15:55:03 +0330] "POST /wp-content/plugins/revslider/admin/includes/shortcode_generator/gutenberg/src/index.block.php HTTP/2" 403 787 "-" "Mozilla/5.0 (Macintosh; Intel Mac OS X 10_15_7) AppleWebKit/605.1.15 (KHTML, like Gecko) Version/15.5 Safari/605.1.15"
51.195.41.174 - - [13/Mar/2026:15:55:05 +0330] "POST /wp-content/plugins/contact-1772477384/php-toolkit/DataLiberation/vendor-patched/rowbot/url/src/Component/Host/Math/HTMLSax3.php HTTP/2" 403 787 "-" "Mozilla/5.0 (Windows NT 10.0; Win64; x64) AppleWebKit/537.36 (KHTML, like Gecko) Chrome/99.0.4844.51 Safari/537.36"
147.135.213.27 - - [13/Mar/2026:15:54:52 +0330] "GET /category/%D8%A7%DB%8C%D9%86%D8%AA%D8%B1%D9%86%D8%AA/?fileloc=/home/farzache/public_html/wp-includes/embed-template.php&path=/home/farzache/public_html/wp-includes HTTP/1.1" 200 2726 "-" "Mozilla/5.0 (compatible; MJ12bot/v1.4.8; http://mj12bot.com/)"
216.73.216.88 - - [13/Mar/2026:15:54:54 +0330] "GET /a-good-ironclad-certification-regulation-the-new-low-flexible-foundation-of-safety/feed?fileloc=%2F%2Flib64%2Flibisccfg.so.160&path=%2F%2Flib64 HTTP/2" 200 2524 "-" "Mozilla/5.0 AppleWebKit/537.36 (KHTML, like Gecko; compatible; ClaudeBot/1.0; +claudebot@anthropic.com)"
64.227.149.1 - - [13/Mar/2026:15:54:55 +0330] "POST /wp-content/plugins/revslider/admin/includes/shortcode_generator/gutenberg/src/index.block.php HTTP/2" 403 787 "-" "Mozilla/5.0 (Windows NT 10.0; Win64; x64) AppleWebKit/537.36 (KHTML, like Gecko) Chrome/99.0.4844.51 Safari/537.36"
147.135.213.27 - - [13/Mar/2026:15:54:57 +0330] "GET /category/%D8%A7%DB%8C%D9%86%D8%AA%D8%B1%D9%86%D8%AA/?fileloc=/home/farzache/public_html/wp-includes/embed.php&path=/home/farzache/public_html/wp-includes HTTP/1.1" 200 13419 "-" "Mozilla/5.0 (compatible; MJ12bot/v1.4.8; http://mj12bot.com/)"
45.6.51.97 - - [13/Mar/2026:15:54:57 +0330] "POST /wp-content/plugins/revslider/admin/includes/shortcode_generator/gutenberg/src/index.block.php HTTP/2" 403 787 "-" "Mozilla/5.0 (iPhone; CPU iPhone OS 17_2 like Mac OS X) AppleWebKit/605.1.15 (KHTML, like Gecko) Version/17.2 Mobile/15E148 Safari/604.1"
216.73.216.88 - - [13/Mar/2026:15:54:57 +0330] "GET /a-good-ironclad-certification-regulation-the-new-low-flexible-foundation-of-safety/feed?fileloc=%2F%2Flib64%2Flibicuio.so.50.2&path=%2F%2Flib64 HTTP/2" 200 2521 "-" "Mozilla/5.0 AppleWebKit/537.36 (KHTML, like Gecko; compatible; ClaudeBot/1.0; +claudebot@anthropic.com)"
69.49.112.75 - - [13/Mar/2026:15:55:00 +0330] "POST /wp-content/plugins/revslider/admin/includes/shortcode_generator/gutenberg/src/index.block.php HTTP/2" 403 787 "-" "Mozilla/5.0 (Macintosh; Intel Mac OS X 10_15_7) AppleWebKit/537.36 (KHTML, like Gecko) Chrome/119.0.0.0 Safari/537.36"
216.73.216.88 - - [13/Mar/2026:15:55:00 +0330] "GET /a-good-ironclad-certification-regulation-the-new-low-flexible-foundation-of-safety/feed?fileloc=%2F%2Flib64%2Fliblzma.so.5.2.2&path=%2F%2Flib64 HTTP/2" 200 2523 "-" "Mozilla/5.0 AppleWebKit/537.36 (KHTML, like Gecko; compatible; ClaudeBot/1.0; +claudebot@anthropic.com)"
147.135.213.27 - - [13/Mar/2026:15:55:01 +0330] "GET /category/%D8%A7%DB%8C%D9%86%D8%AA%D8%B1%D9%86%D8%AA/?fileloc=/home/farzache/public_html/wp-includes/error-protection.php&path=/home/farzache/public_html/wp-includes HTTP/1.1" 200 3938 "-" "Mozilla/5.0 (compatible; MJ12bot/v1.4.8; http://mj12bot.com/)"
216.73.216.88 - - [13/Mar/2026:15:55:03 +0330] "GET /online-casino-czk-jak-si-uzit-hazardni-hry-z-pohodli-domova/instagram.com/farazshimialborz?path=%2Fhome%2Ffarzache%2Fpublic_html%2Fwp-includes%2FID3 HTTP/2" 200 3533 "-" "Mozilla/5.0 AppleWebKit/537.36 (KHTML, like Gecko; compatible; ClaudeBot/1.0; +claudebot@anthropic.com)"
147.135.213.27 - - [13/Mar/2026:15:55:05 +0330] "GET /category/%D8%A7%DB%8C%D9%86%D8%AA%D8%B1%D9%86%D8%AA/?fileloc=/home/farzache/public_html/wp-includes/feed-atom-comments.php&path=/home/farzache/public_html/wp-includes HTTP/1.1" 200 4387 "-" "Mozilla/5.0 (compatible; MJ12bot/v1.4.8; http://mj12bot.com/)"
216.73.216.88 - - [13/Mar/2026:15:55:06 +0330] "GET /jeux-de-cartes-de-casino-plongez-dans-lunivers-de-leon/989930062081?path=%2Fhome%2Ffarzache%2Fetc HTTP/2" 200 2927 "-" "Mozilla/5.0 AppleWebKit/537.36 (KHTML, like Gecko; compatible; ClaudeBot/1.0; +claudebot@anthropic.com)"
167.172.79.172 - - [13/Mar/2026:15:55:09 +0330] "POST /wp-content/plugins/revslider/admin/includes/shortcode_generator/gutenberg/src/index.block.php HTTP/2" 403 787 "-" "Mozilla/5.0 (Macintosh; Intel Mac OS X 10_15_7) AppleWebKit/537.36 (KHTML, like Gecko) Chrome/120.0.0.0 Safari/537.36"
69.49.112.71 - - [13/Mar/2026:15:55:09 +0330] "POST /wp-content/plugins/contact-1772477384/php-toolkit/DataLiberation/vendor-patched/rowbot/url/src/Component/Host/Math/HTMLSax3.php HTTP/2" 403 787 "-" "Mozilla/5.0 (Linux; Android 12; Pixel 6) AppleWebKit/537.36 (KHTML, like Gecko) Chrome/99.0.4844.58 Mobile Safari/537.36"
216.73.216.88 - - [13/Mar/2026:15:55:09 +0330] "GET /ways-to-get-very-first-deposit-extra-inside-a-real-income/989930062081?fileloc=%2F%2Flib%2Fmodules%2F4.18.0-372.26.1.lve.1.el7h.x86_64%2Fmodules.builtin&path=%2F%2Flib%2Fmodules%2F4.18.0-372.26.1.lve.1.el7h.x86_64 HTTP/2" 200 4375 "-" "Mozilla/5.0 AppleWebKit/537.36 (KHTML, like Gecko; compatible; ClaudeBot/1.0; +claudebot@anthropic.com)"
147.135.213.27 - - [13/Mar/2026:15:55:10 +0330] "GET /category/%D8%A7%DB%8C%D9%86%D8%AA%D8%B1%D9%86%D8%AA/?fileloc=/home/farzache/public_html/wp-includes/feed-atom.php&path=/home/farzache/public_html/wp-includes HTTP/1.1" 200 3752 "-" "Mozilla/5.0 (compatible; MJ12bot/v1.4.8; http://mj12bot.com/)"
162.241.49.35 - - [13/Mar/2026:15:55:11 +0330] "POST /wp-content/plugins/contact-1772477384/php-toolkit/DataLiberation/vendor-patched/rowbot/url/src/Component/Host/Math/HTMLSax3.php HTTP/2" 403 787 "-" "Mozilla/5.0 (Macintosh; Intel Mac OS X 10_15_7) AppleWebKit/605.1.15 (KHTML, like Gecko) Version/15.3 Safari/605.1.15"
216.73.216.88 - - [13/Mar/2026:15:55:12 +0330] "GET /il-svago-dei-bisca-a-capacita-di-lato-durante-i-giochi-online?fileloc=%2Fhome%2Ffarzache%2Fpublic_html%2Fwp-admin%2Fimages%2Fmedia-button-music.gif&path=%2Fhome%2Ffarzache%2Fpublic_html%2Fwp-admin%2Fimages HTTP/2" 200 2572 "-" "Mozilla/5.0 AppleWebKit/537.36 (KHTML, like Gecko; compatible; ClaudeBot/1.0; +claudebot@anthropic.com)"
147.135.213.27 - - [13/Mar/2026:15:55:14 +0330] "GET /category/%D8%A7%DB%8C%D9%86%D8%AA%D8%B1%D9%86%D8%AA/?fileloc=/home/farzache/public_html/wp-includes/feed-rdf.php&path=/home/farzache/public_html/wp-includes HTTP/1.1" 200 3595 "-" "Mozilla/5.0 (compatible; MJ12bot/v1.4.8; http://mj12bot.com/)"
216.73.216.88 - - [13/Mar/2026:15:55:15 +0330] "GET /a-good-ironclad-certification-regulation-the-new-low-flexible-foundation-of-safety/feed?fileloc=%2F%2Flib64%2Flibyaz.so.5&path=%2F%2Flib64 HTTP/2" 200 2517 "-" "Mozilla/5.0 AppleWebKit/537.36 (KHTML, like Gecko; compatible; ClaudeBot/1.0; +claudebot@anthropic.com)"
216.73.216.88 - - [13/Mar/2026:15:55:18 +0330] "GET /a-good-ironclad-certification-regulation-the-new-low-flexible-foundation-of-safety/feed?fileloc=%2F%2Flib64%2Flibexpat.so.1.6.0&path=%2F%2Flib64 HTTP/2" 200 2524 "-" "Mozilla/5.0 AppleWebKit/537.36 (KHTML, like Gecko; compatible; ClaudeBot/1.0; +claudebot@anthropic.com)"
147.135.213.27 - - [13/Mar/2026:15:55:19 +0330] "GET /category/%D8%A7%DB%8C%D9%86%D8%AA%D8%B1%D9%86%D8%AA/?fileloc=/home/farzache/public_html/wp-includes/feed-rss.php&path=/home/farzache/public_html/wp-includes HTTP/1.1" 200 3145 "-" "Mozilla/5.0 (compatible; MJ12bot/v1.4.8; http://mj12bot.com/)"
34.75.167.170 - - [13/Mar/2026:15:55:20 +0330] "POST /wp-content/plugins/contact-1772477384/php-toolkit/DataLiberation/vendor-patched/rowbot/url/src/Component/Host/Math/HTMLSax3.php HTTP/2" 403 787 "-" "Mozilla/5.0 (Macintosh; Intel Mac OS X 10_15_7) AppleWebKit/605.1.15 (KHTML, like Gecko) Version/15.3 Safari/605.1.15"
216.73.216.88 - - [13/Mar/2026:15:55:21 +0330] "GET /but-this-is-simply-not-a-young-casino-player-blowing-their-meagre-wages/feed?fileloc=%2F%2Fproc%2Flve%2Fevents&path=%2F%2Fproc%2Flve HTTP/2" 200 2524 "-" "Mozilla/5.0 AppleWebKit/537.36 (KHTML, like Gecko; compatible; ClaudeBot/1.0; +claudebot@anthropic.com)"
110.4.40.116 - - [13/Mar/2026:15:55:23 +0330] "POST /wp-content/plugins/really-simple-ssl/lets-encrypt/vendor/plesk/api-php-lib/src/Api/Struct/Certificate/multisite.php HTTP/2" 403 787 "-" "Mozilla/5.0 (Windows NT 10.0; Win64; x64) AppleWebKit/537.36 (KHTML, like Gecko) Chrome/107.0.0.0 Safari/537.36"
147.135.213.27 - - [13/Mar/2026:15:55:23 +0330] "GET /category/%D8%A7%DB%8C%D9%86%D8%AA%D8%B1%D9%86%D8%AA/?fileloc=/home/farzache/public_html/wp-includes/feed-rss2-comments.php&path=/home/farzache/public_html/wp-includes HTTP/1.1" 200 4063 "-" "Mozilla/5.0 (compatible; MJ12bot/v1.4.8; http://mj12bot.com/)"
216.73.216.88 - - [13/Mar/2026:15:55:24 +0330] "GET /a-good-ironclad-certification-regulation-the-new-low-flexible-foundation-of-safety/feed?fileloc=%2F%2Flib64%2FlibXxf86vm.so&path=%2F%2Flib64 HTTP/2" 200 2521 "-" "Mozilla/5.0 AppleWebKit/537.36 (KHTML, like Gecko; compatible; ClaudeBot/1.0; +claudebot@anthropic.com)"
35.181.49.224 - - [13/Mar/2026:15:55:26 +0330] "POST /wp-content/plugins/really-simple-ssl/lets-encrypt/vendor/plesk/api-php-lib/src/Api/Struct/Certificate/multisite.php HTTP/2" 403 787 "-" "Mozilla/5.0 (iPhone; CPU iPhone OS 17_2 like Mac OS X) AppleWebKit/605.1.15 (KHTML, like Gecko) Version/17.2 Mobile/15E148 Safari/604.1"
216.73.216.88 - - [13/Mar/2026:15:55:27 +0330] "GET /videoslots-is-one-of-the-prominent-online-casinos-internationally/instagram.com/farazshimialborz?fileloc=%2F%2Ftmp%2F.bind&path=%2F%2Ftmp HTTP/2" 200 3920 "-" "Mozilla/5.0 AppleWebKit/537.36 (KHTML, like Gecko; compatible; ClaudeBot/1.0; +claudebot@anthropic.com)"
147.135.213.27 - - [13/Mar/2026:15:55:28 +0330] "GET /category/%D8%A7%DB%8C%D9%86%D8%AA%D8%B1%D9%86%D8%AA/?fileloc=/home/farzache/public_html/wp-includes/feed-rss2.php&path=/home/farzache/public_html/wp-includes HTTP/1.1" 200 3995 "-" "Mozilla/5.0 (compatible; MJ12bot/v1.4.8; http://mj12bot.com/)"
216.73.216.88 - - [13/Mar/2026:15:55:30 +0330] "GET /a-knowledgeable-online-casinos-playing-online-slots-the-real-deal-money-in-the-2026/instagram.com/farazshimialborz?path=%2Fhome%2Ffarzache%2Fpublic_html%2Fwp-admin%2Fuser HTTP/2" 200 3394 "-" "Mozilla/5.0 AppleWebKit/537.36 (KHTML, like Gecko; compatible; ClaudeBot/1.0; +claudebot@anthropic.com)"
162.240.63.69 - - [13/Mar/2026:15:55:32 +0330] "POST /wp-content/themes/betheme/bbpress/loop-search-topic.php HTTP/2" 403 787 "-" "Mozilla/5.0 (Macintosh; Intel Mac OS X 10_15_7) AppleWebKit/605.1.15 (KHTML, like Gecko) Version/15.3 Safari/605.1.15"
147.135.213.27 - - [13/Mar/2026:15:55:32 +0330] "GET /category/%D8%A7%DB%8C%D9%86%D8%AA%D8%B1%D9%86%D8%AA/?fileloc=/home/farzache/public_html/wp-includes/feed.php&path=/home/farzache/public_html/wp-includes HTTP/1.1" 200 9406 "-" "Mozilla/5.0 (compatible; MJ12bot/v1.4.8; http://mj12bot.com/)"
216.73.216.88 - - [13/Mar/2026:15:55:33 +0330] "GET /with-a-qualification-inside-analytical-sciences-james-including-draws-towards-the-his-experience-with-possibility-and-you-can-likelihood-in-his-position-recommendations/989930062081?fileloc=%2F%2Fetc%2Fld.so.conf.d%2Ftix-x86_64.conf&path=%2F%2Fetc%2Fld.so.conf.d HTTP/2" 200 2546 "-" "Mozilla/5.0 AppleWebKit/537.36 (KHTML, like Gecko; compatible; ClaudeBot/1.0; +claudebot@anthropic.com)"
147.135.213.27 - - [13/Mar/2026:15:55:36 +0330] "GET /category/%D8%A7%DB%8C%D9%86%D8%AA%D8%B1%D9%86%D8%AA/?fileloc=/home/farzache/public_html/wp-includes/fonts/.htaccess&path=/home/farzache/public_html/wp-includes/fonts HTTP/1.1" 200 2649 "-" "Mozilla/5.0 (compatible; MJ12bot/v1.4.8; http://mj12bot.com/)"
216.73.216.88 - - [13/Mar/2026:15:55:36 +0330] "GET /a-good-ironclad-certification-regulation-the-new-low-flexible-foundation-of-safety/feed?fileloc=%2F%2Flib64%2Flibleveldb.so.1&path=%2F%2Flib64 HTTP/2" 200 2523 "-" "Mozilla/5.0 AppleWebKit/537.36 (KHTML, like Gecko; compatible; ClaudeBot/1.0; +claudebot@anthropic.com)"
216.73.216.88 - - [13/Mar/2026:15:55:39 +0330] "GET /online-casino-czk-jak-si-uzit-hazardni-hry-z-pohodli-domova/feed?fileloc=%2F%2Fbin%2Ftmpwatch&path=%2F%2Fbin HTTP/2" 200 2518 "-" "Mozilla/5.0 AppleWebKit/537.36 (KHTML, like Gecko; compatible; ClaudeBot/1.0; +claudebot@anthropic.com)"
147.135.213.27 - - [13/Mar/2026:15:55:41 +0330] "GET /category/%D8%A7%DB%8C%D9%86%D8%AA%D8%B1%D9%86%D8%AA/?fileloc=/home/farzache/public_html/wp-includes/fonts/class-wp-font-collection.php&path=/home/farzache/public_html/wp-includes/fonts HTTP/1.1" 200 4937 "-" "Mozilla/5.0 (compatible; MJ12bot/v1.4.8; http://mj12bot.com/)"
216.73.216.88 - - [13/Mar/2026:15:55:42 +0330] "GET /a-good-ironclad-certification-regulation-the-new-low-flexible-foundation-of-safety/feed?fileloc=%2F%2Flib64%2Flibfontenc.so.1&path=%2F%2Flib64 HTTP/2" 200 2521 "-" "Mozilla/5.0 AppleWebKit/537.36 (KHTML, like Gecko; compatible; ClaudeBot/1.0; +claudebot@anthropic.com)"
147.135.213.27 - - [13/Mar/2026:15:55:45 +0330] "GET /category/%D8%A7%DB%8C%D9%86%D8%AA%D8%B1%D9%86%D8%AA/?fileloc=/home/farzache/public_html/wp-includes/fonts/class-wp-font-face-resolver.php&path=/home/farzache/public_html/wp-includes/fonts HTTP/1.1" 200 4317 "-" "Mozilla/5.0 (compatible; MJ12bot/v1.4.8; http://mj12bot.com/)"
216.73.216.88 - - [13/Mar/2026:15:55:45 +0330] "GET /online-casino-czk-jak-si-uzit-hazardni-hry-z-pohodli-domova/feed?fileloc=%2F%2Fbin%2Fat&path=%2F%2Fbin HTTP/2" 200 3035 "-" "Mozilla/5.0 AppleWebKit/537.36 (KHTML, like Gecko; compatible; ClaudeBot/1.0; +claudebot@anthropic.com)"
216.73.216.88 - - [13/Mar/2026:15:55:48 +0330] "GET /a-good-ironclad-certification-regulation-the-new-low-flexible-foundation-of-safety/feed?fileloc=%2F%2Flib64%2Flibnss_nisplus.so.2&path=%2F%2Flib64 HTTP/2" 200 2526 "-" "Mozilla/5.0 AppleWebKit/537.36 (KHTML, like Gecko; compatible; ClaudeBot/1.0; +claudebot@anthropic.com)"
147.135.213.27 - - [13/Mar/2026:15:55:49 +0330] "GET /category/%D8%A7%DB%8C%D9%86%D8%AA%D8%B1%D9%86%D8%AA/?fileloc=/home/farzache/public_html/wp-includes/fonts/class-wp-font-face.php&path=/home/farzache/public_html/wp-includes/fonts HTTP/1.1" 200 5522 "-" "Mozilla/5.0 (compatible; MJ12bot/v1.4.8; http://mj12bot.com/)"
216.73.216.88 - - [13/Mar/2026:15:55:51 +0330] "GET /online-casino-czk-jak-si-uzit-hazardni-hry-z-pohodli-domova/989930062081?path=%2Fhome%2Ffarzache%2Fpublic_html%2Fwp-includes%2Ffonts HTTP/2" 200 3255 "-" "Mozilla/5.0 AppleWebKit/537.36 (KHTML, like Gecko; compatible; ClaudeBot/1.0; +claudebot@anthropic.com)"
162.0.216.102 - - [13/Mar/2026:15:55:53 +0330] "POST /wp-content/themes/betheme/bbpress/loop-search-topic.php HTTP/2" 403 787 "-" "Mozilla/5.0 (Macintosh; Intel Mac OS X 10_15_7) AppleWebKit/605.1.15 (KHTML, like Gecko) Version/15.5 Safari/605.1.15"
147.135.213.27 - - [13/Mar/2026:15:55:53 +0330] "GET /category/%D8%A7%DB%8C%D9%86%D8%AA%D8%B1%D9%86%D8%AA/?fileloc=/home/farzache/public_html/wp-includes/fonts/class-wp-font-library.php&path=/home/farzache/public_html/wp-includes/fonts HTTP/1.1" 200 3579 "-" "Mozilla/5.0 (compatible; MJ12bot/v1.4.8; http://mj12bot.com/)"
103.91.245.241 - - [13/Mar/2026:15:55:54 +0330] "POST /wp-content/plugins/really-simple-ssl/lets-encrypt/vendor/plesk/api-php-lib/src/Api/Struct/Certificate/multisite.php HTTP/2" 403 787 "-" "Mozilla/5.0 (Macintosh; Intel Mac OS X 10_15_7) AppleWebKit/605.1.15 (KHTML, like Gecko) Version/15.3 Safari/605.1.15"
216.73.216.88 - - [13/Mar/2026:15:55:54 +0330] "GET /a-good-ironclad-certification-regulation-the-new-low-flexible-foundation-of-safety/feed?fileloc=%2F%2Flib64%2Flibpaper.so.1&path=%2F%2Flib64 HTTP/2" 200 2523 "-" "Mozilla/5.0 AppleWebKit/537.36 (KHTML, like Gecko; compatible; ClaudeBot/1.0; +claudebot@anthropic.com)"
216.73.216.88 - - [13/Mar/2026:15:55:57 +0330] "GET /a-good-ironclad-certification-regulation-the-new-low-flexible-foundation-of-safety/feed?fileloc=%2F%2Flib64%2Flibkrad.so.0.0&path=%2F%2Flib64 HTTP/2" 200 2521 "-" "Mozilla/5.0 AppleWebKit/537.36 (KHTML, like Gecko; compatible; ClaudeBot/1.0; +claudebot@anthropic.com)"
147.135.213.27 - - [13/Mar/2026:15:55:58 +0330] "GET /category/%D8%A7%DB%8C%D9%86%D8%AA%D8%B1%D9%86%D8%AA/?fileloc=/home/farzache/public_html/wp-includes/fonts/class-wp-font-utils.php&path=/home/farzache/public_html/wp-includes/fonts HTTP/1.1" 200 5589 "-" "Mozilla/5.0 (compatible; MJ12bot/v1.4.8; http://mj12bot.com/)"
157.230.226.169 - - [13/Mar/2026:15:55:07 +0330] "POST /wp-content/plugins/contact-1772477384/php-toolkit/DataLiberation/vendor-patched/rowbot/url/src/Component/Host/Math/HTMLSax3.php HTTP/2" 403 787 "-" "Mozilla/5.0 (Macintosh; Intel Mac OS X 10_15_7) AppleWebKit/537.36 (KHTML, like Gecko) Chrome/119.0.0.0 Safari/537.36"
66.249.65.96 - - [13/Mar/2026:15:55:10 +0330] "GET /market/surinamensis/3726646553.htm HTTP/1.1" 200 27327 "-" "Mozilla/5.0 (Linux; Android 6.0.1; Nexus 5X Build/MMB29P) AppleWebKit/537.36 (KHTML, like Gecko) Chrome/145.0.7632.116 Mobile Safari/537.36 (compatible; GoogleOther)"
72.167.150.128 - - [13/Mar/2026:15:55:30 +0330] "POST /wp-content/plugins/really-simple-ssl/lets-encrypt/vendor/plesk/api-php-lib/src/Api/Struct/Certificate/multisite.php HTTP/2" 403 787 "-" "Mozilla/5.0 (Macintosh; Intel Mac OS X 10_15_7) AppleWebKit/605.1.15 (KHTML, like Gecko) Version/15.3 Safari/605.1.15"
110.4.40.116 - - [13/Mar/2026:15:55:34 +0330] "POST /wp-content/plugins/really-simple-ssl/lets-encrypt/vendor/plesk/api-php-lib/src/Api/Struct/Certificate/multisite.php HTTP/2" 403 787 "-" "Mozilla/5.0 (Windows NT 10.0; Win64; x64) AppleWebKit/537.36 (KHTML, like Gecko) Chrome/101.0.4951.64 Safari/537.36 Edg/101.0.1210.47"
108.179.219.145 - - [13/Mar/2026:15:55:34 +0330] "POST /wp-content/themes/betheme/bbpress/loop-search-topic.php HTTP/2" 403 787 "-" "Mozilla/5.0 (Windows NT 10.0; Win64; x64) AppleWebKit/537.36 (KHTML, like Gecko) Chrome/107.0.0.0 Safari/537.36"
198.20.177.178 - - [13/Mar/2026:15:55:37 +0330] "POST /wp-content/plugins/really-simple-ssl/lets-encrypt/vendor/plesk/api-php-lib/src/Api/Struct/Certificate/multisite.php HTTP/2" 403 787 "-" "Mozilla/5.0 (Windows NT 10.0; Win64; x64) AppleWebKit/537.36 (KHTML, like Gecko) Chrome/101.0.4951.67 Safari/537.36"
72.167.46.126 - - [13/Mar/2026:15:55:51 +0330] "POST /wp-content/plugins/really-simple-ssl/lets-encrypt/vendor/plesk/api-php-lib/src/Api/Struct/Certificate/multisite.php HTTP/2" 403 787 "-" "Mozilla/5.0 (Windows NT 10.0; Win64; x64) AppleWebKit/537.36 (KHTML, like Gecko) Chrome/100.0.4896.75 Safari/537.36"
195.201.133.39 - - [13/Mar/2026:15:55:56 +0330] "POST /wp-content/plugins/really-simple-ssl/lets-encrypt/vendor/plesk/api-php-lib/src/Api/Struct/Certificate/multisite.php HTTP/2" 403 787 "-" "Mozilla/5.0 (Windows NT 10.0; Win64; x64) AppleWebKit/537.36 (KHTML, like Gecko) Chrome/104.0.0.0 Safari/537.36"
50.6.224.234 - - [13/Mar/2026:15:55:59 +0330] "POST /wp-content/plugins/really-simple-ssl/lets-encrypt/vendor/plesk/api-php-lib/src/Api/Struct/Certificate/multisite.php HTTP/2" 403 787 "-" "Mozilla/5.0 (Windows NT 10.0; Win64; x64) AppleWebKit/537.36 (KHTML, like Gecko) Chrome/116.0.0.0 Safari/537.36"
209.235.136.149 - - [13/Mar/2026:15:56:07 +0330] "POST /wp-content/themes/betheme/bbpress/loop-search-topic.php HTTP/2" 403 787 "-" "Mozilla/5.0 (Windows NT 10.0; Win64; x64) AppleWebKit/537.36 (KHTML, like Gecko) Chrome/107.0.0.0 Safari/537.36"
216.73.216.88 - - [13/Mar/2026:15:56:07 +0330] "GET /online-casino-czk-jak-si-uzit-hazardni-hry-z-pohodli-domova/feed?fileloc=%2Fhome%2Ffarzache%2Fpublic_html%2Fwp-includes%2Fwidgets%2Fclass-wp-widget-rss.php&path=%2Fhome%2Ffarzache%2Fpublic_html%2Fwp-includes%2Fwidgets HTTP/2" 200 4510 "-" "Mozilla/5.0 AppleWebKit/537.36 (KHTML, like Gecko; compatible; ClaudeBot/1.0; +claudebot@anthropic.com)"
216.73.216.88 - - [13/Mar/2026:15:56:09 +0330] "GET /ways-to-get-very-first-deposit-extra-inside-a-real-income/instagram.com/farazshimialborz?path=%2F%2Flib%2Fdebug%2F.build-id%2F0d HTTP/2" 200 2952 "-" "Mozilla/5.0 AppleWebKit/537.36 (KHTML, like Gecko; compatible; ClaudeBot/1.0; +claudebot@anthropic.com)"
31.202.142.71 - - [13/Mar/2026:15:56:10 +0330] "POST /xmlrpc.php HTTP/1.1" 200 52123 "-" "Mozilla/5.0 (Windows NT 10.0; Win64; x64) AppleWebKit/537.36 (KHTML, like Gecko) Chrome/114.0.0.0 Safari/537.36"
216.73.216.88 - - [13/Mar/2026:15:56:00 +0330] "GET /online-casino-czk-jak-si-uzit-hazardni-hry-z-pohodli-domova/989930062081?fileloc=%2Fhome%2Ffarzache%2Fpublic_html%2Fwp-admin%2Fcontribute.php&path=%2Fhome%2Ffarzache%2Fpublic_html%2Fwp-admin HTTP/2" 200 4623 "-" "Mozilla/5.0 AppleWebKit/537.36 (KHTML, like Gecko; compatible; ClaudeBot/1.0; +claudebot@anthropic.com)"
147.135.213.27 - - [13/Mar/2026:15:56:02 +0330] "GET /category/%D8%A7%DB%8C%D9%86%D8%AA%D8%B1%D9%86%D8%AA/?fileloc=/home/farzache/public_html/wp-includes/fonts/dashicons.eot&path=/home/farzache/public_html/wp-includes/fonts HTTP/1.1" 200 2558 "-" "Mozilla/5.0 (compatible; MJ12bot/v1.4.8; http://mj12bot.com/)"
216.73.216.88 - - [13/Mar/2026:15:56:03 +0330] "GET /online-casino-czk-jak-si-uzit-hazardni-hry-z-pohodli-domova/989930062081?fileloc=%2Fhome%2Ffarzache%2Fpublic_html%2Fwp-includes%2Fblocks%2Farchives%2Fstyle-rtl.min.css&path=%2Fhome%2Ffarzache%2Fpublic_html%2Fwp-includes%2Fblocks%2Farchives HTTP/2" 200 2608 "-" "Mozilla/5.0 AppleWebKit/537.36 (KHTML, like Gecko; compatible; ClaudeBot/1.0; +claudebot@anthropic.com)"
147.135.213.27 - - [13/Mar/2026:15:56:07 +0330] "GET /category/%D8%A7%DB%8C%D9%86%D8%AA%D8%B1%D9%86%D8%AA/?fileloc=/home/farzache/public_html/wp-includes/fonts/dashicons.svg&path=/home/farzache/public_html/wp-includes/fonts HTTP/1.1" 200 43531 "-" "Mozilla/5.0 (compatible; MJ12bot/v1.4.8; http://mj12bot.com/)"
103.117.180.206 - - [13/Mar/2026:15:56:10 +0330] "POST /wp-content/themes/betheme/bbpress/loop-search-topic.php HTTP/2" 403 787 "-" "Mozilla/5.0 (Windows NT 10.0; Win64; x64) AppleWebKit/537.36 (KHTML, like Gecko) Chrome/99.0.4844.51 Safari/537.36"
31.202.142.71 - - [13/Mar/2026:15:56:11 +0330] "POST /xmlrpc.php HTTP/1.1" 200 52123 "-" "Mozilla/5.0 (Windows NT 10.0; Win64; x64) AppleWebKit/537.36 (KHTML, like Gecko) Chrome/114.0.0.0 Safari/537.36"
147.135.213.27 - - [13/Mar/2026:15:56:11 +0330] "GET /category/%D8%A7%DB%8C%D9%86%D8%AA%D8%B1%D9%86%D8%AA/?fileloc=/home/farzache/public_html/wp-includes/fonts/dashicons.ttf&path=/home/farzache/public_html/wp-includes/fonts HTTP/1.1" 200 2555 "-" "Mozilla/5.0 (compatible; MJ12bot/v1.4.8; http://mj12bot.com/)"
167.172.79.172 - - [13/Mar/2026:15:56:13 +0330] "POST /wp-content/plugins/really-simple-ssl/lets-encrypt/vendor/plesk/api-php-lib/src/Api/Struct/EventLog/class.pager.php HTTP/2" 403 787 "-" "Mozilla/5.0 (Windows NT 10.0; Win64; x64) AppleWebKit/537.36 (KHTML, like Gecko) Chrome/101.0.4951.64 Safari/537.36 Edg/101.0.1210.47"
147.135.213.27 - - [13/Mar/2026:15:56:16 +0330] "GET /category/%D8%A7%DB%8C%D9%86%D8%AA%D8%B1%D9%86%D8%AA/?fileloc=/home/farzache/public_html/wp-includes/fonts/dashicons.woff&path=/home/farzache/public_html/wp-includes/fonts HTTP/1.1" 200 2558 "-" "Mozilla/5.0 (compatible; MJ12bot/v1.4.8; http://mj12bot.com/)"
167.86.127.54 - - [13/Mar/2026:15:56:19 +0330] "POST /wp-content/plugins/contact-1772477384/php-toolkit/DataLiberation/vendor-patched/rowbot/url/src/Component/Host/Math/HTMLSax3.php HTTP/2" 403 787 "-" "Mozilla/5.0 (Macintosh; Intel Mac OS X 10_15_7) AppleWebKit/605.1.15 (KHTML, like Gecko) Version/17.0 Safari/605.1.15"
147.135.213.27 - - [13/Mar/2026:15:56:20 +0330] "GET /category/%D8%A7%DB%8C%D9%86%D8%AA%D8%B1%D9%86%D8%AA/?fileloc=/home/farzache/public_html/wp-includes/fonts/dashicons.woff2&path=/home/farzache/public_html/wp-includes/fonts HTTP/1.1" 200 2558 "-" "Mozilla/5.0 (compatible; MJ12bot/v1.4.8; http://mj12bot.com/)"
147.135.213.27 - - [13/Mar/2026:15:56:24 +0330] "GET /category/%D8%A7%DB%8C%D9%86%D8%AA%D8%B1%D9%86%D8%AA/?fileloc=/home/farzache/public_html/wp-includes/formatting.php&path=/home/farzache/public_html/wp-includes HTTP/1.1" 200 66004 "-" "Mozilla/5.0 (compatible; MJ12bot/v1.4.8; http://mj12bot.com/)"
147.135.213.27 - - [13/Mar/2026:15:56:28 +0330] "GET /category/%D8%A7%DB%8C%D9%86%D8%AA%D8%B1%D9%86%D8%AA/?fileloc=/home/farzache/public_html/wp-includes/functions.php&path=/home/farzache/public_html/wp-includes HTTP/1.1" 200 78922 "-" "Mozilla/5.0 (compatible; MJ12bot/v1.4.8; http://mj12bot.com/)"
216.73.216.88 - - [13/Mar/2026:15:56:12 +0330] "GET /make-use-of-your-extra-where-they-delivers-better-game-and-you-will-app-people?fileloc=%2Fhome%2Ffarzache%2Fpublic_html%2Fwp-includes%2Ftemplate.php&path=%2Fhome%2Ffarzache%2Fpublic_html%2Fwp-includes HTTP/2" 200 11134 "-" "Mozilla/5.0 AppleWebKit/537.36 (KHTML, like Gecko; compatible; ClaudeBot/1.0; +claudebot@anthropic.com)"
216.73.216.88 - - [13/Mar/2026:15:56:15 +0330] "GET /a-good-ironclad-certification-regulation-the-new-low-flexible-foundation-of-safety/feed?fileloc=%2Fhome%2Ffarzache%2Fpublic_html%2Fwp-includes%2Fdeprecated.php&path=%2Fhome%2Ffarzache%2Fpublic_html%2Fwp-includes HTTP/2" 200 46735 "-" "Mozilla/5.0 AppleWebKit/537.36 (KHTML, like Gecko; compatible; ClaudeBot/1.0; +claudebot@anthropic.com)"
216.73.216.88 - - [13/Mar/2026:15:56:18 +0330] "GET /ways-to-get-very-first-deposit-extra-inside-a-real-income/instagram.com/farazshimialborz?path=%2F%2Flib%2Fdebug%2F.build-id%2F7b HTTP/2" 200 2948 "-" "Mozilla/5.0 AppleWebKit/537.36 (KHTML, like Gecko; compatible; ClaudeBot/1.0; +claudebot@anthropic.com)"
216.73.216.88 - - [13/Mar/2026:15:56:21 +0330] "GET /a-good-ironclad-certification-regulation-the-new-low-flexible-foundation-of-safety/feed?fileloc=%2Fhome%2Ffarzache%2Fpublic_html%2Fwp-includes%2Fclass-wp-http-requests-response.php&path=%2Fhome%2Ffarzache%2Fpublic_html%2Fwp-includes HTTP/2" 200 3786 "-" "Mozilla/5.0 AppleWebKit/537.36 (KHTML, like Gecko; compatible; ClaudeBot/1.0; +claudebot@anthropic.com)"
216.73.216.88 - - [13/Mar/2026:15:56:24 +0330] "GET /a-good-ironclad-certification-regulation-the-new-low-flexible-foundation-of-safety/feed?fileloc=%2Fhome%2Ffarzache%2Fpublic_html%2Fwp-includes%2Fclass-wp-http.php&path=%2Fhome%2Ffarzache%2Fpublic_html%2Fwp-includes HTTP/2" 200 14326 "-" "Mozilla/5.0 AppleWebKit/537.36 (KHTML, like Gecko; compatible; ClaudeBot/1.0; +claudebot@anthropic.com)"
167.86.127.54 - - [13/Mar/2026:15:56:26 +0330] "POST /wp-content/plugins/really-simple-ssl/lets-encrypt/vendor/plesk/api-php-lib/src/Api/Struct/EventLog/class.pager.php HTTP/2" 403 787 "-" "Mozilla/5.0 (Windows NT 10.0; Win64; x64) AppleWebKit/537.36 (KHTML, like Gecko) Chrome/101.0.4951.67 Safari/537.36"
216.73.216.88 - - [13/Mar/2026:15:56:27 +0330] "GET /that-it-program-captivates-players-with-its-varied-online-game-possibilities-secure-environment-and-you-can-frequent-advertising-now-offers?fileloc=%2Fhome%2Ffarzache%2Fpublic_html%2Fwp-admin%2Fnetwork%2Fplugins.php&path=%2Fhome%2Ffarzache%2Fpublic_html%2Fwp-admin%2Fnetwork HTTP/2" 200 2700 "-" "Mozilla/5.0 AppleWebKit/537.36 (KHTML, like Gecko; compatible; ClaudeBot/1.0; +claudebot@anthropic.com)"
216.73.216.88 - - [13/Mar/2026:15:56:30 +0330] "GET /il-svago-dei-bisca-a-capacita-di-lato-durante-i-giochi-online?path=%2Fhome%2Ffarzache%2Fpublic_html%2Fwp-content%2Fplugins HTTP/2" 200 3855 "-" "Mozilla/5.0 AppleWebKit/537.36 (KHTML, like Gecko; compatible; ClaudeBot/1.0; +claudebot@anthropic.com)"
167.172.79.172 - - [13/Mar/2026:15:56:33 +0330] "POST /wp-content/plugins/really-simple-ssl/lets-encrypt/vendor/plesk/api-php-lib/src/Api/Struct/EventLog/class.pager.php HTTP/2" 403 787 "-" "Mozilla/5.0 (iPhone; CPU iPhone OS 17_2 like Mac OS X) AppleWebKit/605.1.15 (KHTML, like Gecko) Version/17.2 Mobile/15E148 Safari/604.1"
216.73.216.88 - - [13/Mar/2026:15:56:33 +0330] "GET /ways-to-get-very-first-deposit-extra-inside-a-real-income/989930062081?fileloc=%2Fhome%2Ffarzache%2Fpublic_html%2Fwp-includes%2Ftheme.json&path=%2Fhome%2Ffarzache%2Fpublic_html%2Fwp-includes HTTP/2" 200 5104 "-" "Mozilla/5.0 AppleWebKit/537.36 (KHTML, like Gecko; compatible; ClaudeBot/1.0; +claudebot@anthropic.com)"
185.59.48.89 - - [13/Mar/2026:15:56:36 +0330] "POST /wp-content/plugins/really-simple-ssl/lets-encrypt/vendor/plesk/api-php-lib/src/Api/Struct/EventLog/class.pager.php HTTP/2" 403 787 "-" "Mozilla/5.0 (iPhone; CPU iPhone OS 17_2 like Mac OS X) AppleWebKit/605.1.15 (KHTML, like Gecko) Version/17.2 Mobile/15E148 Safari/604.1"
216.73.216.88 - - [13/Mar/2026:15:56:36 +0330] "GET /ways-to-get-very-first-deposit-extra-inside-a-real-income/instagram.com/farazshimialborz?path=%2F%2Flib%2Fdebug%2F.build-id%2F5e HTTP/2" 200 2955 "-" "Mozilla/5.0 AppleWebKit/537.36 (KHTML, like Gecko; compatible; ClaudeBot/1.0; +claudebot@anthropic.com)"
103.145.50.90 - - [13/Mar/2026:15:56:38 +0330] "POST /wp-content/plugins/really-simple-ssl/lets-encrypt/vendor/plesk/api-php-lib/src/Api/Struct/EventLog/class.pager.php HTTP/2" 403 787 "-" "Mozilla/5.0 (Macintosh; Intel Mac OS X 10_15_7) AppleWebKit/537.36 (KHTML, like Gecko) Chrome/120.0.0.0 Safari/537.36"
216.73.216.88 - - [13/Mar/2026:15:56:39 +0330] "GET /a-good-ironclad-certification-regulation-the-new-low-flexible-foundation-of-safety/feed?fileloc=%2Fhome%2Ffarzache%2Fpublic_html%2Fwp-includes%2Fclass-wp-http-requests-hooks.php&path=%2Fhome%2Ffarzache%2Fpublic_html%2Fwp-includes HTTP/2" 200 3368 "-" "Mozilla/5.0 AppleWebKit/537.36 (KHTML, like Gecko; compatible; ClaudeBot/1.0; +claudebot@anthropic.com)"
50.6.224.234 - - [13/Mar/2026:15:56:41 +0330] "POST /wp-content/plugins/really-simple-ssl/lets-encrypt/vendor/plesk/api-php-lib/src/Api/Struct/EventLog/class.pager.php HTTP/2" 403 787 "-" "Mozilla/5.0 (Windows NT 10.0; Win64; x64) AppleWebKit/537.36 (KHTML, like Gecko) Chrome/110.0.0.0 Safari/537.36"
216.73.216.88 - - [13/Mar/2026:15:56:42 +0330] "GET /ways-to-get-very-first-deposit-extra-inside-a-real-income/989930062081?path=%2Fhome%2Ffarzache%2Fpublic_html%2Fwp-includes%2Ffonts HTTP/2" 200 3255 "-" "Mozilla/5.0 AppleWebKit/537.36 (KHTML, like Gecko; compatible; ClaudeBot/1.0; +claudebot@anthropic.com)"
162.0.216.102 - - [13/Mar/2026:15:56:44 +0330] "POST /wp-content/plugins/really-simple-ssl/lets-encrypt/vendor/fbett/le_acme2/src/LE_ACME2Tests/Authorizer/Tree.php HTTP/2" 403 787 "-" "Mozilla/5.0 (iPhone; CPU iPhone OS 17_2 like Mac OS X) AppleWebKit/605.1.15 (KHTML, like Gecko) Version/17.2 Mobile/15E148 Safari/604.1"
45.6.51.97 - - [13/Mar/2026:15:56:44 +0330] "POST /wp-content/plugins/contact-1772477384/php-toolkit/DataLiberation/vendor-patched/rowbot/url/src/Component/Host/Math/HTMLSax3.php HTTP/2" 403 787 "-" "Mozilla/5.0 (Windows NT 10.0; Win64; x64) AppleWebKit/537.36 (KHTML, like Gecko) Chrome/107.0.0.0 Safari/537.36"
216.73.216.88 - - [13/Mar/2026:15:56:45 +0330] "GET /make-use-of-your-extra-where-they-delivers-better-game-and-you-will-app-people?fileloc=%2Fhome%2Ffarzache%2Fpublic_html%2Fwp-includes%2Fadmin-bar.php&path=%2Fhome%2Ffarzache%2Fpublic_html%2Fwp-includes HTTP/2" 200 11322 "-" "Mozilla/5.0 AppleWebKit/537.36 (KHTML, like Gecko; compatible; ClaudeBot/1.0; +claudebot@anthropic.com)"
108.179.219.145 - - [13/Mar/2026:15:56:46 +0330] "POST /wp-content/plugins/really-simple-ssl/lets-encrypt/vendor/fbett/le_acme2/src/LE_ACME2Tests/Authorizer/Tree.php HTTP/2" 403 787 "-" "Mozilla/5.0 (Windows NT 10.0; Win64; x64) AppleWebKit/537.36 (KHTML, like Gecko) Chrome/100.0.4896.75 Safari/537.36"
216.73.216.88 - - [13/Mar/2026:15:56:48 +0330] "GET /a-good-ironclad-certification-regulation-the-new-low-flexible-foundation-of-safety/feed?fileloc=%2Fhome%2Ffarzache%2Fpublic_html%2Fwp-includes%2Fclass-wp-phpmailer.php&path=%2Fhome%2Ffarzache%2Fpublic_html%2Fwp-includes HTTP/2" 200 3867 "-" "Mozilla/5.0 AppleWebKit/537.36 (KHTML, like Gecko; compatible; ClaudeBot/1.0; +claudebot@anthropic.com)"
198.20.177.178 - - [13/Mar/2026:15:56:50 +0330] "POST /wp-content/plugins/really-simple-ssl/lets-encrypt/vendor/fbett/le_acme2/src/LE_ACME2Tests/Authorizer/Tree.php HTTP/2" 403 787 "-" "Mozilla/5.0 (iPhone; CPU iPhone OS 17_2 like Mac OS X) AppleWebKit/605.1.15 (KHTML, like Gecko) Version/17.2 Mobile/15E148 Safari/604.1"
164.90.178.220 - - [13/Mar/2026:15:56:51 +0330] "POST /wp-content/plugins/contact-1772477384/php-toolkit/DataLiberation/vendor-patched/rowbot/url/src/Component/Host/Math/HTMLSax3.php HTTP/2" 403 787 "-" "Mozilla/5.0 (Macintosh; Intel Mac OS X 10_15_7) AppleWebKit/605.1.15 (KHTML, like Gecko) Version/17.0 Safari/605.1.15"
66.116.207.123 - - [13/Mar/2026:15:56:31 +0330] "POST /wp-content/plugins/really-simple-ssl/lets-encrypt/vendor/plesk/api-php-lib/src/Api/Struct/EventLog/class.pager.php HTTP/2" 403 787 "-" "Mozilla/5.0 (Macintosh; Intel Mac OS X 10_15_7) AppleWebKit/537.36 (KHTML, like Gecko) Chrome/119.0.0.0 Safari/537.36"
147.135.213.27 - - [13/Mar/2026:15:56:33 +0330] "GET /category/%D8%A7%DB%8C%D9%86%D8%AA%D8%B1%D9%86%D8%AA/?fileloc=/home/farzache/public_html/wp-includes/functions.wp-scripts.php&path=/home/farzache/public_html/wp-includes HTTP/1.1" 200 6715 "-" "Mozilla/5.0 (compatible; MJ12bot/v1.4.8; http://mj12bot.com/)"
35.181.49.224 - - [13/Mar/2026:15:56:35 +0330] "POST /wp-content/plugins/really-simple-ssl/lets-encrypt/vendor/plesk/api-php-lib/src/Api/Struct/EventLog/class.pager.php HTTP/2" 403 787 "-" "Mozilla/5.0 (Macintosh; Intel Mac OS X 10_15_7) AppleWebKit/605.1.15 (KHTML, like Gecko) Version/17.0 Safari/605.1.15"
147.135.213.27 - - [13/Mar/2026:15:56:37 +0330] "GET /category/%D8%A7%DB%8C%D9%86%D8%AA%D8%B1%D9%86%D8%AA/?fileloc=/home/farzache/public_html/wp-includes/functions.wp-styles.php&path=/home/farzache/public_html/wp-includes HTTP/1.1" 200 4956 "-" "Mozilla/5.0 (compatible; MJ12bot/v1.4.8; http://mj12bot.com/)"
147.135.213.27 - - [13/Mar/2026:15:56:41 +0330] "GET /category/%D8%A7%DB%8C%D9%86%D8%AA%D8%B1%D9%86%D8%AA/?fileloc=/home/farzache/public_html/wp-includes/general-template.php&path=/home/farzache/public_html/wp-includes HTTP/1.1" 200 42224 "-" "Mozilla/5.0 (compatible; MJ12bot/v1.4.8; http://mj12bot.com/)"
147.135.213.27 - - [13/Mar/2026:15:56:45 +0330] "GET /category/%D8%A7%DB%8C%D9%86%D8%AA%D8%B1%D9%86%D8%AA/?fileloc=/home/farzache/public_html/wp-includes/global-styles-and-settings.php&path=/home/farzache/public_html/wp-includes HTTP/1.1" 200 8234 "-" "Mozilla/5.0 (compatible; MJ12bot/v1.4.8; http://mj12bot.com/)"
208.109.188.137 - - [13/Mar/2026:15:56:46 +0330] "POST /wp-content/plugins/contact-1772477384/php-toolkit/DataLiberation/vendor-patched/rowbot/url/src/Component/Host/Math/HTMLSax3.php HTTP/2" 403 787 "-" "Mozilla/5.0 (Windows NT 10.0; Win64; x64) AppleWebKit/537.36 (KHTML, like Gecko) Chrome/99.0.4844.51 Safari/537.36 Edg/99.0.1150.30"
162.241.49.35 - - [13/Mar/2026:15:56:48 +0330] "POST /wp-content/plugins/really-simple-ssl/lets-encrypt/vendor/fbett/le_acme2/src/LE_ACME2Tests/Authorizer/Tree.php HTTP/2" 403 787 "-" "Mozilla/5.0 (Windows NT 10.0; Win64; x64) AppleWebKit/537.36 (KHTML, like Gecko) Chrome/99.0.4844.51 Safari/537.36"
69.49.112.63 - - [13/Mar/2026:15:56:49 +0330] "POST /wp-content/plugins/contact-1772477384/php-toolkit/DataLiberation/vendor-patched/rowbot/url/src/Component/Host/Math/HTMLSax3.php HTTP/2" 403 787 "-" "Mozilla/5.0 (Windows NT 10.0; Win64; x64) AppleWebKit/537.36 (KHTML, like Gecko) Chrome/107.0.0.0 Safari/537.36"
147.135.213.27 - - [13/Mar/2026:15:56:49 +0330] "GET /category/%D8%A7%DB%8C%D9%86%D8%AA%D8%B1%D9%86%D8%AA/?fileloc=/home/farzache/public_html/wp-includes/html-api/.htaccess&path=/home/farzache/public_html/wp-includes/html-api HTTP/1.1" 200 2659 "-" "Mozilla/5.0 (compatible; MJ12bot/v1.4.8; http://mj12bot.com/)"
67.207.86.6 - - [13/Mar/2026:15:56:53 +0330] "POST /wp-content/plugins/really-simple-ssl/lets-encrypt/vendor/fbett/le_acme2/src/LE_ACME2Tests/Authorizer/Tree.php HTTP/2" 403 787 "-" "Mozilla/5.0 (Windows NT 10.0; Win64; x64) AppleWebKit/537.36 (KHTML, like Gecko) Chrome/99.0.4844.51 Safari/537.36"
147.135.213.27 - - [13/Mar/2026:15:56:54 +0330] "GET /category/%D8%A7%DB%8C%D9%86%D8%AA%D8%B1%D9%86%D8%AA/?fileloc=/home/farzache/public_html/wp-includes/html-api/class-wp-html-active-formatting-elements.php&path=/home/farzache/public_html/wp-includes/html-api HTTP/1.1" 200 4760 "-" "Mozilla/5.0 (compatible; MJ12bot/v1.4.8; http://mj12bot.com/)"
216.73.216.88 - - [13/Mar/2026:15:56:51 +0330] "GET /a-good-ironclad-certification-regulation-the-new-low-flexible-foundation-of-safety/feed?fileloc=%2Fhome%2Ffarzache%2Fpublic_html%2Fwp-includes%2Futf8.php&path=%2Fhome%2Ffarzache%2Fpublic_html%2Fwp-includes HTTP/2" 200 5170 "-" "Mozilla/5.0 AppleWebKit/537.36 (KHTML, like Gecko; compatible; ClaudeBot/1.0; +claudebot@anthropic.com)"
216.73.216.88 - - [13/Mar/2026:15:56:54 +0330] "GET /ways-to-get-very-first-deposit-extra-inside-a-real-income/instagram.com/farazshimialborz?path=%2F%2Flib%2Fdebug%2F.build-id%2Fd8 HTTP/2" 200 3079 "-" "Mozilla/5.0 AppleWebKit/537.36 (KHTML, like Gecko; compatible; ClaudeBot/1.0; +claudebot@anthropic.com)"
108.179.219.145 - - [13/Mar/2026:15:56:55 +0330] "POST /wp-content/plugins/really-simple-ssl/lets-encrypt/vendor/fbett/le_acme2/src/LE_ACME2Tests/Authorizer/Tree.php HTTP/2" 403 787 "-" "Mozilla/5.0 (Linux; Android 12; Pixel 6) AppleWebKit/537.36 (KHTML, like Gecko) Chrome/99.0.4844.58 Mobile Safari/537.36"
35.181.49.224 - - [13/Mar/2026:15:56:56 +0330] "POST /wp-content/plugins/contact-1772477384/php-toolkit/DataLiberation/vendor-patched/rowbot/url/src/Component/Host/Math/HTMLSax3.php HTTP/2" 403 787 "-" "Mozilla/5.0 (Windows NT 10.0; Win64; x64) AppleWebKit/537.36 (KHTML, like Gecko) Chrome/101.0.4951.64 Safari/537.36 Edg/101.0.1210.47"
66.116.207.123 - - [13/Mar/2026:15:56:58 +0330] "POST /wp-content/plugins/contact-1772477384/php-toolkit/DataLiberation/vendor-patched/rowbot/url/src/Component/Host/Math/HTMLSax3.php HTTP/2" 403 787 "-" "Mozilla/5.0 (Macintosh; Intel Mac OS X 10_15_7) AppleWebKit/605.1.15 (KHTML, like Gecko) Version/15.3 Safari/605.1.15"
