216.73.216.88 - - [13/Mar/2026:16:22:11 +0330] "GET /ways-to-get-very-first-deposit-extra-inside-a-real-income/feed?fileloc=%2Fhome%2Ffarzache%2Fpublic_html%2Fwp-includes%2Fblocks%2Fpost-template%2Fblock.json&path=%2Fhome%2Ffarzache%2Fpublic_html%2Fwp-includes%2Fblocks%2Fpost-template HTTP/2" 200 3201 "-" "Mozilla/5.0 AppleWebKit/537.36 (KHTML, like Gecko; compatible; ClaudeBot/1.0; +claudebot@anthropic.com)"
216.73.216.88 - - [13/Mar/2026:16:22:14 +0330] "GET /coastline-life-is-a-be-a-beneficial-playtech-slot-filled-up-with-summertime-vibes?path=%2Fhome%2Ffarzache%2Fpublic_html%2Fwp-includes%2Fhtml-api HTTP/2" 200 3451 "-" "Mozilla/5.0 AppleWebKit/537.36 (KHTML, like Gecko; compatible; ClaudeBot/1.0; +claudebot@anthropic.com)"
216.73.216.88 - - [13/Mar/2026:16:22:20 +0330] "GET /a-knowledgeable-online-casinos-playing-online-slots-the-real-deal-money-in-the-2026/989930062081?fileloc=%2Fhome%2Ffarzache%2Fpublic_html%2Fwp-includes%2Fhttps-migration.php&path=%2Fhome%2Ffarzache%2Fpublic_html%2Fwp-includes HTTP/2" 200 4110 "-" "Mozilla/5.0 AppleWebKit/537.36 (KHTML, like Gecko; compatible; ClaudeBot/1.0; +claudebot@anthropic.com)"
216.73.216.88 - - [13/Mar/2026:16:22:23 +0330] "GET /make-use-of-your-extra-where-they-delivers-better-game-and-you-will-app-people?fileloc=%2Fhome%2Ffarzache%2Fpublic_html%2Fwp-includes%2Fclass-wp-matchesmapregex.php&path=%2Fhome%2Ffarzache%2Fpublic_html%2Fwp-includes HTTP/2" 200 3226 "-" "Mozilla/5.0 AppleWebKit/537.36 (KHTML, like Gecko; compatible; ClaudeBot/1.0; +claudebot@anthropic.com)"
216.73.216.88 - - [13/Mar/2026:16:22:26 +0330] "GET /with-a-qualification-inside-analytical-sciences-james-including-draws-towards-the-his-experience-with-possibility-and-you-can-likelihood-in-his-position-recommendations/feed?fileloc=%2Fhome%2Ffarzache%2Fpublic_html%2Fwp-includes%2Fms-settings.php&path=%2Fhome%2Ffarzache%2Fpublic_html%2Fwp-includes HTTP/2" 200 4116 "-" "Mozilla/5.0 AppleWebKit/537.36 (KHTML, like Gecko; compatible; ClaudeBot/1.0; +claudebot@anthropic.com)"
216.73.216.88 - - [13/Mar/2026:16:22:29 +0330] "GET /a-good-ironclad-certification-regulation-the-new-low-flexible-foundation-of-safety/feed?fileloc=%2Fhome%2Ffarzache%2Fpublic_html%2Fwp-includes%2Fblock-patterns%2F.htaccess&path=%2Fhome%2Ffarzache%2Fpublic_html%2Fwp-includes%2Fblock-patterns HTTP/2" 200 2658 "-" "Mozilla/5.0 AppleWebKit/537.36 (KHTML, like Gecko; compatible; ClaudeBot/1.0; +claudebot@anthropic.com)"
167.172.79.172 - - [13/Mar/2026:16:22:32 +0330] "POST /wp-content/plugins/really-simple-ssl/lets-encrypt/vendor/fbett/le_acme2/src/LE_ACME2/Response/Account/action.deletedir.php HTTP/2" 403 787 "-" "Mozilla/5.0 (Windows NT 10.0; Win64; x64) AppleWebKit/537.36 (KHTML, like Gecko) Chrome/110.0.0.0 Safari/537.36"
167.86.127.54 - - [13/Mar/2026:16:22:32 +0330] "POST /wp-content/plugins/really-simple-ssl/lets-encrypt/vendor/fbett/le_acme2/src/LE_ACME2/Response/Account/action.deletedir.php HTTP/2" 403 787 "-" "Mozilla/5.0 (Macintosh; Intel Mac OS X 10_15_7) AppleWebKit/605.1.15 (KHTML, like Gecko) Version/15.5 Safari/605.1.15"
216.73.216.88 - - [13/Mar/2026:16:22:32 +0330] "GET /with-a-qualification-inside-analytical-sciences-james-including-draws-towards-the-his-experience-with-possibility-and-you-can-likelihood-in-his-position-recommendations/989930062081?fileloc=%2F%2Flib%2Frpm%2Fbrp-python-bytecompile&path=%2F%2Flib%2Frpm HTTP/2" 200 3610 "-" "Mozilla/5.0 AppleWebKit/537.36 (KHTML, like Gecko; compatible; ClaudeBot/1.0; +claudebot@anthropic.com)"
69.49.112.63 - - [13/Mar/2026:16:22:33 +0330] "POST /wp-content/plugins/really-simple-ssl/lets-encrypt/vendor/fbett/le_acme2/src/LE_ACME2/Response/Account/action.deletedir.php HTTP/2" 403 787 "-" "Mozilla/5.0 (Macintosh; Intel Mac OS X 10_15_7) AppleWebKit/605.1.15 (KHTML, like Gecko) Version/15.5 Safari/605.1.15"
216.73.216.88 - - [13/Mar/2026:16:22:35 +0330] "GET /make-use-of-your-extra-where-they-delivers-better-game-and-you-will-app-people?fileloc=%2Fhome%2Ffarzache%2Fpublic_html%2Fwp-includes%2Fcss%2Fclassic-themes.css&path=%2Fhome%2Ffarzache%2Fpublic_html%2Fwp-includes%2Fcss HTTP/2" 200 2916 "-" "Mozilla/5.0 AppleWebKit/537.36 (KHTML, like Gecko; compatible; ClaudeBot/1.0; +claudebot@anthropic.com)"
216.73.216.88 - - [13/Mar/2026:16:22:38 +0330] "GET /coastline-life-is-a-be-a-beneficial-playtech-slot-filled-up-with-summertime-vibes?fileloc=%2Fhome%2Ffarzache%2Fpublic_html%2Fwp-includes%2Fclass-wp-theme-json-resolver.php&path=%2Fhome%2Ffarzache%2Fpublic_html%2Fwp-includes HTTP/2" 200 11494 "-" "Mozilla/5.0 AppleWebKit/537.36 (KHTML, like Gecko; compatible; ClaudeBot/1.0; +claudebot@anthropic.com)"
34.75.167.170 - - [13/Mar/2026:16:22:41 +0330] "POST /wp-content/plugins/really-simple-ssl/lets-encrypt/vendor/fbett/le_acme2/src/LE_ACME2/Response/Account/action.deletedir.php HTTP/2" 403 787 "-" "Mozilla/5.0 (Windows NT 10.0; Win64; x64) AppleWebKit/537.36 (KHTML, like Gecko) Chrome/116.0.0.0 Safari/537.36"
216.73.216.88 - - [13/Mar/2026:16:22:41 +0330] "GET /ways-to-get-very-first-deposit-extra-inside-a-real-income/989930062081?path=%2Fhome%2Ffarzache%2Fpublic_html%2Fwp-includes%2Fcertificates HTTP/2" 200 2931 "-" "Mozilla/5.0 AppleWebKit/537.36 (KHTML, like Gecko; compatible; ClaudeBot/1.0; +claudebot@anthropic.com)"
216.73.216.88 - - [13/Mar/2026:16:22:44 +0330] "GET /people-local-casino-%ef%bf%bd-ideal-for-labeled-registered-harbors/989930062081?fileloc=%2F%2Fusr%2Fbin%2Fpaste&path=%2F%2Fusr%2Fbin HTTP/2" 200 2526 "-" "Mozilla/5.0 AppleWebKit/537.36 (KHTML, like Gecko; compatible; ClaudeBot/1.0; +claudebot@anthropic.com)"
216.73.216.88 - - [13/Mar/2026:16:22:47 +0330] "GET /coastline-life-is-a-be-a-beneficial-playtech-slot-filled-up-with-summertime-vibes?fileloc=%2Fhome%2Ffarzache%2Fpublic_html%2Fwp-includes%2Fclass-wp-query.php&path=%2Fhome%2Ffarzache%2Fpublic_html%2Fwp-includes HTTP/2" 200 36413 "-" "Mozilla/5.0 AppleWebKit/537.36 (KHTML, like Gecko; compatible; ClaudeBot/1.0; +claudebot@anthropic.com)"
162.215.11.230 - - [13/Mar/2026:16:22:48 +0330] "POST /wp-content/plugins/really-simple-ssl/lets-encrypt/vendor/fbett/le_acme2/src/LE_ACME2/Response/Account/action.deletedir.php HTTP/2" 403 787 "-" "Mozilla/5.0 (Windows NT 10.0; Win64; x64) AppleWebKit/537.36 (KHTML, like Gecko) Chrome/104.0.0.0 Safari/537.36"
108.179.219.145 - - [13/Mar/2026:16:20:38 +0330] "POST /wp-includes/embed-template.php HTTP/2" 403 787 "-" "Mozilla/5.0 (Macintosh; Intel Mac OS X 10_15_7) AppleWebKit/537.36 (KHTML, like Gecko) Chrome/119.0.0.0 Safari/537.36"
216.73.216.88 - - [13/Mar/2026:16:20:45 +0330] "GET /robots.txt HTTP/2" 200 79 "-" "Mozilla/5.0 AppleWebKit/537.36 (KHTML, like Gecko; compatible; ClaudeBot/1.0; +claudebot@anthropic.com)"
46.101.217.74 - - [13/Mar/2026:16:20:58 +0330] "POST /wp-content/plugins/date-counter/Classes/AbstractDatetime.php HTTP/2" 403 787 "-" "Mozilla/5.0 (Macintosh; Intel Mac OS X 10_15_7) AppleWebKit/605.1.15 (KHTML, like Gecko) Version/15.3 Safari/605.1.15"
69.49.112.75 - - [13/Mar/2026:16:21:12 +0330] "POST /wp-content/plugins/date-counter/Classes/AbstractDatetime.php HTTP/2" 403 787 "-" "Mozilla/5.0 (Macintosh; Intel Mac OS X 10_15_7) AppleWebKit/537.36 (KHTML, like Gecko) Chrome/119.0.0.0 Safari/537.36"
165.232.144.21 - - [13/Mar/2026:16:21:16 +0330] "POST /wp-content/plugins/date-counter/Classes/AbstractDatetime.php HTTP/2" 403 787 "-" "Mozilla/5.0 (Windows NT 10.0; Win64; x64) AppleWebKit/537.36 (KHTML, like Gecko) Chrome/116.0.0.0 Safari/537.36"
69.49.112.72 - - [13/Mar/2026:16:21:25 +0330] "POST /wp-includes/sodium_compat/src/File.php HTTP/2" 403 787 "-" "Mozilla/5.0 (Macintosh; Intel Mac OS X 10_15_7) AppleWebKit/537.36 (KHTML, like Gecko) Chrome/119.0.0.0 Safari/537.36"
208.109.188.137 - - [13/Mar/2026:16:21:42 +0330] "POST /wp-includes/sodium_compat/src/File.php HTTP/2" 403 787 "-" "Mozilla/5.0 (Macintosh; Intel Mac OS X 10_15_7) AppleWebKit/605.1.15 (KHTML, like Gecko) Version/15.3 Safari/605.1.15"
195.201.133.39 - - [13/Mar/2026:16:21:43 +0330] "POST /wp-includes/sodium_compat/src/File.php HTTP/2" 403 787 "-" "Mozilla/5.0 (Macintosh; Intel Mac OS X 10_15_7) AppleWebKit/605.1.15 (KHTML, like Gecko) Version/17.0 Safari/605.1.15"
178.175.136.73 - - [13/Mar/2026:16:21:44 +0330] "POST /wp-includes/sodium_compat/src/File.php HTTP/2" 403 787 "-" "Mozilla/5.0 (Macintosh; Intel Mac OS X 10_15_7) AppleWebKit/605.1.15 (KHTML, like Gecko) Version/15.5 Safari/605.1.15"
209.235.136.150 - - [13/Mar/2026:16:21:50 +0330] "GET /wp-includes/interactivity-api/class-wp-interactivity-api-directives-processor.php HTTP/2" 403 787 "-" "Mozilla/5.0 (Linux; Android 12; Pixel 6) AppleWebKit/537.36 (KHTML, like Gecko) Chrome/99.0.4844.58 Mobile Safari/537.36"
162.19.69.214 - - [13/Mar/2026:16:22:02 +0330] "GET /wp-includes/interactivity-api/class-wp-interactivity-api-directives-processor.php HTTP/2" 403 787 "-" "Mozilla/5.0 (Macintosh; Intel Mac OS X 10_15_7) AppleWebKit/537.36 (KHTML, like Gecko) Chrome/120.0.0.0 Safari/537.36"
35.181.49.224 - - [13/Mar/2026:16:22:06 +0330] "GET /wp-includes/interactivity-api/class-wp-interactivity-api-directives-processor.php HTTP/2" 403 787 "-" "Mozilla/5.0 (Linux; Android 12; Pixel 6) AppleWebKit/537.36 (KHTML, like Gecko) Chrome/99.0.4844.58 Mobile Safari/537.36"
103.91.245.241 - - [13/Mar/2026:16:22:16 +0330] "GET /wp-includes/interactivity-api/class-wp-interactivity-api-directives-processor.php HTTP/2" 403 787 "-" "Mozilla/5.0 (iPhone; CPU iPhone OS 17_2 like Mac OS X) AppleWebKit/605.1.15 (KHTML, like Gecko) Version/17.2 Mobile/15E148 Safari/604.1"
208.109.188.137 - - [13/Mar/2026:16:22:37 +0330] "POST /wp-content/plugins/really-simple-ssl/lets-encrypt/vendor/fbett/le_acme2/src/LE_ACME2/Response/Account/action.deletedir.php HTTP/2" 403 787 "-" "Mozilla/5.0 (iPhone; CPU iPhone OS 17_2 like Mac OS X) AppleWebKit/605.1.15 (KHTML, like Gecko) Version/17.2 Mobile/15E148 Safari/604.1"
72.167.150.128 - - [13/Mar/2026:16:22:45 +0330] "POST /wp-content/plugins/really-simple-ssl/lets-encrypt/vendor/fbett/le_acme2/src/LE_ACME2/Response/Account/action.deletedir.php HTTP/2" 403 787 "-" "Mozilla/5.0 (Macintosh; Intel Mac OS X 10_15_7) AppleWebKit/605.1.15 (KHTML, like Gecko) Version/17.0 Safari/605.1.15"
216.73.216.88 - - [13/Mar/2026:16:22:50 +0330] "GET /machines-a-sous-en-argent-reel-gagnez-instantanement/feed?fileloc=%2Fhome%2Ffarzache%2Fpublic_html%2Fwp-admin%2Fcss%2Fdeprecated-media.min.css&path=%2Fhome%2Ffarzache%2Fpublic_html%2Fwp-admin%2Fcss HTTP/2" 200 4160 "-" "Mozilla/5.0 AppleWebKit/537.36 (KHTML, like Gecko; compatible; ClaudeBot/1.0; +claudebot@anthropic.com)"
216.73.216.88 - - [13/Mar/2026:16:22:53 +0330] "GET /that-it-program-captivates-players-with-its-varied-online-game-possibilities-secure-environment-and-you-can-frequent-advertising-now-offers?fileloc=%2Fhome%2Ffarzache%2Fpublic_html%2Fwp-admin%2Fcss%2Fwp-admin.css&path=%2Fhome%2Ffarzache%2Fpublic_html%2Fwp-admin%2Fcss HTTP/2" 200 2657 "-" "Mozilla/5.0 AppleWebKit/537.36 (KHTML, like Gecko; compatible; ClaudeBot/1.0; +claudebot@anthropic.com)"
216.73.216.88 - - [13/Mar/2026:16:22:56 +0330] "GET /a-good-ironclad-certification-regulation-the-new-low-flexible-foundation-of-safety/feed?fileloc=%2Fhome%2Ffarzache%2Fpublic_html%2Fwp-includes%2Ffeed-atom-comments.php&path=%2Fhome%2Ffarzache%2Fpublic_html%2Fwp-includes HTTP/2" 200 4387 "-" "Mozilla/5.0 AppleWebKit/537.36 (KHTML, like Gecko; compatible; ClaudeBot/1.0; +claudebot@anthropic.com)"
216.73.216.88 - - [13/Mar/2026:16:22:59 +0330] "GET /with-a-qualification-inside-analytical-sciences-james-including-draws-towards-the-his-experience-with-possibility-and-you-can-likelihood-in-his-position-recommendations/feed?fileloc=%2Fhome%2Ffarzache%2Fpublic_html%2Fwp-includes%2Ferror-protection.php&path=%2Fhome%2Ffarzache%2Fpublic_html%2Fwp-includes HTTP/2" 200 3938 "-" "Mozilla/5.0 AppleWebKit/537.36 (KHTML, like Gecko; compatible; ClaudeBot/1.0; +claudebot@anthropic.com)"
216.73.216.88 - - [13/Mar/2026:16:23:02 +0330] "GET /machines-a-sous-en-argent-reel-gagnez-instantanement/feed?fileloc=%2Fhome%2Ffarzache%2Fpublic_html%2Fwp-admin%2Fcss%2Flist-tables.min.css&path=%2Fhome%2Ffarzache%2Fpublic_html%2Fwp-admin%2Fcss HTTP/2" 200 10214 "-" "Mozilla/5.0 AppleWebKit/537.36 (KHTML, like Gecko; compatible; ClaudeBot/1.0; +claudebot@anthropic.com)"
216.73.216.88 - - [13/Mar/2026:16:23:05 +0330] "GET /ways-to-get-very-first-deposit-extra-inside-a-real-income/feed?fileloc=%2Fhome%2Ffarzache%2Fpublic_html%2Fwp-includes%2Fjs%2Fautosave.min.js&path=%2Fhome%2Ffarzache%2Fpublic_html%2Fwp-includes%2Fjs HTTP/2" 200 5004 "-" "Mozilla/5.0 AppleWebKit/537.36 (KHTML, like Gecko; compatible; ClaudeBot/1.0; +claudebot@anthropic.com)"
216.73.216.88 - - [13/Mar/2026:16:23:08 +0330] "GET /ways-to-get-very-first-deposit-extra-inside-a-real-income/989930062081?fileloc=%2Fhome%2Ffarzache%2Fpublic_html%2Fwp-includes%2Flocale.php&path=%2Fhome%2Ffarzache%2Fpublic_html%2Fwp-includes HTTP/2" 200 2658 "-" "Mozilla/5.0 AppleWebKit/537.36 (KHTML, like Gecko; compatible; ClaudeBot/1.0; +claudebot@anthropic.com)"
165.232.144.21 - - [13/Mar/2026:16:23:13 +0330] "POST /wp-content/plugins/really-simple-ssl/lets-encrypt/vendor/fbett/le_acme2/src/LE_ACME2/Response/Account/action.deletedir.php HTTP/2" 403 787 "-" "Mozilla/5.0 (Macintosh; Intel Mac OS X 10_15_7) AppleWebKit/605.1.15 (KHTML, like Gecko) Version/15.5 Safari/605.1.15"
216.73.216.88 - - [13/Mar/2026:16:23:17 +0330] "GET /with-a-qualification-inside-analytical-sciences-james-including-draws-towards-the-his-experience-with-possibility-and-you-can-likelihood-in-his-position-recommendations/989930062081?fileloc=%2F%2Fusr%2Finclude%2Fffi.h&path=%2F%2Fusr%2Finclude HTTP/2" 200 2745 "-" "Mozilla/5.0 AppleWebKit/537.36 (KHTML, like Gecko; compatible; ClaudeBot/1.0; +claudebot@anthropic.com)"
216.73.216.88 - - [13/Mar/2026:16:23:20 +0330] "GET /a-good-ironclad-certification-regulation-the-new-low-flexible-foundation-of-safety/feed?fileloc=%2Fhome%2Ffarzache%2Fpublic_html%2Fwp-includes%2Fclass-wp-http-ixr-client.php&path=%2Fhome%2Ffarzache%2Fpublic_html%2Fwp-includes HTTP/2" 200 3944 "-" "Mozilla/5.0 AppleWebKit/537.36 (KHTML, like Gecko; compatible; ClaudeBot/1.0; +claudebot@anthropic.com)"
216.73.216.88 - - [13/Mar/2026:16:23:23 +0330] "GET /a-good-ironclad-certification-regulation-the-new-low-flexible-foundation-of-safety/feed?fileloc=%2Fhome%2Ffarzache%2Fpublic_html%2Fwp-includes%2Fbookmark.php&path=%2Fhome%2Ffarzache%2Fpublic_html%2Fwp-includes HTTP/2" 200 6952 "-" "Mozilla/5.0 AppleWebKit/537.36 (KHTML, like Gecko; compatible; ClaudeBot/1.0; +claudebot@anthropic.com)"
34.75.167.170 - - [13/Mar/2026:16:23:26 +0330] "GET /wp-content/plugins/contact-1772477384/php-toolkit/DataLiberation/vendor-patched/rowbot/url/tests/WhatWg/busi_report06.php HTTP/2" 403 787 "-" "Mozilla/5.0 (Windows NT 10.0; Win64; x64) AppleWebKit/537.36 (KHTML, like Gecko) Chrome/100.0.4896.75 Safari/537.36"
216.73.216.88 - - [13/Mar/2026:16:23:26 +0330] "GET /that-it-program-captivates-players-with-its-varied-online-game-possibilities-secure-environment-and-you-can-frequent-advertising-now-offers?fileloc=%2Fhome%2Ffarzache%2Fpublic_html%2Fwp-admin%2Fcss%2Fwidgets.min.css&path=%2Fhome%2Ffarzache%2Fpublic_html%2Fwp-admin%2Fcss HTTP/2" 200 5919 "-" "Mozilla/5.0 AppleWebKit/537.36 (KHTML, like Gecko; compatible; ClaudeBot/1.0; +claudebot@anthropic.com)"
216.73.216.88 - - [13/Mar/2026:16:23:29 +0330] "GET /make-use-of-your-extra-where-they-delivers-better-game-and-you-will-app-people?fileloc=%2Fhome%2Ffarzache%2Fpublic_html%2Fwp-includes%2FPHPMailer%2FSMTP.php&path=%2Fhome%2Ffarzache%2Fpublic_html%2Fwp-includes%2FPHPMailer HTTP/2" 200 16787 "-" "Mozilla/5.0 AppleWebKit/537.36 (KHTML, like Gecko; compatible; ClaudeBot/1.0; +claudebot@anthropic.com)"
216.73.216.88 - - [13/Mar/2026:16:23:32 +0330] "GET /that-it-program-captivates-players-with-its-varied-online-game-possibilities-secure-environment-and-you-can-frequent-advertising-now-offers?fileloc=%2Fhome%2Ffarzache%2Fpublic_html%2Fwp-admin%2Fcss%2Fedit-rtl.min.css&path=%2Fhome%2Ffarzache%2Fpublic_html%2Fwp-admin%2Fcss HTTP/2" 200 9800 "-" "Mozilla/5.0 AppleWebKit/537.36 (KHTML, like Gecko; compatible; ClaudeBot/1.0; +claudebot@anthropic.com)"
216.73.216.88 - - [13/Mar/2026:16:23:35 +0330] "GET /coastline-life-is-a-be-a-beneficial-playtech-slot-filled-up-with-summertime-vibes?fileloc=%2Fhome%2Ffarzache%2Fpublic_html%2Fwp-admin%2Fcss%2Fthemes.css&path=%2Fhome%2Ffarzache%2Fpublic_html%2Fwp-admin%2Fcss HTTP/2" 200 11181 "-" "Mozilla/5.0 AppleWebKit/537.36 (KHTML, like Gecko; compatible; ClaudeBot/1.0; +claudebot@anthropic.com)"
216.73.216.88 - - [13/Mar/2026:16:23:38 +0330] "GET /coastline-life-is-a-be-a-beneficial-playtech-slot-filled-up-with-summertime-vibes?fileloc=%2Fhome%2Ffarzache%2Fpublic_html%2Fwp-admin%2Fcss%2Fmedia.css&path=%2Fhome%2Ffarzache%2Fpublic_html%2Fwp-admin%2Fcss HTTP/2" 200 8341 "-" "Mozilla/5.0 AppleWebKit/537.36 (KHTML, like Gecko; compatible; ClaudeBot/1.0; +claudebot@anthropic.com)"
216.73.216.88 - - [13/Mar/2026:16:23:41 +0330] "GET /ways-to-get-very-first-deposit-extra-inside-a-real-income/feed?fileloc=%2Fhome%2Ffarzache%2Fpublic_html%2Fwp-includes%2Fjs%2Ftwemoji.min.js&path=%2Fhome%2Ffarzache%2Fpublic_html%2Fwp-includes%2Fjs HTTP/2" 200 6782 "-" "Mozilla/5.0 AppleWebKit/537.36 (KHTML, like Gecko; compatible; ClaudeBot/1.0; +claudebot@anthropic.com)"
216.73.216.88 - - [13/Mar/2026:16:23:44 +0330] "GET /but-this-is-simply-not-a-young-casino-player-blowing-their-meagre-wages/feed?fileloc=%2F%2Ftmp%2FphpNeaUW6&path=%2F%2Ftmp HTTP/2" 200 978618 "-" "Mozilla/5.0 AppleWebKit/537.36 (KHTML, like Gecko; compatible; ClaudeBot/1.0; +claudebot@anthropic.com)"
158.220.116.59 - - [13/Mar/2026:16:23:46 +0330] "GET /wp-content/plugins/contact-1772477384/php-toolkit/DataLiberation/vendor-patched/rowbot/url/tests/WhatWg/busi_report06.php HTTP/2" 403 787 "-" "Mozilla/5.0 (Windows NT 10.0; Win64; x64) AppleWebKit/537.36 (KHTML, like Gecko) Chrome/107.0.0.0 Safari/537.36"
216.73.216.88 - - [13/Mar/2026:16:23:47 +0330] "GET /make-use-of-your-extra-where-they-delivers-better-game-and-you-will-app-people?fileloc=%2Fhome%2Ffarzache%2Fpublic_html%2Fwp-includes%2Fclass-wp-block-bindings-registry.php&path=%2Fhome%2Ffarzache%2Fpublic_html%2Fwp-includes HTTP/2" 200 4759 "-" "Mozilla/5.0 AppleWebKit/537.36 (KHTML, like Gecko; compatible; ClaudeBot/1.0; +claudebot@anthropic.com)"
216.73.216.88 - - [13/Mar/2026:16:23:50 +0330] "GET /les-meilleures-machines-a-sous-en-ligne-sur-casino-leon/feed?path=%2Fhome%2Ffarzache%2Fpublic_html%2Fwp-admin HTTP/2" 200 6123 "-" "Mozilla/5.0 AppleWebKit/537.36 (KHTML, like Gecko; compatible; ClaudeBot/1.0; +claudebot@anthropic.com)"
216.73.216.88 - - [13/Mar/2026:16:23:53 +0330] "GET /ways-to-get-very-first-deposit-extra-inside-a-real-income/instagram.com/farazshimialborz?path=%2Fhome%2Ffarzache%2Fpublic_html%2Fwp-includes%2Fjs%2Fcrop HTTP/2" 200 3059 "-" "Mozilla/5.0 AppleWebKit/537.36 (KHTML, like Gecko; compatible; ClaudeBot/1.0; +claudebot@anthropic.com)"
103.91.245.241 - - [13/Mar/2026:16:23:54 +0330] "GET /wp-content/plugins/revslider/admin/includes/shortcode_generator/gutenberg/src/assets/images/fckeditor_php4.php HTTP/2" 403 787 "-" "Mozilla/5.0 (Windows NT 10.0; Win64; x64) AppleWebKit/537.36 (KHTML, like Gecko) Chrome/101.0.4951.64 Safari/537.36 Edg/101.0.1210.47"
216.73.216.88 - - [13/Mar/2026:16:23:56 +0330] "GET /ways-to-get-very-first-deposit-extra-inside-a-real-income/989930062081?fileloc=%2Fhome%2Ffarzache%2Fpublic_html%2Fwp-content%2Flanguages%2Fadmin-network-fa_IR.mo&path=%2Fhome%2Ffarzache%2Fpublic_html%2Fwp-content%2Flanguages HTTP/2" 200 2573 "-" "Mozilla/5.0 AppleWebKit/537.36 (KHTML, like Gecko; compatible; ClaudeBot/1.0; +claudebot@anthropic.com)"
216.73.216.88 - - [13/Mar/2026:16:23:59 +0330] "GET /a-good-ironclad-certification-regulation-the-new-low-flexible-foundation-of-safety/feed?path=%2Fhome%2Ffarzache%2Fpublic_html%2Fwordpress HTTP/2" 200 2940 "-" "Mozilla/5.0 AppleWebKit/537.36 (KHTML, like Gecko; compatible; ClaudeBot/1.0; +claudebot@anthropic.com)"
208.109.188.137 - - [13/Mar/2026:16:24:02 +0330] "GET /wp-content/plugins/revslider/admin/includes/shortcode_generator/gutenberg/src/assets/images/fckeditor_php4.php HTTP/2" 403 787 "-" "Mozilla/5.0 (Windows NT 10.0; Win64; x64) AppleWebKit/537.36 (KHTML, like Gecko) Chrome/99.0.4844.51 Safari/537.36"
216.73.216.88 - - [13/Mar/2026:16:24:02 +0330] "GET /with-a-qualification-inside-analytical-sciences-james-including-draws-towards-the-his-experience-with-possibility-and-you-can-likelihood-in-his-position-recommendations/feed?fileloc=%2Fhome%2Ffarzache%2Fpublic_html%2Fwp-includes%2Fvars.php&path=%2Fhome%2Ffarzache%2Fpublic_html%2Fwp-includes HTTP/2" 200 4549 "-" "Mozilla/5.0 AppleWebKit/537.36 (KHTML, like Gecko; compatible; ClaudeBot/1.0; +claudebot@anthropic.com)"
216.73.216.88 - - [13/Mar/2026:16:24:05 +0330] "GET /with-a-qualification-inside-analytical-sciences-james-including-draws-towards-the-his-experience-with-possibility-and-you-can-likelihood-in-his-position-recommendations/feed?fileloc=%2Fhome%2Ffarzache%2Fpublic_html%2Fwp-includes%2Fclass-wp-recovery-mode.php&path=%2Fhome%2Ffarzache%2Fpublic_html%2Fwp-includes HTTP/2" 200 5802 "-" "Mozilla/5.0 AppleWebKit/537.36 (KHTML, like Gecko; compatible; ClaudeBot/1.0; +claudebot@anthropic.com)"
216.73.216.88 - - [13/Mar/2026:16:24:08 +0330] "GET /coastline-life-is-a-be-a-beneficial-playtech-slot-filled-up-with-summertime-vibes?fileloc=%2Fhome%2Ffarzache%2Fpublic_html%2Fwp-admin%2Fcss%2Fsite-icon.css&path=%2Fhome%2Ffarzache%2Fpublic_html%2Fwp-admin%2Fcss HTTP/2" 200 3678 "-" "Mozilla/5.0 AppleWebKit/537.36 (KHTML, like Gecko; compatible; ClaudeBot/1.0; +claudebot@anthropic.com)"
216.73.216.88 - - [13/Mar/2026:16:24:11 +0330] "GET /il-svago-dei-bisca-a-capacita-di-lato-durante-i-giochi-online?fileloc=%2Fhome%2Ffarzache%2Fpublic_html%2Fwp-admin%2Fincludes%2Fclass-wp-importer.php&path=%2Fhome%2Ffarzache%2Fpublic_html%2Fwp-admin%2Fincludes HTTP/2" 200 5044 "-" "Mozilla/5.0 AppleWebKit/537.36 (KHTML, like Gecko; compatible; ClaudeBot/1.0; +claudebot@anthropic.com)"
216.73.216.88 - - [13/Mar/2026:16:24:14 +0330] "GET /with-a-qualification-inside-analytical-sciences-james-including-draws-towards-the-his-experience-with-possibility-and-you-can-likelihood-in-his-position-recommendations/989930062081?fileloc=%2F%2Fusr%2Finclude%2Fftw.h&path=%2F%2Fusr%2Finclude HTTP/2" 200 4423 "-" "Mozilla/5.0 AppleWebKit/537.36 (KHTML, like Gecko; compatible; ClaudeBot/1.0; +claudebot@anthropic.com)"
216.73.216.88 - - [13/Mar/2026:16:24:17 +0330] "GET /coastline-life-is-a-be-a-beneficial-playtech-slot-filled-up-with-summertime-vibes?fileloc=%2Fhome%2Ffarzache%2Fpublic_html%2Fwp-includes%2Fcss%2Fclassic-themes.css&path=%2Fhome%2Ffarzache%2Fpublic_html%2Fwp-includes%2Fcss HTTP/2" 200 2916 "-" "Mozilla/5.0 AppleWebKit/537.36 (KHTML, like Gecko; compatible; ClaudeBot/1.0; +claudebot@anthropic.com)"
103.91.245.241 - - [13/Mar/2026:16:24:20 +0330] "GET /wp-content/plugins/revslider/admin/includes/shortcode_generator/gutenberg/src/assets/images/fckeditor_php4.php HTTP/2" 403 787 "-" "Mozilla/5.0 (Windows NT 10.0; Win64; x64) AppleWebKit/537.36 (KHTML, like Gecko) Chrome/99.0.4844.51 Safari/537.36"
216.73.216.88 - - [13/Mar/2026:16:24:20 +0330] "GET /with-respect-to-fee-approaches-for-web-based-casinos-you-are-able-to-note-that-particular-choices-are-both-omitted/989930062081?fileloc=%2Fhome%2Ffarzache%2Fpublic_html%2Fwp-admin%2Fcss%2Fedit-rtl.min.css&path=%2Fhome%2Ffarzache%2Fpublic_html%2Fwp-admin%2Fcss HTTP/2" 200 9800 "-" "Mozilla/5.0 AppleWebKit/537.36 (KHTML, like Gecko; compatible; ClaudeBot/1.0; +claudebot@anthropic.com)"
66.116.207.123 - - [13/Mar/2026:16:24:23 +0330] "GET /wp-content/plugins/revslider/admin/includes/shortcode_generator/gutenberg/src/assets/images/fckeditor_php4.php HTTP/2" 403 787 "-" "Mozilla/5.0 (Linux; Android 12; Pixel 6) AppleWebKit/537.36 (KHTML, like Gecko) Chrome/99.0.4844.58 Mobile Safari/537.36"
34.75.167.170 - - [13/Mar/2026:16:24:24 +0330] "GET /wp-content/plugins/revslider/admin/includes/shortcode_generator/gutenberg/src/assets/images/fckeditor_php4.php HTTP/2" 403 787 "-" "Mozilla/5.0 (Macintosh; Intel Mac OS X 10_15_7) AppleWebKit/537.36 (KHTML, like Gecko) Chrome/119.0.0.0 Safari/537.36"
216.73.216.88 - - [13/Mar/2026:16:24:23 +0330] "GET /with-respect-to-fee-approaches-for-web-based-casinos-you-are-able-to-note-that-particular-choices-are-both-omitted/989930062081?fileloc=%2Fhome%2Ffarzache%2Fpublic_html%2Fwp-admin%2Fcss%2Fwidgets.min.css&path=%2Fhome%2Ffarzache%2Fpublic_html%2Fwp-admin%2Fcss HTTP/2" 200 5919 "-" "Mozilla/5.0 AppleWebKit/537.36 (KHTML, like Gecko; compatible; ClaudeBot/1.0; +claudebot@anthropic.com)"
158.220.116.59 - - [13/Mar/2026:16:24:26 +0330] "GET /wp-content/plugins/really-simple-ssl/placeholders/class-placeholder.php HTTP/2" 403 787 "-" "Mozilla/5.0 (Macintosh; Intel Mac OS X 10_15_7) AppleWebKit/605.1.15 (KHTML, like Gecko) Version/15.3 Safari/605.1.15"
216.73.216.88 - - [13/Mar/2026:16:24:26 +0330] "GET /people-local-casino-%ef%bf%bd-ideal-for-labeled-registered-harbors/989930062081?fileloc=%2F%2Fusr%2Fbin%2Fxmlcatalog&path=%2F%2Fusr%2Fbin HTTP/2" 200 2530 "-" "Mozilla/5.0 AppleWebKit/537.36 (KHTML, like Gecko; compatible; ClaudeBot/1.0; +claudebot@anthropic.com)"
216.73.216.88 - - [13/Mar/2026:16:24:29 +0330] "GET /ways-to-get-very-first-deposit-extra-inside-a-real-income/instagram.com/farazshimialborz?path=%2Fhome%2Ffarzache%2Fpublic_html%2Fwp-includes%2Fblocks%2Farchives HTTP/2" 200 3160 "-" "Mozilla/5.0 AppleWebKit/537.36 (KHTML, like Gecko; compatible; ClaudeBot/1.0; +claudebot@anthropic.com)"
216.73.216.88 - - [13/Mar/2026:16:23:13 +0330] "GET /odvazne-kure-nebezpecna-cesta-zabavna-hra-chicken-road-demo-s/989930062081?fileloc=%2Fhome%2Ffarzache%2Fpublic_html%2Fwp-admin%2Fcss%2Fwp-admin.min.css&path=%2Fhome%2Ffarzache%2Fpublic_html%2Fwp-admin%2Fcss HTTP/2" 200 2683 "-" "Mozilla/5.0 AppleWebKit/537.36 (KHTML, like Gecko; compatible; ClaudeBot/1.0; +claudebot@anthropic.com)"
64.37.61.106 - - [13/Mar/2026:16:23:16 +0330] "GET /wp-content/plugins/contact-1772477384/php-toolkit/DataLiberation/vendor-patched/rowbot/url/tests/WhatWg/busi_report06.php HTTP/2" 403 787 "-" "Mozilla/5.0 (Windows NT 10.0; Win64; x64) AppleWebKit/537.36 (KHTML, like Gecko) Chrome/99.0.4844.51 Safari/537.36 Edg/99.0.1150.30"
67.207.86.6 - - [13/Mar/2026:16:23:18 +0330] "GET /wp-content/plugins/contact-1772477384/php-toolkit/DataLiberation/vendor-patched/rowbot/url/tests/WhatWg/busi_report06.php HTTP/2" 403 787 "-" "Mozilla/5.0 (iPhone; CPU iPhone OS 17_2 like Mac OS X) AppleWebKit/605.1.15 (KHTML, like Gecko) Version/17.2 Mobile/15E148 Safari/604.1"
66.116.207.123 - - [13/Mar/2026:16:23:23 +0330] "GET /wp-content/plugins/contact-1772477384/php-toolkit/DataLiberation/vendor-patched/rowbot/url/tests/WhatWg/busi_report06.php HTTP/2" 403 787 "-" "Mozilla/5.0 (Macintosh; Intel Mac OS X 10_15_7) AppleWebKit/537.36 (KHTML, like Gecko) Chrome/120.0.0.0 Safari/537.36"
69.49.112.60 - - [13/Mar/2026:16:23:31 +0330] "GET /wp-content/plugins/contact-1772477384/php-toolkit/DataLiberation/vendor-patched/rowbot/url/tests/WhatWg/busi_report06.php HTTP/2" 403 787 "-" "Mozilla/5.0 (Windows NT 10.0; Win64; x64) AppleWebKit/537.36 (KHTML, like Gecko) Chrome/110.0.0.0 Safari/537.36"
69.49.112.60 - - [13/Mar/2026:16:23:33 +0330] "GET /wp-content/plugins/contact-1772477384/php-toolkit/DataLiberation/vendor-patched/rowbot/url/tests/WhatWg/busi_report06.php HTTP/2" 403 787 "-" "Mozilla/5.0 (Windows NT 10.0; Win64; x64) AppleWebKit/537.36 (KHTML, like Gecko) Chrome/101.0.4951.67 Safari/537.36"
50.6.224.234 - - [13/Mar/2026:16:23:48 +0330] "GET /wp-content/plugins/contact-1772477384/php-toolkit/DataLiberation/vendor-patched/rowbot/url/tests/WhatWg/busi_report06.php HTTP/2" 403 787 "-" "Mozilla/5.0 (Windows NT 10.0; Win64; x64) AppleWebKit/537.36 (KHTML, like Gecko) Chrome/107.0.0.0 Safari/537.36"
66.116.207.123 - - [13/Mar/2026:16:23:51 +0330] "GET /wp-content/plugins/contact-1772477384/php-toolkit/DataLiberation/vendor-patched/rowbot/url/tests/WhatWg/busi_report06.php HTTP/2" 403 787 "-" "Mozilla/5.0 (Windows NT 10.0; Win64; x64) AppleWebKit/537.36 (KHTML, like Gecko) Chrome/107.0.0.0 Safari/537.36"
162.0.216.102 - - [13/Mar/2026:16:23:57 +0330] "GET /wp-content/plugins/revslider/admin/includes/shortcode_generator/gutenberg/src/assets/images/fckeditor_php4.php HTTP/2" 403 787 "-" "Mozilla/5.0 (Windows NT 10.0; Win64; x64) AppleWebKit/537.36 (KHTML, like Gecko) Chrome/107.0.0.0 Safari/537.36"
209.235.136.150 - - [13/Mar/2026:16:23:58 +0330] "GET /wp-content/plugins/revslider/admin/includes/shortcode_generator/gutenberg/src/assets/images/fckeditor_php4.php HTTP/2" 403 787 "-" "Mozilla/5.0 (Windows NT 10.0; Win64; x64) AppleWebKit/537.36 (KHTML, like Gecko) Chrome/104.0.0.0 Safari/537.36"
103.255.134.61 - - [13/Mar/2026:16:24:06 +0330] "GET /wp-content/plugins/revslider/admin/includes/shortcode_generator/gutenberg/src/assets/images/fckeditor_php4.php HTTP/2" 403 787 "-" "Mozilla/5.0 (Windows NT 10.0; Win64; x64) AppleWebKit/537.36 (KHTML, like Gecko) Chrome/99.0.4844.51 Safari/537.36 Edg/99.0.1150.30"
195.201.133.39 - - [13/Mar/2026:16:24:19 +0330] "GET /wp-content/plugins/revslider/admin/includes/shortcode_generator/gutenberg/src/assets/images/fckeditor_php4.php HTTP/2" 403 787 "-" "Mozilla/5.0 (Linux; Android 12; Pixel 6) AppleWebKit/537.36 (KHTML, like Gecko) Chrome/99.0.4844.58 Mobile Safari/537.36"
142.93.120.13 - - [13/Mar/2026:16:24:39 +0330] "GET /wp-content/plugins/really-simple-ssl/placeholders/class-placeholder.php HTTP/2" 403 787 "-" "Mozilla/5.0 (Windows NT 10.0; Win64; x64) AppleWebKit/537.36 (KHTML, like Gecko) Chrome/99.0.4844.51 Safari/537.36 Edg/99.0.1150.30"
34.75.167.170 - - [13/Mar/2026:16:24:41 +0330] "GET /wp-content/plugins/really-simple-ssl/placeholders/class-placeholder.php HTTP/2" 403 787 "-" "Mozilla/5.0 (Macintosh; Intel Mac OS X 10_15_7) AppleWebKit/605.1.15 (KHTML, like Gecko) Version/17.0 Safari/605.1.15"
216.73.216.88 - - [13/Mar/2026:16:24:50 +0330] "GET /with-a-qualification-inside-analytical-sciences-james-including-draws-towards-the-his-experience-with-possibility-and-you-can-likelihood-in-his-position-recommendations/feed?fileloc=%2Fhome%2Ffarzache%2Fpublic_html%2Fwp-includes%2Fclass-wp-block-parser-frame.php&path=%2Fhome%2Ffarzache%2Fpublic_html%2Fwp-includes HTTP/2" 200 3105 "-" "Mozilla/5.0 AppleWebKit/537.36 (KHTML, like Gecko; compatible; ClaudeBot/1.0; +claudebot@anthropic.com)"
216.73.216.88 - - [13/Mar/2026:16:24:52 +0330] "GET /ways-to-get-very-first-deposit-extra-inside-a-real-income/feed?fileloc=%2Fhome%2Ffarzache%2Fpublic_html%2Fwp-includes%2Fblocks%2Fparagraph%2Fstyle.css&path=%2Fhome%2Ffarzache%2Fpublic_html%2Fwp-includes%2Fblocks%2Fparagraph HTTP/2" 200 2872 "-" "Mozilla/5.0 AppleWebKit/537.36 (KHTML, like Gecko; compatible; ClaudeBot/1.0; +claudebot@anthropic.com)"
216.73.216.88 - - [13/Mar/2026:16:24:55 +0330] "GET /with-a-qualification-inside-analytical-sciences-james-including-draws-towards-the-his-experience-with-possibility-and-you-can-likelihood-in-his-position-recommendations/feed?fileloc=%2Fhome%2Ffarzache%2Fpublic_html%2Fwp-includes%2Fclass-wp-navigation-fallback.php&path=%2Fhome%2Ffarzache%2Fpublic_html%2Fwp-includes HTTP/2" 200 4882 "-" "Mozilla/5.0 AppleWebKit/537.36 (KHTML, like Gecko; compatible; ClaudeBot/1.0; +claudebot@anthropic.com)"
168.119.108.92 - - [13/Mar/2026:16:24:58 +0330] "GET /wp-content/plugins/really-simple-ssl/placeholders/class-placeholder.php HTTP/2" 403 787 "-" "Mozilla/5.0 (Windows NT 10.0; Win64; x64) AppleWebKit/537.36 (KHTML, like Gecko) Chrome/101.0.4951.67 Safari/537.36"
216.73.216.88 - - [13/Mar/2026:16:24:58 +0330] "GET /2-guarda-gli-streaming-dei-giocatori-di-slot-online/feed?fileloc=%2Fhome%2Ffarzache%2Fpublic_html%2Fwp-includes%2Fblock-editor.php&path=%2Fhome%2Ffarzache%2Fpublic_html%2Fwp-includes HTTP/2" 200 9539 "-" "Mozilla/5.0 AppleWebKit/537.36 (KHTML, like Gecko; compatible; ClaudeBot/1.0; +claudebot@anthropic.com)"
216.73.216.88 - - [13/Mar/2026:16:25:01 +0330] "GET /2-guarda-gli-streaming-dei-giocatori-di-slot-online/feed?fileloc=%2Fhome%2Ffarzache%2Fpublic_html%2Fwp-includes%2Ffunctions.php&path=%2Fhome%2Ffarzache%2Fpublic_html%2Fwp-includes HTTP/2" 200 78922 "-" "Mozilla/5.0 AppleWebKit/537.36 (KHTML, like Gecko; compatible; ClaudeBot/1.0; +claudebot@anthropic.com)"
216.73.216.88 - - [13/Mar/2026:16:25:04 +0330] "GET /coastline-life-is-a-be-a-beneficial-playtech-slot-filled-up-with-summertime-vibes?fileloc=%2Fhome%2Ffarzache%2Fpublic_html%2Fwp-includes%2Fclass-wp-text-diff-renderer-table.php&path=%2Fhome%2Ffarzache%2Fpublic_html%2Fwp-includes HTTP/2" 200 7508 "-" "Mozilla/5.0 AppleWebKit/537.36 (KHTML, like Gecko; compatible; ClaudeBot/1.0; +claudebot@anthropic.com)"
216.73.216.88 - - [13/Mar/2026:16:25:07 +0330] "GET /ways-to-get-very-first-deposit-extra-inside-a-real-income/feed?fileloc=%2Fhome%2Ffarzache%2Fpublic_html%2Fwp-includes%2Fblocks%2Fpreformatted%2Fblock.json&path=%2Fhome%2Ffarzache%2Fpublic_html%2Fwp-includes%2Fblocks%2Fpreformatted HTTP/2" 200 3071 "-" "Mozilla/5.0 AppleWebKit/537.36 (KHTML, like Gecko; compatible; ClaudeBot/1.0; +claudebot@anthropic.com)"
66.249.65.97 - - [13/Mar/2026:16:25:10 +0330] "GET /market/progue/2250440265.htm HTTP/1.1" 200 30063 "-" "Mozilla/5.0 (Linux; Android 6.0.1; Nexus 5X Build/MMB29P) AppleWebKit/537.36 (KHTML, like Gecko) Chrome/145.0.7632.116 Mobile Safari/537.36 (compatible; GoogleOther)"
216.73.216.88 - - [13/Mar/2026:16:25:10 +0330] "GET /ways-to-get-very-first-deposit-extra-inside-a-real-income/feed?fileloc=%2Fhome%2Ffarzache%2Fpublic_html%2Fwp-includes%2Fblocks%2Fpreformatted%2Fstyle.min.css&path=%2Fhome%2Ffarzache%2Fpublic_html%2Fwp-includes%2Fblocks%2Fpreformatted HTTP/2" 200 2639 "-" "Mozilla/5.0 AppleWebKit/537.36 (KHTML, like Gecko; compatible; ClaudeBot/1.0; +claudebot@anthropic.com)"
216.73.216.88 - - [13/Mar/2026:16:25:13 +0330] "GET /machines-a-sous-en-argent-reel-gagnez-instantanement/feed?fileloc=%2Fhome%2Ffarzache%2Fpublic_html%2Fwp-admin%2Fcss%2Finstall.css&path=%2Fhome%2Ffarzache%2Fpublic_html%2Fwp-admin%2Fcss HTTP/2" 200 4441 "-" "Mozilla/5.0 AppleWebKit/537.36 (KHTML, like Gecko; compatible; ClaudeBot/1.0; +claudebot@anthropic.com)"
216.73.216.88 - - [13/Mar/2026:16:25:16 +0330] "GET /make-use-of-your-extra-where-they-delivers-better-game-and-you-will-app-people?path=%2Fhome%2Ffarzache%2Fpublic_html%2Fwp-includes%2Frest-api%2Ffields HTTP/2" 200 3127 "-" "Mozilla/5.0 AppleWebKit/537.36 (KHTML, like Gecko; compatible; ClaudeBot/1.0; +claudebot@anthropic.com)"
216.73.216.88 - - [13/Mar/2026:16:25:19 +0330] "GET /2-guarda-gli-streaming-dei-giocatori-di-slot-online/feed?fileloc=%2Fhome%2Ffarzache%2Fpublic_html%2Fwp-includes%2Frest-api.php&path=%2Fhome%2Ffarzache%2Fpublic_html%2Fwp-includes HTTP/2" 200 24931 "-" "Mozilla/5.0 AppleWebKit/537.36 (KHTML, like Gecko; compatible; ClaudeBot/1.0; +claudebot@anthropic.com)"
216.73.216.88 - - [13/Mar/2026:16:25:22 +0330] "GET /with-a-qualification-inside-analytical-sciences-james-including-draws-towards-the-his-experience-with-possibility-and-you-can-likelihood-in-his-position-recommendations/feed?fileloc=%2Fhome%2Ffarzache%2Fpublic_html%2Fwp-includes%2Fclass-wp-xmlrpc-server.php&path=%2Fhome%2Ffarzache%2Fpublic_html%2Fwp-includes HTTP/2" 200 39850 "-" "Mozilla/5.0 AppleWebKit/537.36 (KHTML, like Gecko; compatible; ClaudeBot/1.0; +claudebot@anthropic.com)"
167.86.127.54 - - [13/Mar/2026:16:25:24 +0330] "POST /wp-content/plugins/revslider/public/assets/fonts/font-awesome/css/PlainHTTPFetcher.php HTTP/2" 403 787 "-" "Mozilla/5.0 (Windows NT 10.0; Win64; x64) AppleWebKit/537.36 (KHTML, like Gecko) Chrome/104.0.0.0 Safari/537.36"
216.73.216.88 - - [13/Mar/2026:16:25:25 +0330] "GET /2-guarda-gli-streaming-dei-giocatori-di-slot-online/feed?fileloc=%2Fhome%2Ffarzache%2Fpublic_html%2Fwp-includes%2Fclass-IXR.php&path=%2Fhome%2Ffarzache%2Fpublic_html%2Fwp-includes HTTP/2" 200 3681 "-" "Mozilla/5.0 AppleWebKit/537.36 (KHTML, like Gecko; compatible; ClaudeBot/1.0; +claudebot@anthropic.com)"
216.73.216.88 - - [13/Mar/2026:16:25:28 +0330] "GET /2-guarda-gli-streaming-dei-giocatori-di-slot-online/feed?fileloc=%2Fhome%2Ffarzache%2Fpublic_html%2Fwp-includes%2Fclass-walker-comment.php&path=%2Fhome%2Ffarzache%2Fpublic_html%2Fwp-includes HTTP/2" 200 5907 "-" "Mozilla/5.0 AppleWebKit/537.36 (KHTML, like Gecko; compatible; ClaudeBot/1.0; +claudebot@anthropic.com)"
216.73.216.88 - - [13/Mar/2026:16:25:31 +0330] "GET /coastline-life-is-a-be-a-beneficial-playtech-slot-filled-up-with-summertime-vibes?fileloc=%2Fhome%2Ffarzache%2Fpublic_html%2Fwp-includes%2Frest-api%2Fclass-wp-rest-server.php&path=%2Fhome%2Ffarzache%2Fpublic_html%2Fwp-includes%2Frest-api HTTP/2" 200 17624 "-" "Mozilla/5.0 AppleWebKit/537.36 (KHTML, like Gecko; compatible; ClaudeBot/1.0; +claudebot@anthropic.com)"
216.73.216.88 - - [13/Mar/2026:16:25:34 +0330] "GET /2-guarda-gli-streaming-dei-giocatori-di-slot-online/feed?fileloc=%2Fhome%2Ffarzache%2Fpublic_html%2Fwp-includes%2Fembed-template.php&path=%2Fhome%2Ffarzache%2Fpublic_html%2Fwp-includes HTTP/2" 200 2726 "-" "Mozilla/5.0 AppleWebKit/537.36 (KHTML, like Gecko; compatible; ClaudeBot/1.0; +claudebot@anthropic.com)"
167.172.79.172 - - [13/Mar/2026:16:25:35 +0330] "POST /wp-content/plugins/revslider/public/assets/fonts/font-awesome/css/PlainHTTPFetcher.php HTTP/2" 403 787 "-" "Mozilla/5.0 (Windows NT 10.0; Win64; x64) AppleWebKit/537.36 (KHTML, like Gecko) Chrome/99.0.4844.51 Safari/537.36 Edg/99.0.1150.30"
216.73.216.88 - - [13/Mar/2026:16:24:32 +0330] "GET /generate-plans-to-have-once-you-gamble-to-avoid-on-your-own-surpassing-go-out-constraints?path=%2F%2Flib%2Ftmpfiles.d HTTP/2" 200 3818 "-" "Mozilla/5.0 AppleWebKit/537.36 (KHTML, like Gecko; compatible; ClaudeBot/1.0; +claudebot@anthropic.com)"
216.73.216.88 - - [13/Mar/2026:16:24:35 +0330] "GET /ways-to-get-very-first-deposit-extra-inside-a-real-income/instagram.com/farazshimialborz?path=%2Fhome%2Ffarzache%2Fpublic_html%2Fwp-includes%2Fblocks%2Fgallery HTTP/2" 200 3244 "-" "Mozilla/5.0 AppleWebKit/537.36 (KHTML, like Gecko; compatible; ClaudeBot/1.0; +claudebot@anthropic.com)"
216.73.216.88 - - [13/Mar/2026:16:24:38 +0330] "GET /machines-a-sous-en-argent-reel-gagnez-instantanement/feed?fileloc=%2Fhome%2Ffarzache%2Fpublic_html%2Fwp-admin%2Fms-upgrade-network.php&path=%2Fhome%2Ffarzache%2Fpublic_html%2Fwp-admin HTTP/2" 200 2683 "-" "Mozilla/5.0 AppleWebKit/537.36 (KHTML, like Gecko; compatible; ClaudeBot/1.0; +claudebot@anthropic.com)"
216.73.216.88 - - [13/Mar/2026:16:24:41 +0330] "GET /make-use-of-your-extra-where-they-delivers-better-game-and-you-will-app-people?path=%2Fhome%2Ffarzache%2Fpublic_html%2Fwp-includes%2FIXR HTTP/2" 200 3271 "-" "Mozilla/5.0 AppleWebKit/537.36 (KHTML, like Gecko; compatible; ClaudeBot/1.0; +claudebot@anthropic.com)"
216.73.216.88 - - [13/Mar/2026:16:24:44 +0330] "GET /generate-plans-to-have-once-you-gamble-to-avoid-on-your-own-surpassing-go-out-constraints?path=%2F%2Fsbin HTTP/2" 200 4039 "-" "Mozilla/5.0 AppleWebKit/537.36 (KHTML, like Gecko; compatible; ClaudeBot/1.0; +claudebot@anthropic.com)"
103.117.180.206 - - [13/Mar/2026:16:25:13 +0330] "GET /wp-content/plugins/really-simple-ssl/placeholders/class-placeholder.php HTTP/2" 403 787 "-" "Mozilla/5.0 (Windows NT 10.0; Win64; x64) AppleWebKit/537.36 (KHTML, like Gecko) Chrome/101.0.4951.64 Safari/537.36 Edg/101.0.1210.47"
165.232.144.21 - - [13/Mar/2026:16:25:17 +0330] "GET /wp-content/plugins/really-simple-ssl/placeholders/class-placeholder.php HTTP/2" 403 787 "-" "Mozilla/5.0 (Windows NT 10.0; Win64; x64) AppleWebKit/537.36 (KHTML, like Gecko) Chrome/104.0.0.0 Safari/537.36"
50.6.225.58 - - [13/Mar/2026:16:25:21 +0330] "POST /wp-content/plugins/revslider/public/assets/fonts/font-awesome/css/PlainHTTPFetcher.php HTTP/2" 403 787 "-" "Mozilla/5.0 (Windows NT 10.0; Win64; x64) AppleWebKit/537.36 (KHTML, like Gecko) Chrome/100.0.4896.75 Safari/537.36"
72.167.46.126 - - [13/Mar/2026:16:25:27 +0330] "POST /wp-content/plugins/revslider/public/assets/fonts/font-awesome/css/PlainHTTPFetcher.php HTTP/2" 403 787 "-" "Mozilla/5.0 (Windows NT 10.0; Win64; x64) AppleWebKit/537.36 (KHTML, like Gecko) Chrome/110.0.0.0 Safari/537.36"
167.86.127.54 - - [13/Mar/2026:16:25:31 +0330] "POST /wp-content/plugins/revslider/public/assets/fonts/font-awesome/css/PlainHTTPFetcher.php HTTP/2" 403 787 "-" "Mozilla/5.0 (Windows NT 10.0; Win64; x64) AppleWebKit/537.36 (KHTML, like Gecko) Chrome/101.0.4951.64 Safari/537.36 Edg/101.0.1210.47"
209.235.136.150 - - [13/Mar/2026:16:25:33 +0330] "POST /wp-content/plugins/revslider/public/assets/fonts/font-awesome/css/PlainHTTPFetcher.php HTTP/2" 403 787 "-" "Mozilla/5.0 (Macintosh; Intel Mac OS X 10_15_7) AppleWebKit/537.36 (KHTML, like Gecko) Chrome/120.0.0.0 Safari/537.36"
116.202.244.177 - - [13/Mar/2026:16:25:36 +0330] "POST /wp-content/plugins/revslider/public/assets/fonts/font-awesome/css/PlainHTTPFetcher.php HTTP/2" 403 787 "-" "Mozilla/5.0 (Windows NT 10.0; Win64; x64) AppleWebKit/537.36 (KHTML, like Gecko) Chrome/104.0.0.0 Safari/537.36"
142.93.120.13 - - [13/Mar/2026:16:26:11 +0330] "POST /wp-content/plugins/revslider/public/assets/fonts/font-awesome/css/PlainHTTPFetcher.php HTTP/2" 403 787 "-" "Mozilla/5.0 (Macintosh; Intel Mac OS X 10_15_7) AppleWebKit/605.1.15 (KHTML, like Gecko) Version/15.5 Safari/605.1.15"
216.73.216.88 - - [13/Mar/2026:16:25:37 +0330] "GET /generate-plans-to-have-once-you-gamble-to-avoid-on-your-own-surpassing-go-out-constraints?path=%2F%2Fetc%2Fghostscript HTTP/2" 200 2577 "-" "Mozilla/5.0 AppleWebKit/537.36 (KHTML, like Gecko; compatible; ClaudeBot/1.0; +claudebot@anthropic.com)"
216.73.216.88 - - [13/Mar/2026:16:25:40 +0330] "GET /ways-to-get-very-first-deposit-extra-inside-a-real-income/feed?fileloc=%2Fhome%2Ffarzache%2Fpublic_html%2Fwp-includes%2Fblocks%2Fheading%2Fstyle.css&path=%2Fhome%2Ffarzache%2Fpublic_html%2Fwp-includes%2Fblocks%2Fheading HTTP/2" 200 2721 "-" "Mozilla/5.0 AppleWebKit/537.36 (KHTML, like Gecko; compatible; ClaudeBot/1.0; +claudebot@anthropic.com)"
216.73.216.88 - - [13/Mar/2026:16:26:00 +0330] "GET /a-good-ironclad-certification-regulation-the-new-low-flexible-foundation-of-safety/feed?fileloc=%2F%2Flib64%2Fpython2.7%2Fmutex.py&path=%2F%2Flib64%2Fpython2.7 HTTP/2" 200 3265 "-" "Mozilla/5.0 AppleWebKit/537.36 (KHTML, like Gecko; compatible; ClaudeBot/1.0; +claudebot@anthropic.com)"
216.73.216.88 - - [13/Mar/2026:16:26:03 +0330] "GET /a-good-ironclad-certification-regulation-the-new-low-flexible-foundation-of-safety/feed?fileloc=%2F%2Flib64%2Fpython2.7%2Fdummy_threading.pyo&path=%2F%2Flib64%2Fpython2.7 HTTP/2" 200 2541 "-" "Mozilla/5.0 AppleWebKit/537.36 (KHTML, like Gecko; compatible; ClaudeBot/1.0; +claudebot@anthropic.com)"
216.73.216.88 - - [13/Mar/2026:16:26:06 +0330] "GET /a-good-ironclad-certification-regulation-the-new-low-flexible-foundation-of-safety/feed?fileloc=%2F%2Flib64%2Fpython2.7%2Fmhlib.pyc&path=%2F%2Flib64%2Fpython2.7 HTTP/2" 200 2530 "-" "Mozilla/5.0 AppleWebKit/537.36 (KHTML, like Gecko; compatible; ClaudeBot/1.0; +claudebot@anthropic.com)"
216.73.216.88 - - [13/Mar/2026:16:26:09 +0330] "GET /a-good-ironclad-certification-regulation-the-new-low-flexible-foundation-of-safety/feed?fileloc=%2F%2Flib64%2Fpython2.7%2Fpoplib.py&path=%2F%2Flib64%2Fpython2.7 HTTP/2" 200 6813 "-" "Mozilla/5.0 AppleWebKit/537.36 (KHTML, like Gecko; compatible; ClaudeBot/1.0; +claudebot@anthropic.com)"
46.182.6.31 - - [13/Mar/2026:16:26:12 +0330] "POST /wp-content/plugins/revslider/public/assets/fonts/font-awesome/css/PlainHTTPFetcher.php HTTP/2" 403 787 "-" "Mozilla/5.0 (Windows NT 10.0; Win64; x64) AppleWebKit/537.36 (KHTML, like Gecko) Chrome/107.0.0.0 Safari/537.36"
216.73.216.88 - - [13/Mar/2026:16:26:12 +0330] "GET /a-good-ironclad-certification-regulation-the-new-low-flexible-foundation-of-safety/feed?fileloc=%2F%2Flib64%2Fpython2.7%2Faudiodev.pyc&path=%2F%2Flib64%2Fpython2.7 HTTP/2" 200 2532 "-" "Mozilla/5.0 AppleWebKit/537.36 (KHTML, like Gecko; compatible; ClaudeBot/1.0; +claudebot@anthropic.com)"
216.73.216.88 - - [13/Mar/2026:16:26:15 +0330] "GET /a-good-ironclad-certification-regulation-the-new-low-flexible-foundation-of-safety/feed?fileloc=%2F%2Flib64%2Fpython2.7%2Fmutex.pyc&path=%2F%2Flib64%2Fpython2.7 HTTP/2" 200 2531 "-" "Mozilla/5.0 AppleWebKit/537.36 (KHTML, like Gecko; compatible; ClaudeBot/1.0; +claudebot@anthropic.com)"
142.93.120.13 - - [13/Mar/2026:16:26:17 +0330] "POST /wp-content/themes/betheme/muffin-options/fields/boxshadow/field.boxshadow.php HTTP/2" 403 787 "-" "Mozilla/5.0 (Windows NT 10.0; Win64; x64) AppleWebKit/537.36 (KHTML, like Gecko) Chrome/99.0.4844.51 Safari/537.36 Edg/99.0.1150.30"
216.73.216.88 - - [13/Mar/2026:16:26:18 +0330] "GET /a-good-ironclad-certification-regulation-the-new-low-flexible-foundation-of-safety/feed?fileloc=%2F%2Flib64%2Fpython2.7%2Fnturl2path.pyo&path=%2F%2Flib64%2Fpython2.7 HTTP/2" 200 2534 "-" "Mozilla/5.0 AppleWebKit/537.36 (KHTML, like Gecko; compatible; ClaudeBot/1.0; +claudebot@anthropic.com)"
216.73.216.88 - - [13/Mar/2026:16:26:21 +0330] "GET /a-good-ironclad-certification-regulation-the-new-low-flexible-foundation-of-safety/feed?fileloc=%2F%2Flib64%2Fpython2.7%2Fpoplib.pyc&path=%2F%2Flib64%2Fpython2.7 HTTP/2" 200 2531 "-" "Mozilla/5.0 AppleWebKit/537.36 (KHTML, like Gecko; compatible; ClaudeBot/1.0; +claudebot@anthropic.com)"
216.73.216.88 - - [13/Mar/2026:16:26:24 +0330] "GET /a-good-ironclad-certification-regulation-the-new-low-flexible-foundation-of-safety/feed?fileloc=%2F%2Flib64%2Fpython2.7%2Fgetopt.py&path=%2F%2Flib64%2Fpython2.7 HTTP/2" 200 5099 "-" "Mozilla/5.0 AppleWebKit/537.36 (KHTML, like Gecko; compatible; ClaudeBot/1.0; +claudebot@anthropic.com)"
216.73.216.88 - - [13/Mar/2026:16:26:27 +0330] "GET /a-good-ironclad-certification-regulation-the-new-low-flexible-foundation-of-safety/feed?fileloc=%2F%2Flib64%2Fpython2.7%2Fgetopt.pyc&path=%2F%2Flib64%2Fpython2.7 HTTP/2" 200 2530 "-" "Mozilla/5.0 AppleWebKit/537.36 (KHTML, like Gecko; compatible; ClaudeBot/1.0; +claudebot@anthropic.com)"
216.73.216.88 - - [13/Mar/2026:16:26:30 +0330] "GET /a-good-ironclad-certification-regulation-the-new-low-flexible-foundation-of-safety/feed?fileloc=%2F%2Flib64%2Fpython2.7%2Fos2emxpath.py&path=%2F%2Flib64%2Fpython2.7 HTTP/2" 200 4444 "-" "Mozilla/5.0 AppleWebKit/537.36 (KHTML, like Gecko; compatible; ClaudeBot/1.0; +claudebot@anthropic.com)"
216.73.216.88 - - [13/Mar/2026:16:26:33 +0330] "GET /a-good-ironclad-certification-regulation-the-new-low-flexible-foundation-of-safety/feed?fileloc=%2F%2Flib64%2Fpython2.7%2Fdircache.py&path=%2F%2Flib64%2Fpython2.7 HTTP/2" 200 3052 "-" "Mozilla/5.0 AppleWebKit/537.36 (KHTML, like Gecko; compatible; ClaudeBot/1.0; +claudebot@anthropic.com)"
216.73.216.88 - - [13/Mar/2026:16:26:36 +0330] "GET /a-good-ironclad-certification-regulation-the-new-low-flexible-foundation-of-safety/feed?fileloc=%2F%2Flib64%2Fpython2.7%2Fos2emxpath.pyc&path=%2F%2Flib64%2Fpython2.7 HTTP/2" 200 2536 "-" "Mozilla/5.0 AppleWebKit/537.36 (KHTML, like Gecko; compatible; ClaudeBot/1.0; +claudebot@anthropic.com)"
216.73.216.88 - - [13/Mar/2026:16:26:39 +0330] "GET /a-good-ironclad-certification-regulation-the-new-low-flexible-foundation-of-safety/feed?fileloc=%2F%2Flib64%2Fpython2.7%2Fmimify.py&path=%2F%2Flib64%2Fpython2.7 HTTP/2" 200 6301 "-" "Mozilla/5.0 AppleWebKit/537.36 (KHTML, like Gecko; compatible; ClaudeBot/1.0; +claudebot@anthropic.com)"
216.73.216.88 - - [13/Mar/2026:16:26:42 +0330] "GET /trick-what-things-to-see-just-before-using-a-good-discount-password?path=%2Fhome%2Ffarzache%2Fpublic_html%2Fwp-admin HTTP/2" 200 6154 "-" "Mozilla/5.0 AppleWebKit/537.36 (KHTML, like Gecko; compatible; ClaudeBot/1.0; +claudebot@anthropic.com)"
34.75.167.170 - - [13/Mar/2026:16:26:45 +0330] "POST /wp-content/themes/betheme/muffin-options/fields/boxshadow/field.boxshadow.php HTTP/2" 403 787 "-" "Mozilla/5.0 (Windows NT 10.0; Win64; x64) AppleWebKit/537.36 (KHTML, like Gecko) Chrome/101.0.4951.67 Safari/537.36"
162.19.69.214 - - [13/Mar/2026:16:26:46 +0330] "POST /wp-content/themes/betheme/muffin-options/fields/boxshadow/field.boxshadow.php HTTP/2" 403 787 "-" "Mozilla/5.0 (iPhone; CPU iPhone OS 17_2 like Mac OS X) AppleWebKit/605.1.15 (KHTML, like Gecko) Version/17.2 Mobile/15E148 Safari/604.1"
216.73.216.88 - - [13/Mar/2026:16:26:48 +0330] "GET /a-good-ironclad-certification-regulation-the-new-low-flexible-foundation-of-safety/989930062081?path=%2Fhome%2Ffarzache%2Fpublic_html%2Fwp-includes%2Fsitemaps HTTP/2" 200 3182 "-" "Mozilla/5.0 AppleWebKit/537.36 (KHTML, like Gecko; compatible; ClaudeBot/1.0; +claudebot@anthropic.com)"
216.73.216.88 - - [13/Mar/2026:16:26:50 +0330] "GET /enjoy-over-17000-gambling-games-at-no-cost-otherwise-that-have-a-real-income/feed?fileloc=%2Fhome%2Ffarzache%2Fpublic_html%2Fwp-admin%2Fuser%2F.htaccess&path=%2Fhome%2Ffarzache%2Fpublic_html%2Fwp-admin%2Fuser HTTP/2" 200 2661 "-" "Mozilla/5.0 AppleWebKit/537.36 (KHTML, like Gecko; compatible; ClaudeBot/1.0; +claudebot@anthropic.com)"
216.73.216.88 - - [13/Mar/2026:16:26:53 +0330] "GET /people-local-casino-%ef%bf%bd-ideal-for-labeled-registered-harbors/989930062081?fileloc=%2F%2Fusr%2Fbin%2Fgm&path=%2F%2Fusr%2Fbin HTTP/2" 200 2524 "-" "Mozilla/5.0 AppleWebKit/537.36 (KHTML, like Gecko; compatible; ClaudeBot/1.0; +claudebot@anthropic.com)"
216.73.216.88 - - [13/Mar/2026:16:26:56 +0330] "GET /odvazne-kure-nebezpecna-cesta-zabavna-hra-chicken-road-demo-s/989930062081?fileloc=%2Fhome%2Ffarzache%2Fpublic_html%2Fwp-includes%2Fmeta.php&path=%2Fhome%2Ffarzache%2Fpublic_html%2Fwp-includes HTTP/2" 200 14282 "-" "Mozilla/5.0 AppleWebKit/537.36 (KHTML, like Gecko; compatible; ClaudeBot/1.0; +claudebot@anthropic.com)"
50.6.224.234 - - [13/Mar/2026:16:26:58 +0330] "POST /wp-content/themes/betheme/muffin-options/fields/boxshadow/field.boxshadow.php HTTP/2" 403 787 "-" "Mozilla/5.0 (Macintosh; Intel Mac OS X 10_15_7) AppleWebKit/605.1.15 (KHTML, like Gecko) Version/15.3 Safari/605.1.15"
