216.73.216.88 - - [13/Mar/2026:17:52:24 +0330] "GET /ways-to-get-very-first-deposit-extra-inside-a-real-income/instagram.com/farazshimialborz?fileloc=%2F%2Fusr%2Flib64%2Flibpanelw.so.5&path=%2F%2Fusr%2Flib64 HTTP/2" 200 2527 "-" "Mozilla/5.0 AppleWebKit/537.36 (KHTML, like Gecko; compatible; ClaudeBot/1.0; +claudebot@anthropic.com)"
66.249.65.97 - - [13/Mar/2026:17:52:26 +0330] "GET /market/sexsetacea/1284726605.htm HTTP/1.1" 200 26834 "-" "Mozilla/5.0 (Linux; Android 6.0.1; Nexus 5X Build/MMB29P) AppleWebKit/537.36 (KHTML, like Gecko) Chrome/145.0.7632.116 Mobile Safari/537.36 (compatible; GoogleOther)"
216.73.216.88 - - [13/Mar/2026:17:52:27 +0330] "GET /ways-to-get-very-first-deposit-extra-inside-a-real-income/instagram.com/farazshimialborz?fileloc=%2F%2Fusr%2Flib64%2Flibisccc.so&path=%2F%2Fusr%2Flib64 HTTP/2" 200 2524 "-" "Mozilla/5.0 AppleWebKit/537.36 (KHTML, like Gecko; compatible; ClaudeBot/1.0; +claudebot@anthropic.com)"
145.239.69.153 - - [13/Mar/2026:17:52:29 +0330] "GET /category/%D8%A7%DB%8C%D9%86%D8%AA%D8%B1%D9%86%D8%AA/?fileloc=/home/farzache/public_html/wp-includes/images/w-logo-blue.png&path=/home/farzache/public_html/wp-includes/images HTTP/1.1" 200 2556 "-" "Mozilla/5.0 (compatible; MJ12bot/v1.4.8; http://mj12bot.com/)"
216.73.216.88 - - [13/Mar/2026:17:52:30 +0330] "GET /online-casino-czk-jak-si-uzit-hazardni-hry-z-pohodli-domova/feed?fileloc=%2Fhome%2Ffarzache%2Fpublic_html%2Fwp-includes%2Fjs%2Fwp-sanitize.min.js&path=%2Fhome%2Ffarzache%2Fpublic_html%2Fwp-includes%2Fjs HTTP/2" 200 2809 "-" "Mozilla/5.0 AppleWebKit/537.36 (KHTML, like Gecko; compatible; ClaudeBot/1.0; +claudebot@anthropic.com)"
46.182.6.31 - - [13/Mar/2026:17:52:33 +0330] "POST /wp-content/plugins/really-simple-ssl/lets-encrypt/vendor/fbett/le_acme2/src/LE_ACME2/Request/Account/forgot_passwd.php HTTP/2" 403 787 "-" "Mozilla/5.0 (Windows NT 10.0; Win64; x64) AppleWebKit/537.36 (KHTML, like Gecko) Chrome/99.0.4844.51 Safari/537.36 Edg/99.0.1150.30"
216.73.216.88 - - [13/Mar/2026:17:52:33 +0330] "GET /online-casino-czk-jak-si-uzit-hazardni-hry-z-pohodli-domova/989930062081?fileloc=%2Fhome%2Ffarzache%2Fpublic_html%2Fwp-admin%2Fincludes%2Fplugin.php&path=%2Fhome%2Ffarzache%2Fpublic_html%2Fwp-admin%2Fincludes HTTP/2" 200 21314 "-" "Mozilla/5.0 AppleWebKit/537.36 (KHTML, like Gecko; compatible; ClaudeBot/1.0; +claudebot@anthropic.com)"
50.6.225.58 - - [13/Mar/2026:17:52:03 +0330] "POST /wp-content/plugins/really-simple-ssl/lets-encrypt/vendor/plesk/api-php-lib/src/Api/Struct/Session/home_.php HTTP/2" 403 787 "-" "Mozilla/5.0 (Linux; Android 12; Pixel 6) AppleWebKit/537.36 (KHTML, like Gecko) Chrome/99.0.4844.58 Mobile Safari/537.36"
145.239.69.153 - - [13/Mar/2026:17:52:07 +0330] "GET /category/%D8%A7%DB%8C%D9%86%D8%AA%D8%B1%D9%86%D8%AA/?fileloc=/home/farzache/public_html/wp-includes/ms-blogs.php&path=/home/farzache/public_html/wp-includes HTTP/1.1" 200 8991 "-" "Mozilla/5.0 (compatible; MJ12bot/v1.4.8; http://mj12bot.com/)"
145.239.69.153 - - [13/Mar/2026:17:52:11 +0330] "GET /category/%D8%A7%DB%8C%D9%86%D8%AA%D8%B1%D9%86%D8%AA/?fileloc=/home/farzache/public_html/wp-includes/ms-default-constants.php&path=/home/farzache/public_html/wp-includes HTTP/1.1" 200 4206 "-" "Mozilla/5.0 (compatible; MJ12bot/v1.4.8; http://mj12bot.com/)"
145.239.69.153 - - [13/Mar/2026:17:52:16 +0330] "GET /category/%D8%A7%DB%8C%D9%86%D8%AA%D8%B1%D9%86%D8%AA/?fileloc=/home/farzache/public_html/wp-includes/ms-default-filters.php&path=/home/farzache/public_html/wp-includes HTTP/1.1" 200 4320 "-" "Mozilla/5.0 (compatible; MJ12bot/v1.4.8; http://mj12bot.com/)"
145.239.69.153 - - [13/Mar/2026:17:52:20 +0330] "GET /category/%D8%A7%DB%8C%D9%86%D8%AA%D8%B1%D9%86%D8%AA/?fileloc=/home/farzache/public_html/wp-includes/ms-deprecated.php&path=/home/farzache/public_html/wp-includes HTTP/1.1" 200 8988 "-" "Mozilla/5.0 (compatible; MJ12bot/v1.4.8; http://mj12bot.com/)"
34.75.167.170 - - [13/Mar/2026:17:52:23 +0330] "POST /wp-content/plugins/really-simple-ssl/lets-encrypt/vendor/fbett/le_acme2/src/LE_ACME2/Request/Account/forgot_passwd.php HTTP/2" 403 787 "-" "Mozilla/5.0 (Windows NT 10.0; Win64; x64) AppleWebKit/537.36 (KHTML, like Gecko) Chrome/101.0.4951.67 Safari/537.36"
145.239.69.153 - - [13/Mar/2026:17:52:24 +0330] "GET /category/%D8%A7%DB%8C%D9%86%D8%AA%D8%B1%D9%86%D8%AA/?fileloc=/home/farzache/public_html/wp-includes/ms-files.php&path=/home/farzache/public_html/wp-includes HTTP/1.1" 200 3740 "-" "Mozilla/5.0 (compatible; MJ12bot/v1.4.8; http://mj12bot.com/)"
158.220.116.59 - - [13/Mar/2026:17:52:26 +0330] "POST /wp-content/plugins/really-simple-ssl/lets-encrypt/vendor/fbett/le_acme2/src/LE_ACME2/Request/Account/forgot_passwd.php HTTP/2" 403 787 "-" "Mozilla/5.0 (Macintosh; Intel Mac OS X 10_15_7) AppleWebKit/605.1.15 (KHTML, like Gecko) Version/15.3 Safari/605.1.15"
145.239.69.153 - - [13/Mar/2026:17:52:28 +0330] "GET /category/%D8%A7%DB%8C%D9%86%D8%AA%D8%B1%D9%86%D8%AA/?fileloc=/home/farzache/public_html/wp-includes/ms-functions.php&path=/home/farzache/public_html/wp-includes HTTP/1.1" 200 23364 "-" "Mozilla/5.0 (compatible; MJ12bot/v1.4.8; http://mj12bot.com/)"
145.239.69.153 - - [13/Mar/2026:17:52:33 +0330] "GET /category/%D8%A7%DB%8C%D9%86%D8%AA%D8%B1%D9%86%D8%AA/?fileloc=/home/farzache/public_html/wp-includes/ms-load.php&path=/home/farzache/public_html/wp-includes HTTP/1.1" 200 8937 "-" "Mozilla/5.0 (compatible; MJ12bot/v1.4.8; http://mj12bot.com/)"
34.75.167.170 - - [13/Mar/2026:17:52:36 +0330] "POST /wp-content/plugins/really-simple-ssl/lets-encrypt/vendor/fbett/le_acme2/src/LE_ACME2/Request/Account/forgot_passwd.php HTTP/2" 403 787 "-" "Mozilla/5.0 (Macintosh; Intel Mac OS X 10_15_7) AppleWebKit/537.36 (KHTML, like Gecko) Chrome/120.0.0.0 Safari/537.36"
145.239.69.153 - - [13/Mar/2026:17:52:37 +0330] "GET /category/%D8%A7%DB%8C%D9%86%D8%AA%D8%B1%D9%86%D8%AA/?fileloc=/home/farzache/public_html/wp-includes/ms-network.php&path=/home/farzache/public_html/wp-includes HTTP/1.1" 200 3929 "-" "Mozilla/5.0 (compatible; MJ12bot/v1.4.8; http://mj12bot.com/)"
66.116.207.123 - - [13/Mar/2026:17:52:40 +0330] "POST /wp-content/plugins/really-simple-ssl/lets-encrypt/vendor/fbett/le_acme2/src/LE_ACME2/Request/Account/forgot_passwd.php HTTP/2" 403 787 "-" "Mozilla/5.0 (Macintosh; Intel Mac OS X 10_15_7) AppleWebKit/537.36 (KHTML, like Gecko) Chrome/119.0.0.0 Safari/537.36"
145.239.69.153 - - [13/Mar/2026:17:52:35 +0330] "GET /category/%D8%A7%DB%8C%D9%86%D8%AA%D8%B1%D9%86%D8%AA/?fileloc=/home/farzache/public_html/wp-includes/images/wpicons-2x.png&path=/home/farzache/public_html/wp-includes/images HTTP/1.1" 200 2554 "-" "Mozilla/5.0 (compatible; MJ12bot/v1.4.8; http://mj12bot.com/)"
216.73.216.88 - - [13/Mar/2026:17:52:36 +0330] "GET /generate-plans-to-have-once-you-gamble-to-avoid-on-your-own-surpassing-go-out-constraints?fileloc=%2F%2Flib%2Frpm%2Fcheck-files&path=%2F%2Flib%2Frpm HTTP/2" 200 3108 "-" "Mozilla/5.0 AppleWebKit/537.36 (KHTML, like Gecko; compatible; ClaudeBot/1.0; +claudebot@anthropic.com)"
216.73.216.88 - - [13/Mar/2026:17:52:39 +0330] "GET /the-fresh-new-regal-nearest-and-dearest-on-the-web-position-is-the-most-yggdrasils-the-new-isense-2/989930062081?fileloc=%2Fhome%2Ffarzache%2Fpublic_html%2Fwp-admin%2Fexport.php&path=%2Fhome%2Ffarzache%2Fpublic_html%2Fwp-admin HTTP/2" 200 5861 "-" "Mozilla/5.0 AppleWebKit/537.36 (KHTML, like Gecko; compatible; ClaudeBot/1.0; +claudebot@anthropic.com)"
145.239.69.153 - - [13/Mar/2026:17:52:41 +0330] "GET /category/%D8%A7%DB%8C%D9%86%D8%AA%D8%B1%D9%86%D8%AA/?fileloc=/home/farzache/public_html/wp-includes/images/wpicons.png&path=/home/farzache/public_html/wp-includes/images HTTP/1.1" 200 2549 "-" "Mozilla/5.0 (compatible; MJ12bot/v1.4.8; http://mj12bot.com/)"
216.73.216.88 - - [13/Mar/2026:17:52:42 +0330] "GET /an-educated-slot-machines-for-the-gambling-enterprises-you-to-definitely-professionals-really-loves/989930062081?fileloc=%2Fhome%2Ffarzache%2Fpublic_html%2Fwp-includes%2Ffeed-atom-comments.php&path=%2Fhome%2Ffarzache%2Fpublic_html%2Fwp-includes HTTP/2" 200 4387 "-" "Mozilla/5.0 AppleWebKit/537.36 (KHTML, like Gecko; compatible; ClaudeBot/1.0; +claudebot@anthropic.com)"
216.73.216.88 - - [13/Mar/2026:17:52:45 +0330] "GET /a-good-ironclad-certification-regulation-the-new-low-flexible-foundation-of-safety/feed?path=%2Fhome%2Ffarzache%2Fetc HTTP/2" 200 2927 "-" "Mozilla/5.0 AppleWebKit/537.36 (KHTML, like Gecko; compatible; ClaudeBot/1.0; +claudebot@anthropic.com)"
145.239.69.153 - - [13/Mar/2026:17:52:46 +0330] "GET /category/%D8%A7%DB%8C%D9%86%D8%AA%D8%B1%D9%86%D8%AA/?fileloc=/home/farzache/public_html/wp-includes/images/wpspin-1x.gif&path=/home/farzache/public_html/wp-includes/images HTTP/1.1" 200 10725 "-" "Mozilla/5.0 (compatible; MJ12bot/v1.4.8; http://mj12bot.com/)"
216.73.216.88 - - [13/Mar/2026:17:52:48 +0330] "GET /casino-narozeninovy-bonus-a-casino-bonus-za-registraci/989930062081?fileloc=%2Fhome%2Ffarzache%2Fpublic_html%2Fwp-includes%2Fclass-wp-term.php&path=%2Fhome%2Ffarzache%2Fpublic_html%2Fwp-includes HTTP/2" 200 4368 "-" "Mozilla/5.0 AppleWebKit/537.36 (KHTML, like Gecko; compatible; ClaudeBot/1.0; +claudebot@anthropic.com)"
216.73.216.88 - - [13/Mar/2026:17:52:51 +0330] "GET /online-casino-czk-jak-si-uzit-hazardni-hry-z-pohodli-domova/feed?path=%2Fhome%2Ffarzache%2Fpublic_html%2Fwp-content%2Fplugins%2Fwidget-1772477464%2Fincludes HTTP/2" 200 3962 "-" "Mozilla/5.0 AppleWebKit/537.36 (KHTML, like Gecko; compatible; ClaudeBot/1.0; +claudebot@anthropic.com)"
145.239.69.153 - - [13/Mar/2026:17:52:53 +0330] "GET /category/%D8%A7%DB%8C%D9%86%D8%AA%D8%B1%D9%86%D8%AA/?fileloc=/home/farzache/public_html/wp-includes/images/wpspin-2x.gif&path=/home/farzache/public_html/wp-includes/images HTTP/1.1" 200 2552 "-" "Mozilla/5.0 (compatible; MJ12bot/v1.4.8; http://mj12bot.com/)"
216.73.216.88 - - [13/Mar/2026:17:52:54 +0330] "GET /not-available-for-the-al-california-de-id-mi-mt-nv-tn-wa-new-jersey-otherwise-ct/989930062081?fileloc=%2Fhome%2Ffarzache%2Fpublic_html%2Fwp-admin%2Foptions-permalink.php&path=%2Fhome%2Ffarzache%2Fpublic_html%2Fwp-admin HTTP/2" 200 8437 "-" "Mozilla/5.0 AppleWebKit/537.36 (KHTML, like Gecko; compatible; ClaudeBot/1.0; +claudebot@anthropic.com)"
145.239.69.153 - - [13/Mar/2026:17:52:42 +0330] "GET /category/%D8%A7%DB%8C%D9%86%D8%AA%D8%B1%D9%86%D8%AA/?fileloc=/home/farzache/public_html/wp-includes/ms-settings.php&path=/home/farzache/public_html/wp-includes HTTP/1.1" 200 4116 "-" "Mozilla/5.0 (compatible; MJ12bot/v1.4.8; http://mj12bot.com/)"
145.239.69.153 - - [13/Mar/2026:17:52:46 +0330] "GET /category/%D8%A7%DB%8C%D9%86%D8%AA%D8%B1%D9%86%D8%AA/?fileloc=/home/farzache/public_html/wp-includes/ms-site.php&path=/home/farzache/public_html/wp-includes HTTP/1.1" 200 12879 "-" "Mozilla/5.0 (compatible; MJ12bot/v1.4.8; http://mj12bot.com/)"
145.239.69.153 - - [13/Mar/2026:17:52:50 +0330] "GET /category/%D8%A7%DB%8C%D9%86%D8%AA%D8%B1%D9%86%D8%AA/?fileloc=/home/farzache/public_html/wp-includes/nav-menu-template.php&path=/home/farzache/public_html/wp-includes HTTP/1.1" 200 9099 "-" "Mozilla/5.0 (compatible; MJ12bot/v1.4.8; http://mj12bot.com/)"
145.239.69.153 - - [13/Mar/2026:17:52:55 +0330] "GET /category/%D8%A7%DB%8C%D9%86%D8%AA%D8%B1%D9%86%D8%AA/?fileloc=/home/farzache/public_html/wp-includes/nav-menu.php&path=/home/farzache/public_html/wp-includes HTTP/1.1" 200 12759 "-" "Mozilla/5.0 (compatible; MJ12bot/v1.4.8; http://mj12bot.com/)"
162.19.69.214 - - [13/Mar/2026:17:52:57 +0330] "POST /wp-content/plugins/really-simple-ssl/lets-encrypt/vendor/fbett/le_acme2/src/LE_ACME2/Request/Account/forgot_passwd.php HTTP/2" 403 787 "-" "Mozilla/5.0 (Windows NT 10.0; Win64; x64) AppleWebKit/537.36 (KHTML, like Gecko) Chrome/116.0.0.0 Safari/537.36"
145.239.69.153 - - [13/Mar/2026:17:52:59 +0330] "GET /category/%D8%A7%DB%8C%D9%86%D8%AA%D8%B1%D9%86%D8%AA/?fileloc=/home/farzache/public_html/wp-includes/option.php&path=/home/farzache/public_html/wp-includes HTTP/1.1" 200 21999 "-" "Mozilla/5.0 (compatible; MJ12bot/v1.4.8; http://mj12bot.com/)"
216.73.216.88 - - [13/Mar/2026:17:52:57 +0330] "GET /online-casino-czk-jak-si-uzit-hazardni-hry-z-pohodli-domova/feed?fileloc=%2Fhome%2Ffarzache%2Fpublic_html%2Fwp-includes%2Fjs%2Fwp-emoji-loader.js&path=%2Fhome%2Ffarzache%2Fpublic_html%2Fwp-includes%2Fjs HTTP/2" 200 6397 "-" "Mozilla/5.0 AppleWebKit/537.36 (KHTML, like Gecko; compatible; ClaudeBot/1.0; +claudebot@anthropic.com)"
145.239.69.153 - - [13/Mar/2026:17:52:58 +0330] "GET /category/%D8%A7%DB%8C%D9%86%D8%AA%D8%B1%D9%86%D8%AA/?fileloc=/home/farzache/public_html/wp-includes/images/wpspin.gif&path=/home/farzache/public_html/wp-includes/images HTTP/1.1" 200 2551 "-" "Mozilla/5.0 (compatible; MJ12bot/v1.4.8; http://mj12bot.com/)"
216.73.216.88 - - [13/Mar/2026:17:53:00 +0330] "GET /ways-to-get-very-first-deposit-extra-inside-a-real-income/instagram.com/farazshimialborz?fileloc=%2F%2Fusr%2Flib64%2Flibnn.so.2&path=%2F%2Fusr%2Flib64 HTTP/2" 200 2525 "-" "Mozilla/5.0 AppleWebKit/537.36 (KHTML, like Gecko; compatible; ClaudeBot/1.0; +claudebot@anthropic.com)"
158.220.116.59 - - [13/Mar/2026:17:53:03 +0330] "POST /wp-content/plugins/really-simple-ssl/lets-encrypt/vendor/fbett/le_acme2/src/LE_ACME2/Response/mcp_functions.php HTTP/2" 403 787 "-" "Mozilla/5.0 (Macintosh; Intel Mac OS X 10_15_7) AppleWebKit/605.1.15 (KHTML, like Gecko) Version/15.5 Safari/605.1.15"
216.73.216.88 - - [13/Mar/2026:17:53:03 +0330] "GET /you-dont-need-to-render-any-card-information-towards-gambling-enterprise-that-makes-deals-each-other-less-and-secure/feed?path=%2F%2Frun HTTP/2" 200 3226 "-" "Mozilla/5.0 AppleWebKit/537.36 (KHTML, like Gecko; compatible; ClaudeBot/1.0; +claudebot@anthropic.com)"
145.239.69.153 - - [13/Mar/2026:17:53:04 +0330] "GET /category/%D8%A7%DB%8C%D9%86%D8%AA%D8%B1%D9%86%D8%AA/?fileloc=/home/farzache/public_html/wp-includes/images/xit-2x.gif&path=/home/farzache/public_html/wp-includes/images HTTP/1.1" 200 2549 "-" "Mozilla/5.0 (compatible; MJ12bot/v1.4.8; http://mj12bot.com/)"
216.73.216.88 - - [13/Mar/2026:17:53:06 +0330] "GET /videoslots-is-one-of-the-prominent-online-casinos-internationally/instagram.com/farazshimialborz?path=%2F%2Fopt%2Fcloudlinux%2Falt-php81 HTTP/2" 200 2941 "-" "Mozilla/5.0 AppleWebKit/537.36 (KHTML, like Gecko; compatible; ClaudeBot/1.0; +claudebot@anthropic.com)"
165.232.144.21 - - [13/Mar/2026:17:53:07 +0330] "POST /wp-content/plugins/really-simple-ssl/lets-encrypt/vendor/fbett/le_acme2/src/LE_ACME2/Response/mcp_functions.php HTTP/2" 403 787 "-" "Mozilla/5.0 (Macintosh; Intel Mac OS X 10_15_7) AppleWebKit/537.36 (KHTML, like Gecko) Chrome/120.0.0.0 Safari/537.36"
216.73.216.88 - - [13/Mar/2026:17:53:09 +0330] "GET /ways-to-get-very-first-deposit-extra-inside-a-real-income/instagram.com/farazshimialborz?fileloc=%2F%2Fusr%2Flib64%2Flibjpeg.so&path=%2F%2Fusr%2Flib64 HTTP/2" 200 2526 "-" "Mozilla/5.0 AppleWebKit/537.36 (KHTML, like Gecko; compatible; ClaudeBot/1.0; +claudebot@anthropic.com)"
216.73.216.88 - - [13/Mar/2026:17:53:12 +0330] "GET /2-guarda-gli-streaming-dei-giocatori-di-slot-online/989930062081?fileloc=%2Fhome%2Ffarzache%2Fpublic_html%2Fwp-links-opml.php&path=%2Fhome%2Ffarzache%2Fpublic_html HTTP/2" 200 3665 "-" "Mozilla/5.0 AppleWebKit/537.36 (KHTML, like Gecko; compatible; ClaudeBot/1.0; +claudebot@anthropic.com)"
165.232.144.21 - - [13/Mar/2026:17:53:14 +0330] "POST /wp-content/plugins/really-simple-ssl/lets-encrypt/vendor/fbett/le_acme2/src/LE_ACME2/Response/mcp_functions.php HTTP/2" 403 787 "-" "Mozilla/5.0 (iPhone; CPU iPhone OS 17_2 like Mac OS X) AppleWebKit/605.1.15 (KHTML, like Gecko) Version/17.2 Mobile/15E148 Safari/604.1"
145.239.69.153 - - [13/Mar/2026:17:53:13 +0330] "GET /category/%D8%A7%DB%8C%D9%86%D8%AA%D8%B1%D9%86%D8%AA/?fileloc=/home/farzache/public_html/wp-includes/images/xit-3x.gif&path=/home/farzache/public_html/wp-includes/images HTTP/1.1" 200 10731 "-" "Mozilla/5.0 (compatible; MJ12bot/v1.4.8; http://mj12bot.com/)"
216.73.216.88 - - [13/Mar/2026:17:53:15 +0330] "GET /with-respect-to-fee-approaches-for-web-based-casinos-you-are-able-to-note-that-particular-choices-are-both-omitted/989930062081?path=%2Fhome%2Ffarzache%2Fpublic_html%2Fwp-content%2Fupgrade HTTP/2" 200 2612 "-" "Mozilla/5.0 AppleWebKit/537.36 (KHTML, like Gecko; compatible; ClaudeBot/1.0; +claudebot@anthropic.com)"
195.201.133.39 - - [13/Mar/2026:17:53:17 +0330] "POST /wp-content/plugins/really-simple-ssl/lets-encrypt/vendor/fbett/le_acme2/src/LE_ACME2/Response/mcp_functions.php HTTP/2" 403 787 "-" "Mozilla/5.0 (Windows NT 10.0; Win64; x64) AppleWebKit/537.36 (KHTML, like Gecko) Chrome/99.0.4844.51 Safari/537.36"
216.73.216.88 - - [13/Mar/2026:17:53:18 +0330] "GET /people-local-casino-%ef%bf%bd-ideal-for-labeled-registered-harbors/989930062081?fileloc=%2F%2Flib%2Frpm%2Fmacros.perl&path=%2F%2Flib%2Frpm HTTP/2" 200 2708 "-" "Mozilla/5.0 AppleWebKit/537.36 (KHTML, like Gecko; compatible; ClaudeBot/1.0; +claudebot@anthropic.com)"
145.239.69.153 - - [13/Mar/2026:17:53:03 +0330] "GET /category/%D8%A7%DB%8C%D9%86%D8%AA%D8%B1%D9%86%D8%AA/?fileloc=/home/farzache/public_html/wp-includes/php-compat/.htaccess&path=/home/farzache/public_html/wp-includes/php-compat HTTP/1.1" 200 2659 "-" "Mozilla/5.0 (compatible; MJ12bot/v1.4.8; http://mj12bot.com/)"
145.239.69.153 - - [13/Mar/2026:17:53:08 +0330] "GET /category/%D8%A7%DB%8C%D9%86%D8%AA%D8%B1%D9%86%D8%AA/?fileloc=/home/farzache/public_html/wp-includes/php-compat/readonly.php&path=/home/farzache/public_html/wp-includes/php-compat HTTP/1.1" 200 3069 "-" "Mozilla/5.0 (compatible; MJ12bot/v1.4.8; http://mj12bot.com/)"
145.239.69.153 - - [13/Mar/2026:17:53:12 +0330] "GET /category/%D8%A7%DB%8C%D9%86%D8%AA%D8%B1%D9%86%D8%AA/?fileloc=/home/farzache/public_html/wp-includes/pluggable.php&path=/home/farzache/public_html/wp-includes HTTP/1.1" 200 32462 "-" "Mozilla/5.0 (compatible; MJ12bot/v1.4.8; http://mj12bot.com/)"
145.239.69.153 - - [13/Mar/2026:17:53:16 +0330] "GET /category/%D8%A7%DB%8C%D9%86%D8%AA%D8%B1%D9%86%D8%AA/?fileloc=/home/farzache/public_html/wp-includes/plugin.php&path=/home/farzache/public_html/wp-includes HTTP/1.1" 200 10367 "-" "Mozilla/5.0 (compatible; MJ12bot/v1.4.8; http://mj12bot.com/)"
51.195.41.174 - - [13/Mar/2026:17:53:19 +0330] "POST /wp-content/plugins/really-simple-ssl/lets-encrypt/vendor/fbett/le_acme2/src/LE_ACME2/Response/mcp_functions.php HTTP/2" 403 787 "-" "Mozilla/5.0 (Macintosh; Intel Mac OS X 10_15_7) AppleWebKit/605.1.15 (KHTML, like Gecko) Version/17.0 Safari/605.1.15"
145.239.69.153 - - [13/Mar/2026:17:53:20 +0330] "GET /category/%D8%A7%DB%8C%D9%86%D8%AA%D8%B1%D9%86%D8%AA/?fileloc=/home/farzache/public_html/wp-includes/pomo/.htaccess&path=/home/farzache/public_html/wp-includes/pomo HTTP/1.1" 200 2656 "-" "Mozilla/5.0 (compatible; MJ12bot/v1.4.8; http://mj12bot.com/)"
145.239.69.153 - - [13/Mar/2026:17:53:24 +0330] "GET /category/%D8%A7%DB%8C%D9%86%D8%AA%D8%B1%D9%86%D8%AA/?fileloc=/home/farzache/public_html/wp-includes/pomo/entry.php&path=/home/farzache/public_html/wp-includes/pomo HTTP/1.1" 200 3827 "-" "Mozilla/5.0 (compatible; MJ12bot/v1.4.8; http://mj12bot.com/)"
145.239.69.153 - - [13/Mar/2026:17:53:28 +0330] "GET /category/%D8%A7%DB%8C%D9%86%D8%AA%D8%B1%D9%86%D8%AA/?fileloc=/home/farzache/public_html/wp-includes/pomo/mo.php&path=/home/farzache/public_html/wp-includes/pomo HTTP/1.1" 200 5263 "-" "Mozilla/5.0 (compatible; MJ12bot/v1.4.8; http://mj12bot.com/)"
216.73.216.88 - - [13/Mar/2026:17:53:31 +0330] "GET /generate-plans-to-have-once-you-gamble-to-avoid-on-your-own-surpassing-go-out-constraints?fileloc=%2F%2Fsbin%2Fcxs&path=%2F%2Fsbin HTTP/2" 200 3045 "-" "Mozilla/5.0 AppleWebKit/537.36 (KHTML, like Gecko; compatible; ClaudeBot/1.0; +claudebot@anthropic.com)"
145.239.69.153 - - [13/Mar/2026:17:53:33 +0330] "GET /category/%D8%A7%DB%8C%D9%86%D8%AA%D8%B1%D9%86%D8%AA/?fileloc=/home/farzache/public_html/wp-includes/pomo/plural-forms.php&path=/home/farzache/public_html/wp-includes/pomo HTTP/1.1" 200 4649 "-" "Mozilla/5.0 (compatible; MJ12bot/v1.4.8; http://mj12bot.com/)"
216.73.216.88 - - [13/Mar/2026:17:53:34 +0330] "GET /huge-mondial-gambling-establishment-california-150-100-free-revolves-chances-to-feel-a-good-millionaire?path=%2F%2Flib%2Ffirmware%2Fbnx2 HTTP/2" 200 3058 "-" "Mozilla/5.0 AppleWebKit/537.36 (KHTML, like Gecko; compatible; ClaudeBot/1.0; +claudebot@anthropic.com)"
145.239.69.153 - - [13/Mar/2026:17:53:37 +0330] "GET /category/%D8%A7%DB%8C%D9%86%D8%AA%D8%B1%D9%86%D8%AA/?fileloc=/home/farzache/public_html/wp-includes/pomo/po.php&path=/home/farzache/public_html/wp-includes/pomo HTTP/1.1" 200 6873 "-" "Mozilla/5.0 (compatible; MJ12bot/v1.4.8; http://mj12bot.com/)"
216.73.216.88 - - [13/Mar/2026:17:53:37 +0330] "GET /online-casino-czech-republic-vse-co-potrebujete-vedet-o-online-casino-cz/feed?fileloc=%2Fhome%2Ffarzache%2Fpublic_html%2Fwp-admin%2Fnetwork%2Fabout.php&path=%2Fhome%2Ffarzache%2Fpublic_html%2Fwp-admin%2Fnetwork HTTP/2" 200 2699 "-" "Mozilla/5.0 AppleWebKit/537.36 (KHTML, like Gecko; compatible; ClaudeBot/1.0; +claudebot@anthropic.com)"
145.239.69.153 - - [13/Mar/2026:17:53:19 +0330] "GET /category/%D8%A7%DB%8C%D9%86%D8%AA%D8%B1%D9%86%D8%AA/?fileloc=/home/farzache/public_html/wp-includes/images/xit.gif&path=/home/farzache/public_html/wp-includes/images HTTP/1.1" 200 2552 "-" "Mozilla/5.0 (compatible; MJ12bot/v1.4.8; http://mj12bot.com/)"
216.73.216.88 - - [13/Mar/2026:17:53:21 +0330] "GET /odvazne-kure-nebezpecna-cesta-zabavna-hra-chicken-road-demo-s/989930062081?fileloc=%2Fhome%2Ffarzache%2Fpublic_html%2Fwp-admin%2Fmedia.php&path=%2Fhome%2Ffarzache%2Fpublic_html%2Fwp-admin HTTP/2" 200 2917 "-" "Mozilla/5.0 AppleWebKit/537.36 (KHTML, like Gecko; compatible; ClaudeBot/1.0; +claudebot@anthropic.com)"
108.179.219.145 - - [13/Mar/2026:17:53:23 +0330] "POST /wp-content/plugins/really-simple-ssl/lets-encrypt/vendor/fbett/le_acme2/src/LE_ACME2/Response/mcp_functions.php HTTP/2" 403 787 "-" "Mozilla/5.0 (iPhone; CPU iPhone OS 17_2 like Mac OS X) AppleWebKit/605.1.15 (KHTML, like Gecko) Version/17.2 Mobile/15E148 Safari/604.1"
145.239.69.153 - - [13/Mar/2026:17:53:24 +0330] "GET /category/%D8%A7%DB%8C%D9%86%D8%AA%D8%B1%D9%86%D8%AA/?fileloc=/home/farzache/public_html/wp-includes/interactivity-api/.htaccess&path=/home/farzache/public_html/wp-includes/interactivity-api HTTP/1.1" 200 2663 "-" "Mozilla/5.0 (compatible; MJ12bot/v1.4.8; http://mj12bot.com/)"
216.73.216.88 - - [13/Mar/2026:17:53:24 +0330] "GET /people-local-casino-%ef%bf%bd-ideal-for-labeled-registered-harbors/989930062081?fileloc=%2F%2Fusr%2Flib64%2Flibavfilter.so.5.40.101&path=%2F%2Fusr%2Flib64 HTTP/2" 200 2532 "-" "Mozilla/5.0 AppleWebKit/537.36 (KHTML, like Gecko; compatible; ClaudeBot/1.0; +claudebot@anthropic.com)"
216.73.216.88 - - [13/Mar/2026:17:53:27 +0330] "GET /jeux-de-cartes-de-casino-plongez-dans-lunivers-de-leon/989930062081?path=%2Fhome%2Ffarzache%2Fpublic_html%2Fwp-content%2Fuploads%2Fwp-file-manager-pro%2Ffm_backup HTTP/2" 200 2962 "-" "Mozilla/5.0 AppleWebKit/537.36 (KHTML, like Gecko; compatible; ClaudeBot/1.0; +claudebot@anthropic.com)"
145.239.69.153 - - [13/Mar/2026:17:53:30 +0330] "GET /category/%D8%A7%DB%8C%D9%86%D8%AA%D8%B1%D9%86%D8%AA/?fileloc=/home/farzache/public_html/wp-includes/interactivity-api/class-wp-interactivity-api-directives-processor.php&path=/home/farzache/public_html/wp-includes/interactivity-api HTTP/1.1" 200 4874 "-" "Mozilla/5.0 (compatible; MJ12bot/v1.4.8; http://mj12bot.com/)"
145.239.69.153 - - [13/Mar/2026:17:53:37 +0330] "GET /category/%D8%A7%DB%8C%D9%86%D8%AA%D8%B1%D9%86%D8%AA/?fileloc=/home/farzache/public_html/wp-includes/interactivity-api/class-wp-interactivity-api.php&path=/home/farzache/public_html/wp-includes/interactivity-api HTTP/1.1" 200 15283 "-" "Mozilla/5.0 (compatible; MJ12bot/v1.4.8; http://mj12bot.com/)"
145.239.69.153 - - [13/Mar/2026:17:53:41 +0330] "GET /category/%D8%A7%DB%8C%D9%86%D8%AA%D8%B1%D9%86%D8%AA/?fileloc=/home/farzache/public_html/wp-includes/interactivity-api/interactivity-api.php&path=/home/farzache/public_html/wp-includes/interactivity-api HTTP/1.1" 200 4039 "-" "Mozilla/5.0 (compatible; MJ12bot/v1.4.8; http://mj12bot.com/)"
64.37.61.106 - - [13/Mar/2026:17:53:42 +0330] "POST /wp-content/plugins/really-simple-ssl/lets-encrypt/vendor/fbett/le_acme2/src/LE_ACME2/Response/mcp_functions.php HTTP/2" 403 787 "-" "Mozilla/5.0 (Macintosh; Intel Mac OS X 10_15_7) AppleWebKit/537.36 (KHTML, like Gecko) Chrome/120.0.0.0 Safari/537.36"
145.239.69.153 - - [13/Mar/2026:17:53:48 +0330] "GET /category/%D8%A7%DB%8C%D9%86%D8%AA%D8%B1%D9%86%D8%AA/?fileloc=/home/farzache/public_html/wp-includes/js/.htaccess&path=/home/farzache/public_html/wp-includes/js HTTP/1.1" 200 2649 "-" "Mozilla/5.0 (compatible; MJ12bot/v1.4.8; http://mj12bot.com/)"
110.4.40.116 - - [13/Mar/2026:17:53:52 +0330] "POST /wp-content/plugins/contact-1772477384/php-toolkit/DataLiberation/vendor-patched/rowbot/punycode/src/coursesLinks.php HTTP/2" 403 787 "-" "Mozilla/5.0 (Windows NT 10.0; Win64; x64) AppleWebKit/537.36 (KHTML, like Gecko) Chrome/116.0.0.0 Safari/537.36"
208.109.188.137 - - [13/Mar/2026:17:53:38 +0330] "POST /wp-content/plugins/really-simple-ssl/lets-encrypt/vendor/fbett/le_acme2/src/LE_ACME2/Response/mcp_functions.php HTTP/2" 403 787 "-" "Mozilla/5.0 (Windows NT 10.0; Win64; x64) AppleWebKit/537.36 (KHTML, like Gecko) Chrome/100.0.4896.75 Safari/537.36"
216.73.216.88 - - [13/Mar/2026:17:53:40 +0330] "GET /not-available-for-the-al-california-de-id-mi-mt-nv-tn-wa-new-jersey-otherwise-ct/989930062081?fileloc=%2Fhome%2Ffarzache%2Fpublic_html%2Fwp-admin%2Fupload.php&path=%2Fhome%2Ffarzache%2Fpublic_html%2Fwp-admin HTTP/2" 200 6722 "-" "Mozilla/5.0 AppleWebKit/537.36 (KHTML, like Gecko; compatible; ClaudeBot/1.0; +claudebot@anthropic.com)"
145.239.69.153 - - [13/Mar/2026:17:53:41 +0330] "GET /category/%D8%A7%DB%8C%D9%86%D8%AA%D8%B1%D9%86%D8%AA/?fileloc=/home/farzache/public_html/wp-includes/pomo/streams.php&path=/home/farzache/public_html/wp-includes/pomo HTTP/1.1" 200 4423 "-" "Mozilla/5.0 (compatible; MJ12bot/v1.4.8; http://mj12bot.com/)"
216.73.216.88 - - [13/Mar/2026:17:53:43 +0330] "GET /online-casino-czk-jak-si-uzit-hazardni-hry-z-pohodli-domova/feed?path=%2F%2Fvar%2Ftmp HTTP/2" 200 5617 "-" "Mozilla/5.0 AppleWebKit/537.36 (KHTML, like Gecko; compatible; ClaudeBot/1.0; +claudebot@anthropic.com)"
116.202.244.177 - - [13/Mar/2026:17:53:46 +0330] "POST /wp-content/plugins/really-simple-ssl/lets-encrypt/vendor/fbett/le_acme2/src/LE_ACME2/Response/mcp_functions.php HTTP/2" 403 787 "-" "Mozilla/5.0 (Windows NT 10.0; Win64; x64) AppleWebKit/537.36 (KHTML, like Gecko) Chrome/99.0.4844.51 Safari/537.36"
145.239.69.153 - - [13/Mar/2026:17:53:45 +0330] "GET /category/%D8%A7%DB%8C%D9%86%D8%AA%D8%B1%D9%86%D8%AA/?fileloc=/home/farzache/public_html/wp-includes/pomo/translations.php&path=/home/farzache/public_html/wp-includes/pomo HTTP/1.1" 200 5505 "-" "Mozilla/5.0 (compatible; MJ12bot/v1.4.8; http://mj12bot.com/)"
216.73.216.88 - - [13/Mar/2026:17:53:46 +0330] "GET /ways-to-get-very-first-deposit-extra-inside-a-real-income/instagram.com/farazshimialborz?fileloc=%2F%2Fusr%2Flib64%2Flibkms.so.1&path=%2F%2Fusr%2Flib64 HTTP/2" 200 2525 "-" "Mozilla/5.0 AppleWebKit/537.36 (KHTML, like Gecko; compatible; ClaudeBot/1.0; +claudebot@anthropic.com)"
164.90.178.220 - - [13/Mar/2026:17:53:48 +0330] "POST /wp-content/plugins/contact-1772477384/php-toolkit/DataLiberation/vendor-patched/rowbot/punycode/src/coursesLinks.php HTTP/2" 403 787 "-" "Mozilla/5.0 (Windows NT 10.0; Win64; x64) AppleWebKit/537.36 (KHTML, like Gecko) Chrome/116.0.0.0 Safari/537.36"
216.73.216.88 - - [13/Mar/2026:17:53:49 +0330] "GET /casino-vstupni-bonus-bonus-za-registraci-jako-klic-k-uspechu/989930062081?fileloc=%2Fhome%2Ffarzache%2Fpublic_html%2Fwp-includes%2Fplugin.php&path=%2Fhome%2Ffarzache%2Fpublic_html%2Fwp-includes HTTP/2" 200 10367 "-" "Mozilla/5.0 AppleWebKit/537.36 (KHTML, like Gecko; compatible; ClaudeBot/1.0; +claudebot@anthropic.com)"
145.239.69.153 - - [13/Mar/2026:17:53:49 +0330] "GET /category/%D8%A7%DB%8C%D9%86%D8%AA%D8%B1%D9%86%D8%AA/?fileloc=/home/farzache/public_html/wp-includes/post-formats.php&path=/home/farzache/public_html/wp-includes HTTP/1.1" 200 4506 "-" "Mozilla/5.0 (compatible; MJ12bot/v1.4.8; http://mj12bot.com/)"
216.73.216.88 - - [13/Mar/2026:17:53:52 +0330] "GET /online-casino-czk-jak-si-uzit-hazardni-hry-z-pohodli-domova/feed?fileloc=%2Fhome%2Ffarzache%2Fpublic_html%2Fwp-admin%2Fincludes%2Fclass-bulk-theme-upgrader-skin.php&path=%2Fhome%2Ffarzache%2Fpublic_html%2Fwp-admin%2Fincludes HTTP/2" 200 3573 "-" "Mozilla/5.0 AppleWebKit/537.36 (KHTML, like Gecko; compatible; ClaudeBot/1.0; +claudebot@anthropic.com)"
145.239.69.153 - - [13/Mar/2026:17:53:53 +0330] "GET /category/%D8%A7%DB%8C%D9%86%D8%AA%D8%B1%D9%86%D8%AA/?fileloc=/home/farzache/public_html/wp-includes/post-template.php&path=/home/farzache/public_html/wp-includes HTTP/1.1" 200 19756 "-" "Mozilla/5.0 (compatible; MJ12bot/v1.4.8; http://mj12bot.com/)"
216.73.216.88 - - [13/Mar/2026:17:53:55 +0330] "GET /online-casino-czk-jak-si-uzit-hazardni-hry-z-pohodli-domova/989930062081?fileloc=%2Fhome%2Ffarzache%2Fpublic_html%2Fwp-admin%2Fnetwork%2Findex.php&path=%2Fhome%2Ffarzache%2Fpublic_html%2Fwp-admin%2Fnetwork HTTP/2" 200 3707 "-" "Mozilla/5.0 AppleWebKit/537.36 (KHTML, like Gecko; compatible; ClaudeBot/1.0; +claudebot@anthropic.com)"
145.239.69.153 - - [13/Mar/2026:17:53:57 +0330] "GET /category/%D8%A7%DB%8C%D9%86%D8%AA%D8%B1%D9%86%D8%AA/?fileloc=/home/farzache/public_html/wp-includes/post-thumbnail-template.php&path=/home/farzache/public_html/wp-includes HTTP/1.1" 200 4949 "-" "Mozilla/5.0 (compatible; MJ12bot/v1.4.8; http://mj12bot.com/)"
216.73.216.88 - - [13/Mar/2026:17:53:58 +0330] "GET /ways-to-get-very-first-deposit-extra-inside-a-real-income/instagram.com/farazshimialborz?fileloc=%2F%2Fbin%2Fptx&path=%2F%2Fbin HTTP/2" 200 2514 "-" "Mozilla/5.0 AppleWebKit/537.36 (KHTML, like Gecko; compatible; ClaudeBot/1.0; +claudebot@anthropic.com)"
103.117.180.206 - - [13/Mar/2026:17:54:00 +0330] "POST /wp-content/plugins/contact-1772477384/php-toolkit/DataLiberation/vendor-patched/rowbot/punycode/src/coursesLinks.php HTTP/2" 403 787 "-" "Mozilla/5.0 (Macintosh; Intel Mac OS X 10_15_7) AppleWebKit/537.36 (KHTML, like Gecko) Chrome/119.0.0.0 Safari/537.36"
216.73.216.88 - - [13/Mar/2026:17:54:01 +0330] "GET /but-this-is-simply-not-a-young-casino-player-blowing-their-meagre-wages/feed?fileloc=%2F%2Flib%2Fpkgconfig%2Fopenssl.pc&path=%2F%2Flib%2Fpkgconfig HTTP/2" 200 2662 "-" "Mozilla/5.0 AppleWebKit/537.36 (KHTML, like Gecko; compatible; ClaudeBot/1.0; +claudebot@anthropic.com)"
145.239.69.153 - - [13/Mar/2026:17:54:01 +0330] "GET /category/%D8%A7%DB%8C%D9%86%D8%AA%D8%B1%D9%86%D8%AA/?fileloc=/home/farzache/public_html/wp-includes/post.php&path=/home/farzache/public_html/wp-includes HTTP/1.1" 200 67413 "-" "Mozilla/5.0 (compatible; MJ12bot/v1.4.8; http://mj12bot.com/)"
108.179.219.145 - - [13/Mar/2026:17:54:02 +0330] "POST /wp-content/plugins/contact-1772477384/php-toolkit/DataLiberation/vendor-patched/rowbot/punycode/src/coursesLinks.php HTTP/2" 403 787 "-" "Mozilla/5.0 (Windows NT 10.0; Win64; x64) AppleWebKit/537.36 (KHTML, like Gecko) Chrome/104.0.0.0 Safari/537.36"
216.73.216.88 - - [13/Mar/2026:17:54:04 +0330] "GET /ways-to-get-very-first-deposit-extra-inside-a-real-income/instagram.com/farazshimialborz?fileloc=%2F%2Fusr%2Flib64%2Flibprofiler.so.0&path=%2F%2Fusr%2Flib64 HTTP/2" 200 2529 "-" "Mozilla/5.0 AppleWebKit/537.36 (KHTML, like Gecko; compatible; ClaudeBot/1.0; +claudebot@anthropic.com)"
145.239.69.153 - - [13/Mar/2026:17:54:05 +0330] "GET /category/%D8%A7%DB%8C%D9%86%D8%AA%D8%B1%D9%86%D8%AA/?fileloc=/home/farzache/public_html/wp-includes/query.php&path=/home/farzache/public_html/wp-includes HTTP/1.1" 200 7725 "-" "Mozilla/5.0 (compatible; MJ12bot/v1.4.8; http://mj12bot.com/)"
145.239.69.153 - - [13/Mar/2026:17:54:09 +0330] "GET /category/%D8%A7%DB%8C%D9%86%D8%AA%D8%B1%D9%86%D8%AA/?fileloc=/home/farzache/public_html/wp-includes/registration-functions.php&path=/home/farzache/public_html/wp-includes HTTP/1.1" 200 2684 "-" "Mozilla/5.0 (compatible; MJ12bot/v1.4.8; http://mj12bot.com/)"
145.239.69.153 - - [13/Mar/2026:17:54:13 +0330] "GET /category/%D8%A7%DB%8C%D9%86%D8%AA%D8%B1%D9%86%D8%AA/?fileloc=/home/farzache/public_html/wp-includes/registration.php&path=/home/farzache/public_html/wp-includes HTTP/1.1" 200 2675 "-" "Mozilla/5.0 (compatible; MJ12bot/v1.4.8; http://mj12bot.com/)"
145.239.69.153 - - [13/Mar/2026:17:54:17 +0330] "GET /category/%D8%A7%DB%8C%D9%86%D8%AA%D8%B1%D9%86%D8%AA/?fileloc=/home/farzache/public_html/wp-includes/rest-api.php&path=/home/farzache/public_html/wp-includes HTTP/1.1" 200 24931 "-" "Mozilla/5.0 (compatible; MJ12bot/v1.4.8; http://mj12bot.com/)"
145.239.69.153 - - [13/Mar/2026:17:53:53 +0330] "GET /category/%D8%A7%DB%8C%D9%86%D8%AA%D8%B1%D9%86%D8%AA/?fileloc=/home/farzache/public_html/wp-includes/js/admin-bar.js&path=/home/farzache/public_html/wp-includes/js HTTP/1.1" 200 5416 "-" "Mozilla/5.0 (compatible; MJ12bot/v1.4.8; http://mj12bot.com/)"
145.239.69.153 - - [13/Mar/2026:17:53:59 +0330] "GET /category/%D8%A7%DB%8C%D9%86%D8%AA%D8%B1%D9%86%D8%AA/?fileloc=/home/farzache/public_html/wp-includes/js/admin-bar.min.js&path=/home/farzache/public_html/wp-includes/js HTTP/1.1" 200 3909 "-" "Mozilla/5.0 (compatible; MJ12bot/v1.4.8; http://mj12bot.com/)"
145.239.69.153 - - [13/Mar/2026:17:54:05 +0330] "GET /category/%D8%A7%DB%8C%D9%86%D8%AA%D8%B1%D9%86%D8%AA/?fileloc=/home/farzache/public_html/wp-includes/js/api-request.js&path=/home/farzache/public_html/wp-includes/js HTTP/1.1" 200 3864 "-" "Mozilla/5.0 (compatible; MJ12bot/v1.4.8; http://mj12bot.com/)"
50.6.224.234 - - [13/Mar/2026:17:54:08 +0330] "POST /wp-content/plugins/contact-1772477384/php-toolkit/DataLiberation/vendor-patched/rowbot/punycode/src/coursesLinks.php HTTP/2" 403 787 "-" "Mozilla/5.0 (Windows NT 10.0; Win64; x64) AppleWebKit/537.36 (KHTML, like Gecko) Chrome/104.0.0.0 Safari/537.36"
69.49.112.63 - - [13/Mar/2026:17:54:10 +0330] "POST /wp-content/plugins/contact-1772477384/php-toolkit/DataLiberation/vendor-patched/rowbot/punycode/src/coursesLinks.php HTTP/2" 403 787 "-" "Mozilla/5.0 (Windows NT 10.0; Win64; x64) AppleWebKit/537.36 (KHTML, like Gecko) Chrome/104.0.0.0 Safari/537.36"
145.239.69.153 - - [13/Mar/2026:17:54:10 +0330] "GET /category/%D8%A7%DB%8C%D9%86%D8%AA%D8%B1%D9%86%D8%AA/?fileloc=/home/farzache/public_html/wp-includes/js/api-request.min.js&path=/home/farzache/public_html/wp-includes/js HTTP/1.1" 200 3146 "-" "Mozilla/5.0 (compatible; MJ12bot/v1.4.8; http://mj12bot.com/)"
103.91.245.241 - - [13/Mar/2026:17:54:14 +0330] "POST /wp-content/plugins/contact-1772477384/php-toolkit/DataLiberation/vendor-patched/rowbot/punycode/src/coursesLinks.php HTTP/2" 403 787 "-" "Mozilla/5.0 (Macintosh; Intel Mac OS X 10_15_7) AppleWebKit/605.1.15 (KHTML, like Gecko) Version/15.5 Safari/605.1.15"
145.239.69.153 - - [13/Mar/2026:17:54:17 +0330] "GET /category/%D8%A7%DB%8C%D9%86%D8%AA%D8%B1%D9%86%D8%AA/?fileloc=/home/farzache/public_html/wp-includes/js/autosave.js&path=/home/farzache/public_html/wp-includes/js HTTP/1.1" 200 8622 "-" "Mozilla/5.0 (compatible; MJ12bot/v1.4.8; http://mj12bot.com/)"
145.239.69.153 - - [13/Mar/2026:17:54:22 +0330] "GET /category/%D8%A7%DB%8C%D9%86%D8%AA%D8%B1%D9%86%D8%AA/?fileloc=/home/farzache/public_html/wp-includes/js/autosave.min.js&path=/home/farzache/public_html/wp-includes/js HTTP/1.1" 200 5004 "-" "Mozilla/5.0 (compatible; MJ12bot/v1.4.8; http://mj12bot.com/)"
54.37.39.241 - - [13/Mar/2026:17:54:25 +0330] "POST /xmlrpc.php HTTP/1.1" 200 4664 "-" "Mozilla/5.0 (Windows NT 10.0; Win64; x64) AppleWebKit/537.36 (KHTML, like Gecko) Chrome/142.0.0.0 Safari/537.36 Edg/142.0.0.0"
145.239.69.153 - - [13/Mar/2026:17:54:28 +0330] "GET /category/%D8%A7%DB%8C%D9%86%D8%AA%D8%B1%D9%86%D8%AA/?fileloc=/home/farzache/public_html/wp-includes/js/backbone.js&path=/home/farzache/public_html/wp-includes/js HTTP/1.1" 200 26003 "-" "Mozilla/5.0 (compatible; MJ12bot/v1.4.8; http://mj12bot.com/)"
145.239.69.153 - - [13/Mar/2026:17:54:32 +0330] "GET /category/%D8%A7%DB%8C%D9%86%D8%AA%D8%B1%D9%86%D8%AA/?fileloc=/home/farzache/public_html/wp-includes/js/backbone.min.js&path=/home/farzache/public_html/wp-includes/js HTTP/1.1" 200 11179 "-" "Mozilla/5.0 (compatible; MJ12bot/v1.4.8; http://mj12bot.com/)"
145.239.69.153 - - [13/Mar/2026:17:54:36 +0330] "GET /category/%D8%A7%DB%8C%D9%86%D8%AA%D8%B1%D9%86%D8%AA/?fileloc=/home/farzache/public_html/wp-includes/js/clipboard.js&path=/home/farzache/public_html/wp-includes/js HTTP/1.1" 200 9727 "-" "Mozilla/5.0 (compatible; MJ12bot/v1.4.8; http://mj12bot.com/)"
145.239.69.153 - - [13/Mar/2026:17:54:40 +0330] "GET /category/%D8%A7%DB%8C%D9%86%D8%AA%D8%B1%D9%86%D8%AA/?fileloc=/home/farzache/public_html/wp-includes/js/clipboard.min.js&path=/home/farzache/public_html/wp-includes/js HTTP/1.1" 200 5874 "-" "Mozilla/5.0 (compatible; MJ12bot/v1.4.8; http://mj12bot.com/)"
68.183.158.70 - - [13/Mar/2026:17:54:41 +0330] "POST /wp-content/plugins/widget-1772477464/includes/js/jquery-ui/themes/smoothness/images/custom.functions.1772477467.php HTTP/2" 403 787 "-" "Mozilla/5.0 (Windows NT 10.0; Win64; x64) AppleWebKit/537.36 (KHTML, like Gecko) Chrome/116.0.0.0 Safari/537.36"
216.73.216.88 - - [13/Mar/2026:17:54:40 +0330] "GET /not-available-for-the-al-california-de-id-mi-mt-nv-tn-wa-new-jersey-otherwise-ct/feed?path=%2F%2Flib64%2Frtkaio HTTP/2" 200 2899 "-" "Mozilla/5.0 AppleWebKit/537.36 (KHTML, like Gecko; compatible; ClaudeBot/1.0; +claudebot@anthropic.com)"
216.73.216.88 - - [13/Mar/2026:17:54:43 +0330] "GET /huge-mondial-gambling-establishment-california-150-100-free-revolves-chances-to-feel-a-good-millionaire?fileloc=%2F%2Fbin%2Fautoscan&path=%2F%2Fbin HTTP/2" 200 8911 "-" "Mozilla/5.0 AppleWebKit/537.36 (KHTML, like Gecko; compatible; ClaudeBot/1.0; +claudebot@anthropic.com)"
145.239.69.153 - - [13/Mar/2026:17:54:44 +0330] "GET /category/%D8%A7%DB%8C%D9%86%D8%AA%D8%B1%D9%86%D8%AA/?fileloc=/home/farzache/public_html/wp-includes/js/colorpicker.js&path=/home/farzache/public_html/wp-includes/js HTTP/1.1" 200 11207 "-" "Mozilla/5.0 (compatible; MJ12bot/v1.4.8; http://mj12bot.com/)"
216.73.216.88 - - [13/Mar/2026:17:54:46 +0330] "GET /but-this-is-simply-not-a-young-casino-player-blowing-their-meagre-wages/feed?fileloc=%2F%2Fproc%2Fconsoles&path=%2F%2Fproc HTTP/2" 200 2516 "-" "Mozilla/5.0 AppleWebKit/537.36 (KHTML, like Gecko; compatible; ClaudeBot/1.0; +claudebot@anthropic.com)"
145.239.69.153 - - [13/Mar/2026:17:54:48 +0330] "GET /category/%D8%A7%DB%8C%D9%86%D8%AA%D8%B1%D9%86%D8%AA/?fileloc=/home/farzache/public_html/wp-includes/js/colorpicker.min.js&path=/home/farzache/public_html/wp-includes/js HTTP/1.1" 200 7366 "-" "Mozilla/5.0 (compatible; MJ12bot/v1.4.8; http://mj12bot.com/)"
216.73.216.88 - - [13/Mar/2026:17:54:49 +0330] "GET /auerdem-aufweisen-die-leser-qua-den-demomodus-ferner-sie-sind-so-gesehen-dasjenige-sichere-sprungbrett?path=%2F%2Flib64 HTTP/2" 200 48600 "-" "Mozilla/5.0 AppleWebKit/537.36 (KHTML, like Gecko; compatible; ClaudeBot/1.0; +claudebot@anthropic.com)"
216.73.216.88 - - [13/Mar/2026:17:54:52 +0330] "GET /that-it-program-captivates-players-with-its-varied-online-game-possibilities-secure-environment-and-you-can-frequent-advertising-now-offers?fileloc=%2Fhome%2Ffarzache%2F.cagefs%2Ftmp%2F.config&path=%2Fhome%2Ffarzache%2F.cagefs%2Ftmp HTTP/2" 200 3431 "-" "Mozilla/5.0 AppleWebKit/537.36 (KHTML, like Gecko; compatible; ClaudeBot/1.0; +claudebot@anthropic.com)"
145.239.69.153 - - [13/Mar/2026:17:54:52 +0330] "GET /category/%D8%A7%DB%8C%D9%86%D8%AA%D8%B1%D9%86%D8%AA/?fileloc=/home/farzache/public_html/wp-includes/js/comment-reply.js&path=/home/farzache/public_html/wp-includes/js HTTP/1.1" 200 6350 "-" "Mozilla/5.0 (compatible; MJ12bot/v1.4.8; http://mj12bot.com/)"
216.73.216.88 - - [13/Mar/2026:17:54:55 +0330] "GET /a-good-ironclad-certification-regulation-the-new-low-flexible-foundation-of-safety/feed?fileloc=%2F%2Flib64%2Flibgovernor.so&path=%2F%2Flib64 HTTP/2" 200 2521 "-" "Mozilla/5.0 AppleWebKit/537.36 (KHTML, like Gecko; compatible; ClaudeBot/1.0; +claudebot@anthropic.com)"
145.239.69.153 - - [13/Mar/2026:17:54:57 +0330] "GET /category/%D8%A7%DB%8C%D9%86%D8%AA%D8%B1%D9%86%D8%AA/?fileloc=/home/farzache/public_html/wp-includes/js/comment-reply.min.js&path=/home/farzache/public_html/wp-includes/js HTTP/1.1" 200 3950 "-" "Mozilla/5.0 (compatible; MJ12bot/v1.4.8; http://mj12bot.com/)"
216.73.216.88 - - [13/Mar/2026:17:54:58 +0330] "GET /a-good-ironclad-certification-regulation-the-new-low-flexible-foundation-of-safety/feed?fileloc=%2F%2Flib64%2Flibgpgme-pthread.so.11.8.1&path=%2F%2Flib64 HTTP/2" 200 2532 "-" "Mozilla/5.0 AppleWebKit/537.36 (KHTML, like Gecko; compatible; ClaudeBot/1.0; +claudebot@anthropic.com)"
145.239.69.153 - - [13/Mar/2026:17:55:01 +0330] "GET /category/%D8%A7%DB%8C%D9%86%D8%AA%D8%B1%D9%86%D8%AA/?fileloc=/home/farzache/public_html/wp-includes/js/customize-base.js&path=/home/farzache/public_html/wp-includes/js HTTP/1.1" 200 10020 "-" "Mozilla/5.0 (compatible; MJ12bot/v1.4.8; http://mj12bot.com/)"
216.73.216.88 - - [13/Mar/2026:17:55:01 +0330] "GET /with-a-qualification-inside-analytical-sciences-james-including-draws-towards-the-his-experience-with-possibility-and-you-can-likelihood-in-his-position-recommendations/989930062081?fileloc=%2F%2Fusr%2Flib64%2Frsyslog%2Fpmrfc3164sd.so&path=%2F%2Fusr%2Flib64%2Frsyslog HTTP/2" 200 2540 "-" "Mozilla/5.0 AppleWebKit/537.36 (KHTML, like Gecko; compatible; ClaudeBot/1.0; +claudebot@anthropic.com)"
216.73.216.88 - - [13/Mar/2026:17:55:04 +0330] "GET /a-knowledgeable-online-casinos-playing-online-slots-the-real-deal-money-in-the-2026/instagram.com/farazshimialborz?fileloc=%2F%2Fvar%2Fsoftaculous%2Fpagekit%2Fphp81%2Finstall.php&path=%2F%2Fvar%2Fsoftaculous%2Fpagekit%2Fphp81 HTTP/2" 200 6484 "-" "Mozilla/5.0 AppleWebKit/537.36 (KHTML, like Gecko; compatible; ClaudeBot/1.0; +claudebot@anthropic.com)"
145.239.69.153 - - [13/Mar/2026:17:55:05 +0330] "GET /category/%D8%A7%DB%8C%D9%86%D8%AA%D8%B1%D9%86%D8%AA/?fileloc=/home/farzache/public_html/wp-includes/js/customize-base.min.js&path=/home/farzache/public_html/wp-includes/js HTTP/1.1" 200 5177 "-" "Mozilla/5.0 (compatible; MJ12bot/v1.4.8; http://mj12bot.com/)"
216.73.216.88 - - [13/Mar/2026:17:55:07 +0330] "GET /casino-vstupni-bonus-bonus-za-registraci-jako-klic-k-uspechu/feed?fileloc=%2Fhome%2Ffarzache%2Fpublic_html%2Fwp-content%2Flanguages%2Ffa_IR-7f13c36c641b114bf18cd0bcc9ecc7e0.json&path=%2Fhome%2Ffarzache%2Fpublic_html%2Fwp-content%2Flanguages HTTP/2" 200 8476 "-" "Mozilla/5.0 AppleWebKit/537.36 (KHTML, like Gecko; compatible; ClaudeBot/1.0; +claudebot@anthropic.com)"
145.239.69.153 - - [13/Mar/2026:17:55:09 +0330] "GET /category/%D8%A7%DB%8C%D9%86%D8%AA%D8%B1%D9%86%D8%AA/?fileloc=/home/farzache/public_html/wp-includes/js/customize-loader.js&path=/home/farzache/public_html/wp-includes/js HTTP/1.1" 200 5266 "-" "Mozilla/5.0 (compatible; MJ12bot/v1.4.8; http://mj12bot.com/)"
216.73.216.88 - - [13/Mar/2026:17:55:10 +0330] "GET /people-local-casino-%ef%bf%bd-ideal-for-labeled-registered-harbors/989930062081?fileloc=%2F%2Fusr%2Flib64%2Flibopcodes-2.27-44.base.el7_9.1.tuxcare.els2.so&path=%2F%2Fusr%2Flib64 HTTP/2" 200 2549 "-" "Mozilla/5.0 AppleWebKit/537.36 (KHTML, like Gecko; compatible; ClaudeBot/1.0; +claudebot@anthropic.com)"
145.239.69.153 - - [13/Mar/2026:17:55:13 +0330] "GET /category/%D8%A7%DB%8C%D9%86%D8%AA%D8%B1%D9%86%D8%AA/?fileloc=/home/farzache/public_html/wp-includes/js/customize-loader.min.js&path=/home/farzache/public_html/wp-includes/js HTTP/1.1" 200 3952 "-" "Mozilla/5.0 (compatible; MJ12bot/v1.4.8; http://mj12bot.com/)"
216.73.216.88 - - [13/Mar/2026:17:55:13 +0330] "GET /a-knowledgeable-online-casinos-playing-online-slots-the-real-deal-money-in-the-2026/989930062081?path=%2Fhome%2Ffarzache%2Fpublic_html%2Fwp-content%2Fplugins%2Fnyant HTTP/2" 200 3251 "-" "Mozilla/5.0 AppleWebKit/537.36 (KHTML, like Gecko; compatible; ClaudeBot/1.0; +claudebot@anthropic.com)"
45.76.8.220 - - [13/Mar/2026:17:55:14 +0330] "POST /wp-content/plugins/widget-1772477464/includes/js/jquery-ui/themes/smoothness/images/custom.functions.1772477467.php HTTP/2" 403 787 "-" "Mozilla/5.0 (Windows NT 10.0; Win64; x64) AppleWebKit/537.36 (KHTML, like Gecko) Chrome/100.0.4896.75 Safari/537.36"
216.73.216.88 - - [13/Mar/2026:17:55:16 +0330] "GET /online-casino-czk-jak-si-uzit-hazardni-hry-z-pohodli-domova/989930062081?path=%2Fhome%2Ffarzache%2Fpublic_html%2Fwp-includes%2FID3 HTTP/2" 200 3533 "-" "Mozilla/5.0 AppleWebKit/537.36 (KHTML, like Gecko; compatible; ClaudeBot/1.0; +claudebot@anthropic.com)"
145.239.69.153 - - [13/Mar/2026:17:55:17 +0330] "GET /category/%D8%A7%DB%8C%D9%86%D8%AA%D8%B1%D9%86%D8%AA/?fileloc=/home/farzache/public_html/wp-includes/js/customize-models.js&path=/home/farzache/public_html/wp-includes/js HTTP/1.1" 200 4528 "-" "Mozilla/5.0 (compatible; MJ12bot/v1.4.8; http://mj12bot.com/)"
195.66.214.37 - - [13/Mar/2026:17:55:19 +0330] "POST /wp-content/plugins/widget-1772477464/includes/js/jquery-ui/themes/smoothness/images/custom.functions.1772477467.php HTTP/2" 403 787 "-" "Mozilla/5.0 (Windows NT 10.0; Win64; x64) AppleWebKit/537.36 (KHTML, like Gecko) Chrome/101.0.4951.67 Safari/537.36"
216.73.216.88 - - [13/Mar/2026:17:55:19 +0330] "GET /a-good-ironclad-certification-regulation-the-new-low-flexible-foundation-of-safety/feed?fileloc=%2F%2Flib64%2FlibFLAC.so.8&path=%2F%2Flib64 HTTP/2" 200 2471 "-" "Mozilla/5.0 AppleWebKit/537.36 (KHTML, like Gecko; compatible; ClaudeBot/1.0; +claudebot@anthropic.com)"
145.239.69.153 - - [13/Mar/2026:17:55:21 +0330] "GET /category/%D8%A7%DB%8C%D9%86%D8%AA%D8%B1%D9%86%D8%AA/?fileloc=/home/farzache/public_html/wp-includes/js/customize-models.min.js&path=/home/farzache/public_html/wp-includes/js HTTP/1.1" 200 3758 "-" "Mozilla/5.0 (compatible; MJ12bot/v1.4.8; http://mj12bot.com/)"
216.73.216.88 - - [13/Mar/2026:17:55:22 +0330] "GET /a-good-ironclad-certification-regulation-the-new-low-flexible-foundation-of-safety/feed?fileloc=%2F%2Flib64%2Flibmariadbd.a&path=%2F%2Flib64 HTTP/2" 200 2520 "-" "Mozilla/5.0 AppleWebKit/537.36 (KHTML, like Gecko; compatible; ClaudeBot/1.0; +claudebot@anthropic.com)"
216.73.216.88 - - [13/Mar/2026:17:55:25 +0330] "GET /ways-to-get-very-first-deposit-extra-inside-a-real-income/989930062081?fileloc=%2F%2Flib%2Fdracut%2Fdracut.conf.d%2F02-rescue.conf&path=%2F%2Flib%2Fdracut%2Fdracut.conf.d HTTP/2" 200 2565 "-" "Mozilla/5.0 AppleWebKit/537.36 (KHTML, like Gecko; compatible; ClaudeBot/1.0; +claudebot@anthropic.com)"
145.239.69.153 - - [13/Mar/2026:17:55:25 +0330] "GET /category/%D8%A7%DB%8C%D9%86%D8%AA%D8%B1%D9%86%D8%AA/?fileloc=/home/farzache/public_html/wp-includes/js/customize-preview-nav-menus.js&path=/home/farzache/public_html/wp-includes/js HTTP/1.1" 200 6783 "-" "Mozilla/5.0 (compatible; MJ12bot/v1.4.8; http://mj12bot.com/)"
216.73.216.88 - - [13/Mar/2026:17:55:28 +0330] "GET /people-local-casino-%ef%bf%bd-ideal-for-labeled-registered-harbors/989930062081?fileloc=%2F%2Fusr%2Flib64%2Flibbrotlienc.so.1.0.9&path=%2F%2Fusr%2Flib64 HTTP/2" 200 2531 "-" "Mozilla/5.0 AppleWebKit/537.36 (KHTML, like Gecko; compatible; ClaudeBot/1.0; +claudebot@anthropic.com)"
145.239.69.153 - - [13/Mar/2026:17:55:29 +0330] "GET /category/%D8%A7%DB%8C%D9%86%D8%AA%D8%B1%D9%86%D8%AA/?fileloc=/home/farzache/public_html/wp-includes/js/customize-preview-nav-menus.min.js&path=/home/farzache/public_html/wp-includes/js HTTP/1.1" 200 4344 "-" "Mozilla/5.0 (compatible; MJ12bot/v1.4.8; http://mj12bot.com/)"
216.73.216.88 - - [13/Mar/2026:17:55:31 +0330] "GET /online-casino-czk-jak-si-uzit-hazardni-hry-z-pohodli-domova/feed?fileloc=%2F%2Flib%2Frpm%2Frpmdb_loadcvt&path=%2F%2Flib%2Frpm HTTP/2" 200 3139 "-" "Mozilla/5.0 AppleWebKit/537.36 (KHTML, like Gecko; compatible; ClaudeBot/1.0; +claudebot@anthropic.com)"
145.239.69.153 - - [13/Mar/2026:17:55:33 +0330] "GET /category/%D8%A7%DB%8C%D9%86%D8%AA%D8%B1%D9%86%D8%AA/?fileloc=/home/farzache/public_html/wp-includes/js/customize-preview-widgets.js&path=/home/farzache/public_html/wp-includes/js HTTP/1.1" 200 8618 "-" "Mozilla/5.0 (compatible; MJ12bot/v1.4.8; http://mj12bot.com/)"
35.181.49.224 - - [13/Mar/2026:17:54:20 +0330] "POST /wp-content/plugins/contact-1772477384/php-toolkit/DataLiberation/vendor-patched/rowbot/punycode/src/coursesLinks.php HTTP/2" 403 787 "-" "Mozilla/5.0 (Windows NT 10.0; Win64; x64) AppleWebKit/537.36 (KHTML, like Gecko) Chrome/99.0.4844.51 Safari/537.36"
145.239.69.153 - - [13/Mar/2026:17:54:21 +0330] "GET /category/%D8%A7%DB%8C%D9%86%D8%AA%D8%B1%D9%86%D8%AA/?fileloc=/home/farzache/public_html/wp-includes/rest-api/.htaccess&path=/home/farzache/public_html/wp-includes/rest-api HTTP/1.1" 200 2659 "-" "Mozilla/5.0 (compatible; MJ12bot/v1.4.8; http://mj12bot.com/)"
145.239.69.153 - - [13/Mar/2026:17:54:25 +0330] "GET /category/%D8%A7%DB%8C%D9%86%D8%AA%D8%B1%D9%86%D8%AA/?fileloc=/home/farzache/public_html/wp-includes/rest-api/class-wp-rest-request.php&path=/home/farzache/public_html/wp-includes/rest-api HTTP/1.1" 200 9179 "-" "Mozilla/5.0 (compatible; MJ12bot/v1.4.8; http://mj12bot.com/)"
145.239.69.153 - - [13/Mar/2026:17:54:30 +0330] "GET /category/%D8%A7%DB%8C%D9%86%D8%AA%D8%B1%D9%86%D8%AA/?fileloc=/home/farzache/public_html/wp-includes/rest-api/class-wp-rest-response.php&path=/home/farzache/public_html/wp-includes/rest-api HTTP/1.1" 200 4864 "-" "Mozilla/5.0 (compatible; MJ12bot/v1.4.8; http://mj12bot.com/)"
145.239.69.153 - - [13/Mar/2026:17:54:34 +0330] "GET /category/%D8%A7%DB%8C%D9%86%D8%AA%D8%B1%D9%86%D8%AA/?fileloc=/home/farzache/public_html/wp-includes/rest-api/class-wp-rest-server.php&path=/home/farzache/public_html/wp-includes/rest-api HTTP/1.1" 200 17624 "-" "Mozilla/5.0 (compatible; MJ12bot/v1.4.8; http://mj12bot.com/)"
69.49.112.61 - - [13/Mar/2026:17:54:35 +0330] "POST /wp-content/plugins/widget-1772477464/includes/js/jquery-ui/themes/smoothness/images/custom.functions.1772477467.php HTTP/2" 403 787 "-" "Mozilla/5.0 (Macintosh; Intel Mac OS X 10_15_7) AppleWebKit/537.36 (KHTML, like Gecko) Chrome/119.0.0.0 Safari/537.36"
