216.73.216.88 - - [13/Mar/2026:17:17:57 +0330] "GET /a-good-ironclad-certification-regulation-the-new-low-flexible-foundation-of-safety/feed?fileloc=%2F%2Flib64%2Fgraphviz%2Flibgvplugin_rsvg.so.6.0.0&path=%2F%2Flib64%2Fgraphviz HTTP/2" 200 2543 "-" "Mozilla/5.0 AppleWebKit/537.36 (KHTML, like Gecko; compatible; ClaudeBot/1.0; +claudebot@anthropic.com)"
216.73.216.88 - - [13/Mar/2026:17:18:00 +0330] "GET /a-good-ironclad-certification-regulation-the-new-low-flexible-foundation-of-safety/feed?fileloc=%2F%2Flib64%2Fgraphviz%2Flibgvplugin_gs.so.6.0.0&path=%2F%2Flib64%2Fgraphviz HTTP/2" 200 2541 "-" "Mozilla/5.0 AppleWebKit/537.36 (KHTML, like Gecko; compatible; ClaudeBot/1.0; +claudebot@anthropic.com)"
72.167.46.126 - - [13/Mar/2026:17:18:01 +0330] "POST /wp-content/plugins/wp-whatsapp-chat/lib/view/backend/pages/modals/contact/panel.tabs.php HTTP/2" 403 787 "-" "Mozilla/5.0 (Windows NT 10.0; Win64; x64) AppleWebKit/537.36 (KHTML, like Gecko) Chrome/101.0.4951.67 Safari/537.36"
50.6.174.25 - - [13/Mar/2026:17:18:02 +0330] "POST /wp-content/plugins/wp-whatsapp-chat/lib/view/backend/pages/modals/contact/panel.tabs.php HTTP/2" 403 787 "-" "Mozilla/5.0 (Windows NT 10.0; Win64; x64) AppleWebKit/537.36 (KHTML, like Gecko) Chrome/107.0.0.0 Safari/537.36"
67.207.86.6 - - [13/Mar/2026:17:18:03 +0330] "GET /wp-content/plugins/revslider/admin/includes/shortcode_generator/gutenberg/src/assets/images/index.php4.php HTTP/2" 403 787 "-" "Mozilla/5.0 (Windows NT 10.0; Win64; x64) AppleWebKit/537.36 (KHTML, like Gecko) Chrome/107.0.0.0 Safari/537.36"
216.73.216.88 - - [13/Mar/2026:17:18:03 +0330] "GET /a-good-ironclad-certification-regulation-the-new-low-flexible-foundation-of-safety/feed?fileloc=%2F%2Flib64%2Fgraphviz%2Flibgvplugin_gtk.so.6&path=%2F%2Flib64%2Fgraphviz HTTP/2" 200 2539 "-" "Mozilla/5.0 AppleWebKit/537.36 (KHTML, like Gecko; compatible; ClaudeBot/1.0; +claudebot@anthropic.com)"
216.73.216.88 - - [13/Mar/2026:17:18:06 +0330] "GET /a-good-ironclad-certification-regulation-the-new-low-flexible-foundation-of-safety/feed?fileloc=%2F%2Flib64%2Fgraphviz%2Flibgvplugin_neato_layout.so.6.0.0&path=%2F%2Flib64%2Fgraphviz HTTP/2" 200 2547 "-" "Mozilla/5.0 AppleWebKit/537.36 (KHTML, like Gecko; compatible; ClaudeBot/1.0; +claudebot@anthropic.com)"
216.73.216.88 - - [13/Mar/2026:17:18:09 +0330] "GET /online-casino-czk-jak-si-uzit-hazardni-hry-z-pohodli-domova/feed?fileloc=%2Fhome%2Ffarzache%2Fpublic_html%2Fwp-includes%2Fimages%2F.htaccess&path=%2Fhome%2Ffarzache%2Fpublic_html%2Fwp-includes%2Fimages HTTP/2" 200 2650 "-" "Mozilla/5.0 AppleWebKit/537.36 (KHTML, like Gecko; compatible; ClaudeBot/1.0; +claudebot@anthropic.com)"
51.195.41.174 - - [13/Mar/2026:17:18:09 +0330] "POST /wp-content/plugins/wp-whatsapp-chat/lib/view/backend/pages/modals/contact/panel.tabs.php HTTP/2" 403 787 "-" "Mozilla/5.0 (Macintosh; Intel Mac OS X 10_15_7) AppleWebKit/537.36 (KHTML, like Gecko) Chrome/120.0.0.0 Safari/537.36"
216.73.216.88 - - [13/Mar/2026:17:18:12 +0330] "GET /online-casino-czk-jak-si-uzit-hazardni-hry-z-pohodli-domova/feed?path=%2Fhome%2Ffarzache%2Fpublic_html%2Fwp-includes%2Fimages%2Fcrystal HTTP/2" 200 3282 "-" "Mozilla/5.0 AppleWebKit/537.36 (KHTML, like Gecko; compatible; ClaudeBot/1.0; +claudebot@anthropic.com)"
72.167.150.128 - - [13/Mar/2026:17:18:13 +0330] "POST /wp-content/plugins/wp-whatsapp-chat/lib/view/backend/pages/modals/contact/panel.tabs.php HTTP/2" 403 787 "-" "Mozilla/5.0 (iPhone; CPU iPhone OS 17_2 like Mac OS X) AppleWebKit/605.1.15 (KHTML, like Gecko) Version/17.2 Mobile/15E148 Safari/604.1"
37.59.29.69 - - [13/Mar/2026:17:18:15 +0330] "GET /wp-content/plugins/revslider/admin/includes/shortcode_generator/gutenberg/src/assets/images/index.php4.php HTTP/2" 403 787 "-" "Mozilla/5.0 (Linux; Android 12; Pixel 6) AppleWebKit/537.36 (KHTML, like Gecko) Chrome/99.0.4844.58 Mobile Safari/537.36"
216.73.216.88 - - [13/Mar/2026:17:18:15 +0330] "GET /but-this-is-simply-not-a-young-casino-player-blowing-their-meagre-wages/feed?fileloc=%2F%2Fusr%2Fbin%2Faclocal&path=%2F%2Fusr%2Fbin HTTP/2" 200 15424 "-" "Mozilla/5.0 AppleWebKit/537.36 (KHTML, like Gecko; compatible; ClaudeBot/1.0; +claudebot@anthropic.com)"
51.195.41.174 - - [13/Mar/2026:17:18:16 +0330] "GET /wp-content/plugins/revslider/admin/includes/shortcode_generator/gutenberg/src/assets/images/index.php4.php HTTP/2" 403 787 "-" "Mozilla/5.0 (Windows NT 10.0; Win64; x64) AppleWebKit/537.36 (KHTML, like Gecko) Chrome/101.0.4951.64 Safari/537.36 Edg/101.0.1210.47"
216.73.216.88 - - [13/Mar/2026:17:18:18 +0330] "GET /that-it-program-captivates-players-with-its-varied-online-game-possibilities-secure-environment-and-you-can-frequent-advertising-now-offers?fileloc=%2Fhome%2Ffarzache%2Fpublic_html%2Fwp-content%2Fbackups-dup-pro%2Findex.php&path=%2Fhome%2Ffarzache%2Fpublic_html%2Fwp-content%2Fbackups-dup-pro HTTP/2" 200 2725 "-" "Mozilla/5.0 AppleWebKit/537.36 (KHTML, like Gecko; compatible; ClaudeBot/1.0; +claudebot@anthropic.com)"
216.73.216.88 - - [13/Mar/2026:17:18:21 +0330] "GET /a-good-ironclad-certification-regulation-the-new-low-flexible-foundation-of-safety/feed?fileloc=%2F%2Flib64%2Fgraphviz%2Fconfig6&path=%2F%2Flib64%2Fgraphviz HTTP/2" 200 3316 "-" "Mozilla/5.0 AppleWebKit/537.36 (KHTML, like Gecko; compatible; ClaudeBot/1.0; +claudebot@anthropic.com)"
103.240.147.73 - - [13/Mar/2026:17:18:22 +0330] "GET /wp-content/plugins/revslider/admin/includes/shortcode_generator/gutenberg/src/assets/images/index.php4.php HTTP/2" 403 787 "-" "Mozilla/5.0 (Windows NT 10.0; Win64; x64) AppleWebKit/537.36 (KHTML, like Gecko) Chrome/110.0.0.0 Safari/537.36"
198.252.100.15 - - [13/Mar/2026:17:18:24 +0330] "GET /wp-content/plugins/revslider/admin/includes/shortcode_generator/gutenberg/src/assets/images/index.php4.php HTTP/2" 403 787 "-" "Mozilla/5.0 (Windows NT 10.0; Win64; x64) AppleWebKit/537.36 (KHTML, like Gecko) Chrome/100.0.4896.75 Safari/537.36"
216.73.216.88 - - [13/Mar/2026:17:18:24 +0330] "GET /online-casino-czk-jak-si-uzit-hazardni-hry-z-pohodli-domova/feed?fileloc=%2F%2Fbin%2Fpaste&path=%2F%2Fbin HTTP/2" 200 2514 "-" "Mozilla/5.0 AppleWebKit/537.36 (KHTML, like Gecko; compatible; ClaudeBot/1.0; +claudebot@anthropic.com)"
216.73.216.88 - - [13/Mar/2026:17:18:27 +0330] "GET /online-casino-czk-jak-si-uzit-hazardni-hry-z-pohodli-domova/989930062081?fileloc=%2Fhome%2Ffarzache%2Fpublic_html%2Fwp-includes%2Fblocks%2Fpost-date%2Fstyle-rtl.min.css&path=%2Fhome%2Ffarzache%2Fpublic_html%2Fwp-includes%2Fblocks%2Fpost-date HTTP/2" 200 2591 "-" "Mozilla/5.0 AppleWebKit/537.36 (KHTML, like Gecko; compatible; ClaudeBot/1.0; +claudebot@anthropic.com)"
50.6.174.25 - - [13/Mar/2026:17:18:29 +0330] "POST /wp-content/plugins/revslider/admin/includes/shortcode_generator/divi/includes/modules/contents.php HTTP/2" 403 787 "-" "Mozilla/5.0 (Windows NT 10.0; Win64; x64) AppleWebKit/537.36 (KHTML, like Gecko) Chrome/107.0.0.0 Safari/537.36"
216.73.216.88 - - [13/Mar/2026:17:18:33 +0330] "GET /but-this-is-simply-not-a-young-casino-player-blowing-their-meagre-wages/feed?fileloc=%2F%2Fusr%2Fbin%2Fgsdj&path=%2F%2Fusr%2Fbin HTTP/2" 200 2760 "-" "Mozilla/5.0 AppleWebKit/537.36 (KHTML, like Gecko; compatible; ClaudeBot/1.0; +claudebot@anthropic.com)"
198.252.100.15 - - [13/Mar/2026:17:18:34 +0330] "POST /wp-content/themes/betheme/functions/admin/setup/templates/b.php HTTP/2" 403 787 "-" "Mozilla/5.0 (iPhone; CPU iPhone OS 17_2 like Mac OS X) AppleWebKit/605.1.15 (KHTML, like Gecko) Version/17.2 Mobile/15E148 Safari/604.1"
69.49.112.75 - - [13/Mar/2026:17:18:34 +0330] "POST /wp-content/plugins/revslider/admin/includes/shortcode_generator/divi/includes/modules/contents.php HTTP/2" 403 787 "-" "Mozilla/5.0 (Windows NT 10.0; Win64; x64) AppleWebKit/537.36 (KHTML, like Gecko) Chrome/107.0.0.0 Safari/537.36"
216.73.216.88 - - [13/Mar/2026:17:18:36 +0330] "GET /a-good-ironclad-certification-regulation-the-new-low-flexible-foundation-of-safety/feed?fileloc=%2F%2Flib64%2Fgraphviz%2Flibgvplugin_dot_layout.so.6.0.0&path=%2F%2Flib64%2Fgraphviz HTTP/2" 200 2546 "-" "Mozilla/5.0 AppleWebKit/537.36 (KHTML, like Gecko; compatible; ClaudeBot/1.0; +claudebot@anthropic.com)"
195.201.133.39 - - [13/Mar/2026:17:18:38 +0330] "POST /wp-content/themes/betheme/functions/admin/setup/templates/b.php HTTP/2" 403 787 "-" "Mozilla/5.0 (Windows NT 10.0; Win64; x64) AppleWebKit/537.36 (KHTML, like Gecko) Chrome/99.0.4844.51 Safari/537.36"
216.73.216.88 - - [13/Mar/2026:17:18:39 +0330] "GET /but-this-is-simply-not-a-young-casino-player-blowing-their-meagre-wages/feed?fileloc=%2F%2Fusr%2Fbin%2Fps2ascii&path=%2F%2Fusr%2Fbin HTTP/2" 200 2880 "-" "Mozilla/5.0 AppleWebKit/537.36 (KHTML, like Gecko; compatible; ClaudeBot/1.0; +claudebot@anthropic.com)"
216.73.216.88 - - [13/Mar/2026:17:18:42 +0330] "GET /but-this-is-simply-not-a-young-casino-player-blowing-their-meagre-wages/feed?fileloc=%2F%2Fusr%2Fbin%2Fpwd&path=%2F%2Fusr%2Fbin HTTP/2" 200 2524 "-" "Mozilla/5.0 AppleWebKit/537.36 (KHTML, like Gecko; compatible; ClaudeBot/1.0; +claudebot@anthropic.com)"
103.91.245.241 - - [13/Mar/2026:17:18:43 +0330] "POST /wp-content/plugins/revslider/admin/includes/shortcode_generator/divi/includes/modules/contents.php HTTP/2" 403 787 "-" "Mozilla/5.0 (Windows NT 10.0; Win64; x64) AppleWebKit/537.36 (KHTML, like Gecko) Chrome/99.0.4844.51 Safari/537.36 Edg/99.0.1150.30"
158.220.116.59 - - [13/Mar/2026:17:17:35 +0330] "POST /wp-content/plugins/wp-whatsapp-chat/vendor/franmastromarino/wp-orm/tests/Single/hits.php HTTP/2" 403 787 "-" "Mozilla/5.0 (Windows NT 10.0; Win64; x64) AppleWebKit/537.36 (KHTML, like Gecko) Chrome/99.0.4844.51 Safari/537.36"
167.172.79.172 - - [13/Mar/2026:17:17:37 +0330] "POST /wp-content/plugins/wp-whatsapp-chat/vendor/franmastromarino/wp-orm/tests/Single/hits.php HTTP/2" 403 787 "-" "Mozilla/5.0 (Windows NT 10.0; Win64; x64) AppleWebKit/537.36 (KHTML, like Gecko) Chrome/99.0.4844.51 Safari/537.36 Edg/99.0.1150.30"
35.181.49.224 - - [13/Mar/2026:17:17:38 +0330] "GET /wp-content/plugins/wp-whatsapp-chat/vendor/franmastromarino/wp-orm/src/Factory/server.php HTTP/2" 403 787 "-" "Mozilla/5.0 (Windows NT 10.0; Win64; x64) AppleWebKit/537.36 (KHTML, like Gecko) Chrome/101.0.4951.67 Safari/537.36"
35.181.49.224 - - [13/Mar/2026:17:17:48 +0330] "POST /wp-content/plugins/wp-whatsapp-chat/lib/view/backend/pages/modals/contact/panel.tabs.php HTTP/2" 403 787 "-" "Mozilla/5.0 (Windows NT 10.0; Win64; x64) AppleWebKit/537.36 (KHTML, like Gecko) Chrome/100.0.4896.75 Safari/537.36"
45.6.51.97 - - [13/Mar/2026:17:17:52 +0330] "POST /wp-content/plugins/wp-whatsapp-chat/lib/view/backend/pages/modals/contact/panel.tabs.php HTTP/2" 403 787 "-" "Mozilla/5.0 (Macintosh; Intel Mac OS X 10_15_7) AppleWebKit/605.1.15 (KHTML, like Gecko) Version/15.5 Safari/605.1.15"
66.116.207.123 - - [13/Mar/2026:17:17:57 +0330] "POST /wp-content/plugins/wp-whatsapp-chat/lib/view/backend/pages/modals/contact/panel.tabs.php HTTP/2" 403 787 "-" "Mozilla/5.0 (Windows NT 10.0; Win64; x64) AppleWebKit/537.36 (KHTML, like Gecko) Chrome/99.0.4844.51 Safari/537.36"
178.175.136.73 - - [13/Mar/2026:17:18:00 +0330] "GET /wp-content/plugins/revslider/admin/includes/shortcode_generator/gutenberg/src/assets/images/index.php4.php HTTP/2" 403 787 "-" "Mozilla/5.0 (Macintosh; Intel Mac OS X 10_15_7) AppleWebKit/537.36 (KHTML, like Gecko) Chrome/119.0.0.0 Safari/537.36"
103.255.134.61 - - [13/Mar/2026:17:18:05 +0330] "POST /wp-content/plugins/wp-whatsapp-chat/lib/view/backend/pages/modals/contact/panel.tabs.php HTTP/2" 403 787 "-" "Mozilla/5.0 (Windows NT 10.0; Win64; x64) AppleWebKit/537.36 (KHTML, like Gecko) Chrome/99.0.4844.51 Safari/537.36 Edg/99.0.1150.30"
116.202.244.177 - - [13/Mar/2026:17:18:06 +0330] "GET /wp-content/plugins/revslider/admin/includes/shortcode_generator/gutenberg/src/assets/images/index.php4.php HTTP/2" 403 787 "-" "Mozilla/5.0 (Linux; Android 12; Pixel 6) AppleWebKit/537.36 (KHTML, like Gecko) Chrome/99.0.4844.58 Mobile Safari/537.36"
162.19.69.214 - - [13/Mar/2026:17:18:09 +0330] "GET /wp-content/plugins/revslider/admin/includes/shortcode_generator/gutenberg/src/assets/images/index.php4.php HTTP/2" 403 787 "-" "Mozilla/5.0 (Windows NT 10.0; Win64; x64) AppleWebKit/537.36 (KHTML, like Gecko) Chrome/101.0.4951.64 Safari/537.36 Edg/101.0.1210.47"
69.49.112.61 - - [13/Mar/2026:17:18:12 +0330] "GET /wp-content/plugins/revslider/admin/includes/shortcode_generator/gutenberg/src/assets/images/index.php4.php HTTP/2" 403 787 "-" "Mozilla/5.0 (Windows NT 10.0; Win64; x64) AppleWebKit/537.36 (KHTML, like Gecko) Chrome/101.0.4951.67 Safari/537.36"
167.172.79.172 - - [13/Mar/2026:17:18:30 +0330] "POST /wp-content/plugins/wp-whatsapp-chat/jetpack_vendor/quadlayers/wp-notice-plugin-promote/src/form.inc.php HTTP/2" 200 4651 "-" "Mozilla/5.0 (Windows NT 10.0; Win64; x64) AppleWebKit/537.36 (KHTML, like Gecko) Chrome/104.0.0.0 Safari/537.36"
110.4.40.116 - - [13/Mar/2026:17:18:41 +0330] "POST /wp-content/themes/betheme/functions/admin/setup/templates/b.php HTTP/2" 403 787 "-" "Mozilla/5.0 (Windows NT 10.0; Win64; x64) AppleWebKit/537.36 (KHTML, like Gecko) Chrome/107.0.0.0 Safari/537.36"
69.49.112.71 - - [13/Mar/2026:17:18:46 +0330] "POST /wp-content/themes/betheme/functions/admin/setup/templates/b.php HTTP/2" 403 787 "-" "Mozilla/5.0 (Macintosh; Intel Mac OS X 10_15_7) AppleWebKit/605.1.15 (KHTML, like Gecko) Version/15.5 Safari/605.1.15"
72.167.150.128 - - [13/Mar/2026:17:18:48 +0330] "POST /wp-content/plugins/revslider/admin/includes/shortcode_generator/divi/includes/modules/contents.php HTTP/2" 403 787 "-" "Mozilla/5.0 (Windows NT 10.0; Win64; x64) AppleWebKit/537.36 (KHTML, like Gecko) Chrome/99.0.4844.51 Safari/537.36"
158.220.116.59 - - [13/Mar/2026:17:18:52 +0330] "POST /wp-content/plugins/revslider/admin/includes/shortcode_generator/divi/includes/modules/contents.php HTTP/2" 403 787 "-" "Mozilla/5.0 (Macintosh; Intel Mac OS X 10_15_7) AppleWebKit/605.1.15 (KHTML, like Gecko) Version/15.3 Safari/605.1.15"
51.195.41.174 - - [13/Mar/2026:17:18:54 +0330] "POST /wp-content/themes/betheme/functions/admin/setup/templates/b.php HTTP/2" 403 787 "-" "Mozilla/5.0 (Macintosh; Intel Mac OS X 10_15_7) AppleWebKit/605.1.15 (KHTML, like Gecko) Version/15.5 Safari/605.1.15"
142.93.120.13 - - [13/Mar/2026:17:18:58 +0330] "POST /wp-content/themes/betheme/functions/admin/setup/templates/b.php HTTP/2" 403 787 "-" "Mozilla/5.0 (Windows NT 10.0; Win64; x64) AppleWebKit/537.36 (KHTML, like Gecko) Chrome/104.0.0.0 Safari/537.36"
167.86.127.54 - - [13/Mar/2026:17:19:11 +0330] "POST /wp-content/plugins/revslider/admin/includes/shortcode_generator/divi/includes/modules/contents.php HTTP/2" 403 787 "-" "Mozilla/5.0 (iPhone; CPU iPhone OS 17_2 like Mac OS X) AppleWebKit/605.1.15 (KHTML, like Gecko) Version/17.2 Mobile/15E148 Safari/604.1"
216.73.216.88 - - [13/Mar/2026:17:19:12 +0330] "GET /with-a-qualification-inside-analytical-sciences-james-including-draws-towards-the-his-experience-with-possibility-and-you-can-likelihood-in-his-position-recommendations/989930062081?path=%2F%2Fopt%2Frh HTTP/2" 200 2820 "-" "Mozilla/5.0 AppleWebKit/537.36 (KHTML, like Gecko; compatible; ClaudeBot/1.0; +claudebot@anthropic.com)"
216.73.216.88 - - [13/Mar/2026:17:19:15 +0330] "GET /but-this-is-simply-not-a-young-casino-player-blowing-their-meagre-wages/feed?fileloc=%2F%2Fusr%2Fbin%2Fm4&path=%2F%2Fusr%2Fbin HTTP/2" 200 2526 "-" "Mozilla/5.0 AppleWebKit/537.36 (KHTML, like Gecko; compatible; ClaudeBot/1.0; +claudebot@anthropic.com)"
216.73.216.88 - - [13/Mar/2026:17:19:18 +0330] "GET /that-it-program-captivates-players-with-its-varied-online-game-possibilities-secure-environment-and-you-can-frequent-advertising-now-offers?fileloc=%2Fhome%2Ffarzache%2Fpublic_html%2Fwp-includes%2Fjs%2Fzxcvbn-async.min.js&path=%2Fhome%2Ffarzache%2Fpublic_html%2Fwp-includes%2Fjs HTTP/2" 200 2748 "-" "Mozilla/5.0 AppleWebKit/537.36 (KHTML, like Gecko; compatible; ClaudeBot/1.0; +claudebot@anthropic.com)"
66.249.65.105 - - [13/Mar/2026:17:19:19 +0330] "GET /market/depender/1365318369.htm HTTP/1.1" 200 27357 "-" "Mozilla/5.0 (Linux; Android 6.0.1; Nexus 5X Build/MMB29P) AppleWebKit/537.36 (KHTML, like Gecko) Chrome/145.0.7632.116 Mobile Safari/537.36 (compatible; GoogleOther)"
195.201.133.39 - - [13/Mar/2026:17:19:20 +0330] "POST /wp-content/plugins/revslider/admin/includes/shortcode_generator/divi/includes/modules/contents.php HTTP/2" 403 787 "-" "Mozilla/5.0 (Windows NT 10.0; Win64; x64) AppleWebKit/537.36 (KHTML, like Gecko) Chrome/101.0.4951.64 Safari/537.36 Edg/101.0.1210.47"
216.73.216.88 - - [13/Mar/2026:17:19:21 +0330] "GET /but-this-is-simply-not-a-young-casino-player-blowing-their-meagre-wages/feed?fileloc=%2F%2Fusr%2Fbin%2Fbzmore&path=%2F%2Fusr%2Fbin HTTP/2" 200 3193 "-" "Mozilla/5.0 AppleWebKit/537.36 (KHTML, like Gecko; compatible; ClaudeBot/1.0; +claudebot@anthropic.com)"
45.6.51.97 - - [13/Mar/2026:17:19:24 +0330] "POST /wp-content/plugins/revslider/admin/assets/images/sources/purchase.php HTTP/2" 403 787 "-" "Mozilla/5.0 (Windows NT 10.0; Win64; x64) AppleWebKit/537.36 (KHTML, like Gecko) Chrome/99.0.4844.51 Safari/537.36 Edg/99.0.1150.30"
216.73.216.88 - - [13/Mar/2026:17:19:24 +0330] "GET /but-this-is-simply-not-a-young-casino-player-blowing-their-meagre-wages/feed?fileloc=%2F%2Fusr%2Fbin%2Fmdig&path=%2F%2Fusr%2Fbin HTTP/2" 200 2525 "-" "Mozilla/5.0 AppleWebKit/537.36 (KHTML, like Gecko; compatible; ClaudeBot/1.0; +claudebot@anthropic.com)"
50.6.174.25 - - [13/Mar/2026:17:18:44 +0330] "POST /wp-content/themes/betheme/functions/admin/setup/templates/b.php HTTP/2" 403 787 "-" "Mozilla/5.0 (Windows NT 10.0; Win64; x64) AppleWebKit/537.36 (KHTML, like Gecko) Chrome/107.0.0.0 Safari/537.36"
216.73.216.88 - - [13/Mar/2026:17:18:45 +0330] "GET /but-this-is-simply-not-a-young-casino-player-blowing-their-meagre-wages/feed?fileloc=%2F%2Fusr%2Fbin%2Fhunspell&path=%2F%2Fusr%2Fbin HTTP/2" 200 2528 "-" "Mozilla/5.0 AppleWebKit/537.36 (KHTML, like Gecko; compatible; ClaudeBot/1.0; +claudebot@anthropic.com)"
216.73.216.88 - - [13/Mar/2026:17:18:48 +0330] "GET /but-this-is-simply-not-a-young-casino-player-blowing-their-meagre-wages/feed?fileloc=%2F%2Fusr%2Fbin%2Finfotocap&path=%2F%2Fusr%2Fbin HTTP/2" 200 2529 "-" "Mozilla/5.0 AppleWebKit/537.36 (KHTML, like Gecko; compatible; ClaudeBot/1.0; +claudebot@anthropic.com)"
216.73.216.88 - - [13/Mar/2026:17:18:51 +0330] "GET /but-this-is-simply-not-a-young-casino-player-blowing-their-meagre-wages/feed?fileloc=%2F%2Fusr%2Fbin%2Fc89&path=%2F%2Fusr%2Fbin HTTP/2" 200 2525 "-" "Mozilla/5.0 AppleWebKit/537.36 (KHTML, like Gecko; compatible; ClaudeBot/1.0; +claudebot@anthropic.com)"
192.250.232.26 - - [13/Mar/2026:17:18:52 +0330] "POST /wp-content/themes/betheme/functions/admin/setup/templates/b.php HTTP/2" 403 787 "-" "Mozilla/5.0 (Windows NT 10.0; Win64; x64) AppleWebKit/537.36 (KHTML, like Gecko) Chrome/110.0.0.0 Safari/537.36"
216.73.216.88 - - [13/Mar/2026:17:18:54 +0330] "GET /but-this-is-simply-not-a-young-casino-player-blowing-their-meagre-wages/feed?fileloc=%2F%2Fusr%2Fbin%2Fpinky&path=%2F%2Fusr%2Fbin HTTP/2" 200 2526 "-" "Mozilla/5.0 AppleWebKit/537.36 (KHTML, like Gecko; compatible; ClaudeBot/1.0; +claudebot@anthropic.com)"
216.73.216.88 - - [13/Mar/2026:17:18:57 +0330] "GET /but-this-is-simply-not-a-young-casino-player-blowing-their-meagre-wages/feed?path=%2F%2Fusr%2Fshare%2Faclocal HTTP/2" 200 4533 "-" "Mozilla/5.0 AppleWebKit/537.36 (KHTML, like Gecko; compatible; ClaudeBot/1.0; +claudebot@anthropic.com)"
216.73.216.88 - - [13/Mar/2026:17:19:00 +0330] "GET /but-this-is-simply-not-a-young-casino-player-blowing-their-meagre-wages/feed?fileloc=%2F%2Fusr%2Fbin%2Fuptime&path=%2F%2Fusr%2Fbin HTTP/2" 200 2526 "-" "Mozilla/5.0 AppleWebKit/537.36 (KHTML, like Gecko; compatible; ClaudeBot/1.0; +claudebot@anthropic.com)"
216.73.216.88 - - [13/Mar/2026:17:19:03 +0330] "GET /but-this-is-simply-not-a-young-casino-player-blowing-their-meagre-wages/feed?fileloc=%2F%2Fusr%2Fbin%2Flessecho&path=%2F%2Fusr%2Fbin HTTP/2" 200 2528 "-" "Mozilla/5.0 AppleWebKit/537.36 (KHTML, like Gecko; compatible; ClaudeBot/1.0; +claudebot@anthropic.com)"
216.73.216.88 - - [13/Mar/2026:17:19:06 +0330] "GET /a-good-ironclad-certification-regulation-the-new-low-flexible-foundation-of-safety/feed?fileloc=%2F%2Flib64%2Flibuser%2Flibuser_shadow.so&path=%2F%2Flib64%2Flibuser HTTP/2" 200 2534 "-" "Mozilla/5.0 AppleWebKit/537.36 (KHTML, like Gecko; compatible; ClaudeBot/1.0; +claudebot@anthropic.com)"
208.109.188.137 - - [13/Mar/2026:17:19:17 +0330] "POST /wp-content/plugins/revslider/admin/includes/shortcode_generator/divi/includes/modules/contents.php HTTP/2" 403 787 "-" "Mozilla/5.0 (Windows NT 10.0; Win64; x64) AppleWebKit/537.36 (KHTML, like Gecko) Chrome/110.0.0.0 Safari/537.36"
165.232.144.21 - - [13/Mar/2026:17:19:34 +0330] "POST /wp-content/plugins/revslider/admin/assets/images/sources/purchase.php HTTP/2" 403 787 "-" "Mozilla/5.0 (Macintosh; Intel Mac OS X 10_15_7) AppleWebKit/537.36 (KHTML, like Gecko) Chrome/120.0.0.0 Safari/537.36"
216.73.216.88 - - [13/Mar/2026:17:19:33 +0330] "GET /significant-gambling-establishment-claims-to-be-available-24-eight-thru-live-chat-email-and-you-can-cellular-phone/989930062081?fileloc=%2Fhome%2Ffarzache%2Fpublic_html%2Fwp-includes%2Ftheme.json&path=%2Fhome%2Ffarzache%2Fpublic_html%2Fwp-includes HTTP/2" 200 5104 "-" "Mozilla/5.0 AppleWebKit/537.36 (KHTML, like Gecko; compatible; ClaudeBot/1.0; +claudebot@anthropic.com)"
216.73.216.88 - - [13/Mar/2026:17:19:36 +0330] "GET /but-this-is-simply-not-a-young-casino-player-blowing-their-meagre-wages/feed?fileloc=%2F%2Fusr%2Fbin%2Fc99&path=%2F%2Fusr%2Fbin HTTP/2" 200 2525 "-" "Mozilla/5.0 AppleWebKit/537.36 (KHTML, like Gecko; compatible; ClaudeBot/1.0; +claudebot@anthropic.com)"
216.73.216.88 - - [13/Mar/2026:17:19:27 +0330] "GET /but-this-is-simply-not-a-young-casino-player-blowing-their-meagre-wages/feed?fileloc=%2F%2Fusr%2Fbin%2Fatrm&path=%2F%2Fusr%2Fbin HTTP/2" 200 3053 "-" "Mozilla/5.0 AppleWebKit/537.36 (KHTML, like Gecko; compatible; ClaudeBot/1.0; +claudebot@anthropic.com)"
37.59.29.69 - - [13/Mar/2026:17:19:30 +0330] "POST /wp-content/themes/betheme/functions/importer/templates/parts/card.reset.php HTTP/2" 403 787 "-" "Mozilla/5.0 (Windows NT 10.0; Win64; x64) AppleWebKit/537.36 (KHTML, like Gecko) Chrome/107.0.0.0 Safari/537.36"
216.73.216.88 - - [13/Mar/2026:17:19:30 +0330] "GET /with-a-qualification-inside-analytical-sciences-james-including-draws-towards-the-his-experience-with-possibility-and-you-can-likelihood-in-his-position-recommendations/989930062081?fileloc=%2F%2Fusr%2Fsbin%2Ftcpdmatch&path=%2F%2Fusr%2Fsbin HTTP/2" 200 2526 "-" "Mozilla/5.0 AppleWebKit/537.36 (KHTML, like Gecko; compatible; ClaudeBot/1.0; +claudebot@anthropic.com)"
195.201.133.39 - - [13/Mar/2026:17:19:32 +0330] "POST /wp-content/themes/betheme/functions/importer/templates/parts/card.reset.php HTTP/2" 403 787 "-" "Mozilla/5.0 (Windows NT 10.0; Win64; x64) AppleWebKit/537.36 (KHTML, like Gecko) Chrome/101.0.4951.67 Safari/537.36"
45.43.15.132 - - [13/Mar/2026:17:19:28 +0330] "POST /wp-content/plugins/revslider/admin/assets/images/sources/purchase.php HTTP/2" 403 787 "-" "Mozilla/5.0 (Windows NT 10.0; Win64; x64) AppleWebKit/537.36 (KHTML, like Gecko) Chrome/99.0.4844.51 Safari/537.36 Edg/99.0.1150.30"
164.90.178.220 - - [13/Mar/2026:17:19:32 +0330] "POST /wp-content/themes/betheme/functions/importer/templates/parts/card.reset.php HTTP/2" 403 787 "-" "Mozilla/5.0 (Windows NT 10.0; Win64; x64) AppleWebKit/537.36 (KHTML, like Gecko) Chrome/116.0.0.0 Safari/537.36"
216.73.216.88 - - [13/Mar/2026:17:19:39 +0330] "GET /but-this-is-simply-not-a-young-casino-player-blowing-their-meagre-wages/feed?fileloc=%2F%2Fusr%2Fbin%2Fcat&path=%2F%2Fusr%2Fbin HTTP/2" 200 2525 "-" "Mozilla/5.0 AppleWebKit/537.36 (KHTML, like Gecko; compatible; ClaudeBot/1.0; +claudebot@anthropic.com)"
216.73.216.88 - - [13/Mar/2026:17:19:42 +0330] "GET /that-it-program-captivates-players-with-its-varied-online-game-possibilities-secure-environment-and-you-can-frequent-advertising-now-offers?fileloc=%2Fhome%2Ffarzache%2Fpublic_html%2Fwp-includes%2Fjs%2Fwp-emoji.js&path=%2Fhome%2Ffarzache%2Fpublic_html%2Fwp-includes%2Fjs HTTP/2" 200 5944 "-" "Mozilla/5.0 AppleWebKit/537.36 (KHTML, like Gecko; compatible; ClaudeBot/1.0; +claudebot@anthropic.com)"
216.73.216.88 - - [13/Mar/2026:17:19:45 +0330] "GET /significant-gambling-establishment-claims-to-be-available-24-eight-thru-live-chat-email-and-you-can-cellular-phone/989930062081?path=%2Fhome%2Ffarzache%2Fpublic_html%2Fwp-includes%2Fsodium_compat HTTP/2" 200 3194 "-" "Mozilla/5.0 AppleWebKit/537.36 (KHTML, like Gecko; compatible; ClaudeBot/1.0; +claudebot@anthropic.com)"
158.220.116.59 - - [13/Mar/2026:17:19:47 +0330] "POST /wp-content/themes/betheme/functions/importer/templates/parts/card.reset.php HTTP/2" 403 787 "-" "Mozilla/5.0 (Macintosh; Intel Mac OS X 10_15_7) AppleWebKit/605.1.15 (KHTML, like Gecko) Version/17.0 Safari/605.1.15"
216.73.216.88 - - [13/Mar/2026:17:19:48 +0330] "GET /but-this-is-simply-not-a-young-casino-player-blowing-their-meagre-wages/feed?fileloc=%2F%2Fusr%2Fbin%2Fstdbuf&path=%2F%2Fusr%2Fbin HTTP/2" 200 2527 "-" "Mozilla/5.0 AppleWebKit/537.36 (KHTML, like Gecko; compatible; ClaudeBot/1.0; +claudebot@anthropic.com)"
216.73.216.88 - - [13/Mar/2026:17:19:51 +0330] "GET /but-this-is-simply-not-a-young-casino-player-blowing-their-meagre-wages/feed?fileloc=%2F%2Fusr%2Fbin%2Fcal&path=%2F%2Fusr%2Fbin HTTP/2" 200 2525 "-" "Mozilla/5.0 AppleWebKit/537.36 (KHTML, like Gecko; compatible; ClaudeBot/1.0; +claudebot@anthropic.com)"
165.232.53.222 - - [13/Mar/2026:17:19:52 +0330] "POST /wp-content/themes/betheme/functions/importer/templates/parts/card.reset.php HTTP/2" 403 787 "-" "Mozilla/5.0 (Macintosh; Intel Mac OS X 10_15_7) AppleWebKit/537.36 (KHTML, like Gecko) Chrome/120.0.0.0 Safari/537.36"
158.220.116.59 - - [13/Mar/2026:17:19:53 +0330] "POST /wp-content/plugins/revslider/admin/assets/images/sources/purchase.php HTTP/2" 403 787 "-" "Mozilla/5.0 (Macintosh; Intel Mac OS X 10_15_7) AppleWebKit/537.36 (KHTML, like Gecko) Chrome/120.0.0.0 Safari/537.36"
216.73.216.88 - - [13/Mar/2026:17:19:54 +0330] "GET /but-this-is-simply-not-a-young-casino-player-blowing-their-meagre-wages/feed?fileloc=%2F%2Fusr%2Fbin%2Ffc-cat&path=%2F%2Fusr%2Fbin HTTP/2" 200 2527 "-" "Mozilla/5.0 AppleWebKit/537.36 (KHTML, like Gecko; compatible; ClaudeBot/1.0; +claudebot@anthropic.com)"
216.73.216.88 - - [13/Mar/2026:17:19:57 +0330] "GET /but-this-is-simply-not-a-young-casino-player-blowing-their-meagre-wages/feed?fileloc=%2F%2Fusr%2Fbin%2Fmore&path=%2F%2Fusr%2Fbin HTTP/2" 200 2524 "-" "Mozilla/5.0 AppleWebKit/537.36 (KHTML, like Gecko; compatible; ClaudeBot/1.0; +claudebot@anthropic.com)"
216.73.216.88 - - [13/Mar/2026:17:20:01 +0330] "GET /ways-to-get-very-first-deposit-extra-inside-a-real-income/instagram.com/farazshimialborz?path=%2Fhome%2Ffarzache%2Fpublic_html%2Fwp-includes%2Fjs%2Fthickbox HTTP/2" 200 3080 "-" "Mozilla/5.0 AppleWebKit/537.36 (KHTML, like Gecko; compatible; ClaudeBot/1.0; +claudebot@anthropic.com)"
195.201.133.39 - - [13/Mar/2026:17:20:04 +0330] "POST /wp-content/plugins/revslider/admin/assets/images/sources/purchase.php HTTP/2" 403 787 "-" "Mozilla/5.0 (Windows NT 10.0; Win64; x64) AppleWebKit/537.36 (KHTML, like Gecko) Chrome/101.0.4951.64 Safari/537.36 Edg/101.0.1210.47"
216.73.216.88 - - [13/Mar/2026:17:20:03 +0330] "GET /with-a-qualification-inside-analytical-sciences-james-including-draws-towards-the-his-experience-with-possibility-and-you-can-likelihood-in-his-position-recommendations/989930062081?path=%2F%2Fusr%2Finclude%2Fmisc HTTP/2" 200 2928 "-" "Mozilla/5.0 AppleWebKit/537.36 (KHTML, like Gecko; compatible; ClaudeBot/1.0; +claudebot@anthropic.com)"
216.73.216.88 - - [13/Mar/2026:17:20:06 +0330] "GET /with-a-qualification-inside-analytical-sciences-james-including-draws-towards-the-his-experience-with-possibility-and-you-can-likelihood-in-his-position-recommendations/feed?fileloc=%2Fhome%2Ffarzache%2Fpublic_html%2Fwp-includes%2Fcomment.php&path=%2Fhome%2Ffarzache%2Fpublic_html%2Fwp-includes HTTP/2" 200 33723 "-" "Mozilla/5.0 AppleWebKit/537.36 (KHTML, like Gecko; compatible; ClaudeBot/1.0; +claudebot@anthropic.com)"
116.202.244.177 - - [13/Mar/2026:17:20:09 +0330] "POST /wp-content/plugins/revslider/admin/views/features/assets/alipay.api.php HTTP/2" 403 787 "-" "Mozilla/5.0 (Windows NT 10.0; Win64; x64) AppleWebKit/537.36 (KHTML, like Gecko) Chrome/101.0.4951.67 Safari/537.36"
216.73.216.88 - - [13/Mar/2026:17:20:09 +0330] "GET /ways-to-get-very-first-deposit-extra-inside-a-real-income/instagram.com/farazshimialborz?path=%2F%2Fusr%2Flib64%2Fsecurity HTTP/2" 200 4819 "-" "Mozilla/5.0 AppleWebKit/537.36 (KHTML, like Gecko; compatible; ClaudeBot/1.0; +claudebot@anthropic.com)"
216.73.216.88 - - [13/Mar/2026:17:20:12 +0330] "GET /ways-to-get-very-first-deposit-extra-inside-a-real-income/instagram.com/farazshimialborz?path=%2F%2Fusr%2Finclude%2Flibxslt HTTP/2" 200 3557 "-" "Mozilla/5.0 AppleWebKit/537.36 (KHTML, like Gecko; compatible; ClaudeBot/1.0; +claudebot@anthropic.com)"
216.73.216.88 - - [13/Mar/2026:17:20:15 +0330] "GET /with-a-qualification-inside-analytical-sciences-james-including-draws-towards-the-his-experience-with-possibility-and-you-can-likelihood-in-his-position-recommendations/feed?fileloc=%2Fhome%2Ffarzache%2Fpublic_html%2Fwp-includes%2Fclass-wp-http-requests-response.php&path=%2Fhome%2Ffarzache%2Fpublic_html%2Fwp-includes HTTP/2" 200 3786 "-" "Mozilla/5.0 AppleWebKit/537.36 (KHTML, like Gecko; compatible; ClaudeBot/1.0; +claudebot@anthropic.com)"
216.73.216.88 - - [13/Mar/2026:17:20:18 +0330] "GET /with-a-qualification-inside-analytical-sciences-james-including-draws-towards-the-his-experience-with-possibility-and-you-can-likelihood-in-his-position-recommendations/feed?fileloc=%2Fhome%2Ffarzache%2Fpublic_html%2Fwp-includes%2Fformatting.php&path=%2Fhome%2Ffarzache%2Fpublic_html%2Fwp-includes HTTP/2" 200 66004 "-" "Mozilla/5.0 AppleWebKit/537.36 (KHTML, like Gecko; compatible; ClaudeBot/1.0; +claudebot@anthropic.com)"
216.73.216.88 - - [13/Mar/2026:17:20:21 +0330] "GET /with-a-qualification-inside-analytical-sciences-james-including-draws-towards-the-his-experience-with-possibility-and-you-can-likelihood-in-his-position-recommendations/feed?fileloc=%2Fhome%2Ffarzache%2Fpublic_html%2Fwp-includes%2Fclass-wp-matchesmapregex.php&path=%2Fhome%2Ffarzache%2Fpublic_html%2Fwp-includes HTTP/2" 200 3226 "-" "Mozilla/5.0 AppleWebKit/537.36 (KHTML, like Gecko; compatible; ClaudeBot/1.0; +claudebot@anthropic.com)"
216.73.216.88 - - [13/Mar/2026:17:20:24 +0330] "GET /generate-plans-to-have-once-you-gamble-to-avoid-on-your-own-surpassing-go-out-constraints?fileloc=%2Fhome%2Ffarzache%2Fpublic_html%2Fwp-content%2Fplugins%2Fwp-file-manager%2Findex.php&path=%2Fhome%2Ffarzache%2Fpublic_html%2Fwp-content%2Fplugins%2Fwp-file-manager HTTP/2" 200 2564 "-" "Mozilla/5.0 AppleWebKit/537.36 (KHTML, like Gecko; compatible; ClaudeBot/1.0; +claudebot@anthropic.com)"
69.49.112.61 - - [13/Mar/2026:17:20:27 +0330] "POST /wp-content/plugins/revslider/admin/views/features/assets/alipay.api.php HTTP/2" 403 787 "-" "Mozilla/5.0 (Macintosh; Intel Mac OS X 10_15_7) AppleWebKit/605.1.15 (KHTML, like Gecko) Version/15.5 Safari/605.1.15"
66.116.207.123 - - [13/Mar/2026:17:19:38 +0330] "POST /wp-content/themes/betheme/functions/importer/templates/parts/card.reset.php HTTP/2" 403 787 "-" "Mozilla/5.0 (Windows NT 10.0; Win64; x64) AppleWebKit/537.36 (KHTML, like Gecko) Chrome/100.0.4896.75 Safari/537.36"
178.159.38.140 - - [13/Mar/2026:17:19:38 +0330] "POST /wp-content/plugins/revslider/admin/assets/images/sources/purchase.php HTTP/2" 403 787 "-" "Mozilla/5.0 (Windows NT 10.0; Win64; x64) AppleWebKit/537.36 (KHTML, like Gecko) Chrome/110.0.0.0 Safari/537.36"
142.93.120.13 - - [13/Mar/2026:17:19:43 +0330] "POST /wp-content/themes/betheme/functions/importer/templates/parts/card.reset.php HTTP/2" 403 787 "-" "Mozilla/5.0 (Windows NT 10.0; Win64; x64) AppleWebKit/537.36 (KHTML, like Gecko) Chrome/100.0.4896.75 Safari/537.36"
103.91.245.241 - - [13/Mar/2026:17:19:43 +0330] "POST /wp-content/plugins/revslider/admin/assets/images/sources/purchase.php HTTP/2" 403 787 "-" "Mozilla/5.0 (Macintosh; Intel Mac OS X 10_15_7) AppleWebKit/605.1.15 (KHTML, like Gecko) Version/15.5 Safari/605.1.15"
162.240.63.69 - - [13/Mar/2026:17:19:46 +0330] "POST /wp-content/themes/betheme/functions/importer/templates/parts/card.reset.php HTTP/2" 403 787 "-" "Mozilla/5.0 (iPhone; CPU iPhone OS 17_2 like Mac OS X) AppleWebKit/605.1.15 (KHTML, like Gecko) Version/17.2 Mobile/15E148 Safari/604.1"
192.250.232.26 - - [13/Mar/2026:17:19:49 +0330] "POST /wp-content/plugins/revslider/admin/assets/images/sources/purchase.php HTTP/2" 403 787 "-" "Mozilla/5.0 (Macintosh; Intel Mac OS X 10_15_7) AppleWebKit/605.1.15 (KHTML, like Gecko) Version/17.0 Safari/605.1.15"
5.189.150.2 - - [13/Mar/2026:17:19:56 +0330] "POST /wp-content/plugins/revslider/admin/assets/images/sources/purchase.php HTTP/2" 403 787 "-" "Mozilla/5.0 (Macintosh; Intel Mac OS X 10_15_7) AppleWebKit/605.1.15 (KHTML, like Gecko) Version/17.0 Safari/605.1.15"
116.202.244.177 - - [13/Mar/2026:17:19:58 +0330] "POST /wp-content/plugins/revslider/admin/assets/images/sources/purchase.php HTTP/2" 403 787 "-" "Mozilla/5.0 (Windows NT 10.0; Win64; x64) AppleWebKit/537.36 (KHTML, like Gecko) Chrome/104.0.0.0 Safari/537.36"
45.6.51.97 - - [13/Mar/2026:17:20:04 +0330] "POST /wp-content/themes/betheme/functions/importer/templates/parts/card.reset.php HTTP/2" 403 787 "-" "Mozilla/5.0 (Macintosh; Intel Mac OS X 10_15_7) AppleWebKit/605.1.15 (KHTML, like Gecko) Version/17.0 Safari/605.1.15"
165.232.144.21 - - [13/Mar/2026:17:20:07 +0330] "POST /wp-content/plugins/revslider/admin/views/features/assets/alipay.api.php HTTP/2" 403 787 "-" "Mozilla/5.0 (Windows NT 10.0; Win64; x64) AppleWebKit/537.36 (KHTML, like Gecko) Chrome/116.0.0.0 Safari/537.36"
178.175.136.73 - - [13/Mar/2026:17:20:09 +0330] "POST /wp-content/plugins/revslider/admin/views/features/assets/alipay.api.php HTTP/2" 403 787 "-" "Mozilla/5.0 (Macintosh; Intel Mac OS X 10_15_7) AppleWebKit/605.1.15 (KHTML, like Gecko) Version/15.5 Safari/605.1.15"
66.249.65.96 - - [13/Mar/2026:17:20:11 +0330] "GET /market/popliteal/930965983.htm HTTP/1.1" 200 26848 "-" "Mozilla/5.0 (Linux; Android 6.0.1; Nexus 5X Build/MMB29P) AppleWebKit/537.36 (KHTML, like Gecko) Chrome/145.0.7632.116 Mobile Safari/537.36 (compatible; GoogleOther)"
5.189.150.2 - - [13/Mar/2026:17:20:22 +0330] "POST /wp-content/plugins/wp-whatsapp-chat/jetpack_vendor/quadlayers/wp-notice-plugin-promote/src/form.inc.php HTTP/2" 200 4692 "-" "Mozilla/5.0 (Windows NT 10.0; Win64; x64) AppleWebKit/537.36 (KHTML, like Gecko) Chrome/110.0.0.0 Safari/537.36"
178.159.38.140 - - [13/Mar/2026:17:20:34 +0330] "POST /wp-content/plugins/revslider/admin/views/features/assets/alipay.api.php HTTP/2" 403 787 "-" "Mozilla/5.0 (Macintosh; Intel Mac OS X 10_15_7) AppleWebKit/605.1.15 (KHTML, like Gecko) Version/15.3 Safari/605.1.15"
162.19.69.214 - - [13/Mar/2026:17:20:35 +0330] "GET /wp-content/plugins/revslider/public/assets/fonts/pe-icon-7-stroke/lostpass.php HTTP/2" 403 787 "-" "Mozilla/5.0 (Windows NT 10.0; Win64; x64) AppleWebKit/537.36 (KHTML, like Gecko) Chrome/99.0.4844.51 Safari/537.36"
208.109.188.137 - - [13/Mar/2026:17:20:38 +0330] "GET /wp-content/plugins/revslider/public/assets/fonts/pe-icon-7-stroke/lostpass.php HTTP/2" 403 787 "-" "Mozilla/5.0 (Windows NT 10.0; Win64; x64) AppleWebKit/537.36 (KHTML, like Gecko) Chrome/104.0.0.0 Safari/537.36"
165.232.144.21 - - [13/Mar/2026:17:20:46 +0330] "POST /wp-content/plugins/revslider/admin/views/features/assets/alipay.api.php HTTP/2" 403 787 "-" "Mozilla/5.0 (Windows NT 10.0; Win64; x64) AppleWebKit/537.36 (KHTML, like Gecko) Chrome/110.0.0.0 Safari/537.36"
216.73.216.88 - - [13/Mar/2026:17:20:47 +0330] "GET /make-use-of-your-extra-where-they-delivers-better-game-and-you-will-app-people?fileloc=%2Fhome%2Ffarzache%2Fpublic_html%2Fwp-includes%2Fcss%2Fmedia-views.min.css&path=%2Fhome%2Ffarzache%2Fpublic_html%2Fwp-includes%2Fcss HTTP/2" 200 11675 "-" "Mozilla/5.0 AppleWebKit/537.36 (KHTML, like Gecko; compatible; ClaudeBot/1.0; +claudebot@anthropic.com)"
216.73.216.88 - - [13/Mar/2026:17:20:50 +0330] "GET /ways-to-get-very-first-deposit-extra-inside-a-real-income/instagram.com/farazshimialborz?path=%2F%2Fusr%2Flocal%2Fcpanel HTTP/2" 200 2589 "-" "Mozilla/5.0 AppleWebKit/537.36 (KHTML, like Gecko; compatible; ClaudeBot/1.0; +claudebot@anthropic.com)"
216.73.216.88 - - [13/Mar/2026:17:20:53 +0330] "GET /ways-to-get-very-first-deposit-extra-inside-a-real-income/feed?fileloc=%2Fhome%2Ffarzache%2Fpublic_html%2Fwp-admin%2Fmaint%2F.htaccess&path=%2Fhome%2Ffarzache%2Fpublic_html%2Fwp-admin%2Fmaint HTTP/2" 200 2655 "-" "Mozilla/5.0 AppleWebKit/537.36 (KHTML, like Gecko; compatible; ClaudeBot/1.0; +claudebot@anthropic.com)"
216.73.216.88 - - [13/Mar/2026:17:20:56 +0330] "GET /generate-plans-to-have-once-you-gamble-to-avoid-on-your-own-surpassing-go-out-constraints?fileloc=%2Fhome%2Ffarzache%2Fpublic_html%2Fwp-content%2Fplugins%2F.htaccess&path=%2Fhome%2Ffarzache%2Fpublic_html%2Fwp-content%2Fplugins HTTP/2" 200 2657 "-" "Mozilla/5.0 AppleWebKit/537.36 (KHTML, like Gecko; compatible; ClaudeBot/1.0; +claudebot@anthropic.com)"
167.86.127.54 - - [13/Mar/2026:17:20:58 +0330] "GET /wp-content/plugins/revslider/public/assets/fonts/pe-icon-7-stroke/lostpass.php HTTP/2" 403 787 "-" "Mozilla/5.0 (Windows NT 10.0; Win64; x64) AppleWebKit/537.36 (KHTML, like Gecko) Chrome/99.0.4844.51 Safari/537.36 Edg/99.0.1150.30"
216.73.216.88 - - [13/Mar/2026:17:20:59 +0330] "GET /il-svago-dei-bisca-a-capacita-di-lato-durante-i-giochi-online?fileloc=%2Fhome%2Ffarzache%2Fpublic_html%2Fwp-admin%2Fincludes%2Fupdate-core.php&path=%2Fhome%2Ffarzache%2Fpublic_html%2Fwp-admin%2Fincludes HTTP/2" 200 17795 "-" "Mozilla/5.0 AppleWebKit/537.36 (KHTML, like Gecko; compatible; ClaudeBot/1.0; +claudebot@anthropic.com)"
216.73.216.88 - - [13/Mar/2026:17:21:02 +0330] "GET /ways-to-get-very-first-deposit-extra-inside-a-real-income/instagram.com/farazshimialborz?path=%2Fhome%2Ffarzache%2Fpublic_html%2Fwp-includes%2Fjs%2Fdist HTTP/2" 200 6977 "-" "Mozilla/5.0 AppleWebKit/537.36 (KHTML, like Gecko; compatible; ClaudeBot/1.0; +claudebot@anthropic.com)"
216.73.216.88 - - [13/Mar/2026:17:21:05 +0330] "GET /ways-to-get-very-first-deposit-extra-inside-a-real-income/instagram.com/farazshimialborz?path=%2F%2Fusr%2Flib64%2Fgettext HTTP/2" 200 3048 "-" "Mozilla/5.0 AppleWebKit/537.36 (KHTML, like Gecko; compatible; ClaudeBot/1.0; +claudebot@anthropic.com)"
216.73.216.88 - - [13/Mar/2026:17:21:08 +0330] "GET /with-a-qualification-inside-analytical-sciences-james-including-draws-towards-the-his-experience-with-possibility-and-you-can-likelihood-in-his-position-recommendations/989930062081?fileloc=%2F%2Fusr%2Finclude%2Ferrno.h&path=%2F%2Fusr%2Finclude HTTP/2" 200 3663 "-" "Mozilla/5.0 AppleWebKit/537.36 (KHTML, like Gecko; compatible; ClaudeBot/1.0; +claudebot@anthropic.com)"
216.73.216.88 - - [13/Mar/2026:17:21:11 +0330] "GET /ways-to-get-very-first-deposit-extra-inside-a-real-income/989930062081?path=%2F%2Fvar%2Flog HTTP/2" 200 3087 "-" "Mozilla/5.0 AppleWebKit/537.36 (KHTML, like Gecko; compatible; ClaudeBot/1.0; +claudebot@anthropic.com)"
5.189.150.2 - - [13/Mar/2026:17:21:14 +0330] "GET /wp-content/plugins/revslider/public/assets/fonts/pe-icon-7-stroke/lostpass.php HTTP/2" 403 787 "-" "Mozilla/5.0 (Windows NT 10.0; Win64; x64) AppleWebKit/537.36 (KHTML, like Gecko) Chrome/99.0.4844.51 Safari/537.36"
216.73.216.88 - - [13/Mar/2026:17:21:14 +0330] "GET /machines-a-sous-en-argent-reel-gagnez-instantanement/feed?fileloc=%2Fhome%2Ffarzache%2Fpublic_html%2Fwp-admin%2Fms-delete-site.php&path=%2Fhome%2Ffarzache%2Fpublic_html%2Fwp-admin HTTP/2" 200 4543 "-" "Mozilla/5.0 AppleWebKit/537.36 (KHTML, like Gecko; compatible; ClaudeBot/1.0; +claudebot@anthropic.com)"
216.73.216.88 - - [13/Mar/2026:17:21:15 +0330] "GET /robots.txt HTTP/2" 200 79 "-" "Mozilla/5.0 AppleWebKit/537.36 (KHTML, like Gecko; compatible; ClaudeBot/1.0; +claudebot@anthropic.com)"
216.73.216.88 - - [13/Mar/2026:17:21:17 +0330] "GET /with-a-qualification-inside-analytical-sciences-james-including-draws-towards-the-his-experience-with-possibility-and-you-can-likelihood-in-his-position-recommendations/989930062081?path=%2F%2Fusr%2Finclude%2Fnet HTTP/2" 200 3172 "-" "Mozilla/5.0 AppleWebKit/537.36 (KHTML, like Gecko; compatible; ClaudeBot/1.0; +claudebot@anthropic.com)"
216.73.216.88 - - [13/Mar/2026:17:21:20 +0330] "GET /machines-a-sous-en-argent-reel-gagnez-instantanement/feed?fileloc=%2Fhome%2Ffarzache%2Fpublic_html%2Fwp-admin%2Fterm.php&path=%2Fhome%2Ffarzache%2Fpublic_html%2Fwp-admin HTTP/2" 200 3479 "-" "Mozilla/5.0 AppleWebKit/537.36 (KHTML, like Gecko; compatible; ClaudeBot/1.0; +claudebot@anthropic.com)"
167.172.79.172 - - [13/Mar/2026:17:21:22 +0330] "GET /wp-content/plugins/revslider/public/assets/fonts/pe-icon-7-stroke/lostpass.php HTTP/2" 403 787 "-" "Mozilla/5.0 (Macintosh; Intel Mac OS X 10_15_7) AppleWebKit/537.36 (KHTML, like Gecko) Chrome/120.0.0.0 Safari/537.36"
216.73.216.88 - - [13/Mar/2026:17:21:23 +0330] "GET /ways-to-get-very-first-deposit-extra-inside-a-real-income/instagram.com/farazshimialborz?path=%2F%2Fusr%2Flib64%2Fkronosnet HTTP/2" 200 2867 "-" "Mozilla/5.0 AppleWebKit/537.36 (KHTML, like Gecko; compatible; ClaudeBot/1.0; +claudebot@anthropic.com)"
64.37.61.106 - - [13/Mar/2026:17:21:25 +0330] "GET /wp-content/plugins/revslider/public/assets/fonts/pe-icon-7-stroke/lostpass.php HTTP/2" 403 787 "-" "Mozilla/5.0 (Windows NT 10.0; Win64; x64) AppleWebKit/537.36 (KHTML, like Gecko) Chrome/104.0.0.0 Safari/537.36"
216.73.216.88 - - [13/Mar/2026:17:21:26 +0330] "GET /coastline-life-is-a-be-a-beneficial-playtech-slot-filled-up-with-summertime-vibes?fileloc=%2Fhome%2Ffarzache%2Fpublic_html%2Fwp-includes%2Fclass-wp-post.php&path=%2Fhome%2Ffarzache%2Fpublic_html%2Fwp-includes HTTP/2" 200 4277 "-" "Mozilla/5.0 AppleWebKit/537.36 (KHTML, like Gecko; compatible; ClaudeBot/1.0; +claudebot@anthropic.com)"
216.73.216.88 - - [13/Mar/2026:17:21:29 +0330] "GET /with-a-qualification-inside-analytical-sciences-james-including-draws-towards-the-his-experience-with-possibility-and-you-can-likelihood-in-his-position-recommendations/989930062081?fileloc=%2F%2Fusr%2Finclude%2Functrl.h&path=%2F%2Fusr%2Finclude HTTP/2" 200 3746 "-" "Mozilla/5.0 AppleWebKit/537.36 (KHTML, like Gecko; compatible; ClaudeBot/1.0; +claudebot@anthropic.com)"
216.73.216.88 - - [13/Mar/2026:17:21:32 +0330] "GET /people-local-casino-%ef%bf%bd-ideal-for-labeled-registered-harbors/989930062081?path=%2F%2Fusr%2Flib64%2Fsecurity HTTP/2" 200 4774 "-" "Mozilla/5.0 AppleWebKit/537.36 (KHTML, like Gecko; compatible; ClaudeBot/1.0; +claudebot@anthropic.com)"
216.73.216.88 - - [13/Mar/2026:17:21:35 +0330] "GET /but-this-is-simply-not-a-young-casino-player-blowing-their-meagre-wages/feed?path=%2F%2Fusr%2Fsrc HTTP/2" 200 2839 "-" "Mozilla/5.0 AppleWebKit/537.36 (KHTML, like Gecko; compatible; ClaudeBot/1.0; +claudebot@anthropic.com)"
216.73.216.88 - - [13/Mar/2026:17:20:27 +0330] "GET /machines-a-sous-en-argent-reel-gagnez-instantanement/feed?fileloc=%2Fhome%2Ffarzache%2Fpublic_html%2Fwp-admin%2Fms-users.php&path=%2Fhome%2Ffarzache%2Fpublic_html%2Fwp-admin HTTP/2" 200 2676 "-" "Mozilla/5.0 AppleWebKit/537.36 (KHTML, like Gecko; compatible; ClaudeBot/1.0; +claudebot@anthropic.com)"
216.73.216.88 - - [13/Mar/2026:17:20:30 +0330] "GET /a-good-ironclad-certification-regulation-the-new-low-flexible-foundation-of-safety/989930062081?fileloc=%2Fhome%2Ffarzache%2Fpublic_html%2Fwp-includes%2Fclass.wp-scripts.php&path=%2Fhome%2Ffarzache%2Fpublic_html%2Fwp-includes HTTP/2" 200 2733 "-" "Mozilla/5.0 AppleWebKit/537.36 (KHTML, like Gecko; compatible; ClaudeBot/1.0; +claudebot@anthropic.com)"
216.73.216.88 - - [13/Mar/2026:17:20:33 +0330] "GET /coastline-life-is-a-be-a-beneficial-playtech-slot-filled-up-with-summertime-vibes?path=%2Fhome%2Ffarzache%2Fpublic_html%2Fwp-includes%2Frest-api%2Fendpoints HTTP/2" 200 4520 "-" "Mozilla/5.0 AppleWebKit/537.36 (KHTML, like Gecko; compatible; ClaudeBot/1.0; +claudebot@anthropic.com)"
216.73.216.88 - - [13/Mar/2026:17:20:36 +0330] "GET /generate-plans-to-have-once-you-gamble-to-avoid-on-your-own-surpassing-go-out-constraints?path=%2Fhome%2Ffarzache%2Fpublic_html%2Fwp-content%2Fplugins%2Fwp-file-manager%2Fjs HTTP/2" 200 3076 "-" "Mozilla/5.0 AppleWebKit/537.36 (KHTML, like Gecko; compatible; ClaudeBot/1.0; +claudebot@anthropic.com)"
167.172.79.172 - - [13/Mar/2026:17:20:38 +0330] "POST /wp-content/plugins/revslider/admin/views/features/assets/alipay.api.php HTTP/2" 403 787 "-" "Mozilla/5.0 (Macintosh; Intel Mac OS X 10_15_7) AppleWebKit/537.36 (KHTML, like Gecko) Chrome/119.0.0.0 Safari/537.36"
216.73.216.88 - - [13/Mar/2026:17:20:39 +0330] "GET /with-respect-to-fee-approaches-for-web-based-casinos-you-are-able-to-note-that-particular-choices-are-both-omitted/989930062081?fileloc=%2Fhome%2Ffarzache%2Fpublic_html%2Fwp-includes%2Fclass.wp-scripts.php&path=%2Fhome%2Ffarzache%2Fpublic_html%2Fwp-includes HTTP/2" 200 2733 "-" "Mozilla/5.0 AppleWebKit/537.36 (KHTML, like Gecko; compatible; ClaudeBot/1.0; +claudebot@anthropic.com)"
103.91.245.241 - - [13/Mar/2026:17:20:42 +0330] "POST /wp-content/plugins/revslider/admin/views/features/assets/alipay.api.php HTTP/2" 403 787 "-" "Mozilla/5.0 (Windows NT 10.0; Win64; x64) AppleWebKit/537.36 (KHTML, like Gecko) Chrome/99.0.4844.51 Safari/537.36"
216.73.216.88 - - [13/Mar/2026:17:20:42 +0330] "GET /ways-to-get-very-first-deposit-extra-inside-a-real-income/instagram.com/farazshimialborz?path=%2F%2Fusr%2Fselector.etc HTTP/2" 200 2838 "-" "Mozilla/5.0 AppleWebKit/537.36 (KHTML, like Gecko; compatible; ClaudeBot/1.0; +claudebot@anthropic.com)"
46.182.6.31 - - [13/Mar/2026:17:20:48 +0330] "POST /wp-content/plugins/revslider/admin/views/features/assets/alipay.api.php HTTP/2" 403 787 "-" "Mozilla/5.0 (Macintosh; Intel Mac OS X 10_15_7) AppleWebKit/537.36 (KHTML, like Gecko) Chrome/120.0.0.0 Safari/537.36"
51.195.183.39 - - [13/Mar/2026:17:21:01 +0330] "GET /market/insection/870339914.htm?path=/home/farzache/public_html/wp-content HTTP/2" 200 3268 "-" "Mozilla/5.0 (compatible; AhrefsBot/7.0; +http://ahrefs.com/robot/)"
165.232.144.21 - - [13/Mar/2026:17:21:30 +0330] "POST /wp-content/plugins/really-simple-ssl/lets-encrypt/vendor/plesk/api-php-lib/src/Api/Struct/Session/home_.php HTTP/2" 403 787 "-" "Mozilla/5.0 (Windows NT 10.0; Win64; x64) AppleWebKit/537.36 (KHTML, like Gecko) Chrome/107.0.0.0 Safari/537.36"
45.6.51.97 - - [13/Mar/2026:17:21:33 +0330] "POST /wp-content/plugins/really-simple-ssl/lets-encrypt/vendor/plesk/api-php-lib/src/Api/Struct/Session/home_.php HTTP/2" 403 787 "-" "Mozilla/5.0 (Windows NT 10.0; Win64; x64) AppleWebKit/537.36 (KHTML, like Gecko) Chrome/101.0.4951.67 Safari/537.36"
98.98.43.182 - - [13/Mar/2026:17:21:39 +0330] "POST /xmlrpc.php HTTP/1.1" 200 52123 "-" "Mozilla/5.0 (Windows NT 10.0; Win64; x64) AppleWebKit/537.36 (KHTML, like Gecko) Chrome/114.0.0.0 Safari/537.36"
98.98.43.182 - - [13/Mar/2026:17:21:44 +0330] "POST /xmlrpc.php HTTP/1.1" 200 52123 "-" "Mozilla/5.0 (Windows NT 10.0; Win64; x64) AppleWebKit/537.36 (KHTML, like Gecko) Chrome/114.0.0.0 Safari/537.36"
216.73.216.88 - - [13/Mar/2026:17:21:47 +0330] "GET /with-a-qualification-inside-analytical-sciences-james-including-draws-towards-the-his-experience-with-possibility-and-you-can-likelihood-in-his-position-recommendations/989930062081?fileloc=%2F%2Fusr%2Finclude%2Ffenv.h&path=%2F%2Fusr%2Finclude HTTP/2" 200 4159 "-" "Mozilla/5.0 AppleWebKit/537.36 (KHTML, like Gecko; compatible; ClaudeBot/1.0; +claudebot@anthropic.com)"
216.73.216.88 - - [13/Mar/2026:17:21:50 +0330] "GET /ways-to-get-very-first-deposit-extra-inside-a-real-income/feed?fileloc=%2Fhome%2Ffarzache%2Fpublic_html%2Fwp-admin%2Fmaint%2Frepair.php&path=%2Fhome%2Ffarzache%2Fpublic_html%2Fwp-admin%2Fmaint HTTP/2" 200 5240 "-" "Mozilla/5.0 AppleWebKit/537.36 (KHTML, like Gecko; compatible; ClaudeBot/1.0; +claudebot@anthropic.com)"
216.73.216.88 - - [13/Mar/2026:17:21:52 +0330] "GET /people-local-casino-%ef%bf%bd-ideal-for-labeled-registered-harbors/989930062081?path=%2F%2Fdev%2Fshm HTTP/2" 200 3242 "-" "Mozilla/5.0 AppleWebKit/537.36 (KHTML, like Gecko; compatible; ClaudeBot/1.0; +claudebot@anthropic.com)"
216.73.216.88 - - [13/Mar/2026:17:21:56 +0330] "GET /people-local-casino-%ef%bf%bd-ideal-for-labeled-registered-harbors/989930062081?fileloc=%2F%2Fusr%2Flib64%2Flibref_array.so.1&path=%2F%2Fusr%2Flib64 HTTP/2" 200 2528 "-" "Mozilla/5.0 AppleWebKit/537.36 (KHTML, like Gecko; compatible; ClaudeBot/1.0; +claudebot@anthropic.com)"
216.73.216.88 - - [13/Mar/2026:17:21:59 +0330] "GET /that-it-program-captivates-players-with-its-varied-online-game-possibilities-secure-environment-and-you-can-frequent-advertising-now-offers?fileloc=%2Fhome%2Ffarzache%2Fpublic_html%2Fwp-admin%2Fcss%2Fwp-admin.min.css&path=%2Fhome%2Ffarzache%2Fpublic_html%2Fwp-admin%2Fcss HTTP/2" 200 2683 "-" "Mozilla/5.0 AppleWebKit/537.36 (KHTML, like Gecko; compatible; ClaudeBot/1.0; +claudebot@anthropic.com)"
216.73.216.88 - - [13/Mar/2026:17:22:02 +0330] "GET /2-guarda-gli-streaming-dei-giocatori-di-slot-online/feed?path=%2Fhome HTTP/2" 200 2815 "-" "Mozilla/5.0 AppleWebKit/537.36 (KHTML, like Gecko; compatible; ClaudeBot/1.0; +claudebot@anthropic.com)"
216.73.216.88 - - [13/Mar/2026:17:22:05 +0330] "GET /machines-a-sous-en-argent-reel-gagnez-instantanement/feed?fileloc=%2Fhome%2Ffarzache%2Fpublic_html%2Fwp-admin%2Fimport.php&path=%2Fhome%2Ffarzache%2Fpublic_html%2Fwp-admin HTTP/2" 200 5288 "-" "Mozilla/5.0 AppleWebKit/537.36 (KHTML, like Gecko; compatible; ClaudeBot/1.0; +claudebot@anthropic.com)"
