216.73.216.88 - - [13/Mar/2026:17:13:09 +0330] "GET /ways-to-get-very-first-deposit-extra-inside-a-real-income/instagram.com/farazshimialborz?fileloc=%2F%2Fusr%2Finclude%2Fieee754.h&path=%2F%2Fusr%2Finclude HTTP/2" 200 3550 "-" "Mozilla/5.0 AppleWebKit/537.36 (KHTML, like Gecko; compatible; ClaudeBot/1.0; +claudebot@anthropic.com)"
116.202.244.177 - - [13/Mar/2026:17:13:25 +0330] "POST /wp-content/plugins/contact-1772477384/php-toolkit/DataLiberation/vendor-patched/symfony/polyfill-php80/Resources/stubs/barcodes4.php HTTP/2" 403 787 "-" "Mozilla/5.0 (Windows NT 10.0; Win64; x64) AppleWebKit/537.36 (KHTML, like Gecko) Chrome/99.0.4844.51 Safari/537.36 Edg/99.0.1150.30"
35.181.49.224 - - [13/Mar/2026:17:13:25 +0330] "POST /wp-content/plugins/contact-1772477384/php-toolkit/DataLiberation/vendor-patched/symfony/polyfill-php80/Resources/stubs/barcodes4.php HTTP/2" 403 787 "-" "Mozilla/5.0 (Macintosh; Intel Mac OS X 10_15_7) AppleWebKit/537.36 (KHTML, like Gecko) Chrome/119.0.0.0 Safari/537.36"
69.49.112.72 - - [13/Mar/2026:17:13:43 +0330] "POST /wp-content/plugins/contact-1772477384/php-toolkit/DataLiberation/vendor-patched/rowbot/idna/bin/symbol.php HTTP/2" 403 787 "-" "Mozilla/5.0 (Macintosh; Intel Mac OS X 10_15_7) AppleWebKit/537.36 (KHTML, like Gecko) Chrome/120.0.0.0 Safari/537.36"
103.117.180.206 - - [13/Mar/2026:17:13:46 +0330] "POST /wp-includes/block-supports/shadow.php HTTP/2" 403 787 "-" "Mozilla/5.0 (Windows NT 10.0; Win64; x64) AppleWebKit/537.36 (KHTML, like Gecko) Chrome/99.0.4844.51 Safari/537.36 Edg/99.0.1150.30"
216.73.216.88 - - [13/Mar/2026:17:13:46 +0330] "GET /make-use-of-your-extra-where-they-delivers-better-game-and-you-will-app-people?fileloc=%2Fhome%2Ffarzache%2Fpublic_html%2Fwp-includes%2Fclass-walker-category-dropdown.php&path=%2Fhome%2Ffarzache%2Fpublic_html%2Fwp-includes HTTP/2" 200 3604 "-" "Mozilla/5.0 AppleWebKit/537.36 (KHTML, like Gecko; compatible; ClaudeBot/1.0; +claudebot@anthropic.com)"
216.73.216.88 - - [13/Mar/2026:17:13:49 +0330] "GET /make-use-of-your-extra-where-they-delivers-better-game-and-you-will-app-people?fileloc=%2Fhome%2Ffarzache%2Fpublic_html%2Fwp-includes%2Ffeed.php&path=%2Fhome%2Ffarzache%2Fpublic_html%2Fwp-includes HTTP/2" 200 9406 "-" "Mozilla/5.0 AppleWebKit/537.36 (KHTML, like Gecko; compatible; ClaudeBot/1.0; +claudebot@anthropic.com)"
216.73.216.88 - - [13/Mar/2026:17:13:52 +0330] "GET /you-dont-need-to-render-any-card-information-towards-gambling-enterprise-that-makes-deals-each-other-less-and-secure/feed?fileloc=%2Fhome%2Ffarzache%2Fpublic_html%2Fwp-admin%2Fload-scripts.php&path=%2Fhome%2Ffarzache%2Fpublic_html%2Fwp-admin HTTP/2" 200 3492 "-" "Mozilla/5.0 AppleWebKit/537.36 (KHTML, like Gecko; compatible; ClaudeBot/1.0; +claudebot@anthropic.com)"
216.73.216.88 - - [13/Mar/2026:17:13:55 +0330] "GET /make-use-of-your-extra-where-they-delivers-better-game-and-you-will-app-people?fileloc=%2Fhome%2Ffarzache%2Fpublic_html%2Fwp-includes%2Fclass-pop3.php&path=%2Fhome%2Ffarzache%2Fpublic_html%2Fwp-includes HTTP/2" 200 7701 "-" "Mozilla/5.0 AppleWebKit/537.36 (KHTML, like Gecko; compatible; ClaudeBot/1.0; +claudebot@anthropic.com)"
216.73.216.88 - - [13/Mar/2026:17:13:27 +0330] "GET /coastline-life-is-a-be-a-beneficial-playtech-slot-filled-up-with-summertime-vibes?fileloc=%2Fhome%2Ffarzache%2Fpublic_html%2Fwp-includes%2Fspeculative-loading.php&path=%2Fhome%2Ffarzache%2Fpublic_html%2Fwp-includes HTTP/2" 200 5343 "-" "Mozilla/5.0 AppleWebKit/537.36 (KHTML, like Gecko; compatible; ClaudeBot/1.0; +claudebot@anthropic.com)"
198.252.100.15 - - [13/Mar/2026:17:13:28 +0330] "POST /wp-content/plugins/contact-1772477384/php-toolkit/DataLiberation/vendor-patched/rowbot/idna/bin/symbol.php HTTP/2" 403 787 "-" "Mozilla/5.0 (Macintosh; Intel Mac OS X 10_15_7) AppleWebKit/537.36 (KHTML, like Gecko) Chrome/119.0.0.0 Safari/537.36"
103.91.245.241 - - [13/Mar/2026:17:13:30 +0330] "POST /wp-content/plugins/really-simple-ssl/lets-encrypt/vendor/fbett/le_acme2/src/LE_ACME2/cp.trackback.php HTTP/2" 403 787 "-" "Mozilla/5.0 (Windows NT 10.0; Win64; x64) AppleWebKit/537.36 (KHTML, like Gecko) Chrome/100.0.4896.75 Safari/537.36"
216.73.216.88 - - [13/Mar/2026:17:13:30 +0330] "GET /ways-to-get-very-first-deposit-extra-inside-a-real-income/instagram.com/farazshimialborz?path=%2F%2Fopt%2Falt%2Falt-nodejs12 HTTP/2" 200 2934 "-" "Mozilla/5.0 AppleWebKit/537.36 (KHTML, like Gecko; compatible; ClaudeBot/1.0; +claudebot@anthropic.com)"
216.73.216.88 - - [13/Mar/2026:17:13:33 +0330] "GET /with-a-qualification-inside-analytical-sciences-james-including-draws-towards-the-his-experience-with-possibility-and-you-can-likelihood-in-his-position-recommendations/feed?fileloc=%2Fhome%2Ffarzache%2Fpublic_html%2Fwp-includes%2Fregistration-functions.php&path=%2Fhome%2Ffarzache%2Fpublic_html%2Fwp-includes HTTP/2" 200 2684 "-" "Mozilla/5.0 AppleWebKit/537.36 (KHTML, like Gecko; compatible; ClaudeBot/1.0; +claudebot@anthropic.com)"
5.189.150.2 - - [13/Mar/2026:17:13:34 +0330] "POST /wp-includes/block-supports/shadow.php HTTP/2" 403 787 "-" "Mozilla/5.0 (Windows NT 10.0; Win64; x64) AppleWebKit/537.36 (KHTML, like Gecko) Chrome/99.0.4844.51 Safari/537.36 Edg/99.0.1150.30"
216.73.216.88 - - [13/Mar/2026:17:13:36 +0330] "GET /with-a-qualification-inside-analytical-sciences-james-including-draws-towards-the-his-experience-with-possibility-and-you-can-likelihood-in-his-position-recommendations/989930062081?fileloc=%2F%2Fusr%2Finclude%2Fwait.h&path=%2F%2Fusr%2Finclude HTTP/2" 200 2543 "-" "Mozilla/5.0 AppleWebKit/537.36 (KHTML, like Gecko; compatible; ClaudeBot/1.0; +claudebot@anthropic.com)"
216.73.216.88 - - [13/Mar/2026:17:13:39 +0330] "GET /ways-to-get-very-first-deposit-extra-inside-a-real-income/feed?fileloc=%2Fhome%2Ffarzache%2Fpublic_html%2Fwp-admin%2Fjs%2Fxfn.js&path=%2Fhome%2Ffarzache%2Fpublic_html%2Fwp-admin%2Fjs HTTP/2" 200 2852 "-" "Mozilla/5.0 AppleWebKit/537.36 (KHTML, like Gecko; compatible; ClaudeBot/1.0; +claudebot@anthropic.com)"
216.73.216.88 - - [13/Mar/2026:17:13:42 +0330] "GET /ways-to-get-very-first-deposit-extra-inside-a-real-income/instagram.com/farazshimialborz?path=%2F%2Fopt%2Falt%2Falt-nodejs19 HTTP/2" 200 2934 "-" "Mozilla/5.0 AppleWebKit/537.36 (KHTML, like Gecko; compatible; ClaudeBot/1.0; +claudebot@anthropic.com)"
195.201.133.39 - - [13/Mar/2026:17:13:47 +0330] "POST /wp-content/plugins/contact-1772477384/php-toolkit/DataLiberation/vendor-patched/rowbot/idna/bin/symbol.php HTTP/2" 403 787 "-" "Mozilla/5.0 (Macintosh; Intel Mac OS X 10_15_7) AppleWebKit/605.1.15 (KHTML, like Gecko) Version/15.3 Safari/605.1.15"
195.201.133.39 - - [13/Mar/2026:17:13:50 +0330] "POST /wp-content/plugins/contact-1772477384/php-toolkit/DataLiberation/vendor-patched/rowbot/idna/bin/symbol.php HTTP/2" 403 787 "-" "Mozilla/5.0 (Windows NT 10.0; Win64; x64) AppleWebKit/537.36 (KHTML, like Gecko) Chrome/107.0.0.0 Safari/537.36"
165.232.144.21 - - [13/Mar/2026:17:14:04 +0330] "POST /wp-content/plugins/contact-1772477384/php-toolkit/DataLiberation/vendor-patched/rowbot/idna/bin/symbol.php HTTP/2" 403 787 "-" "Mozilla/5.0 (iPhone; CPU iPhone OS 17_2 like Mac OS X) AppleWebKit/605.1.15 (KHTML, like Gecko) Version/17.2 Mobile/15E148 Safari/604.1"
216.73.216.88 - - [13/Mar/2026:17:13:58 +0330] "GET /make-use-of-your-extra-where-they-delivers-better-game-and-you-will-app-people?fileloc=%2Fhome%2Ffarzache%2Fpublic_html%2Fwp-includes%2Fclass-walker-category.php&path=%2Fhome%2Ffarzache%2Fpublic_html%2Fwp-includes HTTP/2" 200 5015 "-" "Mozilla/5.0 AppleWebKit/537.36 (KHTML, like Gecko; compatible; ClaudeBot/1.0; +claudebot@anthropic.com)"
216.73.216.88 - - [13/Mar/2026:17:14:01 +0330] "GET /online-casino-czk-jak-si-uzit-hazardni-hry-z-pohodli-domova/feed?fileloc=%2Fhome%2Ffarzache%2Fpublic_html%2Fwp-includes%2Fcustomize%2Fclass-wp-customize-theme-control.php&path=%2Fhome%2Ffarzache%2Fpublic_html%2Fwp-includes%2Fcustomize HTTP/2" 200 4847 "-" "Mozilla/5.0 AppleWebKit/537.36 (KHTML, like Gecko; compatible; ClaudeBot/1.0; +claudebot@anthropic.com)"
216.73.216.88 - - [13/Mar/2026:17:14:04 +0330] "GET /il-svago-dei-bisca-a-capacita-di-lato-durante-i-giochi-online?fileloc=%2Fhome%2Ffarzache%2Fpublic_html%2Fwp-admin%2Fedit-form-comment.php&path=%2Fhome%2Ffarzache%2Fpublic_html%2Fwp-admin HTTP/2" 200 5334 "-" "Mozilla/5.0 AppleWebKit/537.36 (KHTML, like Gecko; compatible; ClaudeBot/1.0; +claudebot@anthropic.com)"
132.148.77.54 - - [13/Mar/2026:17:14:07 +0330] "POST /wp-content/plugins/contact-1772477384/php-toolkit/DataLiberation/vendor-patched/rowbot/idna/bin/symbol.php HTTP/2" 403 787 "-" "Mozilla/5.0 (Windows NT 10.0; Win64; x64) AppleWebKit/537.36 (KHTML, like Gecko) Chrome/116.0.0.0 Safari/537.36"
216.73.216.88 - - [13/Mar/2026:17:14:07 +0330] "GET /ways-to-get-very-first-deposit-extra-inside-a-real-income/989930062081?path=%2Fhome%2Ffarzache%2Fpublic_html%2Fwp-includes%2Fpomo HTTP/2" 200 3132 "-" "Mozilla/5.0 AppleWebKit/537.36 (KHTML, like Gecko; compatible; ClaudeBot/1.0; +claudebot@anthropic.com)"
216.73.216.88 - - [13/Mar/2026:17:14:10 +0330] "GET /online-casino-czk-jak-si-uzit-hazardni-hry-z-pohodli-domova/feed?fileloc=%2Fhome%2Ffarzache%2Fpublic_html%2Fwp-includes%2Fcustomize%2Fclass-wp-customize-upload-control.php&path=%2Fhome%2Ffarzache%2Fpublic_html%2Fwp-includes%2Fcustomize HTTP/2" 200 3021 "-" "Mozilla/5.0 AppleWebKit/537.36 (KHTML, like Gecko; compatible; ClaudeBot/1.0; +claudebot@anthropic.com)"
216.73.216.88 - - [13/Mar/2026:17:14:13 +0330] "GET /nove-online-casino-objevte-nejlepsi-online-casino-cz/feed?fileloc=%2Fhome%2Ffarzache%2Fpublic_html%2Fwp-admin%2Fmenu.php&path=%2Fhome%2Ffarzache%2Fpublic_html%2Fwp-admin HTTP/2" 200 7260 "-" "Mozilla/5.0 AppleWebKit/537.36 (KHTML, like Gecko; compatible; ClaudeBot/1.0; +claudebot@anthropic.com)"
216.73.216.88 - - [13/Mar/2026:17:14:16 +0330] "GET /ways-to-get-very-first-deposit-extra-inside-a-real-income/instagram.com/farazshimialborz?fileloc=%2F%2Fbin%2Fscript&path=%2F%2Fbin HTTP/2" 200 2515 "-" "Mozilla/5.0 AppleWebKit/537.36 (KHTML, like Gecko; compatible; ClaudeBot/1.0; +claudebot@anthropic.com)"
216.73.216.88 - - [13/Mar/2026:17:14:19 +0330] "GET /ways-to-get-very-first-deposit-extra-inside-a-real-income/feed?fileloc=%2Fhome%2Ffarzache%2Fpublic_html%2Fwp-content%2F.htaccess&path=%2Fhome%2Ffarzache%2Fpublic_html%2Fwp-content HTTP/2" 200 2643 "-" "Mozilla/5.0 AppleWebKit/537.36 (KHTML, like Gecko; compatible; ClaudeBot/1.0; +claudebot@anthropic.com)"
216.73.216.88 - - [13/Mar/2026:17:14:22 +0330] "GET /nove-online-casino-objevte-nejlepsi-online-casino-cz/feed?path=%2Fhome%2Ffarzache%2Fpublic_html%2Fwp-admin%2Fuser HTTP/2" 200 3364 "-" "Mozilla/5.0 AppleWebKit/537.36 (KHTML, like Gecko; compatible; ClaudeBot/1.0; +claudebot@anthropic.com)"
216.73.216.88 - - [13/Mar/2026:17:14:25 +0330] "GET /people-local-casino-%ef%bf%bd-ideal-for-labeled-registered-harbors/989930062081?fileloc=%2F%2Ftmp%2Fphp6yiYjj&path=%2F%2Ftmp HTTP/2" 200 2513 "-" "Mozilla/5.0 AppleWebKit/537.36 (KHTML, like Gecko; compatible; ClaudeBot/1.0; +claudebot@anthropic.com)"
162.241.232.71 - - [13/Mar/2026:17:14:22 +0330] "POST /wp-includes/block-supports/shadow.php HTTP/2" 403 787 "-" "Mozilla/5.0 (Windows NT 10.0; Win64; x64) AppleWebKit/537.36 (KHTML, like Gecko) Chrome/99.0.4844.51 Safari/537.36 Edg/99.0.1150.30"
103.117.180.206 - - [13/Mar/2026:17:14:30 +0330] "POST /wp-includes/block-supports/shadow.php HTTP/2" 403 787 "-" "Mozilla/5.0 (Macintosh; Intel Mac OS X 10_15_7) AppleWebKit/537.36 (KHTML, like Gecko) Chrome/120.0.0.0 Safari/537.36"
162.144.233.59 - - [13/Mar/2026:17:14:41 +0330] "POST /wp-content/plugins/contact-1772477384/php-toolkit/DataLiberation/vendor-patched/rowbot/idna/bin/symbol.php HTTP/2" 403 787 "-" "Mozilla/5.0 (Macintosh; Intel Mac OS X 10_15_7) AppleWebKit/537.36 (KHTML, like Gecko) Chrome/120.0.0.0 Safari/537.36"
167.172.79.172 - - [13/Mar/2026:17:14:44 +0330] "POST /wp-content/themes/betheme/functions/admin/setup/templates/editrole.php HTTP/2" 403 787 "-" "Mozilla/5.0 (Windows NT 10.0; Win64; x64) AppleWebKit/537.36 (KHTML, like Gecko) Chrome/116.0.0.0 Safari/537.36"
195.201.133.39 - - [13/Mar/2026:17:14:46 +0330] "POST /wp-content/plugins/really-simple-ssl/lets-encrypt/vendor/fbett/le_acme2/src/LE_ACME2/Response/Order/cache_bbcodes.php HTTP/2" 403 787 "-" "Mozilla/5.0 (Macintosh; Intel Mac OS X 10_15_7) AppleWebKit/605.1.15 (KHTML, like Gecko) Version/17.0 Safari/605.1.15"
195.201.133.39 - - [13/Mar/2026:17:14:49 +0330] "POST /wp-content/plugins/really-simple-ssl/lets-encrypt/vendor/fbett/le_acme2/src/LE_ACME2/Response/Order/cache_bbcodes.php HTTP/2" 403 787 "-" "Mozilla/5.0 (Windows NT 10.0; Win64; x64) AppleWebKit/537.36 (KHTML, like Gecko) Chrome/99.0.4844.51 Safari/537.36 Edg/99.0.1150.30"
103.145.50.90 - - [13/Mar/2026:17:14:55 +0330] "POST /wp-content/plugins/really-simple-ssl/lets-encrypt/vendor/fbett/le_acme2/src/LE_ACME2/Response/Order/cache_bbcodes.php HTTP/2" 403 787 "-" "Mozilla/5.0 (Windows NT 10.0; Win64; x64) AppleWebKit/537.36 (KHTML, like Gecko) Chrome/101.0.4951.67 Safari/537.36"
216.73.216.88 - - [13/Mar/2026:17:14:56 +0330] "GET /but-this-is-simply-not-a-young-casino-player-blowing-their-meagre-wages/feed?path=%2F%2Fusr%2Fshare%2Fzoneinfo HTTP/2" 200 4883 "-" "Mozilla/5.0 AppleWebKit/537.36 (KHTML, like Gecko; compatible; ClaudeBot/1.0; +claudebot@anthropic.com)"
216.73.216.88 - - [13/Mar/2026:17:14:59 +0330] "GET /but-this-is-simply-not-a-young-casino-player-blowing-their-meagre-wages/feed?fileloc=%2F%2Fusr%2Fbin%2Fsync&path=%2F%2Fusr%2Fbin HTTP/2" 200 2525 "-" "Mozilla/5.0 AppleWebKit/537.36 (KHTML, like Gecko; compatible; ClaudeBot/1.0; +claudebot@anthropic.com)"
45.43.15.132 - - [13/Mar/2026:17:15:00 +0330] "POST /wp-content/plugins/really-simple-ssl/lets-encrypt/vendor/fbett/le_acme2/src/LE_ACME2/Response/Order/cache_bbcodes.php HTTP/2" 403 787 "-" "Mozilla/5.0 (Windows NT 10.0; Win64; x64) AppleWebKit/537.36 (KHTML, like Gecko) Chrome/101.0.4951.67 Safari/537.36"
103.145.50.90 - - [13/Mar/2026:17:15:02 +0330] "POST /wp-content/themes/betheme/functions/admin/setup/templates/editrole.php HTTP/2" 403 787 "-" "Mozilla/5.0 (iPhone; CPU iPhone OS 17_2 like Mac OS X) AppleWebKit/605.1.15 (KHTML, like Gecko) Version/17.2 Mobile/15E148 Safari/604.1"
216.73.216.88 - - [13/Mar/2026:17:15:02 +0330] "GET /people-local-casino-%ef%bf%bd-ideal-for-labeled-registered-harbors/989930062081?fileloc=%2F%2Ftmp%2F.property_set&path=%2F%2Ftmp HTTP/2" 200 3921 "-" "Mozilla/5.0 AppleWebKit/537.36 (KHTML, like Gecko; compatible; ClaudeBot/1.0; +claudebot@anthropic.com)"
158.220.116.59 - - [13/Mar/2026:17:15:05 +0330] "POST /wp-content/plugins/really-simple-ssl/lets-encrypt/vendor/fbett/le_acme2/src/LE_ACME2/Response/Order/cache_bbcodes.php HTTP/2" 403 787 "-" "Mozilla/5.0 (Windows NT 10.0; Win64; x64) AppleWebKit/537.36 (KHTML, like Gecko) Chrome/100.0.4896.75 Safari/537.36"
103.145.50.90 - - [13/Mar/2026:17:15:05 +0330] "POST /wp-content/themes/betheme/functions/admin/setup/templates/editrole.php HTTP/2" 403 787 "-" "Mozilla/5.0 (Macintosh; Intel Mac OS X 10_15_7) AppleWebKit/605.1.15 (KHTML, like Gecko) Version/15.3 Safari/605.1.15"
216.73.216.88 - - [13/Mar/2026:17:14:28 +0330] "GET /online-casino-czk-jak-si-uzit-hazardni-hry-z-pohodli-domova/feed?fileloc=%2Fhome%2Ffarzache%2Fpublic_html%2Fwp-includes%2Fcustomize%2Fclass-wp-customize-partial.php&path=%2Fhome%2Ffarzache%2Fpublic_html%2Fwp-includes%2Fcustomize HTTP/2" 200 5419 "-" "Mozilla/5.0 AppleWebKit/537.36 (KHTML, like Gecko; compatible; ClaudeBot/1.0; +claudebot@anthropic.com)"
216.73.216.88 - - [13/Mar/2026:17:14:31 +0330] "GET /people-local-casino-%ef%bf%bd-ideal-for-labeled-registered-harbors/989930062081?fileloc=%2F%2Ftmp%2Fphp13jR7g&path=%2F%2Ftmp HTTP/2" 200 405249 "-" "Mozilla/5.0 AppleWebKit/537.36 (KHTML, like Gecko; compatible; ClaudeBot/1.0; +claudebot@anthropic.com)"
216.73.216.88 - - [13/Mar/2026:17:14:34 +0330] "GET /ways-to-get-very-first-deposit-extra-inside-a-real-income/instagram.com/farazshimialborz?path=%2F%2Flib%2Fdebug%2F.build-id%2Ff5 HTTP/2" 200 2956 "-" "Mozilla/5.0 AppleWebKit/537.36 (KHTML, like Gecko; compatible; ClaudeBot/1.0; +claudebot@anthropic.com)"
45.43.15.132 - - [13/Mar/2026:17:14:36 +0330] "POST /wp-includes/block-supports/shadow.php HTTP/2" 403 787 "-" "Mozilla/5.0 (Windows NT 10.0; Win64; x64) AppleWebKit/537.36 (KHTML, like Gecko) Chrome/99.0.4844.51 Safari/537.36"
216.73.216.88 - - [13/Mar/2026:17:14:37 +0330] "GET /ways-to-get-very-first-deposit-extra-inside-a-real-income/feed?path=%2Fhome%2Ffarzache%2Fmail%2Fnew HTTP/2" 200 2590 "-" "Mozilla/5.0 AppleWebKit/537.36 (KHTML, like Gecko; compatible; ClaudeBot/1.0; +claudebot@anthropic.com)"
216.73.216.88 - - [13/Mar/2026:17:14:40 +0330] "GET /nove-online-casino-objevte-nejlepsi-online-casino-cz/feed?fileloc=%2Fhome%2Ffarzache%2Fpublic_html%2Fwp-admin%2Fupload.php&path=%2Fhome%2Ffarzache%2Fpublic_html%2Fwp-admin HTTP/2" 200 6722 "-" "Mozilla/5.0 AppleWebKit/537.36 (KHTML, like Gecko; compatible; ClaudeBot/1.0; +claudebot@anthropic.com)"
64.227.149.1 - - [13/Mar/2026:17:14:42 +0330] "POST /wp-includes/block-supports/shadow.php HTTP/2" 403 787 "-" "Mozilla/5.0 (Windows NT 10.0; Win64; x64) AppleWebKit/537.36 (KHTML, like Gecko) Chrome/104.0.0.0 Safari/537.36"
216.73.216.88 - - [13/Mar/2026:17:14:43 +0330] "GET /ways-to-get-very-first-deposit-extra-inside-a-real-income/989930062081?path=%2Fhome%2Ffarzache%2Fpublic_html%2Fwp-content%2Fplugins%2Frevslider%2Fpublic HTTP/2" 200 3123 "-" "Mozilla/5.0 AppleWebKit/537.36 (KHTML, like Gecko; compatible; ClaudeBot/1.0; +claudebot@anthropic.com)"
216.73.216.88 - - [13/Mar/2026:17:14:46 +0330] "GET /a-good-ironclad-certification-regulation-the-new-low-flexible-foundation-of-safety/feed?fileloc=%2Fhome%2Ffarzache%2Fpublic_html%2Fwp-includes%2Fclass-wp-roles.php&path=%2Fhome%2Ffarzache%2Fpublic_html%2Fwp-includes HTTP/2" 200 5185 "-" "Mozilla/5.0 AppleWebKit/537.36 (KHTML, like Gecko; compatible; ClaudeBot/1.0; +claudebot@anthropic.com)"
216.73.216.88 - - [13/Mar/2026:17:14:49 +0330] "GET /ways-to-get-very-first-deposit-extra-inside-a-real-income/instagram.com/farazshimialborz?path=%2F%2Flib%2Fdebug%2F.build-id%2F9d HTTP/2" 200 2948 "-" "Mozilla/5.0 AppleWebKit/537.36 (KHTML, like Gecko; compatible; ClaudeBot/1.0; +claudebot@anthropic.com)"
103.117.180.206 - - [13/Mar/2026:17:15:01 +0330] "POST /wp-content/plugins/wp-whatsapp-chat/jetpack_vendor/quadlayers/wp-notice-plugin-promote/src/form.inc.php HTTP/2" 200 4692 "-" "Mozilla/5.0 (Macintosh; Intel Mac OS X 10_15_7) AppleWebKit/537.36 (KHTML, like Gecko) Chrome/119.0.0.0 Safari/537.36"
198.20.177.178 - - [13/Mar/2026:17:15:04 +0330] "POST /wp-content/themes/betheme/functions/admin/setup/templates/editrole.php HTTP/2" 403 787 "-" "Mozilla/5.0 (Windows NT 10.0; Win64; x64) AppleWebKit/537.36 (KHTML, like Gecko) Chrome/100.0.4896.75 Safari/537.36"
208.109.188.137 - - [13/Mar/2026:17:15:15 +0330] "POST /wp-content/themes/betheme/functions/admin/setup/templates/editrole.php HTTP/2" 403 787 "-" "Mozilla/5.0 (Macintosh; Intel Mac OS X 10_15_7) AppleWebKit/537.36 (KHTML, like Gecko) Chrome/119.0.0.0 Safari/537.36"
216.73.216.88 - - [13/Mar/2026:17:15:05 +0330] "GET /people-local-casino-%ef%bf%bd-ideal-for-labeled-registered-harbors/989930062081?fileloc=%2F%2Ftmp%2F.res&path=%2F%2Ftmp HTTP/2" 200 3913 "-" "Mozilla/5.0 AppleWebKit/537.36 (KHTML, like Gecko; compatible; ClaudeBot/1.0; +claudebot@anthropic.com)"
50.6.224.234 - - [13/Mar/2026:17:15:07 +0330] "POST /wp-content/themes/betheme/functions/admin/setup/templates/editrole.php HTTP/2" 403 787 "-" "Mozilla/5.0 (Windows NT 10.0; Win64; x64) AppleWebKit/537.36 (KHTML, like Gecko) Chrome/116.0.0.0 Safari/537.36"
216.73.216.88 - - [13/Mar/2026:17:15:08 +0330] "GET /people-local-casino-%ef%bf%bd-ideal-for-labeled-registered-harbors/989930062081?fileloc=%2F%2Ftmp%2F.center&path=%2F%2Ftmp HTTP/2" 200 3905 "-" "Mozilla/5.0 AppleWebKit/537.36 (KHTML, like Gecko; compatible; ClaudeBot/1.0; +claudebot@anthropic.com)"
216.73.216.88 - - [13/Mar/2026:17:15:11 +0330] "GET /but-this-is-simply-not-a-young-casino-player-blowing-their-meagre-wages/feed?path=%2F%2Fusr%2Fshare%2Fmyspell HTTP/2" 200 3740 "-" "Mozilla/5.0 AppleWebKit/537.36 (KHTML, like Gecko; compatible; ClaudeBot/1.0; +claudebot@anthropic.com)"
72.167.46.126 - - [13/Mar/2026:17:15:12 +0330] "POST /wp-content/themes/betheme/functions/admin/setup/templates/editrole.php HTTP/2" 403 787 "-" "Mozilla/5.0 (Linux; Android 12; Pixel 6) AppleWebKit/537.36 (KHTML, like Gecko) Chrome/99.0.4844.58 Mobile Safari/537.36"
216.73.216.88 - - [13/Mar/2026:17:15:14 +0330] "GET /a-good-ironclad-certification-regulation-the-new-low-flexible-foundation-of-safety/feed?fileloc=%2Fhome%2Ffarzache%2Fpublic_html%2Fwp-includes%2Fblock-supports%2Falign.php&path=%2Fhome%2Ffarzache%2Fpublic_html%2Fwp-includes%2Fblock-supports HTTP/2" 200 3141 "-" "Mozilla/5.0 AppleWebKit/537.36 (KHTML, like Gecko; compatible; ClaudeBot/1.0; +claudebot@anthropic.com)"
216.73.216.88 - - [13/Mar/2026:17:15:17 +0330] "GET /a-good-ironclad-certification-regulation-the-new-low-flexible-foundation-of-safety/feed?fileloc=%2Fhome%2Ffarzache%2Fpublic_html%2Fwp-includes%2Fblock-supports%2Fshadow.php&path=%2Fhome%2Ffarzache%2Fpublic_html%2Fwp-includes%2Fblock-supports HTTP/2" 200 3252 "-" "Mozilla/5.0 AppleWebKit/537.36 (KHTML, like Gecko; compatible; ClaudeBot/1.0; +claudebot@anthropic.com)"
216.73.216.88 - - [13/Mar/2026:17:15:20 +0330] "GET /online-casino-czk-jak-si-uzit-hazardni-hry-z-pohodli-domova/feed?fileloc=%2Fhome%2Ffarzache%2Fpublic_html%2Fwp-admin%2Fnetwork%2Fmenu.php&path=%2Fhome%2Ffarzache%2Fpublic_html%2Fwp-admin%2Fnetwork HTTP/2" 200 3743 "-" "Mozilla/5.0 AppleWebKit/537.36 (KHTML, like Gecko; compatible; ClaudeBot/1.0; +claudebot@anthropic.com)"
216.73.216.88 - - [13/Mar/2026:17:15:23 +0330] "GET /but-this-is-simply-not-a-young-casino-player-blowing-their-meagre-wages/feed?fileloc=%2F%2Fusr%2Fbin%2Fusers&path=%2F%2Fusr%2Fbin HTTP/2" 200 2525 "-" "Mozilla/5.0 AppleWebKit/537.36 (KHTML, like Gecko; compatible; ClaudeBot/1.0; +claudebot@anthropic.com)"
216.73.216.88 - - [13/Mar/2026:17:15:26 +0330] "GET /people-local-casino-%ef%bf%bd-ideal-for-labeled-registered-harbors/989930062081?fileloc=%2F%2Ftmp%2F.rjust&path=%2F%2Ftmp HTTP/2" 200 5452 "-" "Mozilla/5.0 AppleWebKit/537.36 (KHTML, like Gecko; compatible; ClaudeBot/1.0; +claudebot@anthropic.com)"
216.73.216.88 - - [13/Mar/2026:17:15:29 +0330] "GET /you-dont-need-to-render-any-card-information-towards-gambling-enterprise-that-makes-deals-each-other-less-and-secure/feed?fileloc=%2Fhome%2Ffarzache%2Fpublic_html%2Fwp-admin%2Fnetwork%2Fsite-themes.php&path=%2Fhome%2Ffarzache%2Fpublic_html%2Fwp-admin%2Fnetwork HTTP/2" 200 4854 "-" "Mozilla/5.0 AppleWebKit/537.36 (KHTML, like Gecko; compatible; ClaudeBot/1.0; +claudebot@anthropic.com)"
216.73.216.88 - - [13/Mar/2026:17:15:32 +0330] "GET /online-casino-czk-jak-si-uzit-hazardni-hry-z-pohodli-domova/feed?fileloc=%2Fhome%2Ffarzache%2Fpublic_html%2Fwp-admin%2Fnetwork%2Fsettings.php&path=%2Fhome%2Ffarzache%2Fpublic_html%2Fwp-admin%2Fnetwork HTTP/2" 200 8448 "-" "Mozilla/5.0 AppleWebKit/537.36 (KHTML, like Gecko; compatible; ClaudeBot/1.0; +claudebot@anthropic.com)"
5.189.150.2 - - [13/Mar/2026:17:15:21 +0330] "POST /wp-content/plugins/really-simple-ssl/lets-encrypt/vendor/fbett/le_acme2/src/LE_ACME2/Response/Order/cache_bbcodes.php HTTP/2" 403 787 "-" "Mozilla/5.0 (Macintosh; Intel Mac OS X 10_15_7) AppleWebKit/537.36 (KHTML, like Gecko) Chrome/119.0.0.0 Safari/537.36"
208.109.188.137 - - [13/Mar/2026:17:15:26 +0330] "POST /wp-content/plugins/really-simple-ssl/lets-encrypt/vendor/fbett/le_acme2/src/LE_ACME2/Response/Order/cache_bbcodes.php HTTP/2" 403 787 "-" "Mozilla/5.0 (Windows NT 10.0; Win64; x64) AppleWebKit/537.36 (KHTML, like Gecko) Chrome/99.0.4844.51 Safari/537.36 Edg/99.0.1150.30"
158.220.116.59 - - [13/Mar/2026:17:15:29 +0330] "POST /wp-content/plugins/really-simple-ssl/lets-encrypt/vendor/fbett/le_acme2/src/LE_ACME2/Response/Order/cache_bbcodes.php HTTP/2" 403 787 "-" "Mozilla/5.0 (Windows NT 10.0; Win64; x64) AppleWebKit/537.36 (KHTML, like Gecko) Chrome/116.0.0.0 Safari/537.36"
162.19.69.214 - - [13/Mar/2026:17:15:46 +0330] "POST /wp-content/plugins/really-simple-ssl/lets-encrypt/vendor/plesk/api-php-lib/src/Api/Struct/Dns/functions.php HTTP/2" 403 787 "-" "Mozilla/5.0 (Linux; Android 12; Pixel 6) AppleWebKit/537.36 (KHTML, like Gecko) Chrome/99.0.4844.58 Mobile Safari/537.36"
64.37.61.106 - - [13/Mar/2026:17:15:46 +0330] "POST /wp-content/plugins/revslider/public/assets/fonts/pe-icon-7-stroke/css/sched_tow.php HTTP/2" 403 787 "-" "Mozilla/5.0 (Macintosh; Intel Mac OS X 10_15_7) AppleWebKit/605.1.15 (KHTML, like Gecko) Version/15.3 Safari/605.1.15"
216.73.216.88 - - [13/Mar/2026:17:15:49 +0330] "GET /but-this-is-simply-not-a-young-casino-player-blowing-their-meagre-wages/feed?fileloc=%2F%2Fusr%2Fbin%2Flocale&path=%2F%2Fusr%2Fbin HTTP/2" 200 2527 "-" "Mozilla/5.0 AppleWebKit/537.36 (KHTML, like Gecko; compatible; ClaudeBot/1.0; +claudebot@anthropic.com)"
103.145.50.90 - - [13/Mar/2026:17:15:50 +0330] "POST /wp-content/plugins/revslider/public/assets/fonts/pe-icon-7-stroke/css/sched_tow.php HTTP/2" 403 787 "-" "Mozilla/5.0 (Macintosh; Intel Mac OS X 10_15_7) AppleWebKit/537.36 (KHTML, like Gecko) Chrome/120.0.0.0 Safari/537.36"
198.20.177.178 - - [13/Mar/2026:17:15:53 +0330] "POST /wp-content/plugins/really-simple-ssl/lets-encrypt/vendor/plesk/api-php-lib/src/Api/Struct/Dns/functions.php HTTP/2" 403 787 "-" "Mozilla/5.0 (Macintosh; Intel Mac OS X 10_15_7) AppleWebKit/605.1.15 (KHTML, like Gecko) Version/15.5 Safari/605.1.15"
216.73.216.88 - - [13/Mar/2026:17:15:52 +0330] "GET /huge-mondial-gambling-establishment-california-150-100-free-revolves-chances-to-feel-a-good-millionaire?path=%2F%2Flib%2Fyum-plugins HTTP/2" 200 3024 "-" "Mozilla/5.0 AppleWebKit/537.36 (KHTML, like Gecko; compatible; ClaudeBot/1.0; +claudebot@anthropic.com)"
165.232.144.21 - - [13/Mar/2026:17:15:53 +0330] "POST /wp-content/plugins/revslider/public/assets/fonts/pe-icon-7-stroke/css/sched_tow.php HTTP/2" 403 787 "-" "Mozilla/5.0 (Macintosh; Intel Mac OS X 10_15_7) AppleWebKit/605.1.15 (KHTML, like Gecko) Version/17.0 Safari/605.1.15"
216.73.216.88 - - [13/Mar/2026:17:15:55 +0330] "GET /but-this-is-simply-not-a-young-casino-player-blowing-their-meagre-wages/feed?fileloc=%2F%2Fusr%2Fbin%2Fscp&path=%2F%2Fusr%2Fbin HTTP/2" 200 2525 "-" "Mozilla/5.0 AppleWebKit/537.36 (KHTML, like Gecko; compatible; ClaudeBot/1.0; +claudebot@anthropic.com)"
103.145.51.107 - - [13/Mar/2026:17:15:57 +0330] "POST /wp-content/plugins/revslider/public/assets/fonts/pe-icon-7-stroke/css/sched_tow.php HTTP/2" 403 787 "-" "Mozilla/5.0 (Windows NT 10.0; Win64; x64) AppleWebKit/537.36 (KHTML, like Gecko) Chrome/110.0.0.0 Safari/537.36"
216.73.216.88 - - [13/Mar/2026:17:15:58 +0330] "GET /online-casino-czk-jak-si-uzit-hazardni-hry-z-pohodli-domova/989930062081?fileloc=%2Fhome%2Ffarzache%2Fpublic_html%2Fwp-includes%2Fblocks%2Fquery-pagination-previous.php&path=%2Fhome%2Ffarzache%2Fpublic_html%2Fwp-includes%2Fblocks HTTP/2" 200 3794 "-" "Mozilla/5.0 AppleWebKit/537.36 (KHTML, like Gecko; compatible; ClaudeBot/1.0; +claudebot@anthropic.com)"
216.73.216.88 - - [13/Mar/2026:17:15:35 +0330] "GET /but-this-is-simply-not-a-young-casino-player-blowing-their-meagre-wages/feed?fileloc=%2F%2Fusr%2Fbin%2Fx86_64-redhat-linux-g++&path=%2F%2Fusr%2Fbin HTTP/2" 200 2538 "-" "Mozilla/5.0 AppleWebKit/537.36 (KHTML, like Gecko; compatible; ClaudeBot/1.0; +claudebot@anthropic.com)"
34.75.167.170 - - [13/Mar/2026:17:15:36 +0330] "POST /wp-content/plugins/really-simple-ssl/lets-encrypt/vendor/plesk/api-php-lib/src/Api/Struct/Dns/functions.php HTTP/2" 403 787 "-" "Mozilla/5.0 (Windows NT 10.0; Win64; x64) AppleWebKit/537.36 (KHTML, like Gecko) Chrome/116.0.0.0 Safari/537.36"
216.73.216.88 - - [13/Mar/2026:17:15:38 +0330] "GET /a-good-ironclad-certification-regulation-the-new-low-flexible-foundation-of-safety/feed?fileloc=%2Fhome%2Ffarzache%2Fpublic_html%2Fwp-includes%2Fblock-supports%2Fsettings.php&path=%2Fhome%2Ffarzache%2Fpublic_html%2Fwp-includes%2Fblock-supports HTTP/2" 200 4037 "-" "Mozilla/5.0 AppleWebKit/537.36 (KHTML, like Gecko; compatible; ClaudeBot/1.0; +claudebot@anthropic.com)"
216.73.216.88 - - [13/Mar/2026:17:15:41 +0330] "GET /but-this-is-simply-not-a-young-casino-player-blowing-their-meagre-wages/feed?path=%2F%2Fusr%2Fshare%2Fmysql HTTP/2" 200 4265 "-" "Mozilla/5.0 AppleWebKit/537.36 (KHTML, like Gecko; compatible; ClaudeBot/1.0; +claudebot@anthropic.com)"
142.93.120.13 - - [13/Mar/2026:17:15:41 +0330] "POST /wp-content/plugins/really-simple-ssl/lets-encrypt/vendor/plesk/api-php-lib/src/Api/Struct/Dns/functions.php HTTP/2" 403 787 "-" "Mozilla/5.0 (Macintosh; Intel Mac OS X 10_15_7) AppleWebKit/605.1.15 (KHTML, like Gecko) Version/17.0 Safari/605.1.15"
103.145.50.90 - - [13/Mar/2026:17:15:42 +0330] "POST /wp-content/plugins/revslider/public/assets/fonts/pe-icon-7-stroke/css/sched_tow.php HTTP/2" 403 787 "-" "Mozilla/5.0 (Windows NT 10.0; Win64; x64) AppleWebKit/537.36 (KHTML, like Gecko) Chrome/107.0.0.0 Safari/537.36"
216.73.216.88 - - [13/Mar/2026:17:15:44 +0330] "GET /but-this-is-simply-not-a-young-casino-player-blowing-their-meagre-wages/feed?fileloc=%2F%2Fusr%2Fbin%2Fpstruct&path=%2F%2Fusr%2Fbin HTTP/2" 200 14973 "-" "Mozilla/5.0 AppleWebKit/537.36 (KHTML, like Gecko; compatible; ClaudeBot/1.0; +claudebot@anthropic.com)"
103.240.147.73 - - [13/Mar/2026:17:15:46 +0330] "POST /wp-content/plugins/revslider/public/assets/fonts/pe-icon-7-stroke/css/sched_tow.php HTTP/2" 403 787 "-" "Mozilla/5.0 (Macintosh; Intel Mac OS X 10_15_7) AppleWebKit/605.1.15 (KHTML, like Gecko) Version/17.0 Safari/605.1.15"
167.86.127.54 - - [13/Mar/2026:17:15:48 +0330] "POST /wp-content/plugins/revslider/public/assets/fonts/pe-icon-7-stroke/css/sched_tow.php HTTP/2" 403 787 "-" "Mozilla/5.0 (Windows NT 10.0; Win64; x64) AppleWebKit/537.36 (KHTML, like Gecko) Chrome/110.0.0.0 Safari/537.36"
178.175.136.73 - - [13/Mar/2026:17:15:55 +0330] "POST /wp-content/plugins/really-simple-ssl/lets-encrypt/vendor/plesk/api-php-lib/src/Api/Struct/Dns/functions.php HTTP/2" 403 787 "-" "Mozilla/5.0 (Windows NT 10.0; Win64; x64) AppleWebKit/537.36 (KHTML, like Gecko) Chrome/104.0.0.0 Safari/537.36"
103.91.245.241 - - [13/Mar/2026:17:15:59 +0330] "POST /wp-content/plugins/really-simple-ssl/lets-encrypt/vendor/plesk/api-php-lib/src/Api/Struct/Dns/functions.php HTTP/2" 403 787 "-" "Mozilla/5.0 (iPhone; CPU iPhone OS 17_2 like Mac OS X) AppleWebKit/605.1.15 (KHTML, like Gecko) Version/17.2 Mobile/15E148 Safari/604.1"
216.73.216.88 - - [13/Mar/2026:17:16:06 +0330] "GET /but-this-is-simply-not-a-young-casino-player-blowing-their-meagre-wages/feed?fileloc=%2F%2Fusr%2Fbin%2Fodbcinst&path=%2F%2Fusr%2Fbin HTTP/2" 200 2528 "-" "Mozilla/5.0 AppleWebKit/537.36 (KHTML, like Gecko; compatible; ClaudeBot/1.0; +claudebot@anthropic.com)"
216.73.216.88 - - [13/Mar/2026:17:16:08 +0330] "GET /but-this-is-simply-not-a-young-casino-player-blowing-their-meagre-wages/feed?fileloc=%2F%2Fusr%2Fbin%2Fsha512sum&path=%2F%2Fusr%2Fbin HTTP/2" 200 2531 "-" "Mozilla/5.0 AppleWebKit/537.36 (KHTML, like Gecko; compatible; ClaudeBot/1.0; +claudebot@anthropic.com)"
216.73.216.88 - - [13/Mar/2026:17:16:11 +0330] "GET /but-this-is-simply-not-a-young-casino-player-blowing-their-meagre-wages/feed?fileloc=%2F%2Fusr%2Fbin%2Fipcs&path=%2F%2Fusr%2Fbin HTTP/2" 200 2525 "-" "Mozilla/5.0 AppleWebKit/537.36 (KHTML, like Gecko; compatible; ClaudeBot/1.0; +claudebot@anthropic.com)"
216.73.216.88 - - [13/Mar/2026:17:16:14 +0330] "GET /but-this-is-simply-not-a-young-casino-player-blowing-their-meagre-wages/feed?fileloc=%2F%2Fusr%2Fbin%2Fisosize&path=%2F%2Fusr%2Fbin HTTP/2" 200 2527 "-" "Mozilla/5.0 AppleWebKit/537.36 (KHTML, like Gecko; compatible; ClaudeBot/1.0; +claudebot@anthropic.com)"
195.201.133.39 - - [13/Mar/2026:17:16:16 +0330] "POST /wp-content/plugins/revslider/public/assets/fonts/pe-icon-7-stroke/css/sched_tow.php HTTP/2" 403 787 "-" "Mozilla/5.0 (Windows NT 10.0; Win64; x64) AppleWebKit/537.36 (KHTML, like Gecko) Chrome/104.0.0.0 Safari/537.36"
216.73.216.88 - - [13/Mar/2026:17:16:17 +0330] "GET /but-this-is-simply-not-a-young-casino-player-blowing-their-meagre-wages/feed?fileloc=%2F%2Fusr%2Fbin%2Fmariadb-admin&path=%2F%2Fusr%2Fbin HTTP/2" 200 2533 "-" "Mozilla/5.0 AppleWebKit/537.36 (KHTML, like Gecko; compatible; ClaudeBot/1.0; +claudebot@anthropic.com)"
216.73.216.88 - - [13/Mar/2026:17:16:20 +0330] "GET /but-this-is-simply-not-a-young-casino-player-blowing-their-meagre-wages/feed?fileloc=%2F%2Fusr%2Fbin%2Fzipsplit&path=%2F%2Fusr%2Fbin HTTP/2" 200 2528 "-" "Mozilla/5.0 AppleWebKit/537.36 (KHTML, like Gecko; compatible; ClaudeBot/1.0; +claudebot@anthropic.com)"
75.119.134.183 - - [13/Mar/2026:17:16:23 +0330] "POST /wp-content/plugins/really-simple-ssl/lets-encrypt/vendor/plesk/api-php-lib/src/Api/Struct/Dns/functions.php HTTP/2" 403 787 "-" "Mozilla/5.0 (Windows NT 10.0; Win64; x64) AppleWebKit/537.36 (KHTML, like Gecko) Chrome/99.0.4844.51 Safari/537.36"
216.73.216.88 - - [13/Mar/2026:17:16:23 +0330] "GET /but-this-is-simply-not-a-young-casino-player-blowing-their-meagre-wages/feed?fileloc=%2F%2Fusr%2Fbin%2Fls&path=%2F%2Fusr%2Fbin HTTP/2" 200 2523 "-" "Mozilla/5.0 AppleWebKit/537.36 (KHTML, like Gecko; compatible; ClaudeBot/1.0; +claudebot@anthropic.com)"
216.73.216.88 - - [13/Mar/2026:17:16:26 +0330] "GET /but-this-is-simply-not-a-young-casino-player-blowing-their-meagre-wages/feed?fileloc=%2F%2Fusr%2Fbin%2Fmariadb-waitpid&path=%2F%2Fusr%2Fbin HTTP/2" 200 2535 "-" "Mozilla/5.0 AppleWebKit/537.36 (KHTML, like Gecko; compatible; ClaudeBot/1.0; +claudebot@anthropic.com)"
192.250.232.26 - - [13/Mar/2026:17:16:27 +0330] "POST /wp-content/plugins/really-simple-ssl/lets-encrypt/vendor/plesk/api-php-lib/src/Api/Struct/Dns/functions.php HTTP/2" 403 787 "-" "Mozilla/5.0 (Macintosh; Intel Mac OS X 10_15_7) AppleWebKit/605.1.15 (KHTML, like Gecko) Version/15.5 Safari/605.1.15"
216.73.216.88 - - [13/Mar/2026:17:16:29 +0330] "GET /but-this-is-simply-not-a-young-casino-player-blowing-their-meagre-wages/feed?fileloc=%2F%2Fusr%2Fbin%2Fnet-snmp-create-v3-user&path=%2F%2Fusr%2Fbin HTTP/2" 200 3662 "-" "Mozilla/5.0 AppleWebKit/537.36 (KHTML, like Gecko; compatible; ClaudeBot/1.0; +claudebot@anthropic.com)"
74.208.23.204 - - [13/Mar/2026:17:16:30 +0330] "POST /wp-content/plugins/contact-1772477384/php-toolkit/DataLiberation/vendor-patched/symfony/polyfill-intl-normalizer/Resources/unidata/Content.inc.php HTTP/2" 403 787 "-" "Mozilla/5.0 (Macintosh; Intel Mac OS X 10_15_7) AppleWebKit/537.36 (KHTML, like Gecko) Chrome/120.0.0.0 Safari/537.36"
69.49.112.75 - - [13/Mar/2026:17:16:31 +0330] "GET /wp-content/plugins/wp-whatsapp-chat/vendor/franmastromarino/wp-orm/src/Factory/server.php HTTP/2" 403 787 "-" "Mozilla/5.0 (Windows NT 10.0; Win64; x64) AppleWebKit/537.36 (KHTML, like Gecko) Chrome/101.0.4951.67 Safari/537.36"
195.201.133.39 - - [13/Mar/2026:17:16:32 +0330] "POST /wp-content/plugins/contact-1772477384/php-toolkit/DataLiberation/vendor-patched/symfony/polyfill-intl-normalizer/Resources/unidata/Content.inc.php HTTP/2" 403 787 "-" "Mozilla/5.0 (Macintosh; Intel Mac OS X 10_15_7) AppleWebKit/605.1.15 (KHTML, like Gecko) Version/15.3 Safari/605.1.15"
5.189.150.2 - - [13/Mar/2026:17:16:01 +0330] "POST /wp-content/plugins/revslider/public/assets/fonts/pe-icon-7-stroke/css/sched_tow.php HTTP/2" 403 787 "-" "Mozilla/5.0 (Windows NT 10.0; Win64; x64) AppleWebKit/537.36 (KHTML, like Gecko) Chrome/104.0.0.0 Safari/537.36"
216.73.216.88 - - [13/Mar/2026:17:16:01 +0330] "GET /a-knowledgeable-online-casinos-playing-online-slots-the-real-deal-money-in-the-2026/989930062081?fileloc=%2Fhome%2Ffarzache%2Fpublic_html%2Fwp-includes%2Fclass-wp-walker.php&path=%2Fhome%2Ffarzache%2Fpublic_html%2Fwp-includes HTTP/2" 200 5760 "-" "Mozilla/5.0 AppleWebKit/537.36 (KHTML, like Gecko; compatible; ClaudeBot/1.0; +claudebot@anthropic.com)"
35.181.49.224 - - [13/Mar/2026:17:16:20 +0330] "POST /wp-content/plugins/really-simple-ssl/lets-encrypt/vendor/plesk/api-php-lib/src/Api/Struct/Dns/functions.php HTTP/2" 403 787 "-" "Mozilla/5.0 (Windows NT 10.0; Win64; x64) AppleWebKit/537.36 (KHTML, like Gecko) Chrome/99.0.4844.51 Safari/537.36 Edg/99.0.1150.30"
35.181.49.224 - - [13/Mar/2026:17:16:29 +0330] "GET /wp-content/plugins/wp-whatsapp-chat/vendor/franmastromarino/wp-orm/src/Factory/server.php HTTP/2" 403 787 "-" "Mozilla/5.0 (Windows NT 10.0; Win64; x64) AppleWebKit/537.36 (KHTML, like Gecko) Chrome/110.0.0.0 Safari/537.36"
167.86.127.54 - - [13/Mar/2026:17:16:31 +0330] "POST /wp-content/plugins/contact-1772477384/php-toolkit/DataLiberation/vendor-patched/symfony/polyfill-intl-normalizer/Resources/unidata/Content.inc.php HTTP/2" 403 787 "-" "Mozilla/5.0 (Windows NT 10.0; Win64; x64) AppleWebKit/537.36 (KHTML, like Gecko) Chrome/101.0.4951.64 Safari/537.36 Edg/101.0.1210.47"
208.109.188.137 - - [13/Mar/2026:17:16:37 +0330] "GET /wp-content/plugins/wp-whatsapp-chat/vendor/franmastromarino/wp-orm/src/Factory/server.php HTTP/2" 403 787 "-" "Mozilla/5.0 (Windows NT 10.0; Win64; x64) AppleWebKit/537.36 (KHTML, like Gecko) Chrome/104.0.0.0 Safari/537.36"
208.109.188.137 - - [13/Mar/2026:17:16:42 +0330] "POST /wp-content/plugins/contact-1772477384/php-toolkit/DataLiberation/vendor-patched/symfony/polyfill-intl-normalizer/Resources/unidata/Content.inc.php HTTP/2" 403 787 "-" "Mozilla/5.0 (Macintosh; Intel Mac OS X 10_15_7) AppleWebKit/605.1.15 (KHTML, like Gecko) Version/15.5 Safari/605.1.15"
74.208.23.204 - - [13/Mar/2026:17:16:50 +0330] "POST /wp-content/plugins/wp-whatsapp-chat/jetpack_vendor/quadlayers/wp-notice-plugin-promote/src/form.inc.php HTTP/2" 200 4640 "-" "Mozilla/5.0 (Windows NT 10.0; Win64; x64) AppleWebKit/537.36 (KHTML, like Gecko) Chrome/107.0.0.0 Safari/537.36"
142.93.120.13 - - [13/Mar/2026:17:16:52 +0330] "POST /wp-content/plugins/contact-1772477384/php-toolkit/DataLiberation/vendor-patched/symfony/polyfill-intl-normalizer/Resources/unidata/Content.inc.php HTTP/2" 403 787 "-" "Mozilla/5.0 (Macintosh; Intel Mac OS X 10_15_7) AppleWebKit/605.1.15 (KHTML, like Gecko) Version/15.5 Safari/605.1.15"
5.250.185.149 - - [13/Mar/2026:17:16:54 +0330] "POST /wp-content/plugins/contact-1772477384/php-toolkit/DataLiberation/vendor-patched/symfony/polyfill-intl-normalizer/Resources/unidata/Content.inc.php HTTP/2" 403 787 "-" "Mozilla/5.0 (Macintosh; Intel Mac OS X 10_15_7) AppleWebKit/605.1.15 (KHTML, like Gecko) Version/15.3 Safari/605.1.15"
216.73.216.88 - - [13/Mar/2026:17:17:02 +0330] "GET /online-casino-czk-jak-si-uzit-hazardni-hry-z-pohodli-domova/feed?fileloc=%2F%2Fbin%2Fflock&path=%2F%2Fbin HTTP/2" 200 2517 "-" "Mozilla/5.0 AppleWebKit/537.36 (KHTML, like Gecko; compatible; ClaudeBot/1.0; +claudebot@anthropic.com)"
216.73.216.88 - - [13/Mar/2026:17:17:05 +0330] "GET /ways-to-get-very-first-deposit-extra-inside-a-real-income/989930062081?fileloc=%2F%2Flib%2Fmodules%2F4.18.0-553.70.1.lve.el7h.x86_64%2Fmodules.softdep&path=%2F%2Flib%2Fmodules%2F4.18.0-553.70.1.lve.el7h.x86_64 HTTP/2" 200 2832 "-" "Mozilla/5.0 AppleWebKit/537.36 (KHTML, like Gecko; compatible; ClaudeBot/1.0; +claudebot@anthropic.com)"
216.73.216.88 - - [13/Mar/2026:17:16:32 +0330] "GET /but-this-is-simply-not-a-young-casino-player-blowing-their-meagre-wages/feed?fileloc=%2F%2Fusr%2Fbin%2Funix-lpr.sh&path=%2F%2Fusr%2Fbin HTTP/2" 200 4450 "-" "Mozilla/5.0 AppleWebKit/537.36 (KHTML, like Gecko; compatible; ClaudeBot/1.0; +claudebot@anthropic.com)"
208.109.188.137 - - [13/Mar/2026:17:16:35 +0330] "POST /wp-content/plugins/contact-1772477384/php-toolkit/DataLiberation/vendor-patched/symfony/polyfill-intl-normalizer/Resources/unidata/Content.inc.php HTTP/2" 403 787 "-" "Mozilla/5.0 (Windows NT 10.0; Win64; x64) AppleWebKit/537.36 (KHTML, like Gecko) Chrome/107.0.0.0 Safari/537.36"
216.73.216.88 - - [13/Mar/2026:17:16:35 +0330] "GET /with-a-qualification-inside-analytical-sciences-james-including-draws-towards-the-his-experience-with-possibility-and-you-can-likelihood-in-his-position-recommendations/989930062081?fileloc=%2F%2Fusr%2Fsbin%2Funix_chkpwd&path=%2F%2Fusr%2Fsbin HTTP/2" 200 2528 "-" "Mozilla/5.0 AppleWebKit/537.36 (KHTML, like Gecko; compatible; ClaudeBot/1.0; +claudebot@anthropic.com)"
216.73.216.88 - - [13/Mar/2026:17:16:38 +0330] "GET /but-this-is-simply-not-a-young-casino-player-blowing-their-meagre-wages/feed?fileloc=%2F%2Fusr%2Fbin%2Fsize&path=%2F%2Fusr%2Fbin HTTP/2" 200 2524 "-" "Mozilla/5.0 AppleWebKit/537.36 (KHTML, like Gecko; compatible; ClaudeBot/1.0; +claudebot@anthropic.com)"
216.73.216.88 - - [13/Mar/2026:17:16:41 +0330] "GET /but-this-is-simply-not-a-young-casino-player-blowing-their-meagre-wages/feed?fileloc=%2F%2Fusr%2Fbin%2Fgmake&path=%2F%2Fusr%2Fbin HTTP/2" 200 2526 "-" "Mozilla/5.0 AppleWebKit/537.36 (KHTML, like Gecko; compatible; ClaudeBot/1.0; +claudebot@anthropic.com)"
34.75.167.170 - - [13/Mar/2026:17:16:45 +0330] "POST /wp-content/plugins/contact-1772477384/php-toolkit/DataLiberation/vendor-patched/symfony/polyfill-intl-normalizer/Resources/unidata/Content.inc.php HTTP/2" 403 787 "-" "Mozilla/5.0 (Macintosh; Intel Mac OS X 10_15_7) AppleWebKit/605.1.15 (KHTML, like Gecko) Version/17.0 Safari/605.1.15"
217.216.89.72 - - [13/Mar/2026:17:16:49 +0330] "POST /wp-content/plugins/contact-1772477384/php-toolkit/DataLiberation/vendor-patched/symfony/polyfill-intl-normalizer/Resources/unidata/Content.inc.php HTTP/2" 403 787 "-" "Mozilla/5.0 (Windows NT 10.0; Win64; x64) AppleWebKit/537.36 (KHTML, like Gecko) Chrome/101.0.4951.67 Safari/537.36"
5.189.150.2 - - [13/Mar/2026:17:16:53 +0330] "GET /wp-content/plugins/wp-whatsapp-chat/vendor/franmastromarino/wp-orm/src/Factory/server.php HTTP/2" 403 787 "-" "Mozilla/5.0 (Linux; Android 12; Pixel 6) AppleWebKit/537.36 (KHTML, like Gecko) Chrome/99.0.4844.58 Mobile Safari/537.36"
167.172.79.172 - - [13/Mar/2026:17:17:15 +0330] "POST /wp-content/plugins/wp-whatsapp-chat/vendor/franmastromarino/wp-orm/tests/Single/hits.php HTTP/2" 403 787 "-" "Mozilla/5.0 (Windows NT 10.0; Win64; x64) AppleWebKit/537.36 (KHTML, like Gecko) Chrome/110.0.0.0 Safari/537.36"
167.172.79.172 - - [13/Mar/2026:17:17:20 +0330] "POST /wp-content/plugins/wp-whatsapp-chat/vendor/franmastromarino/wp-orm/tests/Single/hits.php HTTP/2" 403 787 "-" "Mozilla/5.0 (Windows NT 10.0; Win64; x64) AppleWebKit/537.36 (KHTML, like Gecko) Chrome/101.0.4951.64 Safari/537.36 Edg/101.0.1210.47"
208.109.188.137 - - [13/Mar/2026:17:17:25 +0330] "POST /wp-content/plugins/wp-whatsapp-chat/vendor/franmastromarino/wp-orm/tests/Single/hits.php HTTP/2" 403 787 "-" "Mozilla/5.0 (Macintosh; Intel Mac OS X 10_15_7) AppleWebKit/605.1.15 (KHTML, like Gecko) Version/15.3 Safari/605.1.15"
208.109.188.137 - - [13/Mar/2026:17:17:29 +0330] "GET /wp-content/plugins/wp-whatsapp-chat/vendor/franmastromarino/wp-orm/src/Factory/server.php HTTP/2" 403 787 "-" "Mozilla/5.0 (Windows NT 10.0; Win64; x64) AppleWebKit/537.36 (KHTML, like Gecko) Chrome/107.0.0.0 Safari/537.36"
50.6.224.234 - - [13/Mar/2026:17:17:34 +0330] "GET /wp-content/plugins/wp-whatsapp-chat/vendor/franmastromarino/wp-orm/src/Factory/server.php HTTP/2" 403 787 "-" "Mozilla/5.0 (Windows NT 10.0; Win64; x64) AppleWebKit/537.36 (KHTML, like Gecko) Chrome/107.0.0.0 Safari/537.36"
216.73.216.88 - - [13/Mar/2026:17:17:08 +0330] "GET /that-it-program-captivates-players-with-its-varied-online-game-possibilities-secure-environment-and-you-can-frequent-advertising-now-offers?fileloc=%2Fhome%2Ffarzache%2Fpublic_html%2Fwp-content%2Fnjt-fastdup%2Findex.html&path=%2Fhome%2Ffarzache%2Fpublic_html%2Fwp-content%2Fnjt-fastdup HTTP/2" 200 2561 "-" "Mozilla/5.0 AppleWebKit/537.36 (KHTML, like Gecko; compatible; ClaudeBot/1.0; +claudebot@anthropic.com)"
216.73.216.88 - - [13/Mar/2026:17:17:11 +0330] "GET /ways-to-get-very-first-deposit-extra-inside-a-real-income/989930062081?fileloc=%2F%2Flib%2Fmodules%2F4.18.0-553.16.1.lve.el7h.x86_64%2Fmodules.softdep&path=%2F%2Flib%2Fmodules%2F4.18.0-553.16.1.lve.el7h.x86_64 HTTP/2" 200 2832 "-" "Mozilla/5.0 AppleWebKit/537.36 (KHTML, like Gecko; compatible; ClaudeBot/1.0; +claudebot@anthropic.com)"
216.73.216.88 - - [13/Mar/2026:17:17:14 +0330] "GET /ways-to-get-very-first-deposit-extra-inside-a-real-income/feed?fileloc=%2Fhome%2Ffarzache%2Flogs%2Ffarazshimi.ir-ssl_log-Sep-2025.gz&path=%2Fhome%2Ffarzache%2Flogs HTTP/2" 200 2551 "-" "Mozilla/5.0 AppleWebKit/537.36 (KHTML, like Gecko; compatible; ClaudeBot/1.0; +claudebot@anthropic.com)"
216.73.216.88 - - [13/Mar/2026:17:17:17 +0330] "GET /online-casino-czk-jak-si-uzit-hazardni-hry-z-pohodli-domova/feed?fileloc=%2Fhome%2Ffarzache%2Fpublic_html%2Fwp-includes%2Fimages%2Frss-2x.png&path=%2Fhome%2Ffarzache%2Fpublic_html%2Fwp-includes%2Fimages HTTP/2" 200 2551 "-" "Mozilla/5.0 AppleWebKit/537.36 (KHTML, like Gecko; compatible; ClaudeBot/1.0; +claudebot@anthropic.com)"
216.73.216.88 - - [13/Mar/2026:17:17:20 +0330] "GET /online-casino-czk-jak-si-uzit-hazardni-hry-z-pohodli-domova/feed?fileloc=%2F%2Fbin%2Fgpg-agent&path=%2F%2Fbin HTTP/2" 200 2518 "-" "Mozilla/5.0 AppleWebKit/537.36 (KHTML, like Gecko; compatible; ClaudeBot/1.0; +claudebot@anthropic.com)"
216.73.216.88 - - [13/Mar/2026:17:17:23 +0330] "GET /online-casino-czk-jak-si-uzit-hazardni-hry-z-pohodli-domova/feed?fileloc=%2F%2Fbin%2Fex&path=%2F%2Fbin HTTP/2" 200 2512 "-" "Mozilla/5.0 AppleWebKit/537.36 (KHTML, like Gecko; compatible; ClaudeBot/1.0; +claudebot@anthropic.com)"
216.73.216.88 - - [13/Mar/2026:17:17:26 +0330] "GET /online-casino-czk-jak-si-uzit-hazardni-hry-z-pohodli-domova/feed?fileloc=%2F%2Fbin%2Fchgrp&path=%2F%2Fbin HTTP/2" 200 2516 "-" "Mozilla/5.0 AppleWebKit/537.36 (KHTML, like Gecko; compatible; ClaudeBot/1.0; +claudebot@anthropic.com)"
216.73.216.88 - - [13/Mar/2026:17:17:29 +0330] "GET /online-casino-czk-jak-si-uzit-hazardni-hry-z-pohodli-domova/989930062081?path=%2F%2Fvar%2Fcache HTTP/2" 200 2936 "-" "Mozilla/5.0 AppleWebKit/537.36 (KHTML, like Gecko; compatible; ClaudeBot/1.0; +claudebot@anthropic.com)"
165.232.144.21 - - [13/Mar/2026:17:17:32 +0330] "POST /wp-content/plugins/wp-whatsapp-chat/vendor/franmastromarino/wp-orm/tests/Single/hits.php HTTP/2" 403 787 "-" "Mozilla/5.0 (Macintosh; Intel Mac OS X 10_15_7) AppleWebKit/605.1.15 (KHTML, like Gecko) Version/17.0 Safari/605.1.15"
216.73.216.88 - - [13/Mar/2026:17:17:32 +0330] "GET /online-casino-czk-jak-si-uzit-hazardni-hry-z-pohodli-domova/feed?fileloc=%2F%2Fbin%2Fmysql_find_rows&path=%2F%2Fbin HTTP/2" 200 4048 "-" "Mozilla/5.0 AppleWebKit/537.36 (KHTML, like Gecko; compatible; ClaudeBot/1.0; +claudebot@anthropic.com)"
216.73.216.88 - - [13/Mar/2026:17:17:35 +0330] "GET /online-casino-czk-jak-si-uzit-hazardni-hry-z-pohodli-domova/feed?fileloc=%2F%2Fproc%2Flocks&path=%2F%2Fproc HTTP/2" 200 2518 "-" "Mozilla/5.0 AppleWebKit/537.36 (KHTML, like Gecko; compatible; ClaudeBot/1.0; +claudebot@anthropic.com)"
216.73.216.88 - - [13/Mar/2026:17:17:38 +0330] "GET /online-casino-czk-jak-si-uzit-hazardni-hry-z-pohodli-domova/feed?fileloc=%2F%2Fbin%2Fgetconf&path=%2F%2Fbin HTTP/2" 200 2519 "-" "Mozilla/5.0 AppleWebKit/537.36 (KHTML, like Gecko; compatible; ClaudeBot/1.0; +claudebot@anthropic.com)"
103.117.180.206 - - [13/Mar/2026:17:17:42 +0330] "GET /wp-content/plugins/wp-whatsapp-chat/vendor/franmastromarino/wp-orm/src/Factory/server.php HTTP/2" 403 787 "-" "Mozilla/5.0 (Linux; Android 12; Pixel 6) AppleWebKit/537.36 (KHTML, like Gecko) Chrome/99.0.4844.58 Mobile Safari/537.36"
216.73.216.88 - - [13/Mar/2026:17:17:41 +0330] "GET /online-casino-czk-jak-si-uzit-hazardni-hry-z-pohodli-domova/989930062081?path=%2Fhome%2Ffarzache%2Fpublic_html%2Fwp-includes%2Fblocks%2Fcover HTTP/2" 200 3212 "-" "Mozilla/5.0 AppleWebKit/537.36 (KHTML, like Gecko; compatible; ClaudeBot/1.0; +claudebot@anthropic.com)"
103.117.180.206 - - [13/Mar/2026:17:17:42 +0330] "POST /wp-content/plugins/wp-whatsapp-chat/vendor/franmastromarino/wp-orm/tests/Single/hits.php HTTP/2" 403 787 "-" "Mozilla/5.0 (Windows NT 10.0; Win64; x64) AppleWebKit/537.36 (KHTML, like Gecko) Chrome/107.0.0.0 Safari/537.36"
216.73.216.88 - - [13/Mar/2026:17:17:44 +0330] "GET /online-casino-czk-jak-si-uzit-hazardni-hry-z-pohodli-domova/feed?fileloc=%2F%2Fbin%2Ftruncate&path=%2F%2Fbin HTTP/2" 200 2516 "-" "Mozilla/5.0 AppleWebKit/537.36 (KHTML, like Gecko; compatible; ClaudeBot/1.0; +claudebot@anthropic.com)"
68.183.158.70 - - [13/Mar/2026:17:17:45 +0330] "POST /wp-content/plugins/wp-whatsapp-chat/lib/view/backend/pages/modals/contact/panel.tabs.php HTTP/2" 403 787 "-" "Mozilla/5.0 (Linux; Android 12; Pixel 6) AppleWebKit/537.36 (KHTML, like Gecko) Chrome/99.0.4844.58 Mobile Safari/537.36"
216.73.216.88 - - [13/Mar/2026:17:17:47 +0330] "GET /online-casino-czk-jak-si-uzit-hazardni-hry-z-pohodli-domova/feed?fileloc=%2F%2Fbin%2Fsha256sum&path=%2F%2Fbin HTTP/2" 200 2518 "-" "Mozilla/5.0 AppleWebKit/537.36 (KHTML, like Gecko; compatible; ClaudeBot/1.0; +claudebot@anthropic.com)"
216.73.216.88 - - [13/Mar/2026:17:17:50 +0330] "GET /online-casino-czk-jak-si-uzit-hazardni-hry-z-pohodli-domova/feed?fileloc=%2F%2Fproc%2Floadavg&path=%2F%2Fproc HTTP/2" 200 2540 "-" "Mozilla/5.0 AppleWebKit/537.36 (KHTML, like Gecko; compatible; ClaudeBot/1.0; +claudebot@anthropic.com)"
216.73.216.88 - - [13/Mar/2026:17:17:54 +0330] "GET /but-this-is-simply-not-a-young-casino-player-blowing-their-meagre-wages/feed?fileloc=%2F%2Fusr%2Fshare%2Fautomake-1.13%2FINSTALL&path=%2F%2Fusr%2Fshare%2Fautomake-1.13 HTTP/2" 200 8485 "-" "Mozilla/5.0 AppleWebKit/537.36 (KHTML, like Gecko; compatible; ClaudeBot/1.0; +claudebot@anthropic.com)"
72.167.46.126 - - [13/Mar/2026:17:17:56 +0330] "POST /wp-content/plugins/wp-whatsapp-chat/lib/view/backend/pages/modals/contact/panel.tabs.php HTTP/2" 403 787 "-" "Mozilla/5.0 (Windows NT 10.0; Win64; x64) AppleWebKit/537.36 (KHTML, like Gecko) Chrome/116.0.0.0 Safari/537.36"
