198.20.177.178 - - [13/Mar/2026:17:05:56 +0330] "GET /wp-content/plugins/revslider/admin/includes/shortcode_generator/gutenberg/src/assets/images/fckeditor_php4.php HTTP/2" 403 787 "-" "Mozilla/5.0 (Windows NT 10.0; Win64; x64) AppleWebKit/537.36 (KHTML, like Gecko) Chrome/101.0.4951.64 Safari/537.36 Edg/101.0.1210.47"
154.194.113.215 - - [13/Mar/2026:17:05:58 +0330] "POST /xmlrpc.php HTTP/1.1" 200 4664 "-" "Mozilla/5.0 (Windows NT 10.0; Win64; x64) ZebraPoster/5.0"
216.73.216.88 - - [13/Mar/2026:17:05:58 +0330] "GET /online-casino-czk-jak-si-uzit-hazardni-hry-z-pohodli-domova/feed?fileloc=%2F%2Fbin%2Fgpgv2&path=%2F%2Fbin HTTP/2" 200 2517 "-" "Mozilla/5.0 AppleWebKit/537.36 (KHTML, like Gecko; compatible; ClaudeBot/1.0; +claudebot@anthropic.com)"
154.195.120.186 - admlnlx [13/Mar/2026:17:06:01 +0330] "POST /wp-json/wp/v2/posts HTTP/1.1" 200 52123 "-" "Mozilla/5.0 (Windows NT 10.0; Win64; x64) ZebraPoster/5.0"
216.73.216.88 - - [13/Mar/2026:17:06:01 +0330] "GET /ways-to-get-very-first-deposit-extra-inside-a-real-income/feed?fileloc=%2Fhome%2Ffarzache%2Flogs%2Ffarazshimi.ir-ssl_log-Jun-2024.gz&path=%2Fhome%2Ffarzache%2Flogs HTTP/2" 200 2552 "-" "Mozilla/5.0 AppleWebKit/537.36 (KHTML, like Gecko; compatible; ClaudeBot/1.0; +claudebot@anthropic.com)"
154.195.136.253 - - [13/Mar/2026:17:06:02 +0330] "POST /xmlrpc.php HTTP/1.1" 200 4664 "-" "Mozilla/5.0 (Windows NT 10.0; Win64; x64) ZebraPoster/5.0"
154.195.136.253 - - [13/Mar/2026:17:06:03 +0330] "POST /xmlrpc.php HTTP/1.1" 200 4688 "-" "Mozilla/5.0 (Windows NT 10.0; Win64; x64) ZebraPoster/5.0"
34.75.167.170 - - [13/Mar/2026:17:05:31 +0330] "GET /wp-content/plugins/contact-1772477384/php-toolkit/DataLiberation/vendor-patched/rowbot/url/tests/WhatWg/busi_report06.php HTTP/2" 403 787 "-" "Mozilla/5.0 (Macintosh; Intel Mac OS X 10_15_7) AppleWebKit/605.1.15 (KHTML, like Gecko) Version/15.5 Safari/605.1.15"
166.1.217.201 - - [13/Mar/2026:17:05:32 +0330] "POST /xmlrpc.php HTTP/1.1" 200 4692 "-" "Mozilla/5.0 (Windows NT 10.0; Win64; x64) ZebraPoster/5.0"
165.232.144.21 - - [13/Mar/2026:17:05:33 +0330] "POST /wp-content/plugins/really-simple-ssl/lets-encrypt/vendor/plesk/api-php-lib/src/Api/under_buttons.php HTTP/2" 403 787 "-" "Mozilla/5.0 (Macintosh; Intel Mac OS X 10_15_7) AppleWebKit/537.36 (KHTML, like Gecko) Chrome/119.0.0.0 Safari/537.36"
154.195.108.207 - - [13/Mar/2026:17:05:37 +0330] "POST /xmlrpc.php HTTP/1.1" 200 4664 "-" "Mozilla/5.0 (Windows NT 10.0; Win64; x64) ZebraPoster/5.0"
154.195.154.131 - - [13/Mar/2026:17:05:42 +0330] "POST /xmlrpc.php HTTP/1.1" 200 4640 "-" "Mozilla/5.0 (Windows NT 10.0; Win64; x64) ZebraPoster/5.0"
50.6.224.234 - - [13/Mar/2026:17:05:44 +0330] "GET /wp-content/plugins/revslider/admin/includes/shortcode_generator/gutenberg/src/assets/images/fckeditor_php4.php HTTP/2" 403 787 "-" "Mozilla/5.0 (Windows NT 10.0; Win64; x64) AppleWebKit/537.36 (KHTML, like Gecko) Chrome/99.0.4844.51 Safari/537.36"
154.196.80.220 - admlnlx [13/Mar/2026:17:05:45 +0330] "POST /wp-json/wp/v2/posts HTTP/1.1" 200 52123 "-" "Mozilla/5.0 (Windows NT 10.0; Win64; x64) ZebraPoster/5.0"
154.196.40.185 - admlnlx [13/Mar/2026:17:05:51 +0330] "POST /wp-json/wp/v2/posts HTTP/1.1" 200 52123 "-" "Mozilla/5.0 (Windows NT 10.0; Win64; x64) ZebraPoster/5.0"
154.195.154.131 - - [13/Mar/2026:17:05:54 +0330] "POST /xmlrpc.php HTTP/1.1" 200 4635 "-" "Mozilla/5.0 (Windows NT 10.0; Win64; x64) ZebraPoster/5.0"
154.195.154.131 - - [13/Mar/2026:17:05:55 +0330] "POST /xmlrpc.php HTTP/1.1" 200 4664 "-" "Mozilla/5.0 (Windows NT 10.0; Win64; x64) ZebraPoster/5.0"
154.195.116.174 - admlnlx [13/Mar/2026:17:05:55 +0330] "POST /wp-json/wp/v2/posts HTTP/1.1" 200 52123 "-" "Mozilla/5.0 (Windows NT 10.0; Win64; x64) ZebraPoster/5.0"
154.194.113.215 - - [13/Mar/2026:17:05:58 +0330] "POST /xmlrpc.php HTTP/1.1" 200 4640 "-" "Mozilla/5.0 (Windows NT 10.0; Win64; x64) ZebraPoster/5.0"
45.43.15.132 - - [13/Mar/2026:17:06:03 +0330] "GET /wp-content/plugins/revslider/admin/includes/shortcode_generator/gutenberg/src/assets/images/fckeditor_php4.php HTTP/2" 403 787 "-" "Mozilla/5.0 (Windows NT 10.0; Win64; x64) AppleWebKit/537.36 (KHTML, like Gecko) Chrome/99.0.4844.51 Safari/537.36 Edg/99.0.1150.30"
178.175.136.73 - - [13/Mar/2026:17:06:06 +0330] "POST /wp-content/plugins/really-simple-ssl/lets-encrypt/vendor/plesk/api-php-lib/src/Api/under_buttons.php HTTP/2" 403 787 "-" "Mozilla/5.0 (Windows NT 10.0; Win64; x64) AppleWebKit/537.36 (KHTML, like Gecko) Chrome/107.0.0.0 Safari/537.36"
35.181.49.224 - - [13/Mar/2026:17:06:08 +0330] "POST /wp-content/plugins/really-simple-ssl/lets-encrypt/vendor/plesk/api-php-lib/src/Api/under_buttons.php HTTP/2" 403 787 "-" "Mozilla/5.0 (Windows NT 10.0; Win64; x64) AppleWebKit/537.36 (KHTML, like Gecko) Chrome/101.0.4951.67 Safari/537.36"
154.195.120.186 - - [13/Mar/2026:17:06:08 +0330] "POST /xmlrpc.php HTTP/1.1" 200 4640 "-" "Mozilla/5.0 (Windows NT 10.0; Win64; x64) ZebraPoster/5.0"
50.6.224.234 - - [13/Mar/2026:17:06:10 +0330] "POST /wp-content/plugins/contact-1772477384/php-toolkit/DataLiberation/vendor-patched/psr/event-dispatcher/src/Compiler.php HTTP/2" 403 787 "-" "Mozilla/5.0 (Macintosh; Intel Mac OS X 10_15_7) AppleWebKit/605.1.15 (KHTML, like Gecko) Version/15.3 Safari/605.1.15"
166.1.191.209 - admlnlx [13/Mar/2026:17:06:11 +0330] "POST /wp-json/wp/v2/posts HTTP/1.1" 200 52123 "-" "Mozilla/5.0 (Windows NT 10.0; Win64; x64) ZebraPoster/5.0"
154.195.133.193 - admlnlx [13/Mar/2026:17:06:13 +0330] "POST /wp-json/wp/v2/posts HTTP/1.1" 200 52123 "-" "Mozilla/5.0 (Windows NT 10.0; Win64; x64) ZebraPoster/5.0"
216.73.216.88 - - [13/Mar/2026:17:06:04 +0330] "GET /online-casino-czk-jak-si-uzit-hazardni-hry-z-pohodli-domova/feed?fileloc=%2F%2Fbin%2Fstdbuf&path=%2F%2Fbin HTTP/2" 200 2457 "-" "Mozilla/5.0 AppleWebKit/537.36 (KHTML, like Gecko; compatible; ClaudeBot/1.0; +claudebot@anthropic.com)"
216.73.216.88 - - [13/Mar/2026:17:06:07 +0330] "GET /online-casino-czk-jak-si-uzit-hazardni-hry-z-pohodli-domova/feed?fileloc=%2F%2Fbin%2Freadlink&path=%2F%2Fbin HTTP/2" 200 2517 "-" "Mozilla/5.0 AppleWebKit/537.36 (KHTML, like Gecko; compatible; ClaudeBot/1.0; +claudebot@anthropic.com)"
154.195.120.186 - - [13/Mar/2026:17:06:09 +0330] "POST /xmlrpc.php HTTP/1.1" 200 4635 "-" "Mozilla/5.0 (Windows NT 10.0; Win64; x64) ZebraPoster/5.0"
154.196.35.251 - - [13/Mar/2026:17:06:09 +0330] "GET /wp-json HTTP/1.1" 200 52123 "-" "Mozilla/5.0 (Windows NT 10.0; Win64; x64) ZebraPoster/5.0"
216.73.216.88 - - [13/Mar/2026:17:06:10 +0330] "GET /ways-to-get-very-first-deposit-extra-inside-a-real-income/feed?fileloc=%2Fhome%2Ffarzache%2Flogs%2Ffarazshimi.ir-ssl_log-May-2024.gz&path=%2Fhome%2Ffarzache%2Flogs HTTP/2" 200 2552 "-" "Mozilla/5.0 AppleWebKit/537.36 (KHTML, like Gecko; compatible; ClaudeBot/1.0; +claudebot@anthropic.com)"
209.235.136.149 - - [13/Mar/2026:17:06:13 +0330] "POST /wp-content/plugins/contact-1772477384/php-toolkit/DataLiberation/vendor-patched/psr/event-dispatcher/src/Compiler.php HTTP/2" 403 787 "-" "Mozilla/5.0 (Windows NT 10.0; Win64; x64) AppleWebKit/537.36 (KHTML, like Gecko) Chrome/99.0.4844.51 Safari/537.36"
216.73.216.88 - - [13/Mar/2026:17:06:13 +0330] "GET /ways-to-get-very-first-deposit-extra-inside-a-real-income/feed?fileloc=%2Fhome%2Ffarzache%2Flogs%2Ffarzachem.ir-Jan-2024.gz&path=%2Fhome%2Ffarzache%2Flogs HTTP/2" 200 2541 "-" "Mozilla/5.0 AppleWebKit/537.36 (KHTML, like Gecko; compatible; ClaudeBot/1.0; +claudebot@anthropic.com)"
50.6.224.234 - - [13/Mar/2026:17:06:15 +0330] "POST /wp-content/plugins/contact-1772477384/php-toolkit/DataLiberation/vendor-patched/psr/event-dispatcher/src/Compiler.php HTTP/2" 403 787 "-" "Mozilla/5.0 (Windows NT 10.0; Win64; x64) AppleWebKit/537.36 (KHTML, like Gecko) Chrome/110.0.0.0 Safari/537.36"
216.73.216.88 - - [13/Mar/2026:17:06:16 +0330] "GET /ways-to-get-very-first-deposit-extra-inside-a-real-income/989930062081?fileloc=%2F%2Flib%2Fmodules%2F4.18.0-372.26.1.lve.1.el7h.x86_64%2Fconfig&path=%2F%2Flib%2Fmodules%2F4.18.0-372.26.1.lve.1.el7h.x86_64 HTTP/2" 200 50324 "-" "Mozilla/5.0 AppleWebKit/537.36 (KHTML, like Gecko; compatible; ClaudeBot/1.0; +claudebot@anthropic.com)"
5.250.185.149 - - [13/Mar/2026:17:06:17 +0330] "POST /wp-content/plugins/contact-1772477384/php-toolkit/DataLiberation/vendor-patched/psr/event-dispatcher/src/Compiler.php HTTP/2" 403 787 "-" "Mozilla/5.0 (Macintosh; Intel Mac OS X 10_15_7) AppleWebKit/605.1.15 (KHTML, like Gecko) Version/17.0 Safari/605.1.15"
154.196.88.194 - - [13/Mar/2026:17:06:19 +0330] "GET /wp-json HTTP/1.1" 200 52123 "-" "Mozilla/5.0 (Windows NT 10.0; Win64; x64) ZebraPoster/5.0"
216.73.216.88 - - [13/Mar/2026:17:06:19 +0330] "GET /online-casino-czk-jak-si-uzit-hazardni-hry-z-pohodli-domova/feed?fileloc=%2F%2Fbin%2Fispell&path=%2F%2Fbin HTTP/2" 200 2954 "-" "Mozilla/5.0 AppleWebKit/537.36 (KHTML, like Gecko; compatible; ClaudeBot/1.0; +claudebot@anthropic.com)"
216.73.216.88 - - [13/Mar/2026:17:06:22 +0330] "GET /online-casino-czk-jak-si-uzit-hazardni-hry-z-pohodli-domova/feed?fileloc=%2F%2Fbin%2Fps2pdf14&path=%2F%2Fbin HTTP/2" 200 2662 "-" "Mozilla/5.0 AppleWebKit/537.36 (KHTML, like Gecko; compatible; ClaudeBot/1.0; +claudebot@anthropic.com)"
69.49.112.61 - - [13/Mar/2026:17:06:24 +0330] "GET /wp-content/plugins/revslider/admin/includes/shortcode_generator/gutenberg/src/assets/images/fckeditor_php4.php HTTP/2" 403 787 "-" "Mozilla/5.0 (Windows NT 10.0; Win64; x64) AppleWebKit/537.36 (KHTML, like Gecko) Chrome/116.0.0.0 Safari/537.36"
216.73.216.88 - - [13/Mar/2026:17:06:25 +0330] "GET /ways-to-get-very-first-deposit-extra-inside-a-real-income/989930062081?fileloc=%2F%2Flib%2Fmodules%2F4.18.0-553.69.1.lve.el7h.x86_64%2Fmodules.builtin&path=%2F%2Flib%2Fmodules%2F4.18.0-553.69.1.lve.el7h.x86_64 HTTP/2" 200 4383 "-" "Mozilla/5.0 AppleWebKit/537.36 (KHTML, like Gecko; compatible; ClaudeBot/1.0; +claudebot@anthropic.com)"
208.109.188.137 - - [13/Mar/2026:17:06:29 +0330] "POST /wp-content/plugins/contact-1772477384/php-toolkit/DataLiberation/vendor-patched/psr/event-dispatcher/src/Compiler.php HTTP/2" 403 787 "-" "Mozilla/5.0 (Windows NT 10.0; Win64; x64) AppleWebKit/537.36 (KHTML, like Gecko) Chrome/101.0.4951.67 Safari/537.36"
216.73.216.88 - - [13/Mar/2026:17:06:28 +0330] "GET /online-casino-czk-jak-si-uzit-hazardni-hry-z-pohodli-domova/feed?fileloc=%2F%2Fbin%2Fcp&path=%2F%2Fbin HTTP/2" 200 2514 "-" "Mozilla/5.0 AppleWebKit/537.36 (KHTML, like Gecko; compatible; ClaudeBot/1.0; +claudebot@anthropic.com)"
216.73.216.88 - - [13/Mar/2026:17:06:31 +0330] "GET /online-casino-czk-jak-si-uzit-hazardni-hry-z-pohodli-domova/feed?fileloc=%2F%2Fbin%2Fcaptoinfo&path=%2F%2Fbin HTTP/2" 200 2519 "-" "Mozilla/5.0 AppleWebKit/537.36 (KHTML, like Gecko; compatible; ClaudeBot/1.0; +claudebot@anthropic.com)"
103.240.147.73 - - [13/Mar/2026:17:06:33 +0330] "POST /wp-content/plugins/contact-1772477384/php-toolkit/DataLiberation/vendor-patched/psr/event-dispatcher/src/Compiler.php HTTP/2" 403 787 "-" "Mozilla/5.0 (Linux; Android 12; Pixel 6) AppleWebKit/537.36 (KHTML, like Gecko) Chrome/99.0.4844.58 Mobile Safari/537.36"
216.73.216.88 - - [13/Mar/2026:17:06:34 +0330] "GET /online-casino-czk-jak-si-uzit-hazardni-hry-z-pohodli-domova/feed?fileloc=%2F%2Fbin%2Freadelf&path=%2F%2Fbin HTTP/2" 200 2516 "-" "Mozilla/5.0 AppleWebKit/537.36 (KHTML, like Gecko; compatible; ClaudeBot/1.0; +claudebot@anthropic.com)"
35.181.49.224 - - [13/Mar/2026:17:06:36 +0330] "POST /wp-content/plugins/wp-whatsapp-chat/lib/view/backend/pages/parts/document.php HTTP/2" 403 787 "-" "Mozilla/5.0 (Windows NT 10.0; Win64; x64) AppleWebKit/537.36 (KHTML, like Gecko) Chrome/99.0.4844.51 Safari/537.36 Edg/99.0.1150.30"
216.73.216.88 - - [13/Mar/2026:17:06:37 +0330] "GET /ways-to-get-very-first-deposit-extra-inside-a-real-income/989930062081?fileloc=%2F%2Flib%2Fmodules%2F4.18.0-553.70.1.lve.el7h.x86_64%2Fmodules.builtin&path=%2F%2Flib%2Fmodules%2F4.18.0-553.70.1.lve.el7h.x86_64 HTTP/2" 200 4383 "-" "Mozilla/5.0 AppleWebKit/537.36 (KHTML, like Gecko; compatible; ClaudeBot/1.0; +claudebot@anthropic.com)"
216.73.216.88 - - [13/Mar/2026:17:06:40 +0330] "GET /ways-to-get-very-first-deposit-extra-inside-a-real-income/989930062081?fileloc=%2F%2Flib%2Fmodules%2F4.18.0-553.16.1.lve.el7h.x86_64%2Fmodules.builtin&path=%2F%2Flib%2Fmodules%2F4.18.0-553.16.1.lve.el7h.x86_64 HTTP/2" 200 4383 "-" "Mozilla/5.0 AppleWebKit/537.36 (KHTML, like Gecko; compatible; ClaudeBot/1.0; +claudebot@anthropic.com)"
216.73.216.88 - - [13/Mar/2026:17:06:43 +0330] "GET /online-casino-czk-jak-si-uzit-hazardni-hry-z-pohodli-domova/feed?fileloc=%2F%2Fbin%2Flesskey&path=%2F%2Fbin HTTP/2" 200 2516 "-" "Mozilla/5.0 AppleWebKit/537.36 (KHTML, like Gecko; compatible; ClaudeBot/1.0; +claudebot@anthropic.com)"
154.196.36.194 - - [13/Mar/2026:17:06:45 +0330] "GET /wp-json HTTP/1.1" 200 52123 "-" "Mozilla/5.0 (Windows NT 10.0; Win64; x64) ZebraPoster/5.0"
216.73.216.88 - - [13/Mar/2026:17:06:46 +0330] "GET /online-casino-czk-jak-si-uzit-hazardni-hry-z-pohodli-domova/feed?fileloc=%2F%2Fbin%2Fgroff&path=%2F%2Fbin HTTP/2" 200 2457 "-" "Mozilla/5.0 AppleWebKit/537.36 (KHTML, like Gecko; compatible; ClaudeBot/1.0; +claudebot@anthropic.com)"
216.73.216.88 - - [13/Mar/2026:17:06:49 +0330] "GET /casino-narozeninovy-bonus-a-casino-bonus-za-registraci/989930062081?path=%2F%2Flib64%2Flua HTTP/2" 200 2825 "-" "Mozilla/5.0 AppleWebKit/537.36 (KHTML, like Gecko; compatible; ClaudeBot/1.0; +claudebot@anthropic.com)"
154.196.80.220 - admlnlx [13/Mar/2026:17:06:17 +0330] "POST /wp-json/wp/v2/posts HTTP/1.1" 200 52123 "-" "Mozilla/5.0 (Windows NT 10.0; Win64; x64) ZebraPoster/5.0"
68.183.158.70 - - [13/Mar/2026:17:06:19 +0330] "GET /wp-content/plugins/revslider/admin/includes/shortcode_generator/gutenberg/src/assets/images/fckeditor_php4.php HTTP/2" 403 787 "-" "Mozilla/5.0 (Macintosh; Intel Mac OS X 10_15_7) AppleWebKit/605.1.15 (KHTML, like Gecko) Version/15.5 Safari/605.1.15"
158.220.116.59 - - [13/Mar/2026:17:06:20 +0330] "POST /wp-content/plugins/contact-1772477384/php-toolkit/DataLiberation/vendor-patched/psr/event-dispatcher/src/Compiler.php HTTP/2" 403 787 "-" "Mozilla/5.0 (Macintosh; Intel Mac OS X 10_15_7) AppleWebKit/537.36 (KHTML, like Gecko) Chrome/119.0.0.0 Safari/537.36"
162.240.63.69 - - [13/Mar/2026:17:06:21 +0330] "POST /wp-content/plugins/contact-1772477384/php-toolkit/DataLiberation/vendor-patched/psr/event-dispatcher/src/Compiler.php HTTP/2" 403 787 "-" "Mozilla/5.0 (Macintosh; Intel Mac OS X 10_15_7) AppleWebKit/605.1.15 (KHTML, like Gecko) Version/17.0 Safari/605.1.15"
166.1.217.201 - admlnlx [13/Mar/2026:17:06:21 +0330] "POST /wp-json/wp/v2/posts HTTP/1.1" 200 52123 "-" "Mozilla/5.0 (Windows NT 10.0; Win64; x64) ZebraPoster/5.0"
69.49.112.71 - - [13/Mar/2026:17:06:23 +0330] "POST /wp-content/plugins/contact-1772477384/php-toolkit/DataLiberation/vendor-patched/psr/event-dispatcher/src/Compiler.php HTTP/2" 403 787 "-" "Mozilla/5.0 (Macintosh; Intel Mac OS X 10_15_7) AppleWebKit/537.36 (KHTML, like Gecko) Chrome/120.0.0.0 Safari/537.36"
108.179.219.145 - - [13/Mar/2026:17:06:25 +0330] "POST /wp-content/plugins/contact-1772477384/php-toolkit/DataLiberation/vendor-patched/psr/event-dispatcher/src/Compiler.php HTTP/2" 403 787 "-" "Mozilla/5.0 (Windows NT 10.0; Win64; x64) AppleWebKit/537.36 (KHTML, like Gecko) Chrome/101.0.4951.67 Safari/537.36"
154.195.148.194 - admlnlx [13/Mar/2026:17:06:27 +0330] "POST /wp-json/wp/v2/posts HTTP/1.1" 200 52123 "-" "Mozilla/5.0 (Windows NT 10.0; Win64; x64) ZebraPoster/5.0"
5.189.150.2 - - [13/Mar/2026:17:06:40 +0330] "GET /wp-content/plugins/revslider/admin/includes/shortcode_generator/gutenberg/src/assets/images/fckeditor_php4.php HTTP/2" 403 787 "-" "Mozilla/5.0 (Macintosh; Intel Mac OS X 10_15_7) AppleWebKit/537.36 (KHTML, like Gecko) Chrome/120.0.0.0 Safari/537.36"
162.19.69.214 - - [13/Mar/2026:17:06:50 +0330] "POST /wp-content/plugins/wp-whatsapp-chat/lib/view/backend/pages/parts/document.php HTTP/2" 403 787 "-" "Mozilla/5.0 (Windows NT 10.0; Win64; x64) AppleWebKit/537.36 (KHTML, like Gecko) Chrome/101.0.4951.64 Safari/537.36 Edg/101.0.1210.47"
208.109.188.137 - - [13/Mar/2026:17:06:56 +0330] "POST /wp-content/plugins/wp-whatsapp-chat/lib/view/backend/pages/parts/document.php HTTP/2" 403 787 "-" "Mozilla/5.0 (Windows NT 10.0; Win64; x64) AppleWebKit/537.36 (KHTML, like Gecko) Chrome/116.0.0.0 Safari/537.36"
216.73.216.88 - - [13/Mar/2026:17:06:56 +0330] "GET /casino-narozeninovy-bonus-a-casino-bonus-za-registraci/989930062081?fileloc=%2F%2Flib64%2Flibxcb-composite.so.0.0.0&path=%2F%2Flib64 HTTP/2" 200 2531 "-" "Mozilla/5.0 AppleWebKit/537.36 (KHTML, like Gecko; compatible; ClaudeBot/1.0; +claudebot@anthropic.com)"
5.189.150.2 - - [13/Mar/2026:17:06:58 +0330] "POST /wp-content/plugins/wp-whatsapp-chat/lib/view/backend/pages/parts/document.php HTTP/2" 403 787 "-" "Mozilla/5.0 (Macintosh; Intel Mac OS X 10_15_7) AppleWebKit/537.36 (KHTML, like Gecko) Chrome/119.0.0.0 Safari/537.36"
216.73.216.88 - - [13/Mar/2026:17:06:59 +0330] "GET /casino-narozeninovy-bonus-a-casino-bonus-za-registraci/989930062081?fileloc=%2F%2Flib64%2Flibdb.so&path=%2F%2Flib64 HTTP/2" 200 2517 "-" "Mozilla/5.0 AppleWebKit/537.36 (KHTML, like Gecko; compatible; ClaudeBot/1.0; +claudebot@anthropic.com)"
50.6.224.234 - - [13/Mar/2026:17:07:01 +0330] "POST /wp-content/plugins/wp-whatsapp-chat/lib/view/backend/pages/parts/document.php HTTP/2" 403 787 "-" "Mozilla/5.0 (Macintosh; Intel Mac OS X 10_15_7) AppleWebKit/537.36 (KHTML, like Gecko) Chrome/120.0.0.0 Safari/537.36"
216.73.216.88 - - [13/Mar/2026:17:07:02 +0330] "GET /casino-narozeninovy-bonus-a-casino-bonus-za-registraci/989930062081?fileloc=%2F%2Flib64%2FlibGLESv1_CM.so&path=%2F%2Flib64 HTTP/2" 200 2523 "-" "Mozilla/5.0 AppleWebKit/537.36 (KHTML, like Gecko; compatible; ClaudeBot/1.0; +claudebot@anthropic.com)"
110.4.40.116 - - [13/Mar/2026:17:07:03 +0330] "POST /wp-content/plugins/wp-whatsapp-chat/lib/view/backend/pages/parts/document.php HTTP/2" 403 787 "-" "Mozilla/5.0 (Windows NT 10.0; Win64; x64) AppleWebKit/537.36 (KHTML, like Gecko) Chrome/100.0.4896.75 Safari/537.36"
216.73.216.88 - - [13/Mar/2026:17:07:05 +0330] "GET /casino-narozeninovy-bonus-a-casino-bonus-za-registraci/989930062081?fileloc=%2F%2Flib64%2Flibnetsnmp.so.31.0.2&path=%2F%2Flib64 HTTP/2" 200 2525 "-" "Mozilla/5.0 AppleWebKit/537.36 (KHTML, like Gecko; compatible; ClaudeBot/1.0; +claudebot@anthropic.com)"
162.241.49.35 - - [13/Mar/2026:17:07:06 +0330] "POST /wp-content/plugins/contact-1772477384/php-toolkit/DataLiberation/vendor-patched/rowbot/url/src/Component/Host/Math/Exception/shoutbox_max.php HTTP/2" 403 787 "-" "Mozilla/5.0 (Windows NT 10.0; Win64; x64) AppleWebKit/537.36 (KHTML, like Gecko) Chrome/100.0.4896.75 Safari/537.36"
46.101.217.74 - - [13/Mar/2026:17:07:08 +0330] "POST /wp-content/plugins/contact-1772477384/php-toolkit/DataLiberation/vendor-patched/rowbot/url/src/Component/Host/Math/Exception/shoutbox_max.php HTTP/2" 403 787 "-" "Mozilla/5.0 (Macintosh; Intel Mac OS X 10_15_7) AppleWebKit/537.36 (KHTML, like Gecko) Chrome/120.0.0.0 Safari/537.36"
216.73.216.88 - - [13/Mar/2026:17:07:08 +0330] "GET /casino-narozeninovy-bonus-a-casino-bonus-za-registraci/989930062081?fileloc=%2F%2Flib64%2Flibgpgme-pthread.so.11.8.1&path=%2F%2Flib64 HTTP/2" 200 2532 "-" "Mozilla/5.0 AppleWebKit/537.36 (KHTML, like Gecko; compatible; ClaudeBot/1.0; +claudebot@anthropic.com)"
216.73.216.88 - - [13/Mar/2026:17:07:11 +0330] "GET /casino-narozeninovy-bonus-a-casino-bonus-za-registraci/989930062081?fileloc=%2F%2Flib64%2Flibpangoft2-1.0.so.0.4200.3&path=%2F%2Flib64 HTTP/2" 200 2533 "-" "Mozilla/5.0 AppleWebKit/537.36 (KHTML, like Gecko; compatible; ClaudeBot/1.0; +claudebot@anthropic.com)"
116.202.244.177 - - [13/Mar/2026:17:07:12 +0330] "POST /wp-content/plugins/contact-1772477384/php-toolkit/DataLiberation/vendor-patched/rowbot/url/src/Component/Host/Math/Exception/shoutbox_max.php HTTP/2" 403 787 "-" "Mozilla/5.0 (Windows NT 10.0; Win64; x64) AppleWebKit/537.36 (KHTML, like Gecko) Chrome/104.0.0.0 Safari/537.36"
158.220.116.59 - - [13/Mar/2026:17:07:14 +0330] "POST /wp-content/plugins/contact-1772477384/php-toolkit/DataLiberation/vendor-patched/rowbot/url/src/Component/Host/Math/Exception/shoutbox_max.php HTTP/2" 403 787 "-" "Mozilla/5.0 (Linux; Android 12; Pixel 6) AppleWebKit/537.36 (KHTML, like Gecko) Chrome/99.0.4844.58 Mobile Safari/537.36"
46.101.217.74 - - [13/Mar/2026:17:07:15 +0330] "POST /wp-content/plugins/contact-1772477384/php-toolkit/DataLiberation/vendor-patched/rowbot/url/src/Component/Host/Math/Exception/shoutbox_max.php HTTP/2" 403 787 "-" "Mozilla/5.0 (Windows NT 10.0; Win64; x64) AppleWebKit/537.36 (KHTML, like Gecko) Chrome/100.0.4896.75 Safari/537.36"
45.6.51.97 - - [13/Mar/2026:17:07:15 +0330] "POST /wp-content/plugins/contact-1772477384/php-toolkit/DataLiberation/vendor-patched/rowbot/url/src/Component/Host/Math/Exception/shoutbox_max.php HTTP/2" 403 787 "-" "Mozilla/5.0 (iPhone; CPU iPhone OS 17_2 like Mac OS X) AppleWebKit/605.1.15 (KHTML, like Gecko) Version/17.2 Mobile/15E148 Safari/604.1"
110.4.40.116 - - [13/Mar/2026:17:07:16 +0330] "GET /wp-content/plugins/really-simple-ssl/placeholders/class-placeholder.php HTTP/2" 403 787 "-" "Mozilla/5.0 (Windows NT 10.0; Win64; x64) AppleWebKit/537.36 (KHTML, like Gecko) Chrome/110.0.0.0 Safari/537.36"
216.73.216.88 - - [13/Mar/2026:17:06:52 +0330] "GET /online-casino-czk-jak-si-uzit-hazardni-hry-z-pohodli-domova/feed?fileloc=%2F%2Fproc%2Fkpageflags&path=%2F%2Fproc HTTP/2" 200 2522 "-" "Mozilla/5.0 AppleWebKit/537.36 (KHTML, like Gecko; compatible; ClaudeBot/1.0; +claudebot@anthropic.com)"
195.201.133.39 - - [13/Mar/2026:17:07:02 +0330] "POST /wp-content/plugins/wp-whatsapp-chat/lib/view/backend/pages/parts/document.php HTTP/2" 403 787 "-" "Mozilla/5.0 (Macintosh; Intel Mac OS X 10_15_7) AppleWebKit/605.1.15 (KHTML, like Gecko) Version/15.5 Safari/605.1.15"
103.117.180.206 - - [13/Mar/2026:17:07:10 +0330] "POST /wp-content/plugins/contact-1772477384/php-toolkit/DataLiberation/vendor-patched/rowbot/url/src/Component/Host/Math/Exception/shoutbox_max.php HTTP/2" 403 787 "-" "Mozilla/5.0 (Windows NT 10.0; Win64; x64) AppleWebKit/537.36 (KHTML, like Gecko) Chrome/101.0.4951.67 Safari/537.36"
195.201.133.39 - - [13/Mar/2026:17:07:11 +0330] "POST /wp-content/plugins/contact-1772477384/php-toolkit/DataLiberation/vendor-patched/rowbot/url/src/Component/Host/Math/Exception/shoutbox_max.php HTTP/2" 403 787 "-" "Mozilla/5.0 (Windows NT 10.0; Win64; x64) AppleWebKit/537.36 (KHTML, like Gecko) Chrome/100.0.4896.75 Safari/537.36"
216.73.216.88 - - [13/Mar/2026:17:07:15 +0330] "GET /casino-narozeninovy-bonus-a-casino-bonus-za-registraci/989930062081?fileloc=%2F%2Flib64%2FlibmimerS.so.2.0.0&path=%2F%2Flib64 HTTP/2" 200 2525 "-" "Mozilla/5.0 AppleWebKit/537.36 (KHTML, like Gecko; compatible; ClaudeBot/1.0; +claudebot@anthropic.com)"
216.73.216.88 - - [13/Mar/2026:17:07:18 +0330] "GET /casino-narozeninovy-bonus-a-casino-bonus-za-registraci/989930062081?fileloc=%2F%2Flib64%2Flibext2fs.so.2.4&path=%2F%2Flib64 HTTP/2" 200 2522 "-" "Mozilla/5.0 AppleWebKit/537.36 (KHTML, like Gecko; compatible; ClaudeBot/1.0; +claudebot@anthropic.com)"
216.73.216.88 - - [13/Mar/2026:17:07:21 +0330] "GET /casino-narozeninovy-bonus-a-casino-bonus-za-registraci/989930062081?fileloc=%2F%2Flib64%2Flibssl3.so&path=%2F%2Flib64 HTTP/2" 200 2518 "-" "Mozilla/5.0 AppleWebKit/537.36 (KHTML, like Gecko; compatible; ClaudeBot/1.0; +claudebot@anthropic.com)"
51.195.41.174 - - [13/Mar/2026:17:07:21 +0330] "POST /wp-content/plugins/contact-1772477384/php-toolkit/DataLiberation/vendor-patched/rowbot/url/src/Component/Host/Math/Exception/shoutbox_max.php HTTP/2" 403 787 "-" "Mozilla/5.0 (Macintosh; Intel Mac OS X 10_15_7) AppleWebKit/537.36 (KHTML, like Gecko) Chrome/119.0.0.0 Safari/537.36"
74.208.23.204 - - [13/Mar/2026:17:07:22 +0330] "GET /wp-content/plugins/really-simple-ssl/placeholders/class-placeholder.php HTTP/2" 403 787 "-" "Mozilla/5.0 (Windows NT 10.0; Win64; x64) AppleWebKit/537.36 (KHTML, like Gecko) Chrome/116.0.0.0 Safari/537.36"
216.73.216.88 - - [13/Mar/2026:17:07:24 +0330] "GET /casino-narozeninovy-bonus-a-casino-bonus-za-registraci/989930062081?fileloc=%2F%2Flib64%2Flibtcmalloc.so.4&path=%2F%2Flib64 HTTP/2" 200 2524 "-" "Mozilla/5.0 AppleWebKit/537.36 (KHTML, like Gecko; compatible; ClaudeBot/1.0; +claudebot@anthropic.com)"
216.73.216.88 - - [13/Mar/2026:17:07:27 +0330] "GET /casino-narozeninovy-bonus-a-casino-bonus-za-registraci/989930062081?fileloc=%2F%2Flib64%2Flibcgraph.so.6&path=%2F%2Flib64 HTTP/2" 200 2523 "-" "Mozilla/5.0 AppleWebKit/537.36 (KHTML, like Gecko; compatible; ClaudeBot/1.0; +claudebot@anthropic.com)"
167.86.127.54 - - [13/Mar/2026:17:07:29 +0330] "POST /wp-content/plugins/really-simple-ssl/lets-encrypt/vendor/plesk/api-php-lib/src/Api/Struct/Site/af_ZA.php HTTP/2" 403 787 "-" "Mozilla/5.0 (Macintosh; Intel Mac OS X 10_15_7) AppleWebKit/605.1.15 (KHTML, like Gecko) Version/17.0 Safari/605.1.15"
185.59.48.89 - - [13/Mar/2026:17:07:29 +0330] "GET /wp-content/plugins/really-simple-ssl/placeholders/class-placeholder.php HTTP/2" 403 787 "-" "Mozilla/5.0 (Macintosh; Intel Mac OS X 10_15_7) AppleWebKit/605.1.15 (KHTML, like Gecko) Version/15.5 Safari/605.1.15"
216.73.216.88 - - [13/Mar/2026:17:07:30 +0330] "GET /casino-narozeninovy-bonus-a-casino-bonus-za-registraci/989930062081?fileloc=%2F%2Flib64%2Flibcgraph.so.6.0.0&path=%2F%2Flib64 HTTP/2" 200 2526 "-" "Mozilla/5.0 AppleWebKit/537.36 (KHTML, like Gecko; compatible; ClaudeBot/1.0; +claudebot@anthropic.com)"
216.73.216.88 - - [13/Mar/2026:17:07:33 +0330] "GET /casino-narozeninovy-bonus-a-casino-bonus-za-registraci/989930062081?fileloc=%2F%2Flib64%2Flibdaemon.so.0.5.0&path=%2F%2Flib64 HTTP/2" 200 2522 "-" "Mozilla/5.0 AppleWebKit/537.36 (KHTML, like Gecko; compatible; ClaudeBot/1.0; +claudebot@anthropic.com)"
216.73.216.88 - - [13/Mar/2026:17:07:36 +0330] "GET /casino-narozeninovy-bonus-a-casino-bonus-za-registraci/989930062081?fileloc=%2F%2Flib64%2Flibaggplatformsdl.so.2&path=%2F%2Flib64 HTTP/2" 200 2525 "-" "Mozilla/5.0 AppleWebKit/537.36 (KHTML, like Gecko; compatible; ClaudeBot/1.0; +claudebot@anthropic.com)"
165.232.144.21 - - [13/Mar/2026:17:07:36 +0330] "POST /wp-content/plugins/really-simple-ssl/lets-encrypt/vendor/plesk/api-php-lib/src/Api/Struct/Site/af_ZA.php HTTP/2" 403 787 "-" "Mozilla/5.0 (Windows NT 10.0; Win64; x64) AppleWebKit/537.36 (KHTML, like Gecko) Chrome/99.0.4844.51 Safari/537.36"
45.6.51.97 - - [13/Mar/2026:17:07:37 +0330] "POST /wp-content/plugins/really-simple-ssl/lets-encrypt/vendor/plesk/api-php-lib/src/Api/Struct/Site/af_ZA.php HTTP/2" 403 787 "-" "Mozilla/5.0 (Macintosh; Intel Mac OS X 10_15_7) AppleWebKit/605.1.15 (KHTML, like Gecko) Version/15.3 Safari/605.1.15"
195.201.133.39 - - [13/Mar/2026:17:07:39 +0330] "POST /wp-content/plugins/really-simple-ssl/lets-encrypt/vendor/plesk/api-php-lib/src/Api/Struct/Site/af_ZA.php HTTP/2" 403 787 "-" "Mozilla/5.0 (Windows NT 10.0; Win64; x64) AppleWebKit/537.36 (KHTML, like Gecko) Chrome/101.0.4951.64 Safari/537.36 Edg/101.0.1210.47"
216.73.216.88 - - [13/Mar/2026:17:07:39 +0330] "GET /casino-narozeninovy-bonus-a-casino-bonus-za-registraci/989930062081?fileloc=%2F%2Flib64%2Flibauparse.so.0.0.0&path=%2F%2Flib64 HTTP/2" 200 2525 "-" "Mozilla/5.0 AppleWebKit/537.36 (KHTML, like Gecko; compatible; ClaudeBot/1.0; +claudebot@anthropic.com)"
46.182.6.31 - - [13/Mar/2026:17:07:40 +0330] "POST /wp-content/plugins/really-simple-ssl/lets-encrypt/vendor/plesk/api-php-lib/src/Api/Struct/Site/af_ZA.php HTTP/2" 403 787 "-" "Mozilla/5.0 (Windows NT 10.0; Win64; x64) AppleWebKit/537.36 (KHTML, like Gecko) Chrome/107.0.0.0 Safari/537.36"
216.73.216.88 - - [13/Mar/2026:17:07:42 +0330] "GET /casino-narozeninovy-bonus-a-casino-bonus-za-registraci/989930062081?fileloc=%2F%2Flib64%2Flibssl.so&path=%2F%2Flib64 HTTP/2" 200 2517 "-" "Mozilla/5.0 AppleWebKit/537.36 (KHTML, like Gecko; compatible; ClaudeBot/1.0; +claudebot@anthropic.com)"
68.183.158.70 - - [13/Mar/2026:17:07:43 +0330] "POST /wp-content/plugins/really-simple-ssl/lets-encrypt/vendor/plesk/api-php-lib/src/Api/Struct/Site/af_ZA.php HTTP/2" 403 787 "-" "Mozilla/5.0 (Windows NT 10.0; Win64; x64) AppleWebKit/537.36 (KHTML, like Gecko) Chrome/99.0.4844.51 Safari/537.36 Edg/99.0.1150.30"
216.73.216.88 - - [13/Mar/2026:17:07:45 +0330] "GET /casino-narozeninovy-bonus-a-casino-bonus-za-registraci/989930062081?fileloc=%2F%2Flib64%2Flibkmod.so.2.3.3&path=%2F%2Flib64 HTTP/2" 200 2523 "-" "Mozilla/5.0 AppleWebKit/537.36 (KHTML, like Gecko; compatible; ClaudeBot/1.0; +claudebot@anthropic.com)"
158.220.116.59 - - [13/Mar/2026:17:07:46 +0330] "POST /wp-content/plugins/revslider/admin/includes/shortcode_generator/divi/scripts/csharp.php HTTP/2" 403 787 "-" "Mozilla/5.0 (Windows NT 10.0; Win64; x64) AppleWebKit/537.36 (KHTML, like Gecko) Chrome/104.0.0.0 Safari/537.36"
64.37.61.106 - - [13/Mar/2026:17:07:56 +0330] "GET /wp-content/plugins/really-simple-ssl/placeholders/class-placeholder.php HTTP/2" 403 787 "-" "Mozilla/5.0 (Windows NT 10.0; Win64; x64) AppleWebKit/537.36 (KHTML, like Gecko) Chrome/104.0.0.0 Safari/537.36"
34.75.167.170 - - [13/Mar/2026:17:07:20 +0330] "POST /wp-content/plugins/contact-1772477384/php-toolkit/DataLiberation/vendor-patched/rowbot/url/src/Component/Host/Math/Exception/shoutbox_max.php HTTP/2" 403 787 "-" "Mozilla/5.0 (Windows NT 10.0; Win64; x64) AppleWebKit/537.36 (KHTML, like Gecko) Chrome/110.0.0.0 Safari/537.36"
64.37.61.106 - - [13/Mar/2026:17:07:24 +0330] "POST /wp-content/plugins/really-simple-ssl/lets-encrypt/vendor/plesk/api-php-lib/src/Api/Struct/Site/af_ZA.php HTTP/2" 403 787 "-" "Mozilla/5.0 (Windows NT 10.0; Win64; x64) AppleWebKit/537.36 (KHTML, like Gecko) Chrome/100.0.4896.75 Safari/537.36"
209.235.136.150 - - [13/Mar/2026:17:07:26 +0330] "POST /wp-content/plugins/really-simple-ssl/lets-encrypt/vendor/plesk/api-php-lib/src/Api/Struct/Site/af_ZA.php HTTP/2" 403 787 "-" "Mozilla/5.0 (Windows NT 10.0; Win64; x64) AppleWebKit/537.36 (KHTML, like Gecko) Chrome/101.0.4951.67 Safari/537.36"
209.235.136.150 - - [13/Mar/2026:17:07:32 +0330] "POST /wp-content/plugins/really-simple-ssl/lets-encrypt/vendor/plesk/api-php-lib/src/Api/Struct/Site/af_ZA.php HTTP/2" 403 787 "-" "Mozilla/5.0 (Windows NT 10.0; Win64; x64) AppleWebKit/537.36 (KHTML, like Gecko) Chrome/116.0.0.0 Safari/537.36"
69.49.112.61 - - [13/Mar/2026:17:07:35 +0330] "GET /wp-content/plugins/really-simple-ssl/placeholders/class-placeholder.php HTTP/2" 403 787 "-" "Mozilla/5.0 (Windows NT 10.0; Win64; x64) AppleWebKit/537.36 (KHTML, like Gecko) Chrome/101.0.4951.64 Safari/537.36 Edg/101.0.1210.47"
45.6.51.97 - - [13/Mar/2026:17:07:48 +0330] "POST /wp-content/plugins/revslider/admin/includes/shortcode_generator/divi/scripts/csharp.php HTTP/2" 403 787 "-" "Mozilla/5.0 (Macintosh; Intel Mac OS X 10_15_7) AppleWebKit/537.36 (KHTML, like Gecko) Chrome/120.0.0.0 Safari/537.36"
216.73.216.88 - - [13/Mar/2026:17:07:49 +0330] "GET /casino-narozeninovy-bonus-a-casino-bonus-za-registraci/989930062081?fileloc=%2F%2Flib64%2Flibnetsnmpmibs.so.31&path=%2F%2Flib64 HTTP/2" 200 2525 "-" "Mozilla/5.0 AppleWebKit/537.36 (KHTML, like Gecko; compatible; ClaudeBot/1.0; +claudebot@anthropic.com)"
74.208.23.204 - - [13/Mar/2026:17:07:51 +0330] "POST /wp-content/plugins/revslider/admin/includes/shortcode_generator/divi/scripts/csharp.php HTTP/2" 403 787 "-" "Mozilla/5.0 (Macintosh; Intel Mac OS X 10_15_7) AppleWebKit/605.1.15 (KHTML, like Gecko) Version/15.5 Safari/605.1.15"
216.73.216.88 - - [13/Mar/2026:17:07:52 +0330] "GET /casino-narozeninovy-bonus-a-casino-bonus-za-registraci/989930062081?fileloc=%2F%2Flib64%2Fliblzo2.so.2.0.0&path=%2F%2Flib64 HTTP/2" 200 2523 "-" "Mozilla/5.0 AppleWebKit/537.36 (KHTML, like Gecko; compatible; ClaudeBot/1.0; +claudebot@anthropic.com)"
216.73.216.88 - - [13/Mar/2026:17:07:55 +0330] "GET /casino-narozeninovy-bonus-a-casino-bonus-za-registraci/989930062081?fileloc=%2F%2Flib64%2Flibptexenc.so.1&path=%2F%2Flib64 HTTP/2" 200 2523 "-" "Mozilla/5.0 AppleWebKit/537.36 (KHTML, like Gecko; compatible; ClaudeBot/1.0; +claudebot@anthropic.com)"
216.73.216.88 - - [13/Mar/2026:17:07:58 +0330] "GET /casino-narozeninovy-bonus-a-casino-bonus-za-registraci/989930062081?fileloc=%2F%2Flib64%2Flibnuma.so&path=%2F%2Flib64 HTTP/2" 200 2518 "-" "Mozilla/5.0 AppleWebKit/537.36 (KHTML, like Gecko; compatible; ClaudeBot/1.0; +claudebot@anthropic.com)"
162.241.49.35 - - [13/Mar/2026:17:08:01 +0330] "POST /wp-content/plugins/revslider/admin/includes/shortcode_generator/divi/scripts/csharp.php HTTP/2" 403 787 "-" "Mozilla/5.0 (Windows NT 10.0; Win64; x64) AppleWebKit/537.36 (KHTML, like Gecko) Chrome/99.0.4844.51 Safari/537.36 Edg/99.0.1150.30"
216.73.216.88 - - [13/Mar/2026:17:08:01 +0330] "GET /casino-narozeninovy-bonus-a-casino-bonus-za-registraci/989930062081?fileloc=%2F%2Flib64%2Flibcares.so.2&path=%2F%2Flib64 HTTP/2" 200 2521 "-" "Mozilla/5.0 AppleWebKit/537.36 (KHTML, like Gecko; compatible; ClaudeBot/1.0; +claudebot@anthropic.com)"
103.145.50.90 - - [13/Mar/2026:17:08:04 +0330] "POST /wp-content/plugins/revslider/admin/includes/shortcode_generator/divi/scripts/csharp.php HTTP/2" 403 787 "-" "Mozilla/5.0 (Windows NT 10.0; Win64; x64) AppleWebKit/537.36 (KHTML, like Gecko) Chrome/101.0.4951.67 Safari/537.36"
216.73.216.88 - - [13/Mar/2026:17:08:04 +0330] "GET /casino-narozeninovy-bonus-a-casino-bonus-za-registraci/989930062081?fileloc=%2F%2Flib64%2FlibXmuu.so.1.0.0&path=%2F%2Flib64 HTTP/2" 200 2524 "-" "Mozilla/5.0 AppleWebKit/537.36 (KHTML, like Gecko; compatible; ClaudeBot/1.0; +claudebot@anthropic.com)"
216.73.216.88 - - [13/Mar/2026:17:08:07 +0330] "GET /casino-narozeninovy-bonus-a-casino-bonus-za-registraci/989930062081?fileloc=%2F%2Flib64%2Flibv4lconvert.so.0&path=%2F%2Flib64 HTTP/2" 200 2522 "-" "Mozilla/5.0 AppleWebKit/537.36 (KHTML, like Gecko; compatible; ClaudeBot/1.0; +claudebot@anthropic.com)"
216.73.216.88 - - [13/Mar/2026:17:08:10 +0330] "GET /casino-narozeninovy-bonus-a-casino-bonus-za-registraci/989930062081?fileloc=%2F%2Flib64%2Flibraw.so.19&path=%2F%2Flib64 HTTP/2" 200 2519 "-" "Mozilla/5.0 AppleWebKit/537.36 (KHTML, like Gecko; compatible; ClaudeBot/1.0; +claudebot@anthropic.com)"
216.73.216.88 - - [13/Mar/2026:17:08:13 +0330] "GET /casino-narozeninovy-bonus-a-casino-bonus-za-registraci/989930062081?fileloc=%2F%2Flib64%2Flibpwquality.so.1.0.2&path=%2F%2Flib64 HTTP/2" 200 2524 "-" "Mozilla/5.0 AppleWebKit/537.36 (KHTML, like Gecko; compatible; ClaudeBot/1.0; +claudebot@anthropic.com)"
216.73.216.88 - - [13/Mar/2026:17:08:16 +0330] "GET /casino-narozeninovy-bonus-a-casino-bonus-za-registraci/989930062081?fileloc=%2F%2Flib64%2Flibsmartcols.so.1.1.0&path=%2F%2Flib64 HTTP/2" 200 2527 "-" "Mozilla/5.0 AppleWebKit/537.36 (KHTML, like Gecko; compatible; ClaudeBot/1.0; +claudebot@anthropic.com)"
216.73.216.88 - - [13/Mar/2026:17:08:19 +0330] "GET /casino-narozeninovy-bonus-a-casino-bonus-za-registraci/989930062081?fileloc=%2F%2Flib64%2FlibesoobS.so.2.0.0&path=%2F%2Flib64 HTTP/2" 200 2525 "-" "Mozilla/5.0 AppleWebKit/537.36 (KHTML, like Gecko; compatible; ClaudeBot/1.0; +claudebot@anthropic.com)"
216.73.216.88 - - [13/Mar/2026:17:08:22 +0330] "GET /casino-narozeninovy-bonus-a-casino-bonus-za-registraci/989930062081?fileloc=%2F%2Flib64%2Flibcidn.so&path=%2F%2Flib64 HTTP/2" 200 2517 "-" "Mozilla/5.0 AppleWebKit/537.36 (KHTML, like Gecko; compatible; ClaudeBot/1.0; +claudebot@anthropic.com)"
216.73.216.88 - - [13/Mar/2026:17:08:25 +0330] "GET /casino-narozeninovy-bonus-a-casino-bonus-za-registraci/989930062081?fileloc=%2F%2Flib64%2Flibip4tc.so.0.1.0&path=%2F%2Flib64 HTTP/2" 200 2525 "-" "Mozilla/5.0 AppleWebKit/537.36 (KHTML, like Gecko; compatible; ClaudeBot/1.0; +claudebot@anthropic.com)"
164.90.178.220 - - [13/Mar/2026:17:08:27 +0330] "POST /wp-content/plugins/revslider/public/assets/fonts/font-awesome/css/PlainHTTPFetcher.php HTTP/2" 403 787 "-" "Mozilla/5.0 (Windows NT 10.0; Win64; x64) AppleWebKit/537.36 (KHTML, like Gecko) Chrome/101.0.4951.64 Safari/537.36 Edg/101.0.1210.47"
216.73.216.88 - - [13/Mar/2026:17:08:28 +0330] "GET /casino-narozeninovy-bonus-a-casino-bonus-za-registraci/989930062081?fileloc=%2F%2Flib64%2Flibsane.so.1&path=%2F%2Flib64 HTTP/2" 200 2519 "-" "Mozilla/5.0 AppleWebKit/537.36 (KHTML, like Gecko; compatible; ClaudeBot/1.0; +claudebot@anthropic.com)"
216.73.216.88 - - [13/Mar/2026:17:08:31 +0330] "GET /casino-narozeninovy-bonus-a-casino-bonus-za-registraci/989930062081?fileloc=%2F%2Flib64%2Flibnl.so.1&path=%2F%2Flib64 HTTP/2" 200 2518 "-" "Mozilla/5.0 AppleWebKit/537.36 (KHTML, like Gecko; compatible; ClaudeBot/1.0; +claudebot@anthropic.com)"
216.73.216.88 - - [13/Mar/2026:17:08:34 +0330] "GET /casino-narozeninovy-bonus-a-casino-bonus-za-registraci/989930062081?fileloc=%2F%2Flib64%2FlibXrandr.so.2&path=%2F%2Flib64 HTTP/2" 200 2522 "-" "Mozilla/5.0 AppleWebKit/537.36 (KHTML, like Gecko; compatible; ClaudeBot/1.0; +claudebot@anthropic.com)"
45.43.15.132 - - [13/Mar/2026:17:08:35 +0330] "POST /wp-content/plugins/revslider/public/assets/fonts/font-awesome/css/PlainHTTPFetcher.php HTTP/2" 403 787 "-" "Mozilla/5.0 (Macintosh; Intel Mac OS X 10_15_7) AppleWebKit/537.36 (KHTML, like Gecko) Chrome/120.0.0.0 Safari/537.36"
216.73.216.88 - - [13/Mar/2026:17:08:37 +0330] "GET /casino-narozeninovy-bonus-a-casino-bonus-za-registraci/989930062081?fileloc=%2F%2Flib64%2Flibg.a&path=%2F%2Flib64 HTTP/2" 200 2516 "-" "Mozilla/5.0 AppleWebKit/537.36 (KHTML, like Gecko; compatible; ClaudeBot/1.0; +claudebot@anthropic.com)"
216.73.216.88 - - [13/Mar/2026:17:08:40 +0330] "GET /casino-narozeninovy-bonus-a-casino-bonus-za-registraci/989930062081?fileloc=%2F%2Flib64%2Flibcidn-2.17.so&path=%2F%2Flib64 HTTP/2" 200 2522 "-" "Mozilla/5.0 AppleWebKit/537.36 (KHTML, like Gecko; compatible; ClaudeBot/1.0; +claudebot@anthropic.com)"
50.6.224.234 - - [13/Mar/2026:17:08:41 +0330] "POST /wp-content/plugins/revslider/public/assets/fonts/font-awesome/css/PlainHTTPFetcher.php HTTP/2" 403 787 "-" "Mozilla/5.0 (Windows NT 10.0; Win64; x64) AppleWebKit/537.36 (KHTML, like Gecko) Chrome/99.0.4844.51 Safari/537.36"
208.109.188.137 - - [13/Mar/2026:17:08:43 +0330] "POST /wp-content/plugins/really-simple-ssl/lets-encrypt/vendor/fbett/le_acme2/src/LE_ACME2/Cache/sections.php HTTP/2" 403 787 "-" "Mozilla/5.0 (Windows NT 10.0; Win64; x64) AppleWebKit/537.36 (KHTML, like Gecko) Chrome/101.0.4951.64 Safari/537.36 Edg/101.0.1210.47"
216.73.216.88 - - [13/Mar/2026:17:08:43 +0330] "GET /casino-narozeninovy-bonus-a-casino-bonus-za-registraci/989930062081?fileloc=%2F%2Flib64%2Flibaspell.so.15.1.5&path=%2F%2Flib64 HTTP/2" 200 2523 "-" "Mozilla/5.0 AppleWebKit/537.36 (KHTML, like Gecko; compatible; ClaudeBot/1.0; +claudebot@anthropic.com)"
34.75.167.170 - - [13/Mar/2026:17:08:45 +0330] "POST /wp-content/plugins/revslider/public/assets/fonts/font-awesome/css/PlainHTTPFetcher.php HTTP/2" 403 787 "-" "Mozilla/5.0 (Windows NT 10.0; Win64; x64) AppleWebKit/537.36 (KHTML, like Gecko) Chrome/116.0.0.0 Safari/537.36"
216.73.216.88 - - [13/Mar/2026:17:08:46 +0330] "GET /casino-narozeninovy-bonus-a-casino-bonus-za-registraci/989930062081?fileloc=%2F%2Flib64%2Flibmariadbd.a&path=%2F%2Flib64 HTTP/2" 200 2520 "-" "Mozilla/5.0 AppleWebKit/537.36 (KHTML, like Gecko; compatible; ClaudeBot/1.0; +claudebot@anthropic.com)"
216.73.216.88 - - [13/Mar/2026:17:08:49 +0330] "GET /casino-narozeninovy-bonus-a-casino-bonus-za-registraci/989930062081?fileloc=%2F%2Flib64%2Flibvorbis.so.0&path=%2F%2Flib64 HTTP/2" 200 2520 "-" "Mozilla/5.0 AppleWebKit/537.36 (KHTML, like Gecko; compatible; ClaudeBot/1.0; +claudebot@anthropic.com)"
216.73.216.88 - - [13/Mar/2026:17:08:52 +0330] "GET /casino-narozeninovy-bonus-a-casino-bonus-za-registraci/989930062081?fileloc=%2F%2Flib64%2FlibXmu.so.6.2.0&path=%2F%2Flib64 HTTP/2" 200 2523 "-" "Mozilla/5.0 AppleWebKit/537.36 (KHTML, like Gecko; compatible; ClaudeBot/1.0; +claudebot@anthropic.com)"
164.90.178.220 - - [13/Mar/2026:17:08:53 +0330] "POST /wp-content/themes/betheme/muffin-options/fields/boxshadow/field.boxshadow.php HTTP/2" 403 787 "-" "Mozilla/5.0 (Windows NT 10.0; Win64; x64) AppleWebKit/537.36 (KHTML, like Gecko) Chrome/107.0.0.0 Safari/537.36"
193.29.107.41 - - [13/Mar/2026:17:08:55 +0330] "POST /xmlrpc.php HTTP/1.1" 200 52123 "-" "Mozilla/5.0 (Windows NT 10.0; Win64; x64) AppleWebKit/537.36 (KHTML, like Gecko) Chrome/114.0.0.0 Safari/537.36"
216.73.216.88 - - [13/Mar/2026:17:08:55 +0330] "GET /casino-narozeninovy-bonus-a-casino-bonus-za-registraci/989930062081?fileloc=%2F%2Flib64%2Flibsasl2.so&path=%2F%2Flib64 HTTP/2" 200 2519 "-" "Mozilla/5.0 AppleWebKit/537.36 (KHTML, like Gecko; compatible; ClaudeBot/1.0; +claudebot@anthropic.com)"
193.29.107.41 - - [13/Mar/2026:17:08:56 +0330] "POST /xmlrpc.php HTTP/1.1" 200 52123 "-" "Mozilla/5.0 (Windows NT 10.0; Win64; x64) AppleWebKit/537.36 (KHTML, like Gecko) Chrome/114.0.0.0 Safari/537.36"
72.167.46.126 - - [13/Mar/2026:17:07:56 +0330] "POST /wp-content/plugins/revslider/admin/includes/shortcode_generator/divi/scripts/csharp.php HTTP/2" 403 787 "-" "Mozilla/5.0 (Windows NT 10.0; Win64; x64) AppleWebKit/537.36 (KHTML, like Gecko) Chrome/100.0.4896.75 Safari/537.36"
165.232.144.21 - - [13/Mar/2026:17:07:58 +0330] "POST /wp-content/plugins/revslider/admin/includes/shortcode_generator/divi/scripts/csharp.php HTTP/2" 403 787 "-" "Mozilla/5.0 (Macintosh; Intel Mac OS X 10_15_7) AppleWebKit/537.36 (KHTML, like Gecko) Chrome/119.0.0.0 Safari/537.36"
46.101.217.74 - - [13/Mar/2026:17:07:59 +0330] "GET /wp-content/plugins/really-simple-ssl/placeholders/class-placeholder.php HTTP/2" 403 787 "-" "Mozilla/5.0 (Macintosh; Intel Mac OS X 10_15_7) AppleWebKit/537.36 (KHTML, like Gecko) Chrome/120.0.0.0 Safari/537.36"
164.90.178.220 - - [13/Mar/2026:17:08:01 +0330] "POST /wp-content/plugins/revslider/admin/includes/shortcode_generator/divi/scripts/csharp.php HTTP/2" 403 787 "-" "Mozilla/5.0 (Linux; Android 12; Pixel 6) AppleWebKit/537.36 (KHTML, like Gecko) Chrome/99.0.4844.58 Mobile Safari/537.36"
35.181.49.224 - - [13/Mar/2026:17:08:05 +0330] "POST /wp-content/plugins/revslider/admin/includes/shortcode_generator/divi/scripts/csharp.php HTTP/2" 403 787 "-" "Mozilla/5.0 (iPhone; CPU iPhone OS 17_2 like Mac OS X) AppleWebKit/605.1.15 (KHTML, like Gecko) Version/17.2 Mobile/15E148 Safari/604.1"
158.220.116.59 - - [13/Mar/2026:17:08:05 +0330] "POST /wp-content/plugins/revslider/public/assets/fonts/font-awesome/css/PlainHTTPFetcher.php HTTP/2" 403 787 "-" "Mozilla/5.0 (Windows NT 10.0; Win64; x64) AppleWebKit/537.36 (KHTML, like Gecko) Chrome/100.0.4896.75 Safari/537.36"
167.172.79.172 - - [13/Mar/2026:17:08:11 +0330] "POST /wp-content/plugins/revslider/public/assets/fonts/font-awesome/css/PlainHTTPFetcher.php HTTP/2" 403 787 "-" "Mozilla/5.0 (Macintosh; Intel Mac OS X 10_15_7) AppleWebKit/605.1.15 (KHTML, like Gecko) Version/15.3 Safari/605.1.15"
116.202.244.177 - - [13/Mar/2026:17:08:17 +0330] "POST /wp-content/plugins/revslider/public/assets/fonts/font-awesome/css/PlainHTTPFetcher.php HTTP/2" 403 787 "-" "Mozilla/5.0 (Windows NT 10.0; Win64; x64) AppleWebKit/537.36 (KHTML, like Gecko) Chrome/110.0.0.0 Safari/537.36"
72.167.46.126 - - [13/Mar/2026:17:08:20 +0330] "POST /wp-content/plugins/really-simple-ssl/lets-encrypt/vendor/fbett/le_acme2/src/LE_ACME2/Cache/sections.php HTTP/2" 403 787 "-" "Mozilla/5.0 (Windows NT 10.0; Win64; x64) AppleWebKit/537.36 (KHTML, like Gecko) Chrome/116.0.0.0 Safari/537.36"
167.86.127.54 - - [13/Mar/2026:17:08:21 +0330] "POST /wp-content/plugins/revslider/public/assets/fonts/font-awesome/css/PlainHTTPFetcher.php HTTP/2" 403 787 "-" "Mozilla/5.0 (Macintosh; Intel Mac OS X 10_15_7) AppleWebKit/537.36 (KHTML, like Gecko) Chrome/119.0.0.0 Safari/537.36"
110.4.40.116 - - [13/Mar/2026:17:08:41 +0330] "POST /wp-content/plugins/really-simple-ssl/lets-encrypt/vendor/fbett/le_acme2/src/LE_ACME2/Cache/sections.php HTTP/2" 403 787 "-" "Mozilla/5.0 (Linux; Android 12; Pixel 6) AppleWebKit/537.36 (KHTML, like Gecko) Chrome/99.0.4844.58 Mobile Safari/537.36"
162.215.11.230 - - [13/Mar/2026:17:08:45 +0330] "POST /wp-content/plugins/really-simple-ssl/lets-encrypt/vendor/fbett/le_acme2/src/LE_ACME2/Cache/sections.php HTTP/2" 403 787 "-" "Mozilla/5.0 (Macintosh; Intel Mac OS X 10_15_7) AppleWebKit/605.1.15 (KHTML, like Gecko) Version/15.3 Safari/605.1.15"
178.175.136.73 - - [13/Mar/2026:17:08:58 +0330] "POST /wp-content/plugins/really-simple-ssl/lets-encrypt/vendor/fbett/le_acme2/src/LE_ACME2/Cache/sections.php HTTP/2" 403 787 "-" "Mozilla/5.0 (Macintosh; Intel Mac OS X 10_15_7) AppleWebKit/605.1.15 (KHTML, like Gecko) Version/15.3 Safari/605.1.15"
66.116.207.123 - - [13/Mar/2026:17:09:01 +0330] "POST /wp-content/plugins/really-simple-ssl/lets-encrypt/vendor/fbett/le_acme2/src/LE_ACME2/Cache/sections.php HTTP/2" 403 787 "-" "Mozilla/5.0 (Macintosh; Intel Mac OS X 10_15_7) AppleWebKit/537.36 (KHTML, like Gecko) Chrome/119.0.0.0 Safari/537.36"
5.189.150.2 - - [13/Mar/2026:17:08:58 +0330] "POST /wp-content/themes/betheme/muffin-options/fields/boxshadow/field.boxshadow.php HTTP/2" 403 787 "-" "Mozilla/5.0 (Macintosh; Intel Mac OS X 10_15_7) AppleWebKit/605.1.15 (KHTML, like Gecko) Version/17.0 Safari/605.1.15"
216.73.216.88 - - [13/Mar/2026:17:08:58 +0330] "GET /casino-narozeninovy-bonus-a-casino-bonus-za-registraci/989930062081?fileloc=%2F%2Flib64%2Flibvpx.so.1.3.0&path=%2F%2Flib64 HTTP/2" 200 2520 "-" "Mozilla/5.0 AppleWebKit/537.36 (KHTML, like Gecko; compatible; ClaudeBot/1.0; +claudebot@anthropic.com)"
164.90.178.220 - - [13/Mar/2026:17:09:00 +0330] "POST /wp-content/plugins/contact-1772477384/parsers/home-1772477387.php HTTP/2" 403 787 "-" "Mozilla/5.0 (Windows NT 10.0; Win64; x64) AppleWebKit/537.36 (KHTML, like Gecko) Chrome/104.0.0.0 Safari/537.36"
216.73.216.88 - - [13/Mar/2026:17:09:01 +0330] "GET /casino-narozeninovy-bonus-a-casino-bonus-za-registraci/989930062081?fileloc=%2F%2Flib64%2Flibsane.so.1.0.24&path=%2F%2Flib64 HTTP/2" 200 2524 "-" "Mozilla/5.0 AppleWebKit/537.36 (KHTML, like Gecko; compatible; ClaudeBot/1.0; +claudebot@anthropic.com)"
68.183.158.70 - - [13/Mar/2026:17:09:04 +0330] "POST /wp-content/plugins/really-simple-ssl/lets-encrypt/vendor/fbett/le_acme2/src/LE_ACME2/Cache/sections.php HTTP/2" 403 787 "-" "Mozilla/5.0 (Macintosh; Intel Mac OS X 10_15_7) AppleWebKit/537.36 (KHTML, like Gecko) Chrome/119.0.0.0 Safari/537.36"
216.73.216.88 - - [13/Mar/2026:17:09:04 +0330] "GET /casino-narozeninovy-bonus-a-casino-bonus-za-registraci/989930062081?fileloc=%2F%2Flib64%2Flibraw_r.so.19.0.2&path=%2F%2Flib64 HTTP/2" 200 2525 "-" "Mozilla/5.0 AppleWebKit/537.36 (KHTML, like Gecko; compatible; ClaudeBot/1.0; +claudebot@anthropic.com)"
216.73.216.88 - - [13/Mar/2026:17:09:07 +0330] "GET /casino-narozeninovy-bonus-a-casino-bonus-za-registraci/989930062081?fileloc=%2F%2Flib64%2Flibonig.so.5&path=%2F%2Flib64 HTTP/2" 200 2519 "-" "Mozilla/5.0 AppleWebKit/537.36 (KHTML, like Gecko; compatible; ClaudeBot/1.0; +claudebot@anthropic.com)"
103.145.51.107 - - [13/Mar/2026:17:09:10 +0330] "POST /wp-content/plugins/revslider/public/assets/fonts/font-awesome/fonts/portal.php HTTP/2" 403 787 "-" "Mozilla/5.0 (Linux; Android 12; Pixel 6) AppleWebKit/537.36 (KHTML, like Gecko) Chrome/99.0.4844.58 Mobile Safari/537.36"
216.73.216.88 - - [13/Mar/2026:17:09:10 +0330] "GET /casino-narozeninovy-bonus-a-casino-bonus-za-registraci/989930062081?fileloc=%2F%2Flib64%2Flibustr-1.0.so.1.0.4&path=%2F%2Flib64 HTTP/2" 200 2526 "-" "Mozilla/5.0 AppleWebKit/537.36 (KHTML, like Gecko; compatible; ClaudeBot/1.0; +claudebot@anthropic.com)"
216.73.216.88 - - [13/Mar/2026:17:09:13 +0330] "GET /casino-narozeninovy-bonus-a-casino-bonus-za-registraci/989930062081?fileloc=%2F%2Flib64%2Flibicule.so.50&path=%2F%2Flib64 HTTP/2" 200 2519 "-" "Mozilla/5.0 AppleWebKit/537.36 (KHTML, like Gecko; compatible; ClaudeBot/1.0; +claudebot@anthropic.com)"
216.73.216.88 - - [13/Mar/2026:17:09:16 +0330] "GET /casino-narozeninovy-bonus-a-casino-bonus-za-registraci/989930062081?fileloc=%2F%2Flib64%2Flibmpfr.so.4&path=%2F%2Flib64 HTTP/2" 200 2518 "-" "Mozilla/5.0 AppleWebKit/537.36 (KHTML, like Gecko; compatible; ClaudeBot/1.0; +claudebot@anthropic.com)"
72.167.46.126 - - [13/Mar/2026:17:09:18 +0330] "POST /wp-content/plugins/revslider/public/assets/fonts/font-awesome/fonts/portal.php HTTP/2" 403 787 "-" "Mozilla/5.0 (Linux; Android 12; Pixel 6) AppleWebKit/537.36 (KHTML, like Gecko) Chrome/99.0.4844.58 Mobile Safari/537.36"
162.241.49.35 - - [13/Mar/2026:17:09:20 +0330] "POST /wp-content/plugins/revslider/public/assets/fonts/font-awesome/fonts/portal.php HTTP/2" 403 787 "-" "Mozilla/5.0 (Windows NT 10.0; Win64; x64) AppleWebKit/537.36 (KHTML, like Gecko) Chrome/101.0.4951.64 Safari/537.36 Edg/101.0.1210.47"
216.73.216.88 - - [13/Mar/2026:17:09:19 +0330] "GET /casino-narozeninovy-bonus-a-casino-bonus-za-registraci/989930062081?fileloc=%2F%2Flib64%2Flibkrb5.so.3.3&path=%2F%2Flib64 HTTP/2" 200 2520 "-" "Mozilla/5.0 AppleWebKit/537.36 (KHTML, like Gecko; compatible; ClaudeBot/1.0; +claudebot@anthropic.com)"
198.20.177.178 - - [13/Mar/2026:17:09:03 +0330] "POST /wp-content/themes/betheme/muffin-options/fields/boxshadow/field.boxshadow.php HTTP/2" 403 787 "-" "Mozilla/5.0 (Windows NT 10.0; Win64; x64) AppleWebKit/537.36 (KHTML, like Gecko) Chrome/110.0.0.0 Safari/537.36"
110.4.40.116 - - [13/Mar/2026:17:09:07 +0330] "POST /wp-content/plugins/really-simple-ssl/lets-encrypt/vendor/fbett/le_acme2/src/LE_ACME2/Cache/sections.php HTTP/2" 403 787 "-" "Mozilla/5.0 (Macintosh; Intel Mac OS X 10_15_7) AppleWebKit/605.1.15 (KHTML, like Gecko) Version/15.3 Safari/605.1.15"
195.201.133.39 - - [13/Mar/2026:17:09:09 +0330] "POST /wp-content/themes/betheme/muffin-options/fields/boxshadow/field.boxshadow.php HTTP/2" 403 787 "-" "Mozilla/5.0 (iPhone; CPU iPhone OS 17_2 like Mac OS X) AppleWebKit/605.1.15 (KHTML, like Gecko) Version/17.2 Mobile/15E148 Safari/604.1"
142.93.120.13 - - [13/Mar/2026:17:09:14 +0330] "POST /wp-content/plugins/revslider/public/assets/fonts/font-awesome/fonts/portal.php HTTP/2" 403 787 "-" "Mozilla/5.0 (Windows NT 10.0; Win64; x64) AppleWebKit/537.36 (KHTML, like Gecko) Chrome/99.0.4844.51 Safari/537.36 Edg/99.0.1150.30"
