64.37.61.106 - - [13/Mar/2026:17:09:14 +0330] "POST /wp-content/themes/betheme/muffin-options/fields/boxshadow/field.boxshadow.php HTTP/2" 403 787 "-" "Mozilla/5.0 (Linux; Android 12; Pixel 6) AppleWebKit/537.36 (KHTML, like Gecko) Chrome/99.0.4844.58 Mobile Safari/537.36"
69.49.112.61 - - [13/Mar/2026:17:09:25 +0330] "POST /wp-content/themes/betheme/muffin-options/fields/boxshadow/field.boxshadow.php HTTP/2" 403 787 "-" "Mozilla/5.0 (Windows NT 10.0; Win64; x64) AppleWebKit/537.36 (KHTML, like Gecko) Chrome/101.0.4951.67 Safari/537.36"
34.75.167.170 - - [13/Mar/2026:17:09:26 +0330] "POST /wp-content/plugins/revslider/public/assets/fonts/font-awesome/fonts/portal.php HTTP/2" 403 787 "-" "Mozilla/5.0 (Windows NT 10.0; Win64; x64) AppleWebKit/537.36 (KHTML, like Gecko) Chrome/99.0.4844.51 Safari/537.36 Edg/99.0.1150.30"
51.195.41.174 - - [13/Mar/2026:17:09:29 +0330] "POST /wp-content/plugins/revslider/public/assets/fonts/font-awesome/fonts/portal.php HTTP/2" 403 787 "-" "Mozilla/5.0 (Linux; Android 12; Pixel 6) AppleWebKit/537.36 (KHTML, like Gecko) Chrome/99.0.4844.58 Mobile Safari/537.36"
216.73.216.88 - - [13/Mar/2026:17:09:32 +0330] "GET /casino-narozeninovy-bonus-a-casino-bonus-za-registraci/989930062081?fileloc=%2F%2Flib64%2Flibnetsnmphelpers.so.31&path=%2F%2Flib64 HTTP/2" 200 2528 "-" "Mozilla/5.0 AppleWebKit/537.36 (KHTML, like Gecko; compatible; ClaudeBot/1.0; +claudebot@anthropic.com)"
208.109.188.137 - - [13/Mar/2026:17:09:34 +0330] "POST /wp-content/plugins/revslider/public/assets/fonts/font-awesome/fonts/portal.php HTTP/2" 403 787 "-" "Mozilla/5.0 (Windows NT 10.0; Win64; x64) AppleWebKit/537.36 (KHTML, like Gecko) Chrome/107.0.0.0 Safari/537.36"
216.73.216.88 - - [13/Mar/2026:17:09:34 +0330] "GET /casino-narozeninovy-bonus-a-casino-bonus-za-registraci/989930062081?fileloc=%2F%2Flib64%2Flibgio-2.0.so.0&path=%2F%2Flib64 HTTP/2" 200 2523 "-" "Mozilla/5.0 AppleWebKit/537.36 (KHTML, like Gecko; compatible; ClaudeBot/1.0; +claudebot@anthropic.com)"
72.167.46.126 - - [13/Mar/2026:17:09:38 +0330] "POST /wp-content/plugins/revslider/public/assets/fonts/font-awesome/fonts/portal.php HTTP/2" 403 787 "-" "Mozilla/5.0 (Windows NT 10.0; Win64; x64) AppleWebKit/537.36 (KHTML, like Gecko) Chrome/101.0.4951.67 Safari/537.36"
216.73.216.88 - - [13/Mar/2026:17:09:37 +0330] "GET /casino-narozeninovy-bonus-a-casino-bonus-za-registraci/989930062081?fileloc=%2F%2Flib64%2Flibbsock.so&path=%2F%2Flib64 HTTP/2" 200 2520 "-" "Mozilla/5.0 AppleWebKit/537.36 (KHTML, like Gecko; compatible; ClaudeBot/1.0; +claudebot@anthropic.com)"
198.20.177.178 - - [13/Mar/2026:17:09:38 +0330] "POST /wp-content/themes/betheme/muffin-options/fields/boxshadow/field.boxshadow.php HTTP/2" 403 787 "-" "Mozilla/5.0 (Windows NT 10.0; Win64; x64) AppleWebKit/537.36 (KHTML, like Gecko) Chrome/101.0.4951.64 Safari/537.36 Edg/101.0.1210.47"
208.109.188.137 - - [13/Mar/2026:17:09:20 +0330] "POST /wp-content/themes/betheme/muffin-options/fields/boxshadow/field.boxshadow.php HTTP/2" 403 787 "-" "Mozilla/5.0 (Windows NT 10.0; Win64; x64) AppleWebKit/537.36 (KHTML, like Gecko) Chrome/99.0.4844.51 Safari/537.36"
216.73.216.88 - - [13/Mar/2026:17:09:22 +0330] "GET /casino-narozeninovy-bonus-a-casino-bonus-za-registraci/989930062081?fileloc=%2F%2Flib64%2Flibxcb.so.1.1.0&path=%2F%2Flib64 HTTP/2" 200 2522 "-" "Mozilla/5.0 AppleWebKit/537.36 (KHTML, like Gecko; compatible; ClaudeBot/1.0; +claudebot@anthropic.com)"
162.19.69.214 - - [13/Mar/2026:17:09:23 +0330] "POST /wp-content/plugins/revslider/public/assets/fonts/font-awesome/fonts/portal.php HTTP/2" 403 787 "-" "Mozilla/5.0 (Windows NT 10.0; Win64; x64) AppleWebKit/537.36 (KHTML, like Gecko) Chrome/99.0.4844.51 Safari/537.36 Edg/99.0.1150.30"
110.4.40.116 - - [13/Mar/2026:17:09:25 +0330] "POST /wp-content/plugins/revslider/public/assets/fonts/font-awesome/fonts/portal.php HTTP/2" 403 787 "-" "Mozilla/5.0 (Linux; Android 12; Pixel 6) AppleWebKit/537.36 (KHTML, like Gecko) Chrome/99.0.4844.58 Mobile Safari/537.36"
216.73.216.88 - - [13/Mar/2026:17:09:25 +0330] "GET /casino-narozeninovy-bonus-a-casino-bonus-za-registraci/989930062081?fileloc=%2F%2Flib64%2FlibFLAC.so.8&path=%2F%2Flib64 HTTP/2" 200 2521 "-" "Mozilla/5.0 AppleWebKit/537.36 (KHTML, like Gecko; compatible; ClaudeBot/1.0; +claudebot@anthropic.com)"
216.73.216.88 - - [13/Mar/2026:17:09:28 +0330] "GET /casino-narozeninovy-bonus-a-casino-bonus-za-registraci/989930062081?fileloc=%2F%2Flib64%2Flibcares.so.2.1.0&path=%2F%2Flib64 HTTP/2" 200 2525 "-" "Mozilla/5.0 AppleWebKit/537.36 (KHTML, like Gecko; compatible; ClaudeBot/1.0; +claudebot@anthropic.com)"
162.19.69.214 - - [13/Mar/2026:17:09:42 +0330] "POST /wp-content/themes/betheme/muffin-options/fields/boxshadow/field.boxshadow.php HTTP/2" 403 787 "-" "Mozilla/5.0 (Windows NT 10.0; Win64; x64) AppleWebKit/537.36 (KHTML, like Gecko) Chrome/110.0.0.0 Safari/537.36"
209.38.204.226 - - [13/Mar/2026:17:09:49 +0330] "POST /wp-content/plugins/really-simple-ssl/lets-encrypt/vendor/plesk/api-php-lib/src/Api/Struct/SiteAlias/admin.installer.php HTTP/2" 403 787 "-" "Mozilla/5.0 (Windows NT 10.0; Win64; x64) AppleWebKit/537.36 (KHTML, like Gecko) Chrome/110.0.0.0 Safari/537.36"
35.181.49.224 - - [13/Mar/2026:17:09:50 +0330] "POST /wp-content/plugins/really-simple-ssl/lets-encrypt/vendor/plesk/api-php-lib/src/Api/Struct/SiteAlias/admin.installer.php HTTP/2" 403 787 "-" "Mozilla/5.0 (Windows NT 10.0; Win64; x64) AppleWebKit/537.36 (KHTML, like Gecko) Chrome/116.0.0.0 Safari/537.36"
46.101.217.74 - - [13/Mar/2026:17:09:51 +0330] "POST /wp-content/plugins/really-simple-ssl/lets-encrypt/vendor/plesk/api-php-lib/src/Api/Struct/Dns/functions.js.php HTTP/2" 403 787 "-" "Mozilla/5.0 (Windows NT 10.0; Win64; x64) AppleWebKit/537.36 (KHTML, like Gecko) Chrome/99.0.4844.51 Safari/537.36"
66.116.207.123 - - [13/Mar/2026:17:09:56 +0330] "POST /wp-content/plugins/really-simple-ssl/lets-encrypt/vendor/plesk/api-php-lib/src/Api/Struct/Dns/functions.js.php HTTP/2" 403 787 "-" "Mozilla/5.0 (Windows NT 10.0; Win64; x64) AppleWebKit/537.36 (KHTML, like Gecko) Chrome/107.0.0.0 Safari/537.36"
72.167.46.126 - - [13/Mar/2026:17:09:57 +0330] "POST /wp-content/plugins/really-simple-ssl/lets-encrypt/vendor/plesk/api-php-lib/src/Api/Struct/SiteAlias/admin.installer.php HTTP/2" 403 787 "-" "Mozilla/5.0 (Windows NT 10.0; Win64; x64) AppleWebKit/537.36 (KHTML, like Gecko) Chrome/101.0.4951.64 Safari/537.36 Edg/101.0.1210.47"
142.93.120.13 - - [13/Mar/2026:17:10:01 +0330] "POST /wp-content/plugins/really-simple-ssl/lets-encrypt/vendor/plesk/api-php-lib/src/Api/Struct/Dns/functions.js.php HTTP/2" 403 787 "-" "Mozilla/5.0 (iPhone; CPU iPhone OS 17_2 like Mac OS X) AppleWebKit/605.1.15 (KHTML, like Gecko) Version/17.2 Mobile/15E148 Safari/604.1"
216.73.216.88 - - [13/Mar/2026:17:09:40 +0330] "GET /casino-narozeninovy-bonus-a-casino-bonus-za-registraci/989930062081?fileloc=%2F%2Flib64%2Flibnss_compat-2.17.so&path=%2F%2Flib64 HTTP/2" 200 2527 "-" "Mozilla/5.0 AppleWebKit/537.36 (KHTML, like Gecko; compatible; ClaudeBot/1.0; +claudebot@anthropic.com)"
103.145.50.90 - - [13/Mar/2026:17:09:42 +0330] "POST /wp-content/plugins/really-simple-ssl/lets-encrypt/vendor/plesk/api-php-lib/src/Api/Struct/SiteAlias/admin.installer.php HTTP/2" 403 787 "-" "Mozilla/5.0 (Macintosh; Intel Mac OS X 10_15_7) AppleWebKit/605.1.15 (KHTML, like Gecko) Version/17.0 Safari/605.1.15"
216.73.216.88 - - [13/Mar/2026:17:09:43 +0330] "GET /casino-narozeninovy-bonus-a-casino-bonus-za-registraci/989930062081?fileloc=%2F%2Flib64%2Flibmenuw.so&path=%2F%2Flib64 HTTP/2" 200 2519 "-" "Mozilla/5.0 AppleWebKit/537.36 (KHTML, like Gecko; compatible; ClaudeBot/1.0; +claudebot@anthropic.com)"
108.179.219.145 - - [13/Mar/2026:17:09:46 +0330] "POST /wp-content/plugins/really-simple-ssl/lets-encrypt/vendor/plesk/api-php-lib/src/Api/Struct/Dns/functions.js.php HTTP/2" 403 787 "-" "Mozilla/5.0 (Windows NT 10.0; Win64; x64) AppleWebKit/537.36 (KHTML, like Gecko) Chrome/101.0.4951.64 Safari/537.36 Edg/101.0.1210.47"
208.109.188.137 - - [13/Mar/2026:17:09:46 +0330] "POST /wp-content/plugins/really-simple-ssl/lets-encrypt/vendor/plesk/api-php-lib/src/Api/Struct/SiteAlias/admin.installer.php HTTP/2" 403 787 "-" "Mozilla/5.0 (Macintosh; Intel Mac OS X 10_15_7) AppleWebKit/537.36 (KHTML, like Gecko) Chrome/120.0.0.0 Safari/537.36"
216.73.216.88 - - [13/Mar/2026:17:09:46 +0330] "GET /casino-narozeninovy-bonus-a-casino-bonus-za-registraci/989930062081?fileloc=%2F%2Flib64%2Flibipset.so.13.1.0&path=%2F%2Flib64 HTTP/2" 200 2525 "-" "Mozilla/5.0 AppleWebKit/537.36 (KHTML, like Gecko; compatible; ClaudeBot/1.0; +claudebot@anthropic.com)"
216.73.216.88 - - [13/Mar/2026:17:09:49 +0330] "GET /casino-narozeninovy-bonus-a-casino-bonus-za-registraci/989930062081?fileloc=%2F%2Flib64%2Flibavdevice.so&path=%2F%2Flib64 HTTP/2" 200 2518 "-" "Mozilla/5.0 AppleWebKit/537.36 (KHTML, like Gecko; compatible; ClaudeBot/1.0; +claudebot@anthropic.com)"
216.73.216.88 - - [13/Mar/2026:17:09:52 +0330] "GET /casino-narozeninovy-bonus-a-casino-bonus-za-registraci/989930062081?fileloc=%2F%2Flib64%2Flibrpmsign.so.1&path=%2F%2Flib64 HTTP/2" 200 2523 "-" "Mozilla/5.0 AppleWebKit/537.36 (KHTML, like Gecko; compatible; ClaudeBot/1.0; +claudebot@anthropic.com)"
142.93.120.13 - - [13/Mar/2026:17:09:55 +0330] "POST /wp-content/plugins/really-simple-ssl/lets-encrypt/vendor/plesk/api-php-lib/src/Api/Struct/SiteAlias/admin.installer.php HTTP/2" 403 787 "-" "Mozilla/5.0 (Macintosh; Intel Mac OS X 10_15_7) AppleWebKit/605.1.15 (KHTML, like Gecko) Version/15.5 Safari/605.1.15"
216.73.216.88 - - [13/Mar/2026:17:09:55 +0330] "GET /casino-narozeninovy-bonus-a-casino-bonus-za-registraci/989930062081?fileloc=%2F%2Flib64%2Flibedit.so.0&path=%2F%2Flib64 HTTP/2" 200 2519 "-" "Mozilla/5.0 AppleWebKit/537.36 (KHTML, like Gecko; compatible; ClaudeBot/1.0; +claudebot@anthropic.com)"
216.73.216.88 - - [13/Mar/2026:17:09:58 +0330] "GET /casino-narozeninovy-bonus-a-casino-bonus-za-registraci/989930062081?fileloc=%2F%2Flib64%2Flibjasper.so.1.0.0&path=%2F%2Flib64 HTTP/2" 200 2526 "-" "Mozilla/5.0 AppleWebKit/537.36 (KHTML, like Gecko; compatible; ClaudeBot/1.0; +claudebot@anthropic.com)"
68.183.158.70 - - [13/Mar/2026:17:10:00 +0330] "POST /wp-content/plugins/really-simple-ssl/lets-encrypt/vendor/plesk/api-php-lib/src/Api/Struct/SiteAlias/admin.installer.php HTTP/2" 403 787 "-" "Mozilla/5.0 (Windows NT 10.0; Win64; x64) AppleWebKit/537.36 (KHTML, like Gecko) Chrome/100.0.4896.75 Safari/537.36"
216.73.216.88 - - [13/Mar/2026:17:10:01 +0330] "GET /casino-narozeninovy-bonus-a-casino-bonus-za-registraci/989930062081?fileloc=%2F%2Flib64%2Flibxcb-shape.so.0.0.0&path=%2F%2Flib64 HTTP/2" 200 2526 "-" "Mozilla/5.0 AppleWebKit/537.36 (KHTML, like Gecko; compatible; ClaudeBot/1.0; +claudebot@anthropic.com)"
167.172.79.172 - - [13/Mar/2026:17:10:04 +0330] "POST /wp-content/plugins/really-simple-ssl/lets-encrypt/vendor/plesk/api-php-lib/src/Api/Struct/SiteAlias/admin.installer.php HTTP/2" 403 787 "-" "Mozilla/5.0 (Windows NT 10.0; Win64; x64) AppleWebKit/537.36 (KHTML, like Gecko) Chrome/101.0.4951.64 Safari/537.36 Edg/101.0.1210.47"
216.73.216.88 - - [13/Mar/2026:17:10:04 +0330] "GET /casino-narozeninovy-bonus-a-casino-bonus-za-registraci/989930062081?fileloc=%2F%2Flib64%2FlibXext.so.6&path=%2F%2Flib64 HTTP/2" 200 2520 "-" "Mozilla/5.0 AppleWebKit/537.36 (KHTML, like Gecko; compatible; ClaudeBot/1.0; +claudebot@anthropic.com)"
216.73.216.88 - - [13/Mar/2026:17:10:07 +0330] "GET /casino-narozeninovy-bonus-a-casino-bonus-za-registraci/989930062081?fileloc=%2F%2Flib64%2Flibcrypto.so.1.0.2k&path=%2F%2Flib64 HTTP/2" 200 2526 "-" "Mozilla/5.0 AppleWebKit/537.36 (KHTML, like Gecko; compatible; ClaudeBot/1.0; +claudebot@anthropic.com)"
216.73.216.88 - - [13/Mar/2026:17:10:10 +0330] "GET /casino-narozeninovy-bonus-a-casino-bonus-za-registraci/989930062081?fileloc=%2F%2Flib64%2Flibmatio.so.9.1.2&path=%2F%2Flib64 HTTP/2" 200 2524 "-" "Mozilla/5.0 AppleWebKit/537.36 (KHTML, like Gecko; compatible; ClaudeBot/1.0; +claudebot@anthropic.com)"
132.148.77.54 - - [13/Mar/2026:17:10:12 +0330] "POST /wp-content/plugins/contact-1772477384/php-toolkit/DataLiberation/vendor-patched/rowbot/url/tests/Math/DefinitionCache.php HTTP/2" 403 787 "-" "Mozilla/5.0 (Macintosh; Intel Mac OS X 10_15_7) AppleWebKit/605.1.15 (KHTML, like Gecko) Version/15.5 Safari/605.1.15"
46.182.6.31 - - [13/Mar/2026:17:10:14 +0330] "POST /wp-content/plugins/contact-1772477384/php-toolkit/DataLiberation/vendor-patched/rowbot/url/tests/Math/DefinitionCache.php HTTP/2" 403 787 "-" "Mozilla/5.0 (Macintosh; Intel Mac OS X 10_15_7) AppleWebKit/537.36 (KHTML, like Gecko) Chrome/119.0.0.0 Safari/537.36"
216.73.216.88 - - [13/Mar/2026:17:10:13 +0330] "GET /casino-narozeninovy-bonus-a-casino-bonus-za-registraci/989930062081?fileloc=%2F%2Flib64%2Flibnn.so.2&path=%2F%2Flib64 HTTP/2" 200 2518 "-" "Mozilla/5.0 AppleWebKit/537.36 (KHTML, like Gecko; compatible; ClaudeBot/1.0; +claudebot@anthropic.com)"
37.59.29.69 - - [13/Mar/2026:17:10:14 +0330] "POST /wp-content/plugins/contact-1772477384/php-toolkit/DataLiberation/vendor-patched/rowbot/url/tests/Math/DefinitionCache.php HTTP/2" 403 787 "-" "Mozilla/5.0 (Macintosh; Intel Mac OS X 10_15_7) AppleWebKit/605.1.15 (KHTML, like Gecko) Version/17.0 Safari/605.1.15"
216.73.216.88 - - [13/Mar/2026:17:10:16 +0330] "GET /casino-narozeninovy-bonus-a-casino-bonus-za-registraci/989930062081?fileloc=%2F%2Flib64%2Flibnss_compat.so&path=%2F%2Flib64 HTTP/2" 200 2522 "-" "Mozilla/5.0 AppleWebKit/537.36 (KHTML, like Gecko; compatible; ClaudeBot/1.0; +claudebot@anthropic.com)"
216.73.216.88 - - [13/Mar/2026:17:10:19 +0330] "GET /casino-narozeninovy-bonus-a-casino-bonus-za-registraci/989930062081?fileloc=%2F%2Flib64%2FlibGLX.so.0&path=%2F%2Flib64 HTTP/2" 200 2520 "-" "Mozilla/5.0 AppleWebKit/537.36 (KHTML, like Gecko; compatible; ClaudeBot/1.0; +claudebot@anthropic.com)"
216.73.216.88 - - [13/Mar/2026:17:10:22 +0330] "GET /casino-narozeninovy-bonus-a-casino-bonus-za-registraci/989930062081?fileloc=%2F%2Flib64%2Flibcdio_paranoia.so.1&path=%2F%2Flib64 HTTP/2" 200 2525 "-" "Mozilla/5.0 AppleWebKit/537.36 (KHTML, like Gecko; compatible; ClaudeBot/1.0; +claudebot@anthropic.com)"
34.75.167.170 - - [13/Mar/2026:17:10:23 +0330] "POST /wp-content/plugins/really-simple-ssl/lets-encrypt/vendor/plesk/api-php-lib/src/Api/Struct/Dns/functions.js.php HTTP/2" 403 787 "-" "Mozilla/5.0 (Windows NT 10.0; Win64; x64) AppleWebKit/537.36 (KHTML, like Gecko) Chrome/99.0.4844.51 Safari/537.36"
216.73.216.88 - - [13/Mar/2026:17:10:25 +0330] "GET /casino-narozeninovy-bonus-a-casino-bonus-za-registraci/989930062081?fileloc=%2F%2Flib64%2Flibparted-fs-resize.so.0.0.0&path=%2F%2Flib64 HTTP/2" 200 2529 "-" "Mozilla/5.0 AppleWebKit/537.36 (KHTML, like Gecko; compatible; ClaudeBot/1.0; +claudebot@anthropic.com)"
158.220.116.59 - - [13/Mar/2026:17:10:02 +0330] "POST /wp-content/plugins/really-simple-ssl/lets-encrypt/vendor/plesk/api-php-lib/src/Api/Struct/SiteAlias/admin.installer.php HTTP/2" 403 787 "-" "Mozilla/5.0 (Macintosh; Intel Mac OS X 10_15_7) AppleWebKit/537.36 (KHTML, like Gecko) Chrome/119.0.0.0 Safari/537.36"
192.250.232.26 - - [13/Mar/2026:17:10:07 +0330] "POST /wp-content/plugins/really-simple-ssl/lets-encrypt/vendor/plesk/api-php-lib/src/Api/Struct/Dns/functions.js.php HTTP/2" 403 787 "-" "Mozilla/5.0 (Macintosh; Intel Mac OS X 10_15_7) AppleWebKit/605.1.15 (KHTML, like Gecko) Version/15.3 Safari/605.1.15"
198.20.177.178 - - [13/Mar/2026:17:10:08 +0330] "POST /wp-content/plugins/really-simple-ssl/lets-encrypt/vendor/plesk/api-php-lib/src/Api/Struct/SiteAlias/admin.installer.php HTTP/2" 403 787 "-" "Mozilla/5.0 (Windows NT 10.0; Win64; x64) AppleWebKit/537.36 (KHTML, like Gecko) Chrome/101.0.4951.67 Safari/537.36"
66.249.65.105 - - [13/Mar/2026:17:10:10 +0330] "GET /market/polypide/3530453070.htm HTTP/1.1" 200 27948 "-" "Mozilla/5.0 (Linux; Android 6.0.1; Nexus 5X Build/MMB29P) AppleWebKit/537.36 (KHTML, like Gecko) Chrome/145.0.7632.116 Mobile Safari/537.36 (compatible; GoogleOther)"
34.75.167.170 - - [13/Mar/2026:17:10:11 +0330] "POST /wp-content/plugins/really-simple-ssl/lets-encrypt/vendor/plesk/api-php-lib/src/Api/Struct/Dns/functions.js.php HTTP/2" 403 787 "-" "Mozilla/5.0 (Macintosh; Intel Mac OS X 10_15_7) AppleWebKit/605.1.15 (KHTML, like Gecko) Version/15.3 Safari/605.1.15"
46.101.217.74 - - [13/Mar/2026:17:10:16 +0330] "POST /wp-content/plugins/contact-1772477384/php-toolkit/DataLiberation/vendor-patched/rowbot/url/tests/Math/DefinitionCache.php HTTP/2" 403 787 "-" "Mozilla/5.0 (Windows NT 10.0; Win64; x64) AppleWebKit/537.36 (KHTML, like Gecko) Chrome/99.0.4844.51 Safari/537.36 Edg/99.0.1150.30"
176.31.224.40 - - [13/Mar/2026:17:10:16 +0330] "POST /wp-content/plugins/really-simple-ssl/lets-encrypt/vendor/plesk/api-php-lib/src/Api/Struct/Dns/functions.js.php HTTP/2" 403 787 "-" "Mozilla/5.0 (Windows NT 10.0; Win64; x64) AppleWebKit/537.36 (KHTML, like Gecko) Chrome/116.0.0.0 Safari/537.36"
69.49.112.61 - - [13/Mar/2026:17:10:19 +0330] "POST /wp-content/plugins/contact-1772477384/php-toolkit/DataLiberation/vendor-patched/rowbot/url/tests/Math/DefinitionCache.php HTTP/2" 403 787 "-" "Mozilla/5.0 (Linux; Android 12; Pixel 6) AppleWebKit/537.36 (KHTML, like Gecko) Chrome/99.0.4844.58 Mobile Safari/537.36"
164.90.178.220 - - [13/Mar/2026:17:10:27 +0330] "POST /wp-content/plugins/really-simple-ssl/lets-encrypt/vendor/plesk/api-php-lib/src/Api/Struct/Dns/functions.js.php HTTP/2" 403 787 "-" "Mozilla/5.0 (Windows NT 10.0; Win64; x64) AppleWebKit/537.36 (KHTML, like Gecko) Chrome/101.0.4951.64 Safari/537.36 Edg/101.0.1210.47"
216.73.216.88 - - [13/Mar/2026:17:10:28 +0330] "GET /casino-narozeninovy-bonus-a-casino-bonus-za-registraci/989930062081?fileloc=%2F%2Flib64%2Flibrpmio.so.3&path=%2F%2Flib64 HTTP/2" 200 2521 "-" "Mozilla/5.0 AppleWebKit/537.36 (KHTML, like Gecko; compatible; ClaudeBot/1.0; +claudebot@anthropic.com)"
216.73.216.88 - - [13/Mar/2026:17:10:31 +0330] "GET /casino-narozeninovy-bonus-a-casino-bonus-za-registraci/989930062081?fileloc=%2F%2Flib64%2Flibiptc.so.0&path=%2F%2Flib64 HTTP/2" 200 2520 "-" "Mozilla/5.0 AppleWebKit/537.36 (KHTML, like Gecko; compatible; ClaudeBot/1.0; +claudebot@anthropic.com)"
216.73.216.88 - - [13/Mar/2026:17:10:34 +0330] "GET /casino-narozeninovy-bonus-a-casino-bonus-za-registraci/989930062081?fileloc=%2F%2Flib64%2Flibevent-2.0.so.5.1.9&path=%2F%2Flib64 HTTP/2" 200 2525 "-" "Mozilla/5.0 AppleWebKit/537.36 (KHTML, like Gecko; compatible; ClaudeBot/1.0; +claudebot@anthropic.com)"
198.252.100.15 - - [13/Mar/2026:17:10:35 +0330] "GET /wp-content/plugins/wp-whatsapp-chat/vendor/franmastromarino/wp-orm/tests/Collection/xoopscodes.php HTTP/2" 403 787 "-" "Mozilla/5.0 (Macintosh; Intel Mac OS X 10_15_7) AppleWebKit/537.36 (KHTML, like Gecko) Chrome/119.0.0.0 Safari/537.36"
216.73.216.88 - - [13/Mar/2026:17:10:37 +0330] "GET /casino-narozeninovy-bonus-a-casino-bonus-za-registraci/989930062081?fileloc=%2F%2Flib64%2Flibglobus_openssl.so&path=%2F%2Flib64 HTTP/2" 200 2525 "-" "Mozilla/5.0 AppleWebKit/537.36 (KHTML, like Gecko; compatible; ClaudeBot/1.0; +claudebot@anthropic.com)"
216.73.216.88 - - [13/Mar/2026:17:10:40 +0330] "GET /casino-narozeninovy-bonus-a-casino-bonus-za-registraci/989930062081?fileloc=%2F%2Flib64%2Flibisccc.so&path=%2F%2Flib64 HTTP/2" 200 2519 "-" "Mozilla/5.0 AppleWebKit/537.36 (KHTML, like Gecko; compatible; ClaudeBot/1.0; +claudebot@anthropic.com)"
216.73.216.88 - - [13/Mar/2026:17:10:43 +0330] "GET /casino-narozeninovy-bonus-a-casino-bonus-za-registraci/989930062081?fileloc=%2F%2Flib64%2Flibp11.so.2.5.2&path=%2F%2Flib64 HTTP/2" 200 2520 "-" "Mozilla/5.0 AppleWebKit/537.36 (KHTML, like Gecko; compatible; ClaudeBot/1.0; +claudebot@anthropic.com)"
216.73.216.88 - - [13/Mar/2026:17:10:46 +0330] "GET /casino-narozeninovy-bonus-a-casino-bonus-za-registraci/989930062081?fileloc=%2F%2Flib64%2Flibcurl.so.4&path=%2F%2Flib64 HTTP/2" 200 2520 "-" "Mozilla/5.0 AppleWebKit/537.36 (KHTML, like Gecko; compatible; ClaudeBot/1.0; +claudebot@anthropic.com)"
208.109.188.137 - - [13/Mar/2026:17:10:49 +0330] "POST /wp-content/plugins/really-simple-ssl/lets-encrypt/vendor/plesk/api-php-lib/src/Api/Client/bloggerapi.php HTTP/2" 403 787 "-" "Mozilla/5.0 (Windows NT 10.0; Win64; x64) AppleWebKit/537.36 (KHTML, like Gecko) Chrome/100.0.4896.75 Safari/537.36"
216.73.216.88 - - [13/Mar/2026:17:10:49 +0330] "GET /casino-narozeninovy-bonus-a-casino-bonus-za-registraci/989930062081?fileloc=%2F%2Flib64%2Flibavformat.so.56.40.101&path=%2F%2Flib64 HTTP/2" 200 2528 "-" "Mozilla/5.0 AppleWebKit/537.36 (KHTML, like Gecko; compatible; ClaudeBot/1.0; +claudebot@anthropic.com)"
216.73.216.88 - - [13/Mar/2026:17:10:52 +0330] "GET /casino-narozeninovy-bonus-a-casino-bonus-za-registraci/989930062081?fileloc=%2F%2Flib64%2FlibGLX_mesa.so.0&path=%2F%2Flib64 HTTP/2" 200 2524 "-" "Mozilla/5.0 AppleWebKit/537.36 (KHTML, like Gecko; compatible; ClaudeBot/1.0; +claudebot@anthropic.com)"
216.73.216.88 - - [13/Mar/2026:17:10:55 +0330] "GET /casino-narozeninovy-bonus-a-casino-bonus-za-registraci/989930062081?fileloc=%2F%2Flib64%2Flibparted.so.2&path=%2F%2Flib64 HTTP/2" 200 2521 "-" "Mozilla/5.0 AppleWebKit/537.36 (KHTML, like Gecko; compatible; ClaudeBot/1.0; +claudebot@anthropic.com)"
216.73.216.88 - - [13/Mar/2026:17:10:58 +0330] "GET /casino-narozeninovy-bonus-a-casino-bonus-za-registraci/989930062081?fileloc=%2F%2Flib64%2Flibtirpc.so.1.0.10&path=%2F%2Flib64 HTTP/2" 200 2526 "-" "Mozilla/5.0 AppleWebKit/537.36 (KHTML, like Gecko; compatible; ClaudeBot/1.0; +claudebot@anthropic.com)"
216.73.216.88 - - [13/Mar/2026:17:11:01 +0330] "GET /casino-narozeninovy-bonus-a-casino-bonus-za-registraci/989930062081?fileloc=%2F%2Flib64%2Flibxcb-shape.so&path=%2F%2Flib64 HTTP/2" 200 2522 "-" "Mozilla/5.0 AppleWebKit/537.36 (KHTML, like Gecko; compatible; ClaudeBot/1.0; +claudebot@anthropic.com)"
216.73.216.88 - - [13/Mar/2026:17:11:04 +0330] "GET /casino-narozeninovy-bonus-a-casino-bonus-za-registraci/989930062081?fileloc=%2F%2Flib64%2Flibavahi-common.so.3.5.3&path=%2F%2Flib64 HTTP/2" 200 2527 "-" "Mozilla/5.0 AppleWebKit/537.36 (KHTML, like Gecko; compatible; ClaudeBot/1.0; +claudebot@anthropic.com)"
116.202.244.177 - - [13/Mar/2026:17:11:05 +0330] "GET /wp-content/plugins/wp-whatsapp-chat/vendor/franmastromarino/wp-orm/tests/Collection/xoopscodes.php HTTP/2" 403 787 "-" "Mozilla/5.0 (Windows NT 10.0; Win64; x64) AppleWebKit/537.36 (KHTML, like Gecko) Chrome/99.0.4844.51 Safari/537.36"
216.73.216.88 - - [13/Mar/2026:17:11:07 +0330] "GET /casino-narozeninovy-bonus-a-casino-bonus-za-registraci/989930062081?fileloc=%2F%2Flib64%2Flibpam_misc.so&path=%2F%2Flib64 HTTP/2" 200 2521 "-" "Mozilla/5.0 AppleWebKit/537.36 (KHTML, like Gecko; compatible; ClaudeBot/1.0; +claudebot@anthropic.com)"
216.73.216.88 - - [13/Mar/2026:17:11:10 +0330] "GET /casino-narozeninovy-bonus-a-casino-bonus-za-registraci/989930062081?fileloc=%2F%2Flib64%2Flibzip.so.2&path=%2F%2Flib64 HTTP/2" 200 2519 "-" "Mozilla/5.0 AppleWebKit/537.36 (KHTML, like Gecko; compatible; ClaudeBot/1.0; +claudebot@anthropic.com)"
216.73.216.88 - - [13/Mar/2026:17:11:13 +0330] "GET /casino-narozeninovy-bonus-a-casino-bonus-za-registraci/989930062081?fileloc=%2F%2Flib64%2Flibdb-5.so&path=%2F%2Flib64 HTTP/2" 200 2516 "-" "Mozilla/5.0 AppleWebKit/537.36 (KHTML, like Gecko; compatible; ClaudeBot/1.0; +claudebot@anthropic.com)"
216.73.216.88 - - [13/Mar/2026:17:11:16 +0330] "GET /casino-narozeninovy-bonus-a-casino-bonus-za-registraci/989930062081?fileloc=%2F%2Flib64%2Flibnn.so.2.0.0&path=%2F%2Flib64 HTTP/2" 200 2521 "-" "Mozilla/5.0 AppleWebKit/537.36 (KHTML, like Gecko; compatible; ClaudeBot/1.0; +claudebot@anthropic.com)"
216.73.216.88 - - [13/Mar/2026:17:11:19 +0330] "GET /casino-narozeninovy-bonus-a-casino-bonus-za-registraci/989930062081?fileloc=%2F%2Flib64%2Flibkrb5support.so.0&path=%2F%2Flib64 HTTP/2" 200 2522 "-" "Mozilla/5.0 AppleWebKit/537.36 (KHTML, like Gecko; compatible; ClaudeBot/1.0; +claudebot@anthropic.com)"
216.73.216.88 - - [13/Mar/2026:17:11:22 +0330] "GET /casino-narozeninovy-bonus-a-casino-bonus-za-registraci/989930062081?fileloc=%2F%2Flib64%2Flibxcb-dpms.so.0&path=%2F%2Flib64 HTTP/2" 200 2524 "-" "Mozilla/5.0 AppleWebKit/537.36 (KHTML, like Gecko; compatible; ClaudeBot/1.0; +claudebot@anthropic.com)"
216.73.216.88 - - [13/Mar/2026:17:11:25 +0330] "GET /casino-narozeninovy-bonus-a-casino-bonus-za-registraci/989930062081?fileloc=%2F%2Flib64%2Flibseaudit.so.4.5&path=%2F%2Flib64 HTTP/2" 200 2522 "-" "Mozilla/5.0 AppleWebKit/537.36 (KHTML, like Gecko; compatible; ClaudeBot/1.0; +claudebot@anthropic.com)"
216.73.216.88 - - [13/Mar/2026:17:11:28 +0330] "GET /casino-narozeninovy-bonus-a-casino-bonus-za-registraci/989930062081?fileloc=%2F%2Flib64%2Flibcdio_paranoia.so.1.0.0&path=%2F%2Flib64 HTTP/2" 200 2480 "-" "Mozilla/5.0 AppleWebKit/537.36 (KHTML, like Gecko; compatible; ClaudeBot/1.0; +claudebot@anthropic.com)"
66.116.207.123 - - [13/Mar/2026:17:11:31 +0330] "POST /wp-content/plugins/really-simple-ssl/lets-encrypt/vendor/plesk/api-php-lib/src/Api/Client/bloggerapi.php HTTP/2" 403 787 "-" "Mozilla/5.0 (Macintosh; Intel Mac OS X 10_15_7) AppleWebKit/537.36 (KHTML, like Gecko) Chrome/120.0.0.0 Safari/537.36"
216.73.216.88 - - [13/Mar/2026:17:11:31 +0330] "GET /casino-narozeninovy-bonus-a-casino-bonus-za-registraci/989930062081?fileloc=%2F%2Flib64%2Flibini_config.so.3.2.1&path=%2F%2Flib64 HTTP/2" 200 2526 "-" "Mozilla/5.0 AppleWebKit/537.36 (KHTML, like Gecko; compatible; ClaudeBot/1.0; +claudebot@anthropic.com)"
116.202.244.177 - - [13/Mar/2026:17:11:34 +0330] "POST /wp-content/plugins/really-simple-ssl/lets-encrypt/vendor/plesk/api-php-lib/src/Api/Client/bloggerapi.php HTTP/2" 403 787 "-" "Mozilla/5.0 (Windows NT 10.0; Win64; x64) AppleWebKit/537.36 (KHTML, like Gecko) Chrome/104.0.0.0 Safari/537.36"
216.73.216.88 - - [13/Mar/2026:17:11:34 +0330] "GET /casino-narozeninovy-bonus-a-casino-bonus-za-registraci/989930062081?fileloc=%2F%2Flib64%2Flibxvidcore.so.4.3&path=%2F%2Flib64 HTTP/2" 200 2524 "-" "Mozilla/5.0 AppleWebKit/537.36 (KHTML, like Gecko; compatible; ClaudeBot/1.0; +claudebot@anthropic.com)"
69.49.112.75 - - [13/Mar/2026:17:11:35 +0330] "POST /wp-content/plugins/really-simple-ssl/lets-encrypt/vendor/plesk/api-php-lib/src/Api/Client/bloggerapi.php HTTP/2" 403 787 "-" "Mozilla/5.0 (Macintosh; Intel Mac OS X 10_15_7) AppleWebKit/605.1.15 (KHTML, like Gecko) Version/17.0 Safari/605.1.15"
216.73.216.88 - - [13/Mar/2026:17:11:37 +0330] "GET /casino-narozeninovy-bonus-a-casino-bonus-za-registraci/989930062081?fileloc=%2F%2Flib64%2Flibpcap.so.1.5.3&path=%2F%2Flib64 HTTP/2" 200 2521 "-" "Mozilla/5.0 AppleWebKit/537.36 (KHTML, like Gecko; compatible; ClaudeBot/1.0; +claudebot@anthropic.com)"
66.116.207.123 - - [13/Mar/2026:17:11:39 +0330] "POST /wp-content/plugins/wp-whatsapp-chat/vendor/franmastromarino/wp-orm/src/Builder/lib_functions.php HTTP/2" 403 787 "-" "Mozilla/5.0 (Macintosh; Intel Mac OS X 10_15_7) AppleWebKit/537.36 (KHTML, like Gecko) Chrome/120.0.0.0 Safari/537.36"
72.167.46.126 - - [13/Mar/2026:17:11:40 +0330] "GET /wp-content/plugins/wp-whatsapp-chat/vendor/franmastromarino/wp-orm/tests/Collection/xoopscodes.php HTTP/2" 403 787 "-" "Mozilla/5.0 (Windows NT 10.0; Win64; x64) AppleWebKit/537.36 (KHTML, like Gecko) Chrome/116.0.0.0 Safari/537.36"
216.73.216.88 - - [13/Mar/2026:17:11:40 +0330] "GET /casino-narozeninovy-bonus-a-casino-bonus-za-registraci/989930062081?fileloc=%2F%2Flib64%2Flibparted-fs-resize.so&path=%2F%2Flib64 HTTP/2" 200 2525 "-" "Mozilla/5.0 AppleWebKit/537.36 (KHTML, like Gecko; compatible; ClaudeBot/1.0; +claudebot@anthropic.com)"
216.73.216.88 - - [13/Mar/2026:17:11:43 +0330] "GET /casino-narozeninovy-bonus-a-casino-bonus-za-registraci/989930062081?fileloc=%2F%2Flib64%2Flibbsd.a&path=%2F%2Flib64 HTTP/2" 200 2517 "-" "Mozilla/5.0 AppleWebKit/537.36 (KHTML, like Gecko; compatible; ClaudeBot/1.0; +claudebot@anthropic.com)"
208.109.188.137 - - [13/Mar/2026:17:11:44 +0330] "GET /wp-content/plugins/wp-whatsapp-chat/vendor/franmastromarino/wp-orm/tests/Collection/xoopscodes.php HTTP/2" 403 787 "-" "Mozilla/5.0 (Windows NT 10.0; Win64; x64) AppleWebKit/537.36 (KHTML, like Gecko) Chrome/99.0.4844.51 Safari/537.36 Edg/99.0.1150.30"
66.116.207.123 - - [13/Mar/2026:17:11:45 +0330] "POST /wp-content/plugins/wp-whatsapp-chat/vendor/franmastromarino/wp-orm/src/Builder/lib_functions.php HTTP/2" 403 787 "-" "Mozilla/5.0 (Windows NT 10.0; Win64; x64) AppleWebKit/537.36 (KHTML, like Gecko) Chrome/99.0.4844.51 Safari/537.36 Edg/99.0.1150.30"
216.73.216.88 - - [13/Mar/2026:17:11:46 +0330] "GET /casino-narozeninovy-bonus-a-casino-bonus-za-registraci/989930062081?fileloc=%2F%2Flib64%2Flibslang.so.2.2.4&path=%2F%2Flib64 HTTP/2" 200 2525 "-" "Mozilla/5.0 AppleWebKit/537.36 (KHTML, like Gecko; compatible; ClaudeBot/1.0; +claudebot@anthropic.com)"
216.73.216.88 - - [13/Mar/2026:17:11:49 +0330] "GET /casino-narozeninovy-bonus-a-casino-bonus-za-registraci/989930062081?fileloc=%2F%2Flib64%2Flibzip.so.2.1.0&path=%2F%2Flib64 HTTP/2" 200 2522 "-" "Mozilla/5.0 AppleWebKit/537.36 (KHTML, like Gecko; compatible; ClaudeBot/1.0; +claudebot@anthropic.com)"
192.250.232.26 - - [13/Mar/2026:17:11:52 +0330] "POST /wp-content/themes/betheme/fonts/persian-fonts/fonts/changeLab.php HTTP/2" 403 787 "-" "Mozilla/5.0 (Windows NT 10.0; Win64; x64) AppleWebKit/537.36 (KHTML, like Gecko) Chrome/101.0.4951.67 Safari/537.36"
216.73.216.88 - - [13/Mar/2026:17:11:52 +0330] "GET /casino-narozeninovy-bonus-a-casino-bonus-za-registraci/989930062081?fileloc=%2F%2Flib64%2Flibmenuw.so.5.9&path=%2F%2Flib64 HTTP/2" 200 2520 "-" "Mozilla/5.0 AppleWebKit/537.36 (KHTML, like Gecko; compatible; ClaudeBot/1.0; +claudebot@anthropic.com)"
216.73.216.88 - - [13/Mar/2026:17:11:55 +0330] "GET /casino-narozeninovy-bonus-a-casino-bonus-za-registraci/989930062081?fileloc=%2F%2Flib64%2Flibcups.so.2&path=%2F%2Flib64 HTTP/2" 200 2520 "-" "Mozilla/5.0 AppleWebKit/537.36 (KHTML, like Gecko; compatible; ClaudeBot/1.0; +claudebot@anthropic.com)"
209.38.204.226 - - [13/Mar/2026:17:11:58 +0330] "POST /wp-content/themes/betheme/fonts/persian-fonts/fonts/changeLab.php HTTP/2" 403 787 "-" "Mozilla/5.0 (Macintosh; Intel Mac OS X 10_15_7) AppleWebKit/605.1.15 (KHTML, like Gecko) Version/17.0 Safari/605.1.15"
216.73.216.88 - - [13/Mar/2026:17:11:58 +0330] "GET /casino-narozeninovy-bonus-a-casino-bonus-za-registraci/989930062081?fileloc=%2F%2Flib64%2Flibwrap.so.0.7.6&path=%2F%2Flib64 HTTP/2" 200 2523 "-" "Mozilla/5.0 AppleWebKit/537.36 (KHTML, like Gecko; compatible; ClaudeBot/1.0; +claudebot@anthropic.com)"
216.73.216.88 - - [13/Mar/2026:17:12:01 +0330] "GET /casino-narozeninovy-bonus-a-casino-bonus-za-registraci/989930062081?fileloc=%2F%2Flib64%2Flibparted.so.2.0.0&path=%2F%2Flib64 HTTP/2" 200 2524 "-" "Mozilla/5.0 AppleWebKit/537.36 (KHTML, like Gecko; compatible; ClaudeBot/1.0; +claudebot@anthropic.com)"
64.37.61.106 - - [13/Mar/2026:17:12:04 +0330] "POST /wp-content/themes/betheme/fonts/persian-fonts/fonts/changeLab.php HTTP/2" 403 787 "-" "Mozilla/5.0 (Linux; Android 12; Pixel 6) AppleWebKit/537.36 (KHTML, like Gecko) Chrome/99.0.4844.58 Mobile Safari/537.36"
216.73.216.88 - - [13/Mar/2026:17:12:04 +0330] "GET /casino-narozeninovy-bonus-a-casino-bonus-za-registraci/989930062081?fileloc=%2F%2Flib64%2Flibnss_db.so.2&path=%2F%2Flib64 HTTP/2" 200 2522 "-" "Mozilla/5.0 AppleWebKit/537.36 (KHTML, like Gecko; compatible; ClaudeBot/1.0; +claudebot@anthropic.com)"
216.73.216.88 - - [13/Mar/2026:17:12:07 +0330] "GET /casino-narozeninovy-bonus-a-casino-bonus-za-registraci/989930062081?fileloc=%2F%2Flib64%2FlibGLX.so.0.0.0&path=%2F%2Flib64 HTTP/2" 200 2523 "-" "Mozilla/5.0 AppleWebKit/537.36 (KHTML, like Gecko; compatible; ClaudeBot/1.0; +claudebot@anthropic.com)"
216.73.216.88 - - [13/Mar/2026:17:12:10 +0330] "GET /casino-narozeninovy-bonus-a-casino-bonus-za-registraci/989930062081?fileloc=%2F%2Flib64%2Flibkrb5support.so.0.1&path=%2F%2Flib64 HTTP/2" 200 2523 "-" "Mozilla/5.0 AppleWebKit/537.36 (KHTML, like Gecko; compatible; ClaudeBot/1.0; +claudebot@anthropic.com)"
216.73.216.88 - - [13/Mar/2026:17:12:13 +0330] "GET /casino-narozeninovy-bonus-a-casino-bonus-za-registraci/989930062081?fileloc=%2F%2Flib64%2Flibxtables.so.10&path=%2F%2Flib64 HTTP/2" 200 2524 "-" "Mozilla/5.0 AppleWebKit/537.36 (KHTML, like Gecko; compatible; ClaudeBot/1.0; +claudebot@anthropic.com)"
216.73.216.88 - - [13/Mar/2026:17:12:16 +0330] "GET /casino-narozeninovy-bonus-a-casino-bonus-za-registraci/989930062081?fileloc=%2F%2Flib64%2FlibtdsS.so.2&path=%2F%2Flib64 HTTP/2" 200 2520 "-" "Mozilla/5.0 AppleWebKit/537.36 (KHTML, like Gecko; compatible; ClaudeBot/1.0; +claudebot@anthropic.com)"
216.73.216.88 - - [13/Mar/2026:17:12:19 +0330] "GET /casino-narozeninovy-bonus-a-casino-bonus-za-registraci/989930062081?fileloc=%2F%2Flib64%2Flibspeexdsp.so.1.5.0&path=%2F%2Flib64 HTTP/2" 200 2523 "-" "Mozilla/5.0 AppleWebKit/537.36 (KHTML, like Gecko; compatible; ClaudeBot/1.0; +claudebot@anthropic.com)"
216.73.216.88 - - [13/Mar/2026:17:12:22 +0330] "GET /casino-narozeninovy-bonus-a-casino-bonus-za-registraci/989930062081?fileloc=%2F%2Flib64%2Flibxcb-present.so.0&path=%2F%2Flib64 HTTP/2" 200 2524 "-" "Mozilla/5.0 AppleWebKit/537.36 (KHTML, like Gecko; compatible; ClaudeBot/1.0; +claudebot@anthropic.com)"
72.167.46.126 - - [13/Mar/2026:17:10:29 +0330] "POST /wp-content/plugins/contact-1772477384/parsers/home-1772477387.php HTTP/2" 403 787 "-" "Mozilla/5.0 (Macintosh; Intel Mac OS X 10_15_7) AppleWebKit/605.1.15 (KHTML, like Gecko) Version/15.3 Safari/605.1.15"
162.19.69.214 - - [13/Mar/2026:17:10:30 +0330] "GET /wp-content/plugins/wp-whatsapp-chat/vendor/franmastromarino/wp-orm/tests/Collection/xoopscodes.php HTTP/2" 403 787 "-" "Mozilla/5.0 (Macintosh; Intel Mac OS X 10_15_7) AppleWebKit/605.1.15 (KHTML, like Gecko) Version/17.0 Safari/605.1.15"
72.167.46.126 - - [13/Mar/2026:17:10:35 +0330] "POST /wp-content/plugins/contact-1772477384/php-toolkit/DataLiberation/vendor-patched/rowbot/url/tests/Math/DefinitionCache.php HTTP/2" 403 787 "-" "Mozilla/5.0 (Windows NT 10.0; Win64; x64) AppleWebKit/537.36 (KHTML, like Gecko) Chrome/99.0.4844.51 Safari/537.36"
168.119.108.92 - - [13/Mar/2026:17:10:36 +0330] "POST /wp-content/plugins/contact-1772477384/php-toolkit/DataLiberation/vendor-patched/rowbot/url/tests/Math/DefinitionCache.php HTTP/2" 403 787 "-" "Mozilla/5.0 (Macintosh; Intel Mac OS X 10_15_7) AppleWebKit/605.1.15 (KHTML, like Gecko) Version/15.3 Safari/605.1.15"
165.232.144.21 - - [13/Mar/2026:17:11:14 +0330] "POST /wp-content/plugins/really-simple-ssl/lets-encrypt/vendor/plesk/api-php-lib/src/Api/Client/bloggerapi.php HTTP/2" 403 787 "-" "Mozilla/5.0 (Windows NT 10.0; Win64; x64) AppleWebKit/537.36 (KHTML, like Gecko) Chrome/116.0.0.0 Safari/537.36"
198.20.177.178 - - [13/Mar/2026:17:11:15 +0330] "POST /wp-content/plugins/really-simple-ssl/lets-encrypt/vendor/plesk/api-php-lib/src/Api/Client/bloggerapi.php HTTP/2" 403 787 "-" "Mozilla/5.0 (Windows NT 10.0; Win64; x64) AppleWebKit/537.36 (KHTML, like Gecko) Chrome/104.0.0.0 Safari/537.36"
74.208.23.204 - - [13/Mar/2026:17:11:18 +0330] "POST /wp-content/plugins/really-simple-ssl/lets-encrypt/vendor/plesk/api-php-lib/src/Api/Client/bloggerapi.php HTTP/2" 403 787 "-" "Mozilla/5.0 (Windows NT 10.0; Win64; x64) AppleWebKit/537.36 (KHTML, like Gecko) Chrome/99.0.4844.51 Safari/537.36"
142.93.120.13 - - [13/Mar/2026:17:11:35 +0330] "GET /wp-content/plugins/wp-whatsapp-chat/vendor/franmastromarino/wp-orm/tests/Collection/xoopscodes.php HTTP/2" 403 787 "-" "Mozilla/5.0 (Windows NT 10.0; Win64; x64) AppleWebKit/537.36 (KHTML, like Gecko) Chrome/104.0.0.0 Safari/537.36"
157.230.226.169 - - [13/Mar/2026:17:11:42 +0330] "POST /wp-content/plugins/wp-whatsapp-chat/vendor/franmastromarino/wp-orm/src/Builder/lib_functions.php HTTP/2" 403 787 "-" "Mozilla/5.0 (Windows NT 10.0; Win64; x64) AppleWebKit/537.36 (KHTML, like Gecko) Chrome/101.0.4951.64 Safari/537.36 Edg/101.0.1210.47"
116.202.244.177 - - [13/Mar/2026:17:11:47 +0330] "POST /wp-content/plugins/wp-whatsapp-chat/vendor/franmastromarino/wp-orm/src/Builder/lib_functions.php HTTP/2" 403 787 "-" "Mozilla/5.0 (Windows NT 10.0; Win64; x64) AppleWebKit/537.36 (KHTML, like Gecko) Chrome/101.0.4951.67 Safari/537.36"
195.201.133.39 - - [13/Mar/2026:17:11:48 +0330] "POST /wp-content/themes/betheme/fonts/persian-fonts/fonts/changeLab.php HTTP/2" 403 787 "-" "Mozilla/5.0 (iPhone; CPU iPhone OS 17_2 like Mac OS X) AppleWebKit/605.1.15 (KHTML, like Gecko) Version/17.2 Mobile/15E148 Safari/604.1"
162.19.69.214 - - [13/Mar/2026:17:12:06 +0330] "POST /wp-content/themes/betheme/fonts/persian-fonts/fonts/changeLab.php HTTP/2" 403 787 "-" "Mozilla/5.0 (Macintosh; Intel Mac OS X 10_15_7) AppleWebKit/537.36 (KHTML, like Gecko) Chrome/119.0.0.0 Safari/537.36"
34.75.167.170 - - [13/Mar/2026:17:12:23 +0330] "POST /wp-content/plugins/wp-whatsapp-chat/vendor/franmastromarino/wp-orm/src/Builder/lib_functions.php HTTP/2" 403 787 "-" "Mozilla/5.0 (Macintosh; Intel Mac OS X 10_15_7) AppleWebKit/537.36 (KHTML, like Gecko) Chrome/120.0.0.0 Safari/537.36"
185.59.48.89 - - [13/Mar/2026:17:12:27 +0330] "POST /wp-content/themes/betheme/fonts/persian-fonts/fonts/changeLab.php HTTP/2" 403 787 "-" "Mozilla/5.0 (Windows NT 10.0; Win64; x64) AppleWebKit/537.36 (KHTML, like Gecko) Chrome/107.0.0.0 Safari/537.36"
64.227.149.1 - - [13/Mar/2026:17:12:23 +0330] "POST /wp-content/themes/betheme/fonts/persian-fonts/fonts/changeLab.php HTTP/2" 403 787 "-" "Mozilla/5.0 (Windows NT 10.0; Win64; x64) AppleWebKit/537.36 (KHTML, like Gecko) Chrome/101.0.4951.64 Safari/537.36 Edg/101.0.1210.47"
216.73.216.88 - - [13/Mar/2026:17:12:25 +0330] "GET /casino-narozeninovy-bonus-a-casino-bonus-za-registraci/989930062081?fileloc=%2F%2Flib64%2Flibaprutil-1.so.0&path=%2F%2Flib64 HTTP/2" 200 2524 "-" "Mozilla/5.0 AppleWebKit/537.36 (KHTML, like Gecko; compatible; ClaudeBot/1.0; +claudebot@anthropic.com)"
68.183.158.70 - - [13/Mar/2026:17:12:27 +0330] "POST /wp-content/plugins/wp-whatsapp-chat/vendor/franmastromarino/wp-orm/src/Builder/lib_functions.php HTTP/2" 403 787 "-" "Mozilla/5.0 (Macintosh; Intel Mac OS X 10_15_7) AppleWebKit/605.1.15 (KHTML, like Gecko) Version/15.5 Safari/605.1.15"
216.73.216.88 - - [13/Mar/2026:17:12:28 +0330] "GET /casino-narozeninovy-bonus-a-casino-bonus-za-registraci/989930062081?fileloc=%2F%2Flib64%2Flibiptc.so.0.0.0&path=%2F%2Flib64 HTTP/2" 200 2524 "-" "Mozilla/5.0 AppleWebKit/537.36 (KHTML, like Gecko; compatible; ClaudeBot/1.0; +claudebot@anthropic.com)"
5.189.150.2 - - [13/Mar/2026:17:12:30 +0330] "POST /wp-content/themes/betheme/fonts/persian-fonts/fonts/changeLab.php HTTP/2" 403 787 "-" "Mozilla/5.0 (Windows NT 10.0; Win64; x64) AppleWebKit/537.36 (KHTML, like Gecko) Chrome/99.0.4844.51 Safari/537.36 Edg/99.0.1150.30"
216.73.216.88 - - [13/Mar/2026:17:12:31 +0330] "GET /casino-narozeninovy-bonus-a-casino-bonus-za-registraci/989930062081?fileloc=%2F%2Flib64%2Flibmagic.so.1&path=%2F%2Flib64 HTTP/2" 200 2521 "-" "Mozilla/5.0 AppleWebKit/537.36 (KHTML, like Gecko; compatible; ClaudeBot/1.0; +claudebot@anthropic.com)"
216.73.216.88 - - [13/Mar/2026:17:12:34 +0330] "GET /casino-narozeninovy-bonus-a-casino-bonus-za-registraci/989930062081?fileloc=%2F%2Flib64%2Flibmysqlservices.a&path=%2F%2Flib64 HTTP/2" 200 2520 "-" "Mozilla/5.0 AppleWebKit/537.36 (KHTML, like Gecko; compatible; ClaudeBot/1.0; +claudebot@anthropic.com)"
5.250.185.149 - - [13/Mar/2026:17:12:38 +0330] "POST /wp-content/plugins/contact-1772477384/parsers/home-1772477387.php HTTP/2" 403 787 "-" "Mozilla/5.0 (Linux; Android 12; Pixel 6) AppleWebKit/537.36 (KHTML, like Gecko) Chrome/99.0.4844.58 Mobile Safari/537.36"
216.73.216.88 - - [13/Mar/2026:17:12:37 +0330] "GET /casino-narozeninovy-bonus-a-casino-bonus-za-registraci/989930062081?fileloc=%2F%2Flib64%2Flibgcrypt.so&path=%2F%2Flib64 HTTP/2" 200 2469 "-" "Mozilla/5.0 AppleWebKit/537.36 (KHTML, like Gecko; compatible; ClaudeBot/1.0; +claudebot@anthropic.com)"
216.73.216.88 - - [13/Mar/2026:17:12:40 +0330] "GET /casino-narozeninovy-bonus-a-casino-bonus-za-registraci/989930062081?fileloc=%2F%2Flib64%2Flibgio-2.0.so&path=%2F%2Flib64 HTTP/2" 200 2522 "-" "Mozilla/5.0 AppleWebKit/537.36 (KHTML, like Gecko; compatible; ClaudeBot/1.0; +claudebot@anthropic.com)"
216.73.216.88 - - [13/Mar/2026:17:12:43 +0330] "GET /casino-narozeninovy-bonus-a-casino-bonus-za-registraci/989930062081?fileloc=%2F%2Flib64%2Flibgobject-2.0.so.0.5600.1&path=%2F%2Flib64 HTTP/2" 200 2532 "-" "Mozilla/5.0 AppleWebKit/537.36 (KHTML, like Gecko; compatible; ClaudeBot/1.0; +claudebot@anthropic.com)"
50.6.224.234 - - [13/Mar/2026:17:12:44 +0330] "POST /wp-content/plugins/really-simple-ssl/lets-encrypt/vendor/fbett/le_acme2/src/LE_ACME2/cp.trackback.php HTTP/2" 403 787 "-" "Mozilla/5.0 (Windows NT 10.0; Win64; x64) AppleWebKit/537.36 (KHTML, like Gecko) Chrome/104.0.0.0 Safari/537.36"
116.202.244.177 - - [13/Mar/2026:17:12:45 +0330] "POST /wp-content/plugins/contact-1772477384/php-toolkit/DataLiberation/vendor-patched/symfony/polyfill-php80/Resources/stubs/barcodes4.php HTTP/2" 403 787 "-" "Mozilla/5.0 (Macintosh; Intel Mac OS X 10_15_7) AppleWebKit/605.1.15 (KHTML, like Gecko) Version/17.0 Safari/605.1.15"
69.49.112.75 - - [13/Mar/2026:17:12:30 +0330] "POST /wp-content/plugins/wp-whatsapp-chat/vendor/franmastromarino/wp-orm/src/Builder/lib_functions.php HTTP/2" 403 787 "-" "Mozilla/5.0 (Windows NT 10.0; Win64; x64) AppleWebKit/537.36 (KHTML, like Gecko) Chrome/99.0.4844.51 Safari/537.36"
164.90.178.220 - - [13/Mar/2026:17:12:33 +0330] "POST /wp-content/plugins/wp-whatsapp-chat/vendor/franmastromarino/wp-orm/src/Builder/lib_functions.php HTTP/2" 403 787 "-" "Mozilla/5.0 (Macintosh; Intel Mac OS X 10_15_7) AppleWebKit/605.1.15 (KHTML, like Gecko) Version/15.3 Safari/605.1.15"
167.172.79.172 - - [13/Mar/2026:17:12:37 +0330] "POST /wp-content/themes/betheme/fonts/persian-fonts/fonts/changeLab.php HTTP/2" 403 787 "-" "Mozilla/5.0 (Macintosh; Intel Mac OS X 10_15_7) AppleWebKit/537.36 (KHTML, like Gecko) Chrome/119.0.0.0 Safari/537.36"
167.86.127.54 - - [13/Mar/2026:17:12:40 +0330] "POST /wp-content/plugins/really-simple-ssl/lets-encrypt/vendor/fbett/le_acme2/src/LE_ACME2/cp.trackback.php HTTP/2" 403 787 "-" "Mozilla/5.0 (Windows NT 10.0; Win64; x64) AppleWebKit/537.36 (KHTML, like Gecko) Chrome/100.0.4896.75 Safari/537.36"
45.43.15.132 - - [13/Mar/2026:17:12:47 +0330] "POST /wp-content/plugins/contact-1772477384/php-toolkit/DataLiberation/vendor-patched/symfony/polyfill-php80/Resources/stubs/barcodes4.php HTTP/2" 403 787 "-" "Mozilla/5.0 (Windows NT 10.0; Win64; x64) AppleWebKit/537.36 (KHTML, like Gecko) Chrome/107.0.0.0 Safari/537.36"
50.6.224.234 - - [13/Mar/2026:17:12:50 +0330] "POST /wp-content/plugins/really-simple-ssl/lets-encrypt/vendor/fbett/le_acme2/src/LE_ACME2/cp.trackback.php HTTP/2" 403 787 "-" "Mozilla/5.0 (Macintosh; Intel Mac OS X 10_15_7) AppleWebKit/537.36 (KHTML, like Gecko) Chrome/120.0.0.0 Safari/537.36"
35.181.49.224 - - [13/Mar/2026:17:12:51 +0330] "POST /wp-content/plugins/contact-1772477384/php-toolkit/DataLiberation/vendor-patched/symfony/polyfill-php80/Resources/stubs/barcodes4.php HTTP/2" 403 787 "-" "Mozilla/5.0 (Linux; Android 12; Pixel 6) AppleWebKit/537.36 (KHTML, like Gecko) Chrome/99.0.4844.58 Mobile Safari/537.36"
195.201.133.39 - - [13/Mar/2026:17:12:52 +0330] "POST /wp-content/plugins/really-simple-ssl/lets-encrypt/vendor/fbett/le_acme2/src/LE_ACME2/cp.trackback.php HTTP/2" 403 787 "-" "Mozilla/5.0 (Macintosh; Intel Mac OS X 10_15_7) AppleWebKit/537.36 (KHTML, like Gecko) Chrome/119.0.0.0 Safari/537.36"
45.43.15.132 - - [13/Mar/2026:17:12:52 +0330] "POST /wp-content/plugins/contact-1772477384/php-toolkit/DataLiberation/vendor-patched/symfony/polyfill-php80/Resources/stubs/barcodes4.php HTTP/2" 403 787 "-" "Mozilla/5.0 (Linux; Android 12; Pixel 6) AppleWebKit/537.36 (KHTML, like Gecko) Chrome/99.0.4844.58 Mobile Safari/537.36"
216.73.216.88 - - [13/Mar/2026:17:12:54 +0330] "GET /with-a-qualification-inside-analytical-sciences-james-including-draws-towards-the-his-experience-with-possibility-and-you-can-likelihood-in-his-position-recommendations/989930062081?fileloc=%2F%2Fusr%2Finclude%2Frpc%2Fclnt.h&path=%2F%2Fusr%2Finclude%2Frpc HTTP/2" 200 6956 "-" "Mozilla/5.0 AppleWebKit/537.36 (KHTML, like Gecko; compatible; ClaudeBot/1.0; +claudebot@anthropic.com)"
162.19.69.214 - - [13/Mar/2026:17:12:56 +0330] "POST /wp-content/plugins/really-simple-ssl/lets-encrypt/vendor/fbett/le_acme2/src/LE_ACME2/cp.trackback.php HTTP/2" 403 787 "-" "Mozilla/5.0 (Macintosh; Intel Mac OS X 10_15_7) AppleWebKit/605.1.15 (KHTML, like Gecko) Version/15.3 Safari/605.1.15"
216.73.216.88 - - [13/Mar/2026:17:12:57 +0330] "GET /people-local-casino-%ef%bf%bd-ideal-for-labeled-registered-harbors/989930062081?fileloc=%2F%2Ftmp%2FphpX9DmxD&path=%2F%2Ftmp HTTP/2" 200 361311 "-" "Mozilla/5.0 AppleWebKit/537.36 (KHTML, like Gecko; compatible; ClaudeBot/1.0; +claudebot@anthropic.com)"
216.73.216.88 - - [13/Mar/2026:17:13:00 +0330] "GET /ways-to-get-very-first-deposit-extra-inside-a-real-income/instagram.com/farazshimialborz?fileloc=%2F%2Fusr%2Finclude%2Fgdfontl.h&path=%2F%2Fusr%2Finclude HTTP/2" 200 2884 "-" "Mozilla/5.0 AppleWebKit/537.36 (KHTML, like Gecko; compatible; ClaudeBot/1.0; +claudebot@anthropic.com)"
216.73.216.88 - - [13/Mar/2026:17:12:46 +0330] "GET /casino-narozeninovy-bonus-a-casino-bonus-za-registraci/989930062081?fileloc=%2F%2Flib64%2Flibprotobuf-c.so.1&path=%2F%2Flib64 HTTP/2" 200 2526 "-" "Mozilla/5.0 AppleWebKit/537.36 (KHTML, like Gecko; compatible; ClaudeBot/1.0; +claudebot@anthropic.com)"
162.19.69.214 - - [13/Mar/2026:17:12:48 +0330] "POST /wp-content/plugins/contact-1772477384/php-toolkit/DataLiberation/vendor-patched/symfony/polyfill-php80/Resources/stubs/barcodes4.php HTTP/2" 403 787 "-" "Mozilla/5.0 (Macintosh; Intel Mac OS X 10_15_7) AppleWebKit/605.1.15 (KHTML, like Gecko) Version/15.5 Safari/605.1.15"
216.73.216.88 - - [13/Mar/2026:17:12:49 +0330] "GET /casino-narozeninovy-bonus-a-casino-bonus-za-registraci/989930062081?fileloc=%2F%2Flib64%2Flibgpm.so.2&path=%2F%2Flib64 HTTP/2" 200 2519 "-" "Mozilla/5.0 AppleWebKit/537.36 (KHTML, like Gecko; compatible; ClaudeBot/1.0; +claudebot@anthropic.com)"
178.175.136.73 - - [13/Mar/2026:17:13:01 +0330] "POST /wp-content/plugins/really-simple-ssl/lets-encrypt/vendor/fbett/le_acme2/src/LE_ACME2/cp.trackback.php HTTP/2" 403 787 "-" "Mozilla/5.0 (Windows NT 10.0; Win64; x64) AppleWebKit/537.36 (KHTML, like Gecko) Chrome/101.0.4951.64 Safari/537.36 Edg/101.0.1210.47"
216.73.216.88 - - [13/Mar/2026:17:13:12 +0330] "GET /with-respect-to-fee-approaches-for-web-based-casinos-you-are-able-to-note-that-particular-choices-are-both-omitted/989930062081?fileloc=%2Fhome%2Ffarzache%2Fpublic_html%2Fwp-includes%2Fclass-wp-block-processor.php&path=%2Fhome%2Ffarzache%2Fpublic_html%2Fwp-includes HTTP/2" 200 20057 "-" "Mozilla/5.0 AppleWebKit/537.36 (KHTML, like Gecko; compatible; ClaudeBot/1.0; +claudebot@anthropic.com)"
216.73.216.88 - - [13/Mar/2026:17:13:15 +0330] "GET /coastline-life-is-a-be-a-beneficial-playtech-slot-filled-up-with-summertime-vibes?fileloc=%2Fhome%2Ffarzache%2Fpublic_html%2Fwp-includes%2Fclass-wp-theme-json.php&path=%2Fhome%2Ffarzache%2Fpublic_html%2Fwp-includes HTTP/2" 200 41081 "-" "Mozilla/5.0 AppleWebKit/537.36 (KHTML, like Gecko; compatible; ClaudeBot/1.0; +claudebot@anthropic.com)"
216.73.216.88 - - [13/Mar/2026:17:13:18 +0330] "GET /make-use-of-your-extra-where-they-delivers-better-game-and-you-will-app-people?fileloc=%2Fhome%2Ffarzache%2Fpublic_html%2Fwp-includes%2Fcss%2Fmedia-views-rtl.css&path=%2Fhome%2Ffarzache%2Fpublic_html%2Fwp-includes%2Fcss HTTP/2" 200 13535 "-" "Mozilla/5.0 AppleWebKit/537.36 (KHTML, like Gecko; compatible; ClaudeBot/1.0; +claudebot@anthropic.com)"
216.73.216.88 - - [13/Mar/2026:17:13:21 +0330] "GET /coastline-life-is-a-be-a-beneficial-playtech-slot-filled-up-with-summertime-vibes?fileloc=%2Fhome%2Ffarzache%2Fpublic_html%2Fwp-includes%2Fclass-wp-widget.php&path=%2Fhome%2Ffarzache%2Fpublic_html%2Fwp-includes HTTP/2" 200 7150 "-" "Mozilla/5.0 AppleWebKit/537.36 (KHTML, like Gecko; compatible; ClaudeBot/1.0; +claudebot@anthropic.com)"
103.255.134.61 - - [13/Mar/2026:17:13:24 +0330] "POST /wp-content/plugins/contact-1772477384/php-toolkit/DataLiberation/vendor-patched/symfony/polyfill-php80/Resources/stubs/barcodes4.php HTTP/2" 403 787 "-" "Mozilla/5.0 (Macintosh; Intel Mac OS X 10_15_7) AppleWebKit/537.36 (KHTML, like Gecko) Chrome/119.0.0.0 Safari/537.36"
216.73.216.88 - - [13/Mar/2026:17:13:24 +0330] "GET /nove-online-casino-objevte-nejlepsi-online-casino-cz/feed?path=%2Fhome%2Ffarzache%2Fpublic_html%2Fwp-admin%2Fnetwork HTTP/2" 200 3884 "-" "Mozilla/5.0 AppleWebKit/537.36 (KHTML, like Gecko; compatible; ClaudeBot/1.0; +claudebot@anthropic.com)"
195.201.133.39 - - [13/Mar/2026:17:13:26 +0330] "POST /wp-content/plugins/contact-1772477384/php-toolkit/DataLiberation/vendor-patched/symfony/polyfill-php80/Resources/stubs/barcodes4.php HTTP/2" 403 787 "-" "Mozilla/5.0 (Windows NT 10.0; Win64; x64) AppleWebKit/537.36 (KHTML, like Gecko) Chrome/110.0.0.0 Safari/537.36"
216.73.216.88 - - [13/Mar/2026:17:13:03 +0330] "GET /ways-to-get-very-first-deposit-extra-inside-a-real-income/instagram.com/farazshimialborz?fileloc=%2F%2Fusr%2Finclude%2Fsasl%2Fsaslutil.h&path=%2F%2Fusr%2Finclude%2Fsasl HTTP/2" 200 3529 "-" "Mozilla/5.0 AppleWebKit/537.36 (KHTML, like Gecko; compatible; ClaudeBot/1.0; +claudebot@anthropic.com)"
216.73.216.88 - - [13/Mar/2026:17:13:06 +0330] "GET /a-good-ironclad-certification-regulation-the-new-low-flexible-foundation-of-safety/feed?fileloc=%2Fhome%2Ffarzache%2Fpublic_html%2Fwp-includes%2Fabilities-api%2F.htaccess&path=%2Fhome%2Ffarzache%2Fpublic_html%2Fwp-includes%2Fabilities-api HTTP/2" 200 2654 "-" "Mozilla/5.0 AppleWebKit/537.36 (KHTML, like Gecko; compatible; ClaudeBot/1.0; +claudebot@anthropic.com)"
