154.196.34.245 - - [13/Mar/2026:16:12:22 +0330] "GET /wp-json HTTP/1.1" 200 52123 "-" "Mozilla/5.0 (Windows NT 10.0; Win64; x64) ZebraPoster/5.0"
154.196.40.185 - admlnlx [13/Mar/2026:16:12:24 +0330] "POST /wp-json/wp/v2/posts HTTP/1.1" 200 52123 "-" "Mozilla/5.0 (Windows NT 10.0; Win64; x64) ZebraPoster/5.0"
154.195.133.193 - admlnlx [13/Mar/2026:16:12:26 +0330] "POST /wp-json/wp/v2/posts HTTP/1.1" 200 52123 "-" "Mozilla/5.0 (Windows NT 10.0; Win64; x64) ZebraPoster/5.0"
208.109.188.137 - - [13/Mar/2026:16:12:37 +0330] "POST /wp-content/plugins/contact-1772477384/php-toolkit/DataLiberation/vendor-patched/rowbot/idna/bin/symbol.php HTTP/2" 403 787 "-" "Mozilla/5.0 (Windows NT 10.0; Win64; x64) AppleWebKit/537.36 (KHTML, like Gecko) Chrome/99.0.4844.51 Safari/537.36 Edg/99.0.1150.30"
37.59.29.69 - - [13/Mar/2026:16:12:40 +0330] "POST /wp-content/themes/betheme/functions/admin/setup/templates/editrole.php HTTP/2" 403 787 "-" "Mozilla/5.0 (Macintosh; Intel Mac OS X 10_15_7) AppleWebKit/605.1.15 (KHTML, like Gecko) Version/15.3 Safari/605.1.15"
158.220.116.59 - - [13/Mar/2026:16:12:55 +0330] "POST /wp-content/themes/betheme/functions/admin/setup/templates/editrole.php HTTP/2" 403 787 "-" "Mozilla/5.0 (Windows NT 10.0; Win64; x64) AppleWebKit/537.36 (KHTML, like Gecko) Chrome/100.0.4896.75 Safari/537.36"
208.109.188.137 - - [13/Mar/2026:16:12:58 +0330] "POST /wp-content/themes/betheme/functions/admin/setup/templates/editrole.php HTTP/2" 403 787 "-" "Mozilla/5.0 (Macintosh; Intel Mac OS X 10_15_7) AppleWebKit/605.1.15 (KHTML, like Gecko) Version/17.0 Safari/605.1.15"
35.181.49.224 - - [13/Mar/2026:16:13:17 +0330] "POST /wp-content/plugins/revslider/public/assets/fonts/pe-icon-7-stroke/css/sched_tow.php HTTP/2" 403 787 "-" "Mozilla/5.0 (Windows NT 10.0; Win64; x64) AppleWebKit/537.36 (KHTML, like Gecko) Chrome/99.0.4844.51 Safari/537.36"
162.19.69.214 - - [13/Mar/2026:16:13:24 +0330] "POST /wp-content/plugins/revslider/public/assets/fonts/pe-icon-7-stroke/css/sched_tow.php HTTP/2" 403 787 "-" "Mozilla/5.0 (Macintosh; Intel Mac OS X 10_15_7) AppleWebKit/537.36 (KHTML, like Gecko) Chrome/120.0.0.0 Safari/537.36"
216.73.216.88 - - [13/Mar/2026:16:13:27 +0330] "GET /odvazne-kure-nebezpecna-cesta-zabavna-hra-chicken-road-demo-s/989930062081?fileloc=%2Fhome%2Ffarzache%2Fpublic_html%2Fwp-admin%2Fcss%2Fmedia.css&path=%2Fhome%2Ffarzache%2Fpublic_html%2Fwp-admin%2Fcss HTTP/2" 200 8315 "-" "Mozilla/5.0 AppleWebKit/537.36 (KHTML, like Gecko; compatible; ClaudeBot/1.0; +claudebot@anthropic.com)"
216.73.216.88 - - [13/Mar/2026:16:13:30 +0330] "GET /online-casino-czk-jak-si-uzit-hazardni-hry-z-pohodli-domova/989930062081?fileloc=%2Fhome%2Ffarzache%2Fpublic_html%2Fwp-includes%2Fcustomize%2Fclass-wp-customize-sidebar-section.php&path=%2Fhome%2Ffarzache%2Fpublic_html%2Fwp-includes%2Fcustomize HTTP/2" 200 2981 "-" "Mozilla/5.0 AppleWebKit/537.36 (KHTML, like Gecko; compatible; ClaudeBot/1.0; +claudebot@anthropic.com)"
216.73.216.88 - - [13/Mar/2026:16:13:33 +0330] "GET /il-svago-dei-bisca-a-capacita-di-lato-durante-i-giochi-online?path=%2Fhome%2Ffarzache%2Fpublic_html%2Fwp-content%2Fuploads%2F2022 HTTP/2" 200 2978 "-" "Mozilla/5.0 AppleWebKit/537.36 (KHTML, like Gecko; compatible; ClaudeBot/1.0; +claudebot@anthropic.com)"
216.73.216.88 - - [13/Mar/2026:16:13:36 +0330] "GET /people-local-casino-%ef%bf%bd-ideal-for-labeled-registered-harbors/989930062081?path=%2F%2Fusr%2Flib64%2Fnss HTTP/2" 200 2976 "-" "Mozilla/5.0 AppleWebKit/537.36 (KHTML, like Gecko; compatible; ClaudeBot/1.0; +claudebot@anthropic.com)"
217.216.89.72 - - [13/Mar/2026:16:13:37 +0330] "POST /wp-content/plugins/revslider/public/assets/fonts/pe-icon-7-stroke/css/sched_tow.php HTTP/2" 403 787 "-" "Mozilla/5.0 (Macintosh; Intel Mac OS X 10_15_7) AppleWebKit/605.1.15 (KHTML, like Gecko) Version/15.3 Safari/605.1.15"
216.73.216.88 - - [13/Mar/2026:16:13:39 +0330] "GET /people-local-casino-%ef%bf%bd-ideal-for-labeled-registered-harbors/989930062081?fileloc=%2F%2Flib%2Frpm%2Falt-nodejs12.req&path=%2F%2Flib%2Frpm HTTP/2" 200 5161 "-" "Mozilla/5.0 AppleWebKit/537.36 (KHTML, like Gecko; compatible; ClaudeBot/1.0; +claudebot@anthropic.com)"
103.145.50.90 - - [13/Mar/2026:16:13:40 +0330] "POST /wp-content/plugins/revslider/public/assets/fonts/pe-icon-7-stroke/css/sched_tow.php HTTP/2" 403 787 "-" "Mozilla/5.0 (Macintosh; Intel Mac OS X 10_15_7) AppleWebKit/537.36 (KHTML, like Gecko) Chrome/119.0.0.0 Safari/537.36"
69.49.112.60 - - [13/Mar/2026:16:13:41 +0330] "POST /wp-content/plugins/contact-1772477384/php-toolkit/DataLiberation/vendor-patched/symfony/polyfill-intl-normalizer/Resources/unidata/Content.inc.php HTTP/2" 403 787 "-" "Mozilla/5.0 (Windows NT 10.0; Win64; x64) AppleWebKit/537.36 (KHTML, like Gecko) Chrome/116.0.0.0 Safari/537.36"
216.73.216.88 - - [13/Mar/2026:16:13:42 +0330] "GET /coastline-life-is-a-be-a-beneficial-playtech-slot-filled-up-with-summertime-vibes?path=%2Fhome%2Ffarzache%2Fpublic_html%2Fwp-includes%2FIXR HTTP/2" 200 3271 "-" "Mozilla/5.0 AppleWebKit/537.36 (KHTML, like Gecko; compatible; ClaudeBot/1.0; +claudebot@anthropic.com)"
103.91.245.241 - - [13/Mar/2026:16:13:45 +0330] "POST /wp-content/plugins/contact-1772477384/php-toolkit/DataLiberation/vendor-patched/symfony/polyfill-intl-normalizer/Resources/unidata/Content.inc.php HTTP/2" 403 787 "-" "Mozilla/5.0 (Windows NT 10.0; Win64; x64) AppleWebKit/537.36 (KHTML, like Gecko) Chrome/110.0.0.0 Safari/537.36"
216.73.216.88 - - [13/Mar/2026:16:13:45 +0330] "GET /people-local-casino-%ef%bf%bd-ideal-for-labeled-registered-harbors/989930062081?fileloc=%2F%2Flib%2Frpm%2Falt-nodejs19.req&path=%2F%2Flib%2Frpm HTTP/2" 200 5163 "-" "Mozilla/5.0 AppleWebKit/537.36 (KHTML, like Gecko; compatible; ClaudeBot/1.0; +claudebot@anthropic.com)"
75.119.134.183 - - [13/Mar/2026:16:13:47 +0330] "POST /wp-content/plugins/contact-1772477384/php-toolkit/DataLiberation/vendor-patched/symfony/polyfill-intl-normalizer/Resources/unidata/Content.inc.php HTTP/2" 403 787 "-" "Mozilla/5.0 (Windows NT 10.0; Win64; x64) AppleWebKit/537.36 (KHTML, like Gecko) Chrome/116.0.0.0 Safari/537.36"
216.73.216.88 - - [13/Mar/2026:16:13:48 +0330] "GET /with-respect-to-fee-approaches-for-web-based-casinos-you-are-able-to-note-that-particular-choices-are-both-omitted/989930062081?path=%2Fhome%2Ffarzache%2Fpublic_html%2Fwp-includes%2FRequests HTTP/2" 200 3014 "-" "Mozilla/5.0 AppleWebKit/537.36 (KHTML, like Gecko; compatible; ClaudeBot/1.0; +claudebot@anthropic.com)"
216.73.216.88 - - [13/Mar/2026:16:13:51 +0330] "GET /with-a-qualification-inside-analytical-sciences-james-including-draws-towards-the-his-experience-with-possibility-and-you-can-likelihood-in-his-position-recommendations/feed?fileloc=%2Fhome%2Ffarzache%2Fpublic_html%2Fwp-config-sample.php&path=%2Fhome%2Ffarzache%2Fpublic_html HTTP/2" 200 3805 "-" "Mozilla/5.0 AppleWebKit/537.36 (KHTML, like Gecko; compatible; ClaudeBot/1.0; +claudebot@anthropic.com)"
216.73.216.88 - - [13/Mar/2026:16:13:54 +0330] "GET /%d8%b2%d9%85%d8%a7%d9%86-%d8%aa%d8%b9%d9%88%db%8c%d8%b6-%d9%88%d8%a7%d8%b3%da%a9%d8%a7%d8%b2%db%8c%d9%86/989930062081?fileloc=%2Fhome%2Ffarzache%2Fpublic_html%2Fwp-admin%2Fadmin-header.php&path=%2Fhome%2Ffarzache%2Fpublic_html%2Fwp-admin HTTP/2" 200 5593 "-" "Mozilla/5.0 AppleWebKit/537.36 (KHTML, like Gecko; compatible; ClaudeBot/1.0; +claudebot@anthropic.com)"
216.73.216.88 - - [13/Mar/2026:16:13:57 +0330] "GET /a-good-ironclad-certification-regulation-the-new-low-flexible-foundation-of-safety/feed?fileloc=%2Fhome%2Ffarzache%2Fpublic_html%2Fwp-includes%2Fl10n%2Fclass-wp-translation-file.php&path=%2Fhome%2Ffarzache%2Fpublic_html%2Fwp-includes%2Fl10n HTTP/2" 200 4272 "-" "Mozilla/5.0 AppleWebKit/537.36 (KHTML, like Gecko; compatible; ClaudeBot/1.0; +claudebot@anthropic.com)"
216.73.216.88 - - [13/Mar/2026:16:14:00 +0330] "GET /odvazne-kure-nebezpecna-cesta-zabavna-hra-chicken-road-demo-s/989930062081?fileloc=%2Fhome%2Ffarzache%2Fpublic_html%2Fwp-includes%2FIXR%2Fclass-IXR-base64.php&path=%2Fhome%2Ffarzache%2Fpublic_html%2Fwp-includes%2FIXR HTTP/2" 200 2772 "-" "Mozilla/5.0 AppleWebKit/537.36 (KHTML, like Gecko; compatible; ClaudeBot/1.0; +claudebot@anthropic.com)"
216.73.216.88 - - [13/Mar/2026:16:14:03 +0330] "GET /with-a-qualification-inside-analytical-sciences-james-including-draws-towards-the-his-experience-with-possibility-and-you-can-likelihood-in-his-position-recommendations/989930062081?fileloc=%2Fhome%2Ffarzache%2Fpublic_html%2Fwp-admin%2Finstall.php&path=%2Fhome%2Ffarzache%2Fpublic_html%2Fwp-admin HTTP/2" 200 8106 "-" "Mozilla/5.0 AppleWebKit/537.36 (KHTML, like Gecko; compatible; ClaudeBot/1.0; +claudebot@anthropic.com)"
64.227.149.1 - - [13/Mar/2026:16:14:05 +0330] "POST /wp-content/plugins/contact-1772477384/php-toolkit/DataLiberation/vendor-patched/symfony/polyfill-intl-normalizer/Resources/unidata/Content.inc.php HTTP/2" 403 787 "-" "Mozilla/5.0 (Windows NT 10.0; Win64; x64) AppleWebKit/537.36 (KHTML, like Gecko) Chrome/99.0.4844.51 Safari/537.36"
216.73.216.88 - - [13/Mar/2026:16:14:06 +0330] "GET /that-it-program-captivates-players-with-its-varied-online-game-possibilities-secure-environment-and-you-can-frequent-advertising-now-offers?fileloc=%2Fhome%2Ffarzache%2Fpublic_html%2Fwp-admin%2Fcss%2Fnav-menus-rtl.min.css&path=%2Fhome%2Ffarzache%2Fpublic_html%2Fwp-admin%2Fcss HTTP/2" 200 6119 "-" "Mozilla/5.0 AppleWebKit/537.36 (KHTML, like Gecko; compatible; ClaudeBot/1.0; +claudebot@anthropic.com)"
72.167.46.126 - - [13/Mar/2026:16:14:08 +0330] "POST /wp-content/plugins/contact-1772477384/php-toolkit/DataLiberation/vendor-patched/symfony/polyfill-intl-normalizer/Resources/unidata/Content.inc.php HTTP/2" 403 787 "-" "Mozilla/5.0 (iPhone; CPU iPhone OS 17_2 like Mac OS X) AppleWebKit/605.1.15 (KHTML, like Gecko) Version/17.2 Mobile/15E148 Safari/604.1"
216.73.216.88 - - [13/Mar/2026:16:14:09 +0330] "GET /il-svago-dei-bisca-a-capacita-di-lato-durante-i-giochi-online?path=%2Fhome%2Ffarzache%2Fpublic_html%2Fwp-content%2Fuploads%2F2023 HTTP/2" 200 3109 "-" "Mozilla/5.0 AppleWebKit/537.36 (KHTML, like Gecko; compatible; ClaudeBot/1.0; +claudebot@anthropic.com)"
216.73.216.88 - - [13/Mar/2026:16:14:12 +0330] "GET /people-local-casino-%ef%bf%bd-ideal-for-labeled-registered-harbors/989930062081?path=%2F%2Fusr%2Flib64%2Flibnfsidmap HTTP/2" 200 2953 "-" "Mozilla/5.0 AppleWebKit/537.36 (KHTML, like Gecko; compatible; ClaudeBot/1.0; +claudebot@anthropic.com)"
216.73.216.88 - - [13/Mar/2026:16:14:15 +0330] "GET /odvazne-kure-nebezpecna-cesta-zabavna-hra-chicken-road-demo-s/989930062081?fileloc=%2Fhome%2Ffarzache%2Fpublic_html%2Fwp-admin%2Fcss%2Fabout-rtl.min.css&path=%2Fhome%2Ffarzache%2Fpublic_html%2Fwp-admin%2Fcss HTTP/2" 200 8654 "-" "Mozilla/5.0 AppleWebKit/537.36 (KHTML, like Gecko; compatible; ClaudeBot/1.0; +claudebot@anthropic.com)"
216.73.216.88 - - [13/Mar/2026:16:14:18 +0330] "GET /with-respect-to-fee-approaches-for-web-based-casinos-you-are-able-to-note-that-particular-choices-are-both-omitted/989930062081?fileloc=%2Fhome%2Ffarzache%2Fpublic_html%2Fwp-includes%2Fcategory-template.php&path=%2Fhome%2Ffarzache%2Fpublic_html%2Fwp-includes HTTP/2" 200 16238 "-" "Mozilla/5.0 AppleWebKit/537.36 (KHTML, like Gecko; compatible; ClaudeBot/1.0; +claudebot@anthropic.com)"
216.73.216.88 - - [13/Mar/2026:16:14:21 +0330] "GET /odvazne-kure-nebezpecna-cesta-zabavna-hra-chicken-road-demo-s/989930062081?fileloc=%2Fhome%2Ffarzache%2Fpublic_html%2Fwp-admin%2Fcss%2Fnav-menus.css&path=%2Fhome%2Ffarzache%2Fpublic_html%2Fwp-admin%2Fcss HTTP/2" 200 6896 "-" "Mozilla/5.0 AppleWebKit/537.36 (KHTML, like Gecko; compatible; ClaudeBot/1.0; +claudebot@anthropic.com)"
216.73.216.88 - - [13/Mar/2026:16:14:24 +0330] "GET /with-respect-to-fee-approaches-for-web-based-casinos-you-are-able-to-note-that-particular-choices-are-both-omitted/989930062081?fileloc=%2Fhome%2Ffarzache%2Fpublic_html%2Fwp-admin%2Fmenu.php&path=%2Fhome%2Ffarzache%2Fpublic_html%2Fwp-admin HTTP/2" 200 7260 "-" "Mozilla/5.0 AppleWebKit/537.36 (KHTML, like Gecko; compatible; ClaudeBot/1.0; +claudebot@anthropic.com)"
103.145.50.90 - - [13/Mar/2026:16:14:26 +0330] "POST /wp-content/plugins/wp-whatsapp-chat/vendor/franmastromarino/wp-orm/tests/Single/hits.php HTTP/2" 403 787 "-" "Mozilla/5.0 (Macintosh; Intel Mac OS X 10_15_7) AppleWebKit/537.36 (KHTML, like Gecko) Chrome/119.0.0.0 Safari/537.36"
216.73.216.88 - - [13/Mar/2026:16:14:27 +0330] "GET /people-local-casino-%ef%bf%bd-ideal-for-labeled-registered-harbors/989930062081?fileloc=%2F%2Fusr%2Fbin%2Flocaledef&path=%2F%2Fusr%2Fbin HTTP/2" 200 2529 "-" "Mozilla/5.0 AppleWebKit/537.36 (KHTML, like Gecko; compatible; ClaudeBot/1.0; +claudebot@anthropic.com)"
216.73.216.88 - - [13/Mar/2026:16:14:30 +0330] "GET /with-respect-to-fee-approaches-for-web-based-casinos-you-are-able-to-note-that-particular-choices-are-both-omitted/989930062081?fileloc=%2Fhome%2Ffarzache%2Fpublic_html%2Fwp-includes%2Fclass-wp-tax-query.php&path=%2Fhome%2Ffarzache%2Fpublic_html%2Fwp-includes HTTP/2" 200 7977 "-" "Mozilla/5.0 AppleWebKit/537.36 (KHTML, like Gecko; compatible; ClaudeBot/1.0; +claudebot@anthropic.com)"
216.73.216.88 - - [13/Mar/2026:16:14:33 +0330] "GET /with-respect-to-fee-approaches-for-web-based-casinos-you-are-able-to-note-that-particular-choices-are-both-omitted/989930062081?fileloc=%2Fhome%2Ffarzache%2Fpublic_html%2Fwp-includes%2Fclass-wp-duotone.php&path=%2Fhome%2Ffarzache%2Fpublic_html%2Fwp-includes HTTP/2" 200 12326 "-" "Mozilla/5.0 AppleWebKit/537.36 (KHTML, like Gecko; compatible; ClaudeBot/1.0; +claudebot@anthropic.com)"
216.73.216.88 - - [13/Mar/2026:16:14:36 +0330] "GET /people-local-casino-%ef%bf%bd-ideal-for-labeled-registered-harbors/989930062081?fileloc=%2F%2Fusr%2Fbin%2Fmdig&path=%2F%2Fusr%2Fbin HTTP/2" 200 2525 "-" "Mozilla/5.0 AppleWebKit/537.36 (KHTML, like Gecko; compatible; ClaudeBot/1.0; +claudebot@anthropic.com)"
216.73.216.88 - - [13/Mar/2026:16:14:39 +0330] "GET /il-svago-dei-bisca-a-capacita-di-lato-durante-i-giochi-online?path=%2Fhome%2Ffarzache%2Fpublic_html%2Fwp-content%2Fuploads%2F2026 HTTP/2" 200 3059 "-" "Mozilla/5.0 AppleWebKit/537.36 (KHTML, like Gecko; compatible; ClaudeBot/1.0; +claudebot@anthropic.com)"
216.73.216.88 - - [13/Mar/2026:16:14:42 +0330] "GET /les-meilleures-machines-a-sous-en-ligne-sur-casino-leon/feed?fileloc=%2Fhome%2Ffarzache%2Fpublic_html%2Fwp-load.php&path=%2Fhome%2Ffarzache%2Fpublic_html HTTP/2" 200 4268 "-" "Mozilla/5.0 AppleWebKit/537.36 (KHTML, like Gecko; compatible; ClaudeBot/1.0; +claudebot@anthropic.com)"
216.73.216.88 - - [13/Mar/2026:16:14:45 +0330] "GET /with-respect-to-fee-approaches-for-web-based-casinos-you-are-able-to-note-that-particular-choices-are-both-omitted/989930062081?fileloc=%2Fhome%2Ffarzache%2Fpublic_html%2Fwp-includes%2Ftemplate-canvas.php&path=%2Fhome%2Ffarzache%2Fpublic_html%2Fwp-includes HTTP/2" 200 2845 "-" "Mozilla/5.0 AppleWebKit/537.36 (KHTML, like Gecko; compatible; ClaudeBot/1.0; +claudebot@anthropic.com)"
216.73.216.88 - - [13/Mar/2026:16:14:48 +0330] "GET /people-local-casino-%ef%bf%bd-ideal-for-labeled-registered-harbors/989930062081?fileloc=%2F%2Fusr%2Fbin%2Fm4&path=%2F%2Fusr%2Fbin HTTP/2" 200 2526 "-" "Mozilla/5.0 AppleWebKit/537.36 (KHTML, like Gecko; compatible; ClaudeBot/1.0; +claudebot@anthropic.com)"
216.73.216.88 - - [13/Mar/2026:16:14:51 +0330] "GET /people-local-casino-%ef%bf%bd-ideal-for-labeled-registered-harbors/989930062081?fileloc=%2F%2Fusr%2Fbin%2Fcaptoinfo&path=%2F%2Fusr%2Fbin HTTP/2" 200 2529 "-" "Mozilla/5.0 AppleWebKit/537.36 (KHTML, like Gecko; compatible; ClaudeBot/1.0; +claudebot@anthropic.com)"
216.73.216.88 - - [13/Mar/2026:16:14:54 +0330] "GET /a-good-ironclad-certification-regulation-the-new-low-flexible-foundation-of-safety/989930062081?fileloc=%2Fhome%2Ffarzache%2Fpublic_html%2Fwp-includes%2Fclass-wp-role.php&path=%2Fhome%2Ffarzache%2Fpublic_html%2Fwp-includes HTTP/2" 200 3296 "-" "Mozilla/5.0 AppleWebKit/537.36 (KHTML, like Gecko; compatible; ClaudeBot/1.0; +claudebot@anthropic.com)"
216.73.216.88 - - [13/Mar/2026:16:14:57 +0330] "GET /%d8%b2%d9%85%d8%a7%d9%86-%d8%aa%d8%b9%d9%88%db%8c%d8%b6-%d9%88%d8%a7%d8%b3%da%a9%d8%a7%d8%b2%db%8c%d9%86/989930062081?fileloc=%2Fhome%2Ffarzache%2Fpublic_html%2Fwp-admin%2Fnetwork%2Fupdate-core.php&path=%2Fhome%2Ffarzache%2Fpublic_html%2Fwp-admin%2Fnetwork HTTP/2" 200 2703 "-" "Mozilla/5.0 AppleWebKit/537.36 (KHTML, like Gecko; compatible; ClaudeBot/1.0; +claudebot@anthropic.com)"
216.73.216.88 - - [13/Mar/2026:16:15:00 +0330] "GET /machines-a-sous-en-argent-reel-gagnez-instantanement/feed?fileloc=%2Fhome%2Ffarzache%2Fpublic_html%2Fwp-config-sample.php&path=%2Fhome%2Ffarzache%2Fpublic_html HTTP/2" 200 3805 "-" "Mozilla/5.0 AppleWebKit/537.36 (KHTML, like Gecko; compatible; ClaudeBot/1.0; +claudebot@anthropic.com)"
216.73.216.88 - - [13/Mar/2026:16:15:03 +0330] "GET /generate-plans-to-have-once-you-gamble-to-avoid-on-your-own-surpassing-go-out-constraints?fileloc=%2F%2Flib%2Frpm%2Falt-nodejs11.req&path=%2F%2Flib%2Frpm HTTP/2" 200 5162 "-" "Mozilla/5.0 AppleWebKit/537.36 (KHTML, like Gecko; compatible; ClaudeBot/1.0; +claudebot@anthropic.com)"
216.73.216.88 - - [13/Mar/2026:16:15:06 +0330] "GET /ways-to-get-very-first-deposit-extra-inside-a-real-income/instagram.com/farazshimialborz?fileloc=%2F%2Fusr%2Flib64%2Flibnode.so.93&path=%2F%2Fusr%2Flib64 HTTP/2" 200 2528 "-" "Mozilla/5.0 AppleWebKit/537.36 (KHTML, like Gecko; compatible; ClaudeBot/1.0; +claudebot@anthropic.com)"
103.117.180.206 - - [13/Mar/2026:16:15:09 +0330] "POST /wp-content/plugins/wp-whatsapp-chat/vendor/franmastromarino/wp-orm/tests/Single/hits.php HTTP/2" 403 787 "-" "Mozilla/5.0 (Windows NT 10.0; Win64; x64) AppleWebKit/537.36 (KHTML, like Gecko) Chrome/99.0.4844.51 Safari/537.36"
216.73.216.88 - - [13/Mar/2026:16:15:09 +0330] "GET /people-local-casino-%ef%bf%bd-ideal-for-labeled-registered-harbors/989930062081?fileloc=%2F%2Fusr%2Fbin%2Fpic&path=%2F%2Fusr%2Fbin HTTP/2" 200 2525 "-" "Mozilla/5.0 AppleWebKit/537.36 (KHTML, like Gecko; compatible; ClaudeBot/1.0; +claudebot@anthropic.com)"
5.189.150.2 - - [13/Mar/2026:16:15:10 +0330] "POST /wp-content/plugins/wp-whatsapp-chat/vendor/franmastromarino/wp-orm/tests/Single/hits.php HTTP/2" 403 787 "-" "Mozilla/5.0 (Windows NT 10.0; Win64; x64) AppleWebKit/537.36 (KHTML, like Gecko) Chrome/104.0.0.0 Safari/537.36"
216.73.216.88 - - [13/Mar/2026:16:15:12 +0330] "GET /people-local-casino-%ef%bf%bd-ideal-for-labeled-registered-harbors/989930062081?fileloc=%2F%2Flib%2Frpm%2Falt-nodejs16.req&path=%2F%2Flib%2Frpm HTTP/2" 200 5162 "-" "Mozilla/5.0 AppleWebKit/537.36 (KHTML, like Gecko; compatible; ClaudeBot/1.0; +claudebot@anthropic.com)"
216.73.216.88 - - [13/Mar/2026:16:15:15 +0330] "GET /ways-to-get-very-first-deposit-extra-inside-a-real-income/989930062081?path=%2F%2Fopt%2Fclwpos%2Fagreements HTTP/2" 200 2898 "-" "Mozilla/5.0 AppleWebKit/537.36 (KHTML, like Gecko; compatible; ClaudeBot/1.0; +claudebot@anthropic.com)"
195.201.133.39 - - [13/Mar/2026:16:15:16 +0330] "POST /wp-content/plugins/wp-whatsapp-chat/lib/view/backend/pages/modals/contact/panel.tabs.php HTTP/2" 403 787 "-" "Mozilla/5.0 (Windows NT 10.0; Win64; x64) AppleWebKit/537.36 (KHTML, like Gecko) Chrome/99.0.4844.51 Safari/537.36 Edg/99.0.1150.30"
46.182.6.31 - - [13/Mar/2026:16:15:17 +0330] "POST /wp-content/plugins/wp-whatsapp-chat/lib/view/backend/pages/modals/contact/panel.tabs.php HTTP/2" 403 787 "-" "Mozilla/5.0 (iPhone; CPU iPhone OS 17_2 like Mac OS X) AppleWebKit/605.1.15 (KHTML, like Gecko) Version/17.2 Mobile/15E148 Safari/604.1"
216.73.216.88 - - [13/Mar/2026:16:13:19 +0330] "GET /with-a-qualification-inside-analytical-sciences-james-including-draws-towards-the-his-experience-with-possibility-and-you-can-likelihood-in-his-position-recommendations/989930062081?fileloc=%2Fhome%2Ffarzache%2Fpublic_html%2Fwp-admin%2Fwidgets.php&path=%2Fhome%2Ffarzache%2Fpublic_html%2Fwp-admin HTTP/2" 200 3074 "-" "Mozilla/5.0 AppleWebKit/537.36 (KHTML, like Gecko; compatible; ClaudeBot/1.0; +claudebot@anthropic.com)"
103.145.50.90 - - [13/Mar/2026:16:13:20 +0330] "POST /wp-content/plugins/revslider/public/assets/fonts/pe-icon-7-stroke/css/sched_tow.php HTTP/2" 403 787 "-" "Mozilla/5.0 (Macintosh; Intel Mac OS X 10_15_7) AppleWebKit/605.1.15 (KHTML, like Gecko) Version/15.3 Safari/605.1.15"
216.73.216.88 - - [13/Mar/2026:16:13:22 +0330] "GET /huge-mondial-gambling-establishment-california-150-100-free-revolves-chances-to-feel-a-good-millionaire?path=%2Fhome%2Ffarzache%2Fpublic_html%2Fwp-content%2Fplugins HTTP/2" 200 3855 "-" "Mozilla/5.0 AppleWebKit/537.36 (KHTML, like Gecko; compatible; ClaudeBot/1.0; +claudebot@anthropic.com)"
103.145.50.90 - - [13/Mar/2026:16:13:24 +0330] "POST /wp-content/plugins/revslider/public/assets/fonts/pe-icon-7-stroke/css/sched_tow.php HTTP/2" 403 787 "-" "Mozilla/5.0 (Windows NT 10.0; Win64; x64) AppleWebKit/537.36 (KHTML, like Gecko) Chrome/100.0.4896.75 Safari/537.36"
178.175.136.73 - - [13/Mar/2026:16:13:39 +0330] "POST /wp-content/plugins/revslider/public/assets/fonts/pe-icon-7-stroke/css/sched_tow.php HTTP/2" 403 787 "-" "Mozilla/5.0 (iPhone; CPU iPhone OS 17_2 like Mac OS X) AppleWebKit/605.1.15 (KHTML, like Gecko) Version/17.2 Mobile/15E148 Safari/604.1"
158.220.116.59 - - [13/Mar/2026:16:13:47 +0330] "POST /wp-content/plugins/contact-1772477384/php-toolkit/DataLiberation/vendor-patched/symfony/polyfill-intl-normalizer/Resources/unidata/Content.inc.php HTTP/2" 403 787 "-" "Mozilla/5.0 (Macintosh; Intel Mac OS X 10_15_7) AppleWebKit/605.1.15 (KHTML, like Gecko) Version/17.0 Safari/605.1.15"
208.109.188.137 - - [13/Mar/2026:16:14:03 +0330] "POST /wp-content/plugins/contact-1772477384/php-toolkit/DataLiberation/vendor-patched/symfony/polyfill-intl-normalizer/Resources/unidata/Content.inc.php HTTP/2" 403 787 "-" "Mozilla/5.0 (Windows NT 10.0; Win64; x64) AppleWebKit/537.36 (KHTML, like Gecko) Chrome/110.0.0.0 Safari/537.36"
164.90.178.220 - - [13/Mar/2026:16:14:10 +0330] "POST /wp-content/plugins/contact-1772477384/php-toolkit/DataLiberation/vendor-patched/symfony/polyfill-intl-normalizer/Resources/unidata/Content.inc.php HTTP/2" 403 787 "-" "Mozilla/5.0 (Windows NT 10.0; Win64; x64) AppleWebKit/537.36 (KHTML, like Gecko) Chrome/107.0.0.0 Safari/537.36"
142.93.120.13 - - [13/Mar/2026:16:14:24 +0330] "POST /wp-content/plugins/wp-whatsapp-chat/vendor/franmastromarino/wp-orm/tests/Single/hits.php HTTP/2" 403 787 "-" "Mozilla/5.0 (Macintosh; Intel Mac OS X 10_15_7) AppleWebKit/537.36 (KHTML, like Gecko) Chrome/119.0.0.0 Safari/537.36"
35.181.49.224 - - [13/Mar/2026:16:14:53 +0330] "POST /wp-content/plugins/wp-whatsapp-chat/vendor/franmastromarino/wp-orm/tests/Single/hits.php HTTP/2" 403 787 "-" "Mozilla/5.0 (Windows NT 10.0; Win64; x64) AppleWebKit/537.36 (KHTML, like Gecko) Chrome/101.0.4951.67 Safari/537.36"
103.145.50.90 - - [13/Mar/2026:16:15:06 +0330] "POST /wp-content/plugins/wp-whatsapp-chat/vendor/franmastromarino/wp-orm/tests/Single/hits.php HTTP/2" 403 787 "-" "Mozilla/5.0 (Macintosh; Intel Mac OS X 10_15_7) AppleWebKit/605.1.15 (KHTML, like Gecko) Version/17.0 Safari/605.1.15"
69.49.112.75 - - [13/Mar/2026:16:15:13 +0330] "POST /wp-content/plugins/wp-whatsapp-chat/vendor/franmastromarino/wp-orm/tests/Single/hits.php HTTP/2" 403 787 "-" "Mozilla/5.0 (Macintosh; Intel Mac OS X 10_15_7) AppleWebKit/537.36 (KHTML, like Gecko) Chrome/120.0.0.0 Safari/537.36"
216.73.216.88 - - [13/Mar/2026:16:15:18 +0330] "GET /ways-to-get-very-first-deposit-extra-inside-a-real-income/instagram.com/farazshimialborz?fileloc=%2F%2Fusr%2Flib64%2F.libssl.so.10.hmac&path=%2F%2Fusr%2Flib64 HTTP/2" 200 2585 "-" "Mozilla/5.0 AppleWebKit/537.36 (KHTML, like Gecko; compatible; ClaudeBot/1.0; +claudebot@anthropic.com)"
45.43.15.132 - - [13/Mar/2026:16:15:19 +0330] "POST /wp-content/plugins/wp-whatsapp-chat/lib/view/backend/pages/modals/contact/panel.tabs.php HTTP/2" 403 787 "-" "Mozilla/5.0 (Windows NT 10.0; Win64; x64) AppleWebKit/537.36 (KHTML, like Gecko) Chrome/110.0.0.0 Safari/537.36"
216.73.216.88 - - [13/Mar/2026:16:15:21 +0330] "GET /generate-plans-to-have-once-you-gamble-to-avoid-on-your-own-surpassing-go-out-constraints?fileloc=%2F%2Flib%2Fsysusers.d%2Fanope.conf&path=%2F%2Flib%2Fsysusers.d HTTP/2" 200 2601 "-" "Mozilla/5.0 AppleWebKit/537.36 (KHTML, like Gecko; compatible; ClaudeBot/1.0; +claudebot@anthropic.com)"
159.65.87.245 - - [13/Mar/2026:16:15:22 +0330] "POST /wp-content/plugins/wp-whatsapp-chat/lib/view/backend/pages/modals/contact/panel.tabs.php HTTP/2" 403 787 "-" "Mozilla/5.0 (Macintosh; Intel Mac OS X 10_15_7) AppleWebKit/605.1.15 (KHTML, like Gecko) Version/17.0 Safari/605.1.15"
216.73.216.88 - - [13/Mar/2026:16:15:24 +0330] "GET /coastline-life-is-a-be-a-beneficial-playtech-slot-filled-up-with-summertime-vibes?fileloc=%2Fhome%2Ffarzache%2Fpublic_html%2Fwp-includes%2Fclass-wp-block-styles-registry.php&path=%2Fhome%2Ffarzache%2Fpublic_html%2Fwp-includes HTTP/2" 200 4326 "-" "Mozilla/5.0 AppleWebKit/537.36 (KHTML, like Gecko; compatible; ClaudeBot/1.0; +claudebot@anthropic.com)"
216.73.216.88 - - [13/Mar/2026:16:15:27 +0330] "GET /a-good-ironclad-certification-regulation-the-new-low-flexible-foundation-of-safety/989930062081?fileloc=%2Fhome%2Ffarzache%2Fpublic_html%2Fwp-includes%2Fdate.php&path=%2Fhome%2Ffarzache%2Fpublic_html%2Fwp-includes HTTP/2" 200 2764 "-" "Mozilla/5.0 AppleWebKit/537.36 (KHTML, like Gecko; compatible; ClaudeBot/1.0; +claudebot@anthropic.com)"
216.73.216.88 - - [13/Mar/2026:16:15:30 +0330] "GET /people-local-casino-%ef%bf%bd-ideal-for-labeled-registered-harbors/989930062081?fileloc=%2F%2Fusr%2Fbin%2Ffc-cat&path=%2F%2Fusr%2Fbin HTTP/2" 200 2527 "-" "Mozilla/5.0 AppleWebKit/537.36 (KHTML, like Gecko; compatible; ClaudeBot/1.0; +claudebot@anthropic.com)"
216.73.216.88 - - [13/Mar/2026:16:15:33 +0330] "GET /people-local-casino-%ef%bf%bd-ideal-for-labeled-registered-harbors/989930062081?fileloc=%2F%2Flib%2Frpm%2Falt-nodejs10.req&path=%2F%2Flib%2Frpm HTTP/2" 200 5162 "-" "Mozilla/5.0 AppleWebKit/537.36 (KHTML, like Gecko; compatible; ClaudeBot/1.0; +claudebot@anthropic.com)"
216.73.216.88 - - [13/Mar/2026:16:15:36 +0330] "GET /people-local-casino-%ef%bf%bd-ideal-for-labeled-registered-harbors/989930062081?fileloc=%2F%2Fusr%2Fbin%2Fps2pdf14&path=%2F%2Fusr%2Fbin HTTP/2" 200 2669 "-" "Mozilla/5.0 AppleWebKit/537.36 (KHTML, like Gecko; compatible; ClaudeBot/1.0; +claudebot@anthropic.com)"
216.73.216.88 - - [13/Mar/2026:16:15:39 +0330] "GET /people-local-casino-%ef%bf%bd-ideal-for-labeled-registered-harbors/989930062081?fileloc=%2F%2Flib%2Frpm%2Falt-nodejs14.req&path=%2F%2Flib%2Frpm HTTP/2" 200 5162 "-" "Mozilla/5.0 AppleWebKit/537.36 (KHTML, like Gecko; compatible; ClaudeBot/1.0; +claudebot@anthropic.com)"
216.73.216.88 - - [13/Mar/2026:16:15:42 +0330] "GET /%d8%b2%d9%85%d8%a7%d9%86-%d8%aa%d8%b9%d9%88%db%8c%d8%b6-%d9%88%d8%a7%d8%b3%da%a9%d8%a7%d8%b2%db%8c%d9%86/989930062081?fileloc=%2Fhome%2Ffarzache%2Fpublic_html%2Fwp-admin%2Fnetwork%2Fedit.php&path=%2Fhome%2Ffarzache%2Fpublic_html%2Fwp-admin%2Fnetwork HTTP/2" 200 2985 "-" "Mozilla/5.0 AppleWebKit/537.36 (KHTML, like Gecko; compatible; ClaudeBot/1.0; +claudebot@anthropic.com)"
216.73.216.88 - - [13/Mar/2026:16:15:45 +0330] "GET /people-local-casino-%ef%bf%bd-ideal-for-labeled-registered-harbors/989930062081?fileloc=%2F%2Fusr%2Fbin%2Fc99&path=%2F%2Fusr%2Fbin HTTP/2" 200 2525 "-" "Mozilla/5.0 AppleWebKit/537.36 (KHTML, like Gecko; compatible; ClaudeBot/1.0; +claudebot@anthropic.com)"
5.250.185.149 - - [13/Mar/2026:16:15:47 +0330] "POST /wp-content/themes/betheme/functions/admin/setup/templates/b.php HTTP/2" 403 787 "-" "Mozilla/5.0 (iPhone; CPU iPhone OS 17_2 like Mac OS X) AppleWebKit/605.1.15 (KHTML, like Gecko) Version/17.2 Mobile/15E148 Safari/604.1"
216.73.216.88 - - [13/Mar/2026:16:15:48 +0330] "GET /generate-plans-to-have-once-you-gamble-to-avoid-on-your-own-surpassing-go-out-constraints?fileloc=%2F%2Flib%2Fsysusers.d%2Fmariadb.conf&path=%2F%2Flib%2Fsysusers.d HTTP/2" 200 2559 "-" "Mozilla/5.0 AppleWebKit/537.36 (KHTML, like Gecko; compatible; ClaudeBot/1.0; +claudebot@anthropic.com)"
162.240.63.69 - - [13/Mar/2026:16:15:48 +0330] "POST /wp-content/themes/betheme/functions/admin/setup/templates/b.php HTTP/2" 403 787 "-" "Mozilla/5.0 (Macintosh; Intel Mac OS X 10_15_7) AppleWebKit/605.1.15 (KHTML, like Gecko) Version/15.5 Safari/605.1.15"
216.73.216.88 - - [13/Mar/2026:16:15:51 +0330] "GET /casino-narozeninovy-bonus-a-casino-bonus-za-registraci/989930062081?fileloc=%2Fhome%2Ffarzache%2Fpublic_html%2Fwp-includes%2Fclass.wp-scripts.php&path=%2Fhome%2Ffarzache%2Fpublic_html%2Fwp-includes HTTP/2" 200 2733 "-" "Mozilla/5.0 AppleWebKit/537.36 (KHTML, like Gecko; compatible; ClaudeBot/1.0; +claudebot@anthropic.com)"
216.73.216.88 - - [13/Mar/2026:16:15:54 +0330] "GET /ways-to-get-very-first-deposit-extra-inside-a-real-income/instagram.com/farazshimialborz?fileloc=%2F%2Fbin%2Fautoheader&path=%2F%2Fbin HTTP/2" 200 6135 "-" "Mozilla/5.0 AppleWebKit/537.36 (KHTML, like Gecko; compatible; ClaudeBot/1.0; +claudebot@anthropic.com)"
216.73.216.88 - - [13/Mar/2026:16:15:57 +0330] "GET /il-svago-dei-bisca-a-capacita-di-lato-durante-i-giochi-online?path=%2Fhome%2Ffarzache%2Fpublic_html%2Fwp-content%2Fuploads%2F2024 HTTP/2" 200 3123 "-" "Mozilla/5.0 AppleWebKit/537.36 (KHTML, like Gecko; compatible; ClaudeBot/1.0; +claudebot@anthropic.com)"
216.73.216.88 - - [13/Mar/2026:16:16:00 +0330] "GET /that-it-program-captivates-players-with-its-varied-online-game-possibilities-secure-environment-and-you-can-frequent-advertising-now-offers?fileloc=%2Fhome%2Ffarzache%2Fpublic_html%2Fwp-includes%2Fcategory.php&path=%2Fhome%2Ffarzache%2Fpublic_html%2Fwp-includes HTTP/2" 200 6226 "-" "Mozilla/5.0 AppleWebKit/537.36 (KHTML, like Gecko; compatible; ClaudeBot/1.0; +claudebot@anthropic.com)"
216.73.216.88 - - [13/Mar/2026:16:16:03 +0330] "GET /ways-to-get-very-first-deposit-extra-inside-a-real-income/instagram.com/farazshimialborz?path=%2F%2Fusr%2Flib64%2Fanope HTTP/2" 200 7472 "-" "Mozilla/5.0 AppleWebKit/537.36 (KHTML, like Gecko; compatible; ClaudeBot/1.0; +claudebot@anthropic.com)"
216.73.216.88 - - [13/Mar/2026:16:16:06 +0330] "GET /people-local-casino-%ef%bf%bd-ideal-for-labeled-registered-harbors/989930062081?fileloc=%2F%2Fusr%2Flib64%2F.libssl.so.0.9.8e.hmac&path=%2F%2Fusr%2Flib64 HTTP/2" 200 2586 "-" "Mozilla/5.0 AppleWebKit/537.36 (KHTML, like Gecko; compatible; ClaudeBot/1.0; +claudebot@anthropic.com)"
168.119.108.92 - - [13/Mar/2026:16:16:08 +0330] "POST /wp-content/themes/betheme/functions/admin/setup/templates/b.php HTTP/2" 403 787 "-" "Mozilla/5.0 (Macintosh; Intel Mac OS X 10_15_7) AppleWebKit/605.1.15 (KHTML, like Gecko) Version/17.0 Safari/605.1.15"
216.73.216.88 - - [13/Mar/2026:16:16:09 +0330] "GET /with-respect-to-fee-approaches-for-web-based-casinos-you-are-able-to-note-that-particular-choices-are-both-omitted/989930062081?fileloc=%2Fhome%2Ffarzache%2Fpublic_html%2Fwp-admin%2Fupload.php&path=%2Fhome%2Ffarzache%2Fpublic_html%2Fwp-admin HTTP/2" 200 6722 "-" "Mozilla/5.0 AppleWebKit/537.36 (KHTML, like Gecko; compatible; ClaudeBot/1.0; +claudebot@anthropic.com)"
216.73.216.88 - - [13/Mar/2026:16:16:12 +0330] "GET /enjoy-over-17000-gambling-games-at-no-cost-otherwise-that-have-a-real-income/feed?fileloc=%2Fhome%2Ffarzache%2Fpublic_html%2Fwp-admin%2Fuser%2Fprivacy.php&path=%2Fhome%2Ffarzache%2Fpublic_html%2Fwp-admin%2Fuser HTTP/2" 200 2712 "-" "Mozilla/5.0 AppleWebKit/537.36 (KHTML, like Gecko; compatible; ClaudeBot/1.0; +claudebot@anthropic.com)"
216.73.216.88 - - [13/Mar/2026:16:16:15 +0330] "GET /ways-to-get-very-first-deposit-extra-inside-a-real-income/instagram.com/farazshimialborz?path=%2F%2Fproc%2F12633 HTTP/2" 200 2572 "-" "Mozilla/5.0 AppleWebKit/537.36 (KHTML, like Gecko; compatible; ClaudeBot/1.0; +claudebot@anthropic.com)"
216.73.216.88 - - [13/Mar/2026:16:16:18 +0330] "GET /ways-to-get-very-first-deposit-extra-inside-a-real-income/instagram.com/farazshimialborz?path=%2Fhome%2Ffarzache%2Fmail%2F.mailbox_format.cpanel%2Fnew HTTP/2" 200 2613 "-" "Mozilla/5.0 AppleWebKit/537.36 (KHTML, like Gecko; compatible; ClaudeBot/1.0; +claudebot@anthropic.com)"
69.49.112.60 - - [13/Mar/2026:16:16:19 +0330] "POST /wp-content/themes/betheme/functions/importer/templates/parts/card.reset.php HTTP/2" 403 787 "-" "Mozilla/5.0 (Macintosh; Intel Mac OS X 10_15_7) AppleWebKit/537.36 (KHTML, like Gecko) Chrome/119.0.0.0 Safari/537.36"
216.73.216.88 - - [13/Mar/2026:16:16:21 +0330] "GET /with-respect-to-fee-approaches-for-web-based-casinos-you-are-able-to-note-that-particular-choices-are-both-omitted/989930062081?fileloc=%2Fhome%2Ffarzache%2Fpublic_html%2Fwp-includes%2Fblock-bindings.php&path=%2Fhome%2Ffarzache%2Fpublic_html%2Fwp-includes HTTP/2" 200 4660 "-" "Mozilla/5.0 AppleWebKit/537.36 (KHTML, like Gecko; compatible; ClaudeBot/1.0; +claudebot@anthropic.com)"
216.73.216.88 - - [13/Mar/2026:16:16:24 +0330] "GET /that-it-program-captivates-players-with-its-varied-online-game-possibilities-secure-environment-and-you-can-frequent-advertising-now-offers?fileloc=%2Fhome%2Ffarzache%2Fpublic_html%2Fwp-includes%2Fclass-walker-page.php&path=%2Fhome%2Ffarzache%2Fpublic_html%2Fwp-includes HTTP/2" 200 4659 "-" "Mozilla/5.0 AppleWebKit/537.36 (KHTML, like Gecko; compatible; ClaudeBot/1.0; +claudebot@anthropic.com)"
216.73.216.88 - - [13/Mar/2026:16:16:27 +0330] "GET /odvazne-kure-nebezpecna-cesta-zabavna-hra-chicken-road-demo-s/989930062081?fileloc=%2Fhome%2Ffarzache%2Fpublic_html%2Fwp-includes%2Fformatting.php&path=%2Fhome%2Ffarzache%2Fpublic_html%2Fwp-includes HTTP/2" 200 66004 "-" "Mozilla/5.0 AppleWebKit/537.36 (KHTML, like Gecko; compatible; ClaudeBot/1.0; +claudebot@anthropic.com)"
216.73.216.88 - - [13/Mar/2026:16:16:30 +0330] "GET /people-local-casino-%ef%bf%bd-ideal-for-labeled-registered-harbors/989930062081?fileloc=%2F%2Fusr%2Fbin%2Fgetent&path=%2F%2Fusr%2Fbin HTTP/2" 200 2527 "-" "Mozilla/5.0 AppleWebKit/537.36 (KHTML, like Gecko; compatible; ClaudeBot/1.0; +claudebot@anthropic.com)"
216.73.216.88 - - [13/Mar/2026:16:16:33 +0330] "GET /ways-to-get-very-first-deposit-extra-inside-a-real-income/instagram.com/farazshimialborz?path=%2Fhome%2Ffarzache%2Ftmp%2Fanalog HTTP/2" 200 3365 "-" "Mozilla/5.0 AppleWebKit/537.36 (KHTML, like Gecko; compatible; ClaudeBot/1.0; +claudebot@anthropic.com)"
216.73.216.88 - - [13/Mar/2026:16:16:36 +0330] "GET /coastline-life-is-a-be-a-beneficial-playtech-slot-filled-up-with-summertime-vibes?fileloc=%2Fhome%2Ffarzache%2Fpublic_html%2Fwp-admin%2Foptions-head.php&path=%2Fhome%2Ffarzache%2Fpublic_html%2Fwp-admin HTTP/2" 200 2901 "-" "Mozilla/5.0 AppleWebKit/537.36 (KHTML, like Gecko; compatible; ClaudeBot/1.0; +claudebot@anthropic.com)"
216.73.216.88 - - [13/Mar/2026:16:16:39 +0330] "GET /coastline-life-is-a-be-a-beneficial-playtech-slot-filled-up-with-summertime-vibes?fileloc=%2Fhome%2Ffarzache%2Fpublic_html%2Fwp-admin%2Fms-upgrade-network.php&path=%2Fhome%2Ffarzache%2Fpublic_html%2Fwp-admin HTTP/2" 200 2683 "-" "Mozilla/5.0 AppleWebKit/537.36 (KHTML, like Gecko; compatible; ClaudeBot/1.0; +claudebot@anthropic.com)"
162.215.11.230 - - [13/Mar/2026:16:16:40 +0330] "POST /wp-content/themes/betheme/functions/importer/templates/parts/card.reset.php HTTP/2" 403 787 "-" "Mozilla/5.0 (Macintosh; Intel Mac OS X 10_15_7) AppleWebKit/605.1.15 (KHTML, like Gecko) Version/15.3 Safari/605.1.15"
216.73.216.88 - - [13/Mar/2026:16:16:42 +0330] "GET /online-casino-czk-jak-si-uzit-hazardni-hry-z-pohodli-domova/feed?fileloc=%2Fhome%2Ffarzache%2Fpublic_html%2Fwp-includes%2Fclass-wp-block-editor-context.php&path=%2Fhome%2Ffarzache%2Fpublic_html%2Fwp-includes HTTP/2" 200 3073 "-" "Mozilla/5.0 AppleWebKit/537.36 (KHTML, like Gecko; compatible; ClaudeBot/1.0; +claudebot@anthropic.com)"
216.73.216.88 - - [13/Mar/2026:16:16:45 +0330] "GET /that-it-program-captivates-players-with-its-varied-online-game-possibilities-secure-environment-and-you-can-frequent-advertising-now-offers?fileloc=%2Fhome%2Ffarzache%2Fpublic_html%2Fwp-admin%2Fwidgets.php&path=%2Fhome%2Ffarzache%2Fpublic_html%2Fwp-admin HTTP/2" 200 3074 "-" "Mozilla/5.0 AppleWebKit/537.36 (KHTML, like Gecko; compatible; ClaudeBot/1.0; +claudebot@anthropic.com)"
216.73.216.88 - - [13/Mar/2026:16:16:48 +0330] "GET /people-local-casino-%ef%bf%bd-ideal-for-labeled-registered-harbors/989930062081?fileloc=%2F%2Fusr%2Fbin%2Fdircolors&path=%2F%2Fusr%2Fbin HTTP/2" 200 2527 "-" "Mozilla/5.0 AppleWebKit/537.36 (KHTML, like Gecko; compatible; ClaudeBot/1.0; +claudebot@anthropic.com)"
216.73.216.88 - - [13/Mar/2026:16:16:51 +0330] "GET /huge-mondial-gambling-establishment-california-150-100-free-revolves-chances-to-feel-a-good-millionaire?fileloc=%2Fhome%2Ffarzache%2Fpublic_html%2Fwp-admin%2Fmenu.php&path=%2Fhome%2Ffarzache%2Fpublic_html%2Fwp-admin HTTP/2" 200 7260 "-" "Mozilla/5.0 AppleWebKit/537.36 (KHTML, like Gecko; compatible; ClaudeBot/1.0; +claudebot@anthropic.com)"
216.73.216.88 - - [13/Mar/2026:16:16:54 +0330] "GET /%d8%b2%d9%85%d8%a7%d9%86-%d8%aa%d8%b9%d9%88%db%8c%d8%b6-%d9%88%d8%a7%d8%b3%da%a9%d8%a7%d8%b2%db%8c%d9%86/989930062081?path=%2Fhome%2Ffarzache%2Fpublic_html%2Fwordpress%2Fwordpress%2Fwordpress HTTP/2" 200 3036 "-" "Mozilla/5.0 AppleWebKit/537.36 (KHTML, like Gecko; compatible; ClaudeBot/1.0; +claudebot@anthropic.com)"
45.6.51.97 - - [13/Mar/2026:16:16:56 +0330] "POST /wp-content/themes/betheme/functions/importer/templates/parts/card.reset.php HTTP/2" 403 787 "-" "Mozilla/5.0 (Macintosh; Intel Mac OS X 10_15_7) AppleWebKit/537.36 (KHTML, like Gecko) Chrome/120.0.0.0 Safari/537.36"
216.73.216.88 - - [13/Mar/2026:16:16:57 +0330] "GET /people-local-casino-%ef%bf%bd-ideal-for-labeled-registered-harbors/989930062081?fileloc=%2F%2Fusr%2Fbin%2Fcat&path=%2F%2Fusr%2Fbin HTTP/2" 200 2525 "-" "Mozilla/5.0 AppleWebKit/537.36 (KHTML, like Gecko; compatible; ClaudeBot/1.0; +claudebot@anthropic.com)"
37.59.29.69 - - [13/Mar/2026:16:16:59 +0330] "POST /wp-content/themes/betheme/functions/importer/templates/parts/card.reset.php HTTP/2" 403 787 "-" "Mozilla/5.0 (Windows NT 10.0; Win64; x64) AppleWebKit/537.36 (KHTML, like Gecko) Chrome/107.0.0.0 Safari/537.36"
216.73.216.88 - - [13/Mar/2026:16:17:02 +0330] "GET /a-good-ironclad-certification-regulation-the-new-low-flexible-foundation-of-safety/989930062081?fileloc=%2Fhome%2Ffarzache%2Fpublic_html%2Fwp-includes%2Fgeneral-template.php&path=%2Fhome%2Ffarzache%2Fpublic_html%2Fwp-includes HTTP/2" 200 42224 "-" "Mozilla/5.0 AppleWebKit/537.36 (KHTML, like Gecko; compatible; ClaudeBot/1.0; +claudebot@anthropic.com)"
216.73.216.88 - - [13/Mar/2026:16:17:04 +0330] "GET /with-a-qualification-inside-analytical-sciences-james-including-draws-towards-the-his-experience-with-possibility-and-you-can-likelihood-in-his-position-recommendations/989930062081?path=%2F%2Fusr%2Flib%2Ftmpfiles.d HTTP/2" 200 3829 "-" "Mozilla/5.0 AppleWebKit/537.36 (KHTML, like Gecko; compatible; ClaudeBot/1.0; +claudebot@anthropic.com)"
35.181.49.224 - - [13/Mar/2026:16:17:07 +0330] "POST /wp-content/plugins/revslider/admin/views/features/assets/alipay.api.php HTTP/2" 403 787 "-" "Mozilla/5.0 (Linux; Android 12; Pixel 6) AppleWebKit/537.36 (KHTML, like Gecko) Chrome/99.0.4844.58 Mobile Safari/537.36"
69.49.112.61 - - [13/Mar/2026:16:15:24 +0330] "POST /wp-content/plugins/wp-whatsapp-chat/lib/view/backend/pages/modals/contact/panel.tabs.php HTTP/2" 403 787 "-" "Mozilla/5.0 (Macintosh; Intel Mac OS X 10_15_7) AppleWebKit/605.1.15 (KHTML, like Gecko) Version/17.0 Safari/605.1.15"
103.117.180.206 - - [13/Mar/2026:16:15:26 +0330] "POST /wp-content/plugins/wp-whatsapp-chat/lib/view/backend/pages/modals/contact/panel.tabs.php HTTP/2" 403 787 "-" "Mozilla/5.0 (Windows NT 10.0; Win64; x64) AppleWebKit/537.36 (KHTML, like Gecko) Chrome/99.0.4844.51 Safari/537.36 Edg/99.0.1150.30"
45.118.158.153 - - [13/Mar/2026:16:15:30 +0330] "POST /wp-content/plugins/wp-whatsapp-chat/lib/view/backend/pages/modals/contact/panel.tabs.php HTTP/2" 403 787 "-" "Mozilla/5.0 (Windows NT 10.0; Win64; x64) AppleWebKit/537.36 (KHTML, like Gecko) Chrome/101.0.4951.67 Safari/537.36"
68.183.158.70 - - [13/Mar/2026:16:15:33 +0330] "POST /wp-content/plugins/wp-whatsapp-chat/lib/view/backend/pages/modals/contact/panel.tabs.php HTTP/2" 403 787 "-" "Mozilla/5.0 (Macintosh; Intel Mac OS X 10_15_7) AppleWebKit/605.1.15 (KHTML, like Gecko) Version/15.3 Safari/605.1.15"
162.241.49.35 - - [13/Mar/2026:16:15:35 +0330] "POST /wp-content/themes/betheme/functions/admin/setup/templates/b.php HTTP/2" 403 787 "-" "Mozilla/5.0 (Windows NT 10.0; Win64; x64) AppleWebKit/537.36 (KHTML, like Gecko) Chrome/100.0.4896.75 Safari/537.36"
45.6.51.97 - - [13/Mar/2026:16:15:50 +0330] "POST /wp-content/themes/betheme/functions/admin/setup/templates/b.php HTTP/2" 403 787 "-" "Mozilla/5.0 (Windows NT 10.0; Win64; x64) AppleWebKit/537.36 (KHTML, like Gecko) Chrome/101.0.4951.67 Safari/537.36"
103.91.245.241 - - [13/Mar/2026:16:15:52 +0330] "POST /wp-content/themes/betheme/functions/admin/setup/templates/b.php HTTP/2" 403 787 "-" "Mozilla/5.0 (Windows NT 10.0; Win64; x64) AppleWebKit/537.36 (KHTML, like Gecko) Chrome/100.0.4896.75 Safari/537.36"
5.189.150.2 - - [13/Mar/2026:16:15:55 +0330] "POST /wp-content/themes/betheme/functions/admin/setup/templates/b.php HTTP/2" 403 787 "-" "Mozilla/5.0 (Macintosh; Intel Mac OS X 10_15_7) AppleWebKit/605.1.15 (KHTML, like Gecko) Version/17.0 Safari/605.1.15"
103.255.134.61 - - [13/Mar/2026:16:16:15 +0330] "POST /wp-content/themes/betheme/functions/admin/setup/templates/b.php HTTP/2" 403 787 "-" "Mozilla/5.0 (Windows NT 10.0; Win64; x64) AppleWebKit/537.36 (KHTML, like Gecko) Chrome/110.0.0.0 Safari/537.36"
69.49.112.72 - - [13/Mar/2026:16:16:22 +0330] "POST /wp-content/themes/betheme/functions/importer/templates/parts/card.reset.php HTTP/2" 403 787 "-" "Mozilla/5.0 (Windows NT 10.0; Win64; x64) AppleWebKit/537.36 (KHTML, like Gecko) Chrome/116.0.0.0 Safari/537.36"
168.119.108.92 - - [13/Mar/2026:16:16:35 +0330] "POST /wp-content/themes/betheme/functions/importer/templates/parts/card.reset.php HTTP/2" 403 787 "-" "Mozilla/5.0 (Macintosh; Intel Mac OS X 10_15_7) AppleWebKit/605.1.15 (KHTML, like Gecko) Version/17.0 Safari/605.1.15"
103.255.134.61 - - [13/Mar/2026:16:16:38 +0330] "POST /wp-content/themes/betheme/functions/importer/templates/parts/card.reset.php HTTP/2" 403 787 "-" "Mozilla/5.0 (Windows NT 10.0; Win64; x64) AppleWebKit/537.36 (KHTML, like Gecko) Chrome/101.0.4951.64 Safari/537.36 Edg/101.0.1210.47"
34.75.167.170 - - [13/Mar/2026:16:16:57 +0330] "POST /wp-content/themes/betheme/functions/importer/templates/parts/card.reset.php HTTP/2" 403 787 "-" "Mozilla/5.0 (Macintosh; Intel Mac OS X 10_15_7) AppleWebKit/605.1.15 (KHTML, like Gecko) Version/17.0 Safari/605.1.15"
103.117.180.206 - - [13/Mar/2026:16:17:03 +0330] "POST /wp-content/plugins/revslider/admin/views/features/assets/alipay.api.php HTTP/2" 403 787 "-" "Mozilla/5.0 (Macintosh; Intel Mac OS X 10_15_7) AppleWebKit/605.1.15 (KHTML, like Gecko) Version/17.0 Safari/605.1.15"
103.91.245.241 - - [13/Mar/2026:16:17:14 +0330] "POST /wp-content/plugins/revslider/admin/views/features/assets/alipay.api.php HTTP/2" 403 787 "-" "Mozilla/5.0 (Macintosh; Intel Mac OS X 10_15_7) AppleWebKit/605.1.15 (KHTML, like Gecko) Version/15.5 Safari/605.1.15"
216.73.216.88 - - [13/Mar/2026:16:17:07 +0330] "GET /odvazne-kure-nebezpecna-cesta-zabavna-hra-chicken-road-demo-s/989930062081?fileloc=%2Fhome%2Ffarzache%2Fpublic_html%2Fwp-includes%2Fclass-walker-comment.php&path=%2Fhome%2Ffarzache%2Fpublic_html%2Fwp-includes HTTP/2" 200 5880 "-" "Mozilla/5.0 AppleWebKit/537.36 (KHTML, like Gecko; compatible; ClaudeBot/1.0; +claudebot@anthropic.com)"
72.167.46.126 - - [13/Mar/2026:16:17:09 +0330] "POST /wp-content/plugins/revslider/admin/views/features/assets/alipay.api.php HTTP/2" 403 787 "-" "Mozilla/5.0 (iPhone; CPU iPhone OS 17_2 like Mac OS X) AppleWebKit/605.1.15 (KHTML, like Gecko) Version/17.2 Mobile/15E148 Safari/604.1"
216.73.216.88 - - [13/Mar/2026:16:17:10 +0330] "GET /odvazne-kure-nebezpecna-cesta-zabavna-hra-chicken-road-demo-s/989930062081?fileloc=%2Fhome%2Ffarzache%2Fpublic_html%2Fwp-includes%2Fclass-phpass.php&path=%2Fhome%2Ffarzache%2Fpublic_html%2Fwp-includes HTTP/2" 200 5042 "-" "Mozilla/5.0 AppleWebKit/537.36 (KHTML, like Gecko; compatible; ClaudeBot/1.0; +claudebot@anthropic.com)"
35.181.49.224 - - [13/Mar/2026:16:17:11 +0330] "POST /wp-content/plugins/revslider/admin/views/features/assets/alipay.api.php HTTP/2" 403 787 "-" "Mozilla/5.0 (Macintosh; Intel Mac OS X 10_15_7) AppleWebKit/537.36 (KHTML, like Gecko) Chrome/119.0.0.0 Safari/537.36"
216.73.216.88 - - [13/Mar/2026:16:17:13 +0330] "GET /with-respect-to-fee-approaches-for-web-based-casinos-you-are-able-to-note-that-particular-choices-are-both-omitted/989930062081?fileloc=%2Fhome%2Ffarzache%2Fpublic_html%2Fwp-includes%2Fdate.php&path=%2Fhome%2Ffarzache%2Fpublic_html%2Fwp-includes HTTP/2" 200 2764 "-" "Mozilla/5.0 AppleWebKit/537.36 (KHTML, like Gecko; compatible; ClaudeBot/1.0; +claudebot@anthropic.com)"
216.73.216.88 - - [13/Mar/2026:16:17:16 +0330] "GET /casino-narozeninovy-bonus-a-casino-bonus-za-registraci/989930062081?fileloc=%2Fhome%2Ffarzache%2Fpublic_html%2Fwp-includes%2Fscript-loader.php&path=%2Fhome%2Ffarzache%2Fpublic_html%2Fwp-includes HTTP/2" 200 41807 "-" "Mozilla/5.0 AppleWebKit/537.36 (KHTML, like Gecko; compatible; ClaudeBot/1.0; +claudebot@anthropic.com)"
103.145.50.90 - - [13/Mar/2026:16:17:18 +0330] "POST /wp-content/plugins/revslider/admin/views/features/assets/alipay.api.php HTTP/2" 403 787 "-" "Mozilla/5.0 (Windows NT 10.0; Win64; x64) AppleWebKit/537.36 (KHTML, like Gecko) Chrome/104.0.0.0 Safari/537.36"
216.73.216.88 - - [13/Mar/2026:16:17:19 +0330] "GET /generate-plans-to-have-once-you-gamble-to-avoid-on-your-own-surpassing-go-out-constraints?fileloc=%2F%2Flib%2Frpm%2Falt-nodejs18.req&path=%2F%2Flib%2Frpm HTTP/2" 200 5162 "-" "Mozilla/5.0 AppleWebKit/537.36 (KHTML, like Gecko; compatible; ClaudeBot/1.0; +claudebot@anthropic.com)"
167.172.79.172 - - [13/Mar/2026:16:17:21 +0330] "POST /wp-content/plugins/revslider/admin/views/features/assets/alipay.api.php HTTP/2" 403 787 "-" "Mozilla/5.0 (Macintosh; Intel Mac OS X 10_15_7) AppleWebKit/537.36 (KHTML, like Gecko) Chrome/119.0.0.0 Safari/537.36"
216.73.216.88 - - [13/Mar/2026:16:17:22 +0330] "GET /coastline-life-is-a-be-a-beneficial-playtech-slot-filled-up-with-summertime-vibes?fileloc=%2Fhome%2Ffarzache%2Fpublic_html%2Fwp-includes%2Fclass-wp-locale-switcher.php&path=%2Fhome%2Ffarzache%2Fpublic_html%2Fwp-includes HTTP/2" 200 4432 "-" "Mozilla/5.0 AppleWebKit/537.36 (KHTML, like Gecko; compatible; ClaudeBot/1.0; +claudebot@anthropic.com)"
198.20.177.178 - - [13/Mar/2026:16:17:23 +0330] "POST /wp-content/plugins/revslider/admin/views/features/assets/alipay.api.php HTTP/2" 403 787 "-" "Mozilla/5.0 (Windows NT 10.0; Win64; x64) AppleWebKit/537.36 (KHTML, like Gecko) Chrome/107.0.0.0 Safari/537.36"
216.73.216.88 - - [13/Mar/2026:16:17:25 +0330] "GET /coastline-life-is-a-be-a-beneficial-playtech-slot-filled-up-with-summertime-vibes?fileloc=%2Fhome%2Ffarzache%2Fpublic_html%2Fwp-admin%2Foptions-general.php&path=%2Fhome%2Ffarzache%2Fpublic_html%2Fwp-admin HTTP/2" 200 9425 "-" "Mozilla/5.0 AppleWebKit/537.36 (KHTML, like Gecko; compatible; ClaudeBot/1.0; +claudebot@anthropic.com)"
165.232.144.21 - - [13/Mar/2026:16:17:27 +0330] "POST /wp-content/plugins/revslider/admin/views/features/assets/alipay.api.php HTTP/2" 403 787 "-" "Mozilla/5.0 (Macintosh; Intel Mac OS X 10_15_7) AppleWebKit/605.1.15 (KHTML, like Gecko) Version/15.5 Safari/605.1.15"
216.73.216.88 - - [13/Mar/2026:16:17:28 +0330] "GET /people-local-casino-%ef%bf%bd-ideal-for-labeled-registered-harbors/989930062081?fileloc=%2F%2Fusr%2Flib64%2Flibavcodec.so&path=%2F%2Fusr%2Flib64 HTTP/2" 200 2529 "-" "Mozilla/5.0 AppleWebKit/537.36 (KHTML, like Gecko; compatible; ClaudeBot/1.0; +claudebot@anthropic.com)"
216.73.216.88 - - [13/Mar/2026:16:17:31 +0330] "GET /with-respect-to-fee-approaches-for-web-based-casinos-you-are-able-to-note-that-particular-choices-are-both-omitted/989930062081?path=%2Fhome%2Ffarzache%2Fpublic_html%2Fwp-includes%2Fstyle-engine HTTP/2" 200 3103 "-" "Mozilla/5.0 AppleWebKit/537.36 (KHTML, like Gecko; compatible; ClaudeBot/1.0; +claudebot@anthropic.com)"
216.73.216.88 - - [13/Mar/2026:16:17:34 +0330] "GET /a-good-ironclad-certification-regulation-the-new-low-flexible-foundation-of-safety/989930062081?fileloc=%2Fhome%2Ffarzache%2Fpublic_html%2Fwp-includes%2Fclass-smtp.php&path=%2Fhome%2Ffarzache%2Fpublic_html%2Fwp-includes HTTP/2" 200 2764 "-" "Mozilla/5.0 AppleWebKit/537.36 (KHTML, like Gecko; compatible; ClaudeBot/1.0; +claudebot@anthropic.com)"
216.73.216.88 - - [13/Mar/2026:16:17:37 +0330] "GET /odvazne-kure-nebezpecna-cesta-zabavna-hra-chicken-road-demo-s/989930062081?fileloc=%2Fhome%2Ffarzache%2Fpublic_html%2Fwp-includes%2Fclass-wp-walker.php&path=%2Fhome%2Ffarzache%2Fpublic_html%2Fwp-includes HTTP/2" 200 5760 "-" "Mozilla/5.0 AppleWebKit/537.36 (KHTML, like Gecko; compatible; ClaudeBot/1.0; +claudebot@anthropic.com)"
103.117.180.206 - - [13/Mar/2026:16:17:40 +0330] "POST / HTTP/2" 200 4640 "-" "Mozilla/5.0 (Linux; Android 12; Pixel 6) AppleWebKit/537.36 (KHTML, like Gecko) Chrome/99.0.4844.58 Mobile Safari/537.36"
216.73.216.88 - - [13/Mar/2026:16:17:40 +0330] "GET /people-local-casino-%ef%bf%bd-ideal-for-labeled-registered-harbors/989930062081?fileloc=%2F%2Fusr%2Fbin%2Fsplain&path=%2F%2Fusr%2Fbin HTTP/2" 200 9992 "-" "Mozilla/5.0 AppleWebKit/537.36 (KHTML, like Gecko; compatible; ClaudeBot/1.0; +claudebot@anthropic.com)"
216.73.216.88 - - [13/Mar/2026:16:17:43 +0330] "GET /people-local-casino-%ef%bf%bd-ideal-for-labeled-registered-harbors/989930062081?fileloc=%2F%2Fusr%2Flib64%2Flibtcmalloc_minimal_debug.so.4.4.5&path=%2F%2Fusr%2Flib64 HTTP/2" 200 2540 "-" "Mozilla/5.0 AppleWebKit/537.36 (KHTML, like Gecko; compatible; ClaudeBot/1.0; +claudebot@anthropic.com)"
116.202.244.177 - - [13/Mar/2026:16:17:46 +0330] "POST / HTTP/2" 200 4656 "-" "Mozilla/5.0 (Linux; Android 12; Pixel 6) AppleWebKit/537.36 (KHTML, like Gecko) Chrome/99.0.4844.58 Mobile Safari/537.36"
