145.239.69.153 - - [13/Mar/2026:17:54:38 +0330] "GET /category/%D8%A7%DB%8C%D9%86%D8%AA%D8%B1%D9%86%D8%AA/?fileloc=/home/farzache/public_html/wp-includes/revision.php&path=/home/farzache/public_html/wp-includes HTTP/1.1" 200 10819 "-" "Mozilla/5.0 (compatible; MJ12bot/v1.4.8; http://mj12bot.com/)"
145.239.69.153 - - [13/Mar/2026:17:54:42 +0330] "GET /category/%D8%A7%DB%8C%D9%86%D8%AA%D8%B1%D9%86%D8%AA/?fileloc=/home/farzache/public_html/wp-includes/rewrite.php&path=/home/farzache/public_html/wp-includes HTTP/1.1" 200 8654 "-" "Mozilla/5.0 (compatible; MJ12bot/v1.4.8; http://mj12bot.com/)"
167.172.79.172 - - [13/Mar/2026:17:54:45 +0330] "POST /wp-content/plugins/widget-1772477464/includes/js/jquery-ui/themes/smoothness/images/custom.functions.1772477467.php HTTP/2" 403 787 "-" "Mozilla/5.0 (Linux; Android 12; Pixel 6) AppleWebKit/537.36 (KHTML, like Gecko) Chrome/99.0.4844.58 Mobile Safari/537.36"
51.195.41.174 - - [13/Mar/2026:17:55:13 +0330] "POST /wp-content/plugins/widget-1772477464/includes/js/jquery-ui/themes/smoothness/images/custom.functions.1772477467.php HTTP/2" 403 787 "-" "Mozilla/5.0 (Windows NT 10.0; Win64; x64) AppleWebKit/537.36 (KHTML, like Gecko) Chrome/99.0.4844.51 Safari/537.36"
66.249.65.97 - - [13/Mar/2026:17:55:23 +0330] "GET /market/disbelieve/3345873307.htm HTTP/1.1" 200 28261 "-" "Mozilla/5.0 (Linux; Android 6.0.1; Nexus 5X Build/MMB29P) AppleWebKit/537.36 (KHTML, like Gecko) Chrome/145.0.7632.116 Mobile Safari/537.36 (compatible; GoogleOther)"
66.249.65.105 - - [13/Mar/2026:17:55:27 +0330] "GET /market/oracle/2953434909.htm HTTP/1.1" 200 27680 "-" "Mozilla/5.0 (Linux; Android 6.0.1; Nexus 5X Build/MMB29P) AppleWebKit/537.36 (KHTML, like Gecko) Chrome/145.0.7632.116 Mobile Safari/537.36 (compatible; GoogleOther)"
66.249.65.96 - - [13/Mar/2026:17:55:29 +0330] "GET /market/slicing/2107576147.htm HTTP/1.1" 200 27515 "-" "Mozilla/5.0 (Linux; Android 6.0.1; Nexus 5X Build/MMB29P) AppleWebKit/537.36 (KHTML, like Gecko) Chrome/145.0.7632.116 Mobile Safari/537.36 (compatible; GoogleOther)"
66.249.65.105 - - [13/Mar/2026:17:55:33 +0330] "GET /market/bronchitic/1870077058.htm HTTP/1.1" 200 27029 "-" "Mozilla/5.0 (Linux; Android 6.0.1; Nexus 5X Build/MMB29P) AppleWebKit/537.36 (KHTML, like Gecko) Chrome/145.0.7632.116 Mobile Safari/537.36 (compatible; GoogleOther)"
216.73.216.88 - - [13/Mar/2026:17:55:34 +0330] "GET /huge-mondial-gambling-establishment-california-150-100-free-revolves-chances-to-feel-a-good-millionaire?fileloc=%2F%2Fbin%2Fgpic&path=%2F%2Fbin HTTP/2" 200 2516 "-" "Mozilla/5.0 AppleWebKit/537.36 (KHTML, like Gecko; compatible; ClaudeBot/1.0; +claudebot@anthropic.com)"
216.73.216.88 - - [13/Mar/2026:17:55:37 +0330] "GET /a-good-ironclad-certification-regulation-the-new-low-flexible-foundation-of-safety/feed?fileloc=%2F%2Flib64%2Flibxcb-dpms.so.0.0.0&path=%2F%2Flib64 HTTP/2" 200 2527 "-" "Mozilla/5.0 AppleWebKit/537.36 (KHTML, like Gecko; compatible; ClaudeBot/1.0; +claudebot@anthropic.com)"
145.239.69.153 - - [13/Mar/2026:17:55:38 +0330] "GET /category/%D8%A7%DB%8C%D9%86%D8%AA%D8%B1%D9%86%D8%AA/?fileloc=/home/farzache/public_html/wp-includes/js/customize-preview-widgets.min.js&path=/home/farzache/public_html/wp-includes/js HTTP/1.1" 200 5233 "-" "Mozilla/5.0 (compatible; MJ12bot/v1.4.8; http://mj12bot.com/)"
216.73.216.88 - - [13/Mar/2026:17:55:40 +0330] "GET /online-casino-czk-jak-si-uzit-hazardni-hry-z-pohodli-domova/feed?fileloc=%2F%2Flib%2Frpm%2Falt-nodejs11.prov&path=%2F%2Flib%2Frpm HTTP/2" 200 3621 "-" "Mozilla/5.0 AppleWebKit/537.36 (KHTML, like Gecko; compatible; ClaudeBot/1.0; +claudebot@anthropic.com)"
145.239.69.153 - - [13/Mar/2026:17:55:42 +0330] "GET /category/%D8%A7%DB%8C%D9%86%D8%AA%D8%B1%D9%86%D8%AA/?fileloc=/home/farzache/public_html/wp-includes/js/customize-preview.js&path=/home/farzache/public_html/wp-includes/js HTTP/1.1" 200 10535 "-" "Mozilla/5.0 (compatible; MJ12bot/v1.4.8; http://mj12bot.com/)"
216.73.216.88 - - [13/Mar/2026:17:55:43 +0330] "GET /a-knowledgeable-online-casinos-playing-online-slots-the-real-deal-money-in-the-2026/989930062081?path=%2Fhome%2Ffarzache%2Fpublic_html%2Fwp-content%2Fuploads%2F2017 HTTP/2" 200 2978 "-" "Mozilla/5.0 AppleWebKit/537.36 (KHTML, like Gecko; compatible; ClaudeBot/1.0; +claudebot@anthropic.com)"
103.145.50.90 - - [13/Mar/2026:17:55:46 +0330] "POST /wp-content/plugins/revslider/admin/includes/shortcode_generator/divi/includes/interface.php HTTP/2" 403 787 "-" "Mozilla/5.0 (Windows NT 10.0; Win64; x64) AppleWebKit/537.36 (KHTML, like Gecko) Chrome/110.0.0.0 Safari/537.36"
216.73.216.88 - - [13/Mar/2026:17:55:46 +0330] "GET /huge-mondial-gambling-establishment-california-150-100-free-revolves-chances-to-feel-a-good-millionaire?fileloc=%2F%2Fbin%2Ffind2perl&path=%2F%2Fbin HTTP/2" 200 9637 "-" "Mozilla/5.0 AppleWebKit/537.36 (KHTML, like Gecko; compatible; ClaudeBot/1.0; +claudebot@anthropic.com)"
145.239.69.153 - - [13/Mar/2026:17:55:46 +0330] "GET /category/%D8%A7%DB%8C%D9%86%D8%AA%D8%B1%D9%86%D8%AA/?fileloc=/home/farzache/public_html/wp-includes/js/customize-preview.min.js&path=/home/farzache/public_html/wp-includes/js HTTP/1.1" 200 5990 "-" "Mozilla/5.0 (compatible; MJ12bot/v1.4.8; http://mj12bot.com/)"
103.91.245.241 - - [13/Mar/2026:17:55:48 +0330] "POST /wp-content/plugins/revslider/admin/includes/shortcode_generator/divi/includes/interface.php HTTP/2" 403 787 "-" "Mozilla/5.0 (Windows NT 10.0; Win64; x64) AppleWebKit/537.36 (KHTML, like Gecko) Chrome/107.0.0.0 Safari/537.36"
216.73.216.88 - - [13/Mar/2026:17:55:49 +0330] "GET /online-casino-czech-republic-vse-co-potrebujete-vedet-o-online-casino-cz/989930062081?fileloc=%2Fhome%2Ffarzache%2Fpublic_html%2Fwp-admin%2Fcomment.php&path=%2Fhome%2Ffarzache%2Fpublic_html%2Fwp-admin HTTP/2" 200 5936 "-" "Mozilla/5.0 AppleWebKit/537.36 (KHTML, like Gecko; compatible; ClaudeBot/1.0; +claudebot@anthropic.com)"
66.249.65.105 - - [13/Mar/2026:17:55:50 +0330] "GET /market/empaistic/1943930100.htm HTTP/1.1" 200 28048 "-" "Mozilla/5.0 (Linux; Android 6.0.1; Nexus 5X Build/MMB29P) AppleWebKit/537.36 (KHTML, like Gecko) Chrome/145.0.7632.116 Mobile Safari/537.36 (compatible; GoogleOther)"
145.239.69.153 - - [13/Mar/2026:17:55:50 +0330] "GET /category/%D8%A7%DB%8C%D9%86%D8%AA%D8%B1%D9%86%D8%AA/?fileloc=/home/farzache/public_html/wp-includes/js/customize-selective-refresh.js&path=/home/farzache/public_html/wp-includes/js HTTP/1.1" 200 11857 "-" "Mozilla/5.0 (compatible; MJ12bot/v1.4.8; http://mj12bot.com/)"
216.73.216.88 - - [13/Mar/2026:17:55:52 +0330] "GET /a-knowledgeable-online-casinos-playing-online-slots-the-real-deal-money-in-the-2026/instagram.com/farazshimialborz?fileloc=%2F%2Fvar%2Fsoftaculous%2Fpagekit%2Fphp56%2Fimport.php&path=%2F%2Fvar%2Fsoftaculous%2Fpagekit%2Fphp56 HTTP/2" 200 5164 "-" "Mozilla/5.0 AppleWebKit/537.36 (KHTML, like Gecko; compatible; ClaudeBot/1.0; +claudebot@anthropic.com)"
66.116.207.123 - - [13/Mar/2026:17:55:54 +0330] "POST /wp-content/plugins/revslider/admin/includes/shortcode_generator/divi/includes/interface.php HTTP/2" 403 787 "-" "Mozilla/5.0 (Windows NT 10.0; Win64; x64) AppleWebKit/537.36 (KHTML, like Gecko) Chrome/116.0.0.0 Safari/537.36"
145.239.69.153 - - [13/Mar/2026:17:55:55 +0330] "GET /category/%D8%A7%DB%8C%D9%86%D8%AA%D8%B1%D9%86%D8%AA/?fileloc=/home/farzache/public_html/wp-includes/js/customize-selective-refresh.min.js&path=/home/farzache/public_html/wp-includes/js HTTP/1.1" 200 6421 "-" "Mozilla/5.0 (compatible; MJ12bot/v1.4.8; http://mj12bot.com/)"
216.73.216.88 - - [13/Mar/2026:17:55:55 +0330] "GET /online-casino-czk-jak-si-uzit-hazardni-hry-z-pohodli-domova/feed?fileloc=%2F%2Fbin%2Fzipgrep&path=%2F%2Fbin HTTP/2" 200 3776 "-" "Mozilla/5.0 AppleWebKit/537.36 (KHTML, like Gecko; compatible; ClaudeBot/1.0; +claudebot@anthropic.com)"
216.73.216.88 - - [13/Mar/2026:17:55:58 +0330] "GET /online-casino-czk-jak-si-uzit-hazardni-hry-z-pohodli-domova/feed?fileloc=%2F%2Fbin%2Fsh&path=%2F%2Fbin HTTP/2" 200 2514 "-" "Mozilla/5.0 AppleWebKit/537.36 (KHTML, like Gecko; compatible; ClaudeBot/1.0; +claudebot@anthropic.com)"
145.239.69.153 - - [13/Mar/2026:17:55:59 +0330] "GET /category/%D8%A7%DB%8C%D9%86%D8%AA%D8%B1%D9%86%D8%AA/?fileloc=/home/farzache/public_html/wp-includes/js/customize-views.js&path=/home/farzache/public_html/wp-includes/js HTTP/1.1" 200 4016 "-" "Mozilla/5.0 (compatible; MJ12bot/v1.4.8; http://mj12bot.com/)"
216.73.216.88 - - [13/Mar/2026:17:56:01 +0330] "GET /not-available-for-the-al-california-de-id-mi-mt-nv-tn-wa-new-jersey-otherwise-ct/feed?fileloc=%2F%2Flib64%2Flibtcmalloc_minimal.so.4&path=%2F%2Flib64 HTTP/2" 200 2527 "-" "Mozilla/5.0 AppleWebKit/537.36 (KHTML, like Gecko; compatible; ClaudeBot/1.0; +claudebot@anthropic.com)"
145.239.69.153 - - [13/Mar/2026:17:56:03 +0330] "GET /category/%D8%A7%DB%8C%D9%86%D8%AA%D8%B1%D9%86%D8%AA/?fileloc=/home/farzache/public_html/wp-includes/js/customize-views.min.js&path=/home/farzache/public_html/wp-includes/js HTTP/1.1" 200 3463 "-" "Mozilla/5.0 (compatible; MJ12bot/v1.4.8; http://mj12bot.com/)"
145.239.69.153 - - [13/Mar/2026:17:56:07 +0330] "GET /category/%D8%A7%DB%8C%D9%86%D8%AA%D8%B1%D9%86%D8%AA/?fileloc=/home/farzache/public_html/wp-includes/js/heartbeat.js&path=/home/farzache/public_html/wp-includes/js HTTP/1.1" 200 9369 "-" "Mozilla/5.0 (compatible; MJ12bot/v1.4.8; http://mj12bot.com/)"
216.73.216.88 - - [13/Mar/2026:17:56:07 +0330] "GET /not-available-for-the-al-california-de-id-mi-mt-nv-tn-wa-new-jersey-otherwise-ct/feed?fileloc=%2F%2Flib64%2Flibnfsidmap.so.0.3.0&path=%2F%2Flib64 HTTP/2" 200 2524 "-" "Mozilla/5.0 AppleWebKit/537.36 (KHTML, like Gecko; compatible; ClaudeBot/1.0; +claudebot@anthropic.com)"
216.73.216.88 - - [13/Mar/2026:17:56:09 +0330] "GET /a-knowledgeable-online-casinos-playing-online-slots-the-real-deal-money-in-the-2026/instagram.com/farazshimialborz?fileloc=%2F%2Fvar%2Fsoftaculous%2Freaderself%2Fnotes.txt&path=%2F%2Fvar%2Fsoftaculous%2Freaderself HTTP/2" 200 2579 "-" "Mozilla/5.0 AppleWebKit/537.36 (KHTML, like Gecko; compatible; ClaudeBot/1.0; +claudebot@anthropic.com)"
64.227.149.1 - - [13/Mar/2026:17:55:40 +0330] "POST /wp-content/plugins/revslider/admin/includes/shortcode_generator/divi/includes/interface.php HTTP/2" 403 787 "-" "Mozilla/5.0 (iPhone; CPU iPhone OS 17_2 like Mac OS X) AppleWebKit/605.1.15 (KHTML, like Gecko) Version/17.2 Mobile/15E148 Safari/604.1"
66.249.65.105 - - [13/Mar/2026:17:55:43 +0330] "GET /market/incorruptibility/2765073604.htm HTTP/1.1" 200 26316 "-" "Mozilla/5.0 (Linux; Android 6.0.1; Nexus 5X Build/MMB29P) AppleWebKit/537.36 (KHTML, like Gecko) Chrome/145.0.7632.116 Mobile Safari/537.36 (compatible; GoogleOther)"
63.33.173.238 - - [13/Mar/2026:17:55:51 +0330] "POST /wp-content/plugins/revslider/admin/includes/shortcode_generator/divi/includes/interface.php HTTP/2" 403 787 "-" "Mozilla/5.0 (Windows NT 10.0; Win64; x64) AppleWebKit/537.36 (KHTML, like Gecko) Chrome/101.0.4951.64 Safari/537.36 Edg/101.0.1210.47"
158.220.116.59 - - [13/Mar/2026:17:55:57 +0330] "POST /wp-content/plugins/revslider/admin/includes/shortcode_generator/divi/includes/interface.php HTTP/2" 403 787 "-" "Mozilla/5.0 (Windows NT 10.0; Win64; x64) AppleWebKit/537.36 (KHTML, like Gecko) Chrome/99.0.4844.51 Safari/537.36"
66.249.65.105 - - [13/Mar/2026:17:55:58 +0330] "GET /market/capelan/1124055728.htm HTTP/1.1" 200 26822 "-" "Mozilla/5.0 (Linux; Android 6.0.1; Nexus 5X Build/MMB29P) AppleWebKit/537.36 (KHTML, like Gecko) Chrome/145.0.7632.116 Mobile Safari/537.36 (compatible; GoogleOther)"
66.249.65.96 - - [13/Mar/2026:17:56:16 +0330] "GET /market/cynae/539965188.htm HTTP/1.1" 200 27119 "-" "Mozilla/5.0 (Linux; Android 6.0.1; Nexus 5X Build/MMB29P) AppleWebKit/537.36 (KHTML, like Gecko) Chrome/145.0.7632.116 Mobile Safari/537.36 (compatible; GoogleOther)"
216.73.216.88 - - [13/Mar/2026:17:56:19 +0330] "GET /a-knowledgeable-online-casinos-playing-online-slots-the-real-deal-money-in-the-2026/instagram.com/farazshimialborz?fileloc=%2F%2Flib64%2Flibbasicobjects.so.0&path=%2F%2Flib64 HTTP/2" 200 2527 "-" "Mozilla/5.0 AppleWebKit/537.36 (KHTML, like Gecko; compatible; ClaudeBot/1.0; +claudebot@anthropic.com)"
216.73.216.88 - - [13/Mar/2026:17:56:22 +0330] "GET /banking-strategies-participants-may-use-when-you-look-at-the-united-states-gambling-on-line/instagram.com/farazshimialborz?path=%2Fhome%2Ffarzache%2Fpublic_html%2Fwp-includes%2Fsitemaps HTTP/2" 200 3180 "-" "Mozilla/5.0 AppleWebKit/537.36 (KHTML, like Gecko; compatible; ClaudeBot/1.0; +claudebot@anthropic.com)"
216.73.216.88 - - [13/Mar/2026:17:56:25 +0330] "GET /a-good-ironclad-certification-regulation-the-new-low-flexible-foundation-of-safety/feed?fileloc=%2F%2Flib64%2Flibnss_nis.so&path=%2F%2Flib64 HTTP/2" 200 2521 "-" "Mozilla/5.0 AppleWebKit/537.36 (KHTML, like Gecko; compatible; ClaudeBot/1.0; +claudebot@anthropic.com)"
216.73.216.88 - - [13/Mar/2026:17:56:28 +0330] "GET /a-good-ironclad-certification-regulation-the-new-low-flexible-foundation-of-safety/feed?fileloc=%2F%2Flib64%2Faspell-0.60%2Fiso-8859-3.cset&path=%2F%2Flib64%2Faspell-0.60 HTTP/2" 200 5693 "-" "Mozilla/5.0 AppleWebKit/537.36 (KHTML, like Gecko; compatible; ClaudeBot/1.0; +claudebot@anthropic.com)"
216.73.216.88 - - [13/Mar/2026:17:56:31 +0330] "GET /nove-online-casino-objevte-nejlepsi-online-casino-cz/feed?fileloc=%2Fhome%2Ffarzache%2F.bash_logout&path=%2Fhome%2Ffarzache HTTP/2" 200 2531 "-" "Mozilla/5.0 AppleWebKit/537.36 (KHTML, like Gecko; compatible; ClaudeBot/1.0; +claudebot@anthropic.com)"
216.73.216.88 - - [13/Mar/2026:17:56:34 +0330] "GET /a-good-ironclad-certification-regulation-the-new-low-flexible-foundation-of-safety/feed?fileloc=%2F%2Flib64%2Flibverto.so.1.0.0&path=%2F%2Flib64 HTTP/2" 200 2522 "-" "Mozilla/5.0 AppleWebKit/537.36 (KHTML, like Gecko; compatible; ClaudeBot/1.0; +claudebot@anthropic.com)"
66.249.65.96 - - [13/Mar/2026:17:56:10 +0330] "GET /market/arbitrating/4047810816.htm HTTP/1.1" 200 26984 "-" "Mozilla/5.0 (Linux; Android 6.0.1; Nexus 5X Build/MMB29P) AppleWebKit/537.36 (KHTML, like Gecko) Chrome/145.0.7632.116 Mobile Safari/537.36 (compatible; GoogleOther)"
145.239.69.153 - - [13/Mar/2026:17:56:11 +0330] "GET /category/%D8%A7%DB%8C%D9%86%D8%AA%D8%B1%D9%86%D8%AA/?fileloc=/home/farzache/public_html/wp-includes/js/heartbeat.min.js&path=/home/farzache/public_html/wp-includes/js HTTP/1.1" 200 4723 "-" "Mozilla/5.0 (compatible; MJ12bot/v1.4.8; http://mj12bot.com/)"
216.73.216.88 - - [13/Mar/2026:17:56:12 +0330] "GET /an-educated-slot-machines-for-the-gambling-enterprises-you-to-definitely-professionals-really-loves/989930062081?fileloc=%2F%2Flib64%2Flibtcmalloc_debug.so.4.4.5&path=%2F%2Flib64 HTTP/2" 200 2529 "-" "Mozilla/5.0 AppleWebKit/537.36 (KHTML, like Gecko; compatible; ClaudeBot/1.0; +claudebot@anthropic.com)"
145.239.69.153 - - [13/Mar/2026:17:56:15 +0330] "GET /category/%D8%A7%DB%8C%D9%86%D8%AA%D8%B1%D9%86%D8%AA/?fileloc=/home/farzache/public_html/wp-includes/js/hoverIntent.js&path=/home/farzache/public_html/wp-includes/js HTTP/1.1" 200 5031 "-" "Mozilla/5.0 (compatible; MJ12bot/v1.4.8; http://mj12bot.com/)"
145.239.69.153 - - [13/Mar/2026:17:56:19 +0330] "GET /category/%D8%A7%DB%8C%D9%86%D8%AA%D8%B1%D9%86%D8%AA/?fileloc=/home/farzache/public_html/wp-includes/js/hoverIntent.min.js&path=/home/farzache/public_html/wp-includes/js HTTP/1.1" 200 3279 "-" "Mozilla/5.0 (compatible; MJ12bot/v1.4.8; http://mj12bot.com/)"
145.239.69.153 - - [13/Mar/2026:17:56:23 +0330] "GET /category/%D8%A7%DB%8C%D9%86%D8%AA%D8%B1%D9%86%D8%AA/?fileloc=/home/farzache/public_html/wp-includes/js/hoverintent-js.min.js&path=/home/farzache/public_html/wp-includes/js HTTP/1.1" 200 3261 "-" "Mozilla/5.0 (compatible; MJ12bot/v1.4.8; http://mj12bot.com/)"
66.249.65.105 - - [13/Mar/2026:17:56:25 +0330] "GET /market/denunciative/142626404.htm HTTP/1.1" 200 27777 "-" "Mozilla/5.0 (Linux; Android 6.0.1; Nexus 5X Build/MMB29P) AppleWebKit/537.36 (KHTML, like Gecko) Chrome/145.0.7632.116 Mobile Safari/537.36 (compatible; GoogleOther)"
145.239.69.153 - - [13/Mar/2026:17:56:27 +0330] "GET /category/%D8%A7%DB%8C%D9%86%D8%AA%D8%B1%D9%86%D8%AA/?fileloc=/home/farzache/public_html/wp-includes/js/imagesloaded.min.js&path=/home/farzache/public_html/wp-includes/js HTTP/1.1" 200 4467 "-" "Mozilla/5.0 (compatible; MJ12bot/v1.4.8; http://mj12bot.com/)"
74.208.23.204 - - [13/Mar/2026:17:56:31 +0330] "POST /wp-content/plugins/revslider/admin/includes/shortcode_generator/divi/includes/interface.php HTTP/2" 403 787 "-" "Mozilla/5.0 (Windows NT 10.0; Win64; x64) AppleWebKit/537.36 (KHTML, like Gecko) Chrome/116.0.0.0 Safari/537.36"
145.239.69.153 - - [13/Mar/2026:17:56:31 +0330] "GET /category/%D8%A7%DB%8C%D9%86%D8%AA%D8%B1%D9%86%D8%AA/?fileloc=/home/farzache/public_html/wp-includes/js/json2.js&path=/home/farzache/public_html/wp-includes/js HTTP/1.1" 200 2578 "-" "Mozilla/5.0 (compatible; MJ12bot/v1.4.8; http://mj12bot.com/)"
66.249.65.105 - - [13/Mar/2026:17:56:34 +0330] "GET /market/ventricose/1625644897.htm HTTP/1.1" 200 27020 "-" "Mozilla/5.0 (Linux; Android 6.0.1; Nexus 5X Build/MMB29P) AppleWebKit/537.36 (KHTML, like Gecko) Chrome/145.0.7632.116 Mobile Safari/537.36 (compatible; GoogleOther)"
145.239.69.153 - - [13/Mar/2026:17:56:35 +0330] "GET /category/%D8%A7%DB%8C%D9%86%D8%AA%D8%B1%D9%86%D8%AA/?fileloc=/home/farzache/public_html/wp-includes/js/json2.min.js&path=/home/farzache/public_html/wp-includes/js HTTP/1.1" 200 2584 "-" "Mozilla/5.0 (compatible; MJ12bot/v1.4.8; http://mj12bot.com/)"
165.232.144.21 - - [13/Mar/2026:17:56:37 +0330] "POST /wp-content/plugins/revslider/admin/includes/shortcode_generator/divi/includes/interface.php HTTP/2" 403 787 "-" "Mozilla/5.0 (Windows NT 10.0; Win64; x64) AppleWebKit/537.36 (KHTML, like Gecko) Chrome/107.0.0.0 Safari/537.36"
216.73.216.88 - - [13/Mar/2026:17:56:37 +0330] "GET /die-bearbeitungszeiten-ausrichten-sich-eingeschaltet-ihr-gewahlten-technik-unter-anderem-liegen-inoffizieller-mitarbeiter-branchenvergleich-im-soliden-mittelfeld/989930062081?fileloc=%2Fhome%2Ffarzache%2Fpublic_html%2Fwp-includes%2Flink-template.php&path=%2Fhome%2Ffarzache%2Fpublic_html%2Fwp-includes HTTP/2" 200 32241 "-" "Mozilla/5.0 AppleWebKit/537.36 (KHTML, like Gecko; compatible; ClaudeBot/1.0; +claudebot@anthropic.com)"
142.93.120.13 - - [13/Mar/2026:17:56:40 +0330] "POST /wp-trackback.php HTTP/2" 200 4635 "-" "Mozilla/5.0 (iPhone; CPU iPhone OS 17_2 like Mac OS X) AppleWebKit/605.1.15 (KHTML, like Gecko) Version/17.2 Mobile/15E148 Safari/604.1"
216.73.216.88 - - [13/Mar/2026:17:56:40 +0330] "GET /die-bearbeitungszeiten-ausrichten-sich-eingeschaltet-ihr-gewahlten-technik-unter-anderem-liegen-inoffizieller-mitarbeiter-branchenvergleich-im-soliden-mittelfeld/989930062081?fileloc=%2Fhome%2Ffarzache%2Fpublic_html%2Fwp-includes%2Fclass-http.php&path=%2Fhome%2Ffarzache%2Fpublic_html%2Fwp-includes HTTP/2" 200 2753 "-" "Mozilla/5.0 AppleWebKit/537.36 (KHTML, like Gecko; compatible; ClaudeBot/1.0; +claudebot@anthropic.com)"
216.73.216.88 - - [13/Mar/2026:17:56:43 +0330] "GET /videoslots-is-one-of-the-prominent-online-casinos-internationally/instagram.com/farazshimialborz?fileloc=%2F%2Ftmp%2F.requests&path=%2F%2Ftmp HTTP/2" 200 5437 "-" "Mozilla/5.0 AppleWebKit/537.36 (KHTML, like Gecko; compatible; ClaudeBot/1.0; +claudebot@anthropic.com)"
216.73.216.88 - - [13/Mar/2026:17:56:46 +0330] "GET /a-knowledgeable-online-casinos-playing-online-slots-the-real-deal-money-in-the-2026/instagram.com/farazshimialborz?fileloc=%2F%2Fvar%2Fsoftaculous%2Fatutor%2Fedit.php&path=%2F%2Fvar%2Fsoftaculous%2Fatutor HTTP/2" 200 5716 "-" "Mozilla/5.0 AppleWebKit/537.36 (KHTML, like Gecko; compatible; ClaudeBot/1.0; +claudebot@anthropic.com)"
216.73.216.88 - - [13/Mar/2026:17:56:49 +0330] "GET /a-good-ironclad-certification-regulation-the-new-low-flexible-foundation-of-safety/feed?fileloc=%2F%2Flib64%2Fliblapacke.so.3.4&path=%2F%2Flib64 HTTP/2" 200 2524 "-" "Mozilla/5.0 AppleWebKit/537.36 (KHTML, like Gecko; compatible; ClaudeBot/1.0; +claudebot@anthropic.com)"
66.249.65.105 - - [13/Mar/2026:17:56:51 +0330] "GET /market/whereon/1258953022.htm HTTP/1.1" 200 27697 "-" "Mozilla/5.0 (Linux; Android 6.0.1; Nexus 5X Build/MMB29P) AppleWebKit/537.36 (KHTML, like Gecko) Chrome/145.0.7632.116 Mobile Safari/537.36 (compatible; GoogleOther)"
216.73.216.88 - - [13/Mar/2026:17:56:52 +0330] "GET /online-casino-czech-republic-vse-co-potrebujete-vedet-o-online-casino-cz/989930062081?path=%2Fhome%2Ffarzache%2Fpublic_html%2Fwp-admin%2Fuser%2Fuser HTTP/2" 200 3031 "-" "Mozilla/5.0 AppleWebKit/537.36 (KHTML, like Gecko; compatible; ClaudeBot/1.0; +claudebot@anthropic.com)"
216.73.216.88 - - [13/Mar/2026:17:56:55 +0330] "GET /a-knowledgeable-online-casinos-playing-online-slots-the-real-deal-money-in-the-2026/instagram.com/farazshimialborz?fileloc=%2F%2Ftmp%2F.internal&path=%2F%2Ftmp HTTP/2" 200 3901 "-" "Mozilla/5.0 AppleWebKit/537.36 (KHTML, like Gecko; compatible; ClaudeBot/1.0; +claudebot@anthropic.com)"
216.73.216.88 - - [13/Mar/2026:17:56:58 +0330] "GET /online-casino-czech-republic-vse-co-potrebujete-vedet-o-online-casino-cz/instagram.com/farazshimialborz?path=%2Fhome%2Ffarzache%2Fpublic_html%2Fwp-content%2Flanguages%2Fplugins HTTP/2" 200 3947 "-" "Mozilla/5.0 AppleWebKit/537.36 (KHTML, like Gecko; compatible; ClaudeBot/1.0; +claudebot@anthropic.com)"
216.73.216.88 - - [13/Mar/2026:17:57:01 +0330] "GET /online-casino-czk-jak-si-uzit-hazardni-hry-z-pohodli-domova/instagram.com/farazshimialborz?path=%2Fhome%2Ffarzache%2Fpublic_html%2Fwp-content%2Fplugins%2Ffastdup%2Flogs HTTP/2" 200 2897 "-" "Mozilla/5.0 AppleWebKit/537.36 (KHTML, like Gecko; compatible; ClaudeBot/1.0; +claudebot@anthropic.com)"
145.239.69.153 - - [13/Mar/2026:17:56:39 +0330] "GET /category/%D8%A7%DB%8C%D9%86%D8%AA%D8%B1%D9%86%D8%AA/?fileloc=/home/farzache/public_html/wp-includes/js/masonry.min.js&path=/home/farzache/public_html/wp-includes/js HTTP/1.1" 200 10452 "-" "Mozilla/5.0 (compatible; MJ12bot/v1.4.8; http://mj12bot.com/)"
145.239.69.153 - - [13/Mar/2026:17:56:43 +0330] "GET /category/%D8%A7%DB%8C%D9%86%D8%AA%D8%B1%D9%86%D8%AA/?fileloc=/home/farzache/public_html/wp-includes/js/mce-view.js&path=/home/farzache/public_html/wp-includes/js HTTP/1.1" 200 9827 "-" "Mozilla/5.0 (compatible; MJ12bot/v1.4.8; http://mj12bot.com/)"
162.0.216.102 - - [13/Mar/2026:17:56:45 +0330] "POST /wp-trackback.php HTTP/2" 200 4635 "-" "Mozilla/5.0 (Windows NT 10.0; Win64; x64) AppleWebKit/537.36 (KHTML, like Gecko) Chrome/107.0.0.0 Safari/537.36"
66.249.65.105 - - [13/Mar/2026:17:56:45 +0330] "GET /market/costumer/2099146048.htm HTTP/1.1" 200 29095 "-" "Mozilla/5.0 (Linux; Android 6.0.1; Nexus 5X Build/MMB29P) AppleWebKit/537.36 (KHTML, like Gecko) Chrome/145.0.7632.116 Mobile Safari/537.36 (compatible; GoogleOther)"
145.239.69.153 - - [13/Mar/2026:17:56:47 +0330] "GET /category/%D8%A7%DB%8C%D9%86%D8%AA%D8%B1%D9%86%D8%AA/?fileloc=/home/farzache/public_html/wp-includes/js/mce-view.min.js&path=/home/farzache/public_html/wp-includes/js HTTP/1.1" 200 6458 "-" "Mozilla/5.0 (compatible; MJ12bot/v1.4.8; http://mj12bot.com/)"
145.239.69.153 - - [13/Mar/2026:17:56:51 +0330] "GET /category/%D8%A7%DB%8C%D9%86%D8%AA%D8%B1%D9%86%D8%AA/?fileloc=/home/farzache/public_html/wp-includes/js/media-audiovideo.js&path=/home/farzache/public_html/wp-includes/js HTTP/1.1" 200 8346 "-" "Mozilla/5.0 (compatible; MJ12bot/v1.4.8; http://mj12bot.com/)"
145.239.69.153 - - [13/Mar/2026:17:56:55 +0330] "GET /category/%D8%A7%DB%8C%D9%86%D8%AA%D8%B1%D9%86%D8%AA/?fileloc=/home/farzache/public_html/wp-includes/js/media-audiovideo.min.js&path=/home/farzache/public_html/wp-includes/js HTTP/1.1" 200 6138 "-" "Mozilla/5.0 (compatible; MJ12bot/v1.4.8; http://mj12bot.com/)"
145.239.69.153 - - [13/Mar/2026:17:56:59 +0330] "GET /category/%D8%A7%DB%8C%D9%86%D8%AA%D8%B1%D9%86%D8%AA/?fileloc=/home/farzache/public_html/wp-includes/js/media-editor.js&path=/home/farzache/public_html/wp-includes/js HTTP/1.1" 200 10479 "-" "Mozilla/5.0 (compatible; MJ12bot/v1.4.8; http://mj12bot.com/)"
145.239.69.153 - - [13/Mar/2026:17:57:03 +0330] "GET /category/%D8%A7%DB%8C%D9%86%D8%AA%D8%B1%D9%86%D8%AA/?fileloc=/home/farzache/public_html/wp-includes/js/media-editor.min.js&path=/home/farzache/public_html/wp-includes/js HTTP/1.1" 200 6433 "-" "Mozilla/5.0 (compatible; MJ12bot/v1.4.8; http://mj12bot.com/)"
145.239.69.153 - - [13/Mar/2026:17:57:07 +0330] "GET /category/%D8%A7%DB%8C%D9%86%D8%AA%D8%B1%D9%86%D8%AA/?fileloc=/home/farzache/public_html/wp-includes/js/media-grid.js&path=/home/farzache/public_html/wp-includes/js HTTP/1.1" 200 9776 "-" "Mozilla/5.0 (compatible; MJ12bot/v1.4.8; http://mj12bot.com/)"
145.239.69.153 - - [13/Mar/2026:17:57:11 +0330] "GET /category/%D8%A7%DB%8C%D9%86%D8%AA%D8%B1%D9%86%D8%AA/?fileloc=/home/farzache/public_html/wp-includes/js/media-grid.min.js&path=/home/farzache/public_html/wp-includes/js HTTP/1.1" 200 6801 "-" "Mozilla/5.0 (compatible; MJ12bot/v1.4.8; http://mj12bot.com/)"
145.239.69.153 - - [13/Mar/2026:17:57:16 +0330] "GET /category/%D8%A7%DB%8C%D9%86%D8%AA%D8%B1%D9%86%D8%AA/?fileloc=/home/farzache/public_html/wp-includes/js/media-models.js&path=/home/farzache/public_html/wp-includes/js HTTP/1.1" 200 13810 "-" "Mozilla/5.0 (compatible; MJ12bot/v1.4.8; http://mj12bot.com/)"
66.249.65.105 - - [13/Mar/2026:17:57:19 +0330] "GET /market/uliginosum/3080016684.htm HTTP/1.1" 200 27466 "-" "Mozilla/5.0 (Linux; Android 6.0.1; Nexus 5X Build/MMB29P) AppleWebKit/537.36 (KHTML, like Gecko) Chrome/145.0.7632.116 Mobile Safari/537.36 (compatible; GoogleOther)"
66.249.65.97 - - [13/Mar/2026:17:57:03 +0330] "GET /market/collocating/4132226256.htm HTTP/1.1" 200 28074 "-" "Mozilla/5.0 (Linux; Android 6.0.1; Nexus 5X Build/MMB29P) AppleWebKit/537.36 (KHTML, like Gecko) Chrome/145.0.7632.116 Mobile Safari/537.36 (compatible; GoogleOther)"
216.73.216.88 - - [13/Mar/2026:17:57:04 +0330] "GET /online-casino-czk-jak-si-uzit-hazardni-hry-z-pohodli-domova/instagram.com/farazshimialborz?path=%2Fhome%2Ffarzache%2Fpublic_html%2Fwp-content%2Fplugins%2Ffastdup%2Fassets HTTP/2" 200 2880 "-" "Mozilla/5.0 AppleWebKit/537.36 (KHTML, like Gecko; compatible; ClaudeBot/1.0; +claudebot@anthropic.com)"
216.73.216.88 - - [13/Mar/2026:17:57:07 +0330] "GET /not-available-for-the-al-california-de-id-mi-mt-nv-tn-wa-new-jersey-otherwise-ct/feed?fileloc=%2F%2Flib64%2Flibmysqlclient.so&path=%2F%2Flib64 HTTP/2" 200 2523 "-" "Mozilla/5.0 AppleWebKit/537.36 (KHTML, like Gecko; compatible; ClaudeBot/1.0; +claudebot@anthropic.com)"
216.73.216.88 - - [13/Mar/2026:17:57:10 +0330] "GET /not-available-for-the-al-california-de-id-mi-mt-nv-tn-wa-new-jersey-otherwise-ct/feed?fileloc=%2F%2Fbin%2Fmytop&path=%2F%2Fbin HTTP/2" 200 24712 "-" "Mozilla/5.0 AppleWebKit/537.36 (KHTML, like Gecko; compatible; ClaudeBot/1.0; +claudebot@anthropic.com)"
216.73.216.88 - - [13/Mar/2026:17:57:13 +0330] "GET /not-available-for-the-al-california-de-id-mi-mt-nv-tn-wa-new-jersey-otherwise-ct/989930062081?fileloc=%2Fhome%2Ffarzache%2Fpublic_html%2Fwp-content%2Flanguages%2Ffa_IR-2617ce121227a46077ede6c69aa9fcb5.json&path=%2Fhome%2Ffarzache%2Fpublic_html%2Fwp-content%2Flanguages HTTP/2" 200 4721 "-" "Mozilla/5.0 AppleWebKit/537.36 (KHTML, like Gecko; compatible; ClaudeBot/1.0; +claudebot@anthropic.com)"
216.73.216.88 - - [13/Mar/2026:17:57:16 +0330] "GET /coastline-life-is-a-be-a-beneficial-playtech-slot-filled-up-with-summertime-vibes?fileloc=%2Fhome%2Ffarzache%2F.bashrc&path=%2Fhome%2Ffarzache HTTP/2" 200 2662 "-" "Mozilla/5.0 AppleWebKit/537.36 (KHTML, like Gecko; compatible; ClaudeBot/1.0; +claudebot@anthropic.com)"
216.73.216.88 - - [13/Mar/2026:17:57:19 +0330] "GET /a-good-ironclad-certification-regulation-the-new-low-flexible-foundation-of-safety/feed?fileloc=%2F%2Flib64%2Flibgmpxx.so.4&path=%2F%2Flib64 HTTP/2" 200 2522 "-" "Mozilla/5.0 AppleWebKit/537.36 (KHTML, like Gecko; compatible; ClaudeBot/1.0; +claudebot@anthropic.com)"
216.73.216.88 - - [13/Mar/2026:17:57:22 +0330] "GET /a-knowledgeable-online-casinos-playing-online-slots-the-real-deal-money-in-the-2026/instagram.com/farazshimialborz?path=%2F%2Fvar%2Fsoftaculous%2Fphpbb HTTP/2" 200 3680 "-" "Mozilla/5.0 AppleWebKit/537.36 (KHTML, like Gecko; compatible; ClaudeBot/1.0; +claudebot@anthropic.com)"
216.73.216.88 - - [13/Mar/2026:17:57:25 +0330] "GET /not-available-for-the-al-california-de-id-mi-mt-nv-tn-wa-new-jersey-otherwise-ct/feed?fileloc=%2F%2Flib64%2Flibutil-2.17.so&path=%2F%2Flib64 HTTP/2" 200 2523 "-" "Mozilla/5.0 AppleWebKit/537.36 (KHTML, like Gecko; compatible; ClaudeBot/1.0; +claudebot@anthropic.com)"
216.73.216.88 - - [13/Mar/2026:17:57:28 +0330] "GET /a-knowledgeable-online-casinos-playing-online-slots-the-real-deal-money-in-the-2026/instagram.com/farazshimialborz?fileloc=%2F%2Fvar%2Ftmp%2F.uconvert&path=%2F%2Fvar%2Ftmp HTTP/2" 200 5487 "-" "Mozilla/5.0 AppleWebKit/537.36 (KHTML, like Gecko; compatible; ClaudeBot/1.0; +claudebot@anthropic.com)"
216.73.216.88 - - [13/Mar/2026:17:57:31 +0330] "GET /online-casino-czk-jak-si-uzit-hazardni-hry-z-pohodli-domova/feed?path=%2F%2Flib%2Fgames HTTP/2" 200 2569 "-" "Mozilla/5.0 AppleWebKit/537.36 (KHTML, like Gecko; compatible; ClaudeBot/1.0; +claudebot@anthropic.com)"
216.73.216.88 - - [13/Mar/2026:17:57:35 +0330] "GET /die-bearbeitungszeiten-ausrichten-sich-eingeschaltet-ihr-gewahlten-technik-unter-anderem-liegen-inoffizieller-mitarbeiter-branchenvergleich-im-soliden-mittelfeld/989930062081?fileloc=%2Fhome%2Ffarzache%2Fwww%2Fwp-admin%2Fms-edit.php&path=%2Fhome%2Ffarzache%2Fwww%2Fwp-admin HTTP/2" 200 2621 "-" "Mozilla/5.0 AppleWebKit/537.36 (KHTML, like Gecko; compatible; ClaudeBot/1.0; +claudebot@anthropic.com)"