216.73.216.88 - - [13/Mar/2026:16:47:50 +0330] "GET /die-bearbeitungszeiten-ausrichten-sich-eingeschaltet-ihr-gewahlten-technik-unter-anderem-liegen-inoffizieller-mitarbeiter-branchenvergleich-im-soliden-mittelfeld/989930062081?fileloc=%2Fhome%2Ffarzache%2Fwww%2F.tmb%2Fl1_d3AtYWRtaW4vaW1hZ2VzL2NvbW1lbnQtZ3JleS1idWJibGUucG5n1352301550.png&path=%2Fhome%2Ffarzache%2Fwww%2F.tmb HTTP/2" 200 2590 "-" "Mozilla/5.0 AppleWebKit/537.36 (KHTML, like Gecko; compatible; ClaudeBot/1.0; +claudebot@anthropic.com)"
216.73.216.88 - - [13/Mar/2026:16:47:53 +0330] "GET /die-bearbeitungszeiten-ausrichten-sich-eingeschaltet-ihr-gewahlten-technik-unter-anderem-liegen-inoffizieller-mitarbeiter-branchenvergleich-im-soliden-mittelfeld/989930062081?fileloc=%2Fhome%2Ffarzache%2Fwww%2F.tmb%2Fl1_d3AtYWRtaW4vaW1hZ2VzL2FsaWduLWxlZnQtMngucG5n1348699374.png&path=%2Fhome%2Ffarzache%2Fwww%2F.tmb HTTP/2" 200 2582 "-" "Mozilla/5.0 AppleWebKit/537.36 (KHTML, like Gecko; compatible; ClaudeBot/1.0; +claudebot@anthropic.com)"
168.119.108.92 - - [13/Mar/2026:16:47:56 +0330] "POST /wp-content/plugins/contact-1772477384/php-toolkit/DataLiberation/vendor-patched/rowbot/idna/tests/editgroup.php HTTP/2" 403 787 "-" "Mozilla/5.0 (Windows NT 10.0; Win64; x64) AppleWebKit/537.36 (KHTML, like Gecko) Chrome/101.0.4951.67 Safari/537.36"
216.73.216.88 - - [13/Mar/2026:16:47:56 +0330] "GET /online-casino-czech-republic-vse-co-potrebujete-vedet-o-online-casino-cz/989930062081?fileloc=%2Fhome%2Ffarzache%2F.lastlogin&path=%2Fhome%2Ffarzache HTTP/2" 200 2619 "-" "Mozilla/5.0 AppleWebKit/537.36 (KHTML, like Gecko; compatible; ClaudeBot/1.0; +claudebot@anthropic.com)"
154.196.88.194 - - [13/Mar/2026:16:47:56 +0330] "GET /wp-json HTTP/1.1" 200 52123 "-" "Mozilla/5.0 (Windows NT 10.0; Win64; x64) ZebraPoster/5.0"
216.73.216.88 - - [13/Mar/2026:16:47:59 +0330] "GET /die-bearbeitungszeiten-ausrichten-sich-eingeschaltet-ihr-gewahlten-technik-unter-anderem-liegen-inoffizieller-mitarbeiter-branchenvergleich-im-soliden-mittelfeld/989930062081?fileloc=%2Fhome%2Ffarzache%2Fwww%2F.tmb%2Fl1_d3AtYWRtaW4vaW1hZ2VzL2NvbW1lbnQtZ3JleS1idWJibGUtMngucG5n1392265994.png&path=%2Fhome%2Ffarzache%2Fwww%2F.tmb HTTP/2" 200 2592 "-" "Mozilla/5.0 AppleWebKit/537.36 (KHTML, like Gecko; compatible; ClaudeBot/1.0; +claudebot@anthropic.com)"
216.73.216.88 - - [13/Mar/2026:16:48:02 +0330] "GET /online-casino-czech-republic-vse-co-potrebujete-vedet-o-online-casino-cz/instagram.com/farazshimialborz?fileloc=%2Fhome%2Ffarzache%2F.lastlogin&path=%2Fhome%2Ffarzache HTTP/2" 200 2619 "-" "Mozilla/5.0 AppleWebKit/537.36 (KHTML, like Gecko; compatible; ClaudeBot/1.0; +claudebot@anthropic.com)"
162.144.233.59 - - [13/Mar/2026:16:48:03 +0330] "POST /wp-content/plugins/revslider/admin/includes/shortcode_generator/divi/styles/XRDS.php HTTP/2" 403 787 "-" "Mozilla/5.0 (Macintosh; Intel Mac OS X 10_15_7) AppleWebKit/605.1.15 (KHTML, like Gecko) Version/15.3 Safari/605.1.15"
142.93.120.13 - - [13/Mar/2026:16:48:04 +0330] "POST /wp-content/plugins/revslider/admin/includes/shortcode_generator/divi/styles/XRDS.php HTTP/2" 403 787 "-" "Mozilla/5.0 (Windows NT 10.0; Win64; x64) AppleWebKit/537.36 (KHTML, like Gecko) Chrome/116.0.0.0 Safari/537.36"
216.73.216.88 - - [13/Mar/2026:16:48:05 +0330] "GET /die-bearbeitungszeiten-ausrichten-sich-eingeschaltet-ihr-gewahlten-technik-unter-anderem-liegen-inoffizieller-mitarbeiter-branchenvergleich-im-soliden-mittelfeld/989930062081?fileloc=%2Fhome%2Ffarzache%2Fwww%2F.tmb%2Fl1_d3AtYWRtaW4vaW1hZ2VzL2dlbmVyaWMucG5n1352301550.png&path=%2Fhome%2Ffarzache%2Fwww%2F.tmb HTTP/2" 200 2575 "-" "Mozilla/5.0 AppleWebKit/537.36 (KHTML, like Gecko; compatible; ClaudeBot/1.0; +claudebot@anthropic.com)"
216.73.216.88 - - [13/Mar/2026:16:48:08 +0330] "GET /die-bearbeitungszeiten-ausrichten-sich-eingeschaltet-ihr-gewahlten-technik-unter-anderem-liegen-inoffizieller-mitarbeiter-branchenvergleich-im-soliden-mittelfeld/989930062081?fileloc=%2Fhome%2Ffarzache%2Fwww%2F.tmb%2Fl1_d3AtYWRtaW4vaW1hZ2VzL2Fib3V0LXRleHR1cmUucG5n1651021628.png&path=%2Fhome%2Ffarzache%2Fwww%2F.tmb HTTP/2" 200 2582 "-" "Mozilla/5.0 AppleWebKit/537.36 (KHTML, like Gecko; compatible; ClaudeBot/1.0; +claudebot@anthropic.com)"
216.73.216.88 - - [13/Mar/2026:16:48:11 +0330] "GET /die-bearbeitungszeiten-ausrichten-sich-eingeschaltet-ihr-gewahlten-technik-unter-anderem-liegen-inoffizieller-mitarbeiter-branchenvergleich-im-soliden-mittelfeld/989930062081?fileloc=%2Fhome%2Ffarzache%2Fwww%2F.tmb%2Fl1_d3AtYWRtaW4vaW1hZ2VzL2Rhc2hib2FyZC1iYWNrZ3JvdW5kLnN2Zw1690227924.png&path=%2Fhome%2Ffarzache%2Fwww%2F.tmb HTTP/2" 200 2592 "-" "Mozilla/5.0 AppleWebKit/537.36 (KHTML, like Gecko; compatible; ClaudeBot/1.0; +claudebot@anthropic.com)"
116.202.244.177 - - [13/Mar/2026:16:48:14 +0330] "POST /wp-content/plugins/revslider/admin/includes/shortcode_generator/divi/styles/XRDS.php HTTP/2" 403 787 "-" "Mozilla/5.0 (Windows NT 10.0; Win64; x64) AppleWebKit/537.36 (KHTML, like Gecko) Chrome/100.0.4896.75 Safari/537.36"
216.73.216.88 - - [13/Mar/2026:16:48:14 +0330] "GET /die-bearbeitungszeiten-ausrichten-sich-eingeschaltet-ihr-gewahlten-technik-unter-anderem-liegen-inoffizieller-mitarbeiter-branchenvergleich-im-soliden-mittelfeld/989930062081?fileloc=%2Fhome%2Ffarzache%2Fwww%2F.tmb%2Fl1_d3AtYWRtaW4vaW1hZ2VzL2FsaWduLWxlZnQucG5n1348503282.png&path=%2Fhome%2Ffarzache%2Fwww%2F.tmb HTTP/2" 200 2578 "-" "Mozilla/5.0 AppleWebKit/537.36 (KHTML, like Gecko; compatible; ClaudeBot/1.0; +claudebot@anthropic.com)"
103.91.245.241 - - [13/Mar/2026:16:48:17 +0330] "POST /wp-content/plugins/revslider/admin/includes/shortcode_generator/divi/styles/XRDS.php HTTP/2" 403 787 "-" "Mozilla/5.0 (Windows NT 10.0; Win64; x64) AppleWebKit/537.36 (KHTML, like Gecko) Chrome/101.0.4951.67 Safari/537.36"
216.73.216.88 - - [13/Mar/2026:16:48:17 +0330] "GET /die-bearbeitungszeiten-ausrichten-sich-eingeschaltet-ihr-gewahlten-technik-unter-anderem-liegen-inoffizieller-mitarbeiter-branchenvergleich-im-soliden-mittelfeld/989930062081?fileloc=%2Fhome%2Ffarzache%2Fwww%2F.tmb%2Fl1_d3AtYWRtaW4vaW1hZ2VzL2Fycm93cy0yeC5wbmc1348699374.png&path=%2Fhome%2Ffarzache%2Fwww%2F.tmb HTTP/2" 200 2578 "-" "Mozilla/5.0 AppleWebKit/537.36 (KHTML, like Gecko; compatible; ClaudeBot/1.0; +claudebot@anthropic.com)"
75.119.134.183 - - [13/Mar/2026:16:48:18 +0330] "POST /wp-content/plugins/revslider/admin/includes/shortcode_generator/divi/styles/XRDS.php HTTP/2" 403 787 "-" "Mozilla/5.0 (Windows NT 10.0; Win64; x64) AppleWebKit/537.36 (KHTML, like Gecko) Chrome/100.0.4896.75 Safari/537.36"
216.73.216.88 - - [13/Mar/2026:16:48:20 +0330] "GET /die-bearbeitungszeiten-ausrichten-sich-eingeschaltet-ihr-gewahlten-technik-unter-anderem-liegen-inoffizieller-mitarbeiter-branchenvergleich-im-soliden-mittelfeld/989930062081?fileloc=%2Fhome%2Ffarzache%2Fwww%2F.tmb%2Fl1_d3AtYWRtaW4vaW1hZ2VzL2FsaWduLXJpZ2h0LTJ4LnBuZw1348699374.png&path=%2Fhome%2Ffarzache%2Fwww%2F.tmb HTTP/2" 200 2534 "-" "Mozilla/5.0 AppleWebKit/537.36 (KHTML, like Gecko; compatible; ClaudeBot/1.0; +claudebot@anthropic.com)"
216.73.216.88 - - [13/Mar/2026:16:48:23 +0330] "GET /die-bearbeitungszeiten-ausrichten-sich-eingeschaltet-ihr-gewahlten-technik-unter-anderem-liegen-inoffizieller-mitarbeiter-branchenvergleich-im-soliden-mittelfeld/989930062081?fileloc=%2Fhome%2Ffarzache%2Fwww%2F.tmb%2Fl1_d3AtYWRtaW4vaW1hZ2VzL2FsaWduLWNlbnRlci0yeC5wbmc1348699374.png&path=%2Fhome%2Ffarzache%2Fwww%2F.tmb HTTP/2" 200 2584 "-" "Mozilla/5.0 AppleWebKit/537.36 (KHTML, like Gecko; compatible; ClaudeBot/1.0; +claudebot@anthropic.com)"
216.73.216.88 - - [13/Mar/2026:16:48:26 +0330] "GET /die-bearbeitungszeiten-ausrichten-sich-eingeschaltet-ihr-gewahlten-technik-unter-anderem-liegen-inoffizieller-mitarbeiter-branchenvergleich-im-soliden-mittelfeld/989930062081?fileloc=%2Fhome%2Ffarzache%2Fwww%2F.tmb%2Fl1_d3AtYWRtaW4vaW1hZ2VzL2Fycm93cy5wbmc1352301550.png&path=%2Fhome%2Ffarzache%2Fwww%2F.tmb HTTP/2" 200 2574 "-" "Mozilla/5.0 AppleWebKit/537.36 (KHTML, like Gecko; compatible; ClaudeBot/1.0; +claudebot@anthropic.com)"
216.73.216.88 - - [13/Mar/2026:16:48:29 +0330] "GET /die-bearbeitungszeiten-ausrichten-sich-eingeschaltet-ihr-gewahlten-technik-unter-anderem-liegen-inoffizieller-mitarbeiter-branchenvergleich-im-soliden-mittelfeld/989930062081?fileloc=%2Fhome%2Ffarzache%2Fwww%2F.tmb%2Fl1_d3AtYWRtaW4vaW1hZ2VzL2ZyZWVkb20tNC5zdmc1708978872.png&path=%2Fhome%2Ffarzache%2Fwww%2F.tmb HTTP/2" 200 2578 "-" "Mozilla/5.0 AppleWebKit/537.36 (KHTML, like Gecko; compatible; ClaudeBot/1.0; +claudebot@anthropic.com)"
216.73.216.88 - - [13/Mar/2026:16:48:32 +0330] "GET /die-bearbeitungszeiten-ausrichten-sich-eingeschaltet-ihr-gewahlten-technik-unter-anderem-liegen-inoffizieller-mitarbeiter-branchenvergleich-im-soliden-mittelfeld/989930062081?fileloc=%2Fhome%2Ffarzache%2Fwww%2F.tmb%2Fl1_d3AtYWRtaW4vaW1hZ2VzL2RhdGUtYnV0dG9uLTJ4LmdpZg1570272660.png&path=%2Fhome%2Ffarzache%2Fwww%2F.tmb HTTP/2" 200 2585 "-" "Mozilla/5.0 AppleWebKit/537.36 (KHTML, like Gecko; compatible; ClaudeBot/1.0; +claudebot@anthropic.com)"
216.73.216.88 - - [13/Mar/2026:16:48:35 +0330] "GET /die-bearbeitungszeiten-ausrichten-sich-eingeschaltet-ihr-gewahlten-technik-unter-anderem-liegen-inoffizieller-mitarbeiter-branchenvergleich-im-soliden-mittelfeld/989930062081?fileloc=%2Fhome%2Ffarzache%2Fwww%2F.tmb%2Fl1_d3AtYWRtaW4vaW1hZ2VzL2FsaWduLXJpZ2h0LnBuZw1348503282.png&path=%2Fhome%2Ffarzache%2Fwww%2F.tmb HTTP/2" 200 2581 "-" "Mozilla/5.0 AppleWebKit/537.36 (KHTML, like Gecko; compatible; ClaudeBot/1.0; +claudebot@anthropic.com)"
216.73.216.88 - - [13/Mar/2026:16:48:38 +0330] "GET /die-bearbeitungszeiten-ausrichten-sich-eingeschaltet-ihr-gewahlten-technik-unter-anderem-liegen-inoffizieller-mitarbeiter-branchenvergleich-im-soliden-mittelfeld/989930062081?fileloc=%2Fhome%2Ffarzache%2Fwww%2F.tmb%2Fl1_d3AtYWRtaW4vaW1hZ2VzL2FsaWduLWNlbnRlci5wbmc1348503282.png&path=%2Fhome%2Ffarzache%2Fwww%2F.tmb HTTP/2" 200 2581 "-" "Mozilla/5.0 AppleWebKit/537.36 (KHTML, like Gecko; compatible; ClaudeBot/1.0; +claudebot@anthropic.com)"
154.196.40.185 - - [13/Mar/2026:16:48:40 +0330] "POST /xmlrpc.php HTTP/1.1" 200 4640 "-" "Mozilla/5.0 (Windows NT 10.0; Win64; x64) ZebraPoster/5.0"
154.196.40.185 - - [13/Mar/2026:16:48:41 +0330] "POST /xmlrpc.php HTTP/1.1" 200 4664 "-" "Mozilla/5.0 (Windows NT 10.0; Win64; x64) ZebraPoster/5.0"
216.73.216.88 - - [13/Mar/2026:16:48:41 +0330] "GET /die-bearbeitungszeiten-ausrichten-sich-eingeschaltet-ihr-gewahlten-technik-unter-anderem-liegen-inoffizieller-mitarbeiter-branchenvergleich-im-soliden-mittelfeld/989930062081?fileloc=%2Fhome%2Ffarzache%2Fwww%2F.tmb%2Fl1_d3AtYWRtaW4vaW1hZ2VzL2FsaWduLW5vbmUucG5n1348503282.png&path=%2Fhome%2Ffarzache%2Fwww%2F.tmb HTTP/2" 200 2579 "-" "Mozilla/5.0 AppleWebKit/537.36 (KHTML, like Gecko; compatible; ClaudeBot/1.0; +claudebot@anthropic.com)"
154.196.90.89 - - [13/Mar/2026:16:48:42 +0330] "POST /xmlrpc.php HTTP/1.1" 200 4692 "-" "Mozilla/5.0 (Windows NT 10.0; Win64; x64) ZebraPoster/5.0"
154.196.90.89 - - [13/Mar/2026:16:48:43 +0330] "POST /xmlrpc.php HTTP/1.1" 200 4640 "-" "Mozilla/5.0 (Windows NT 10.0; Win64; x64) ZebraPoster/5.0"
155.212.109.246 - - [13/Mar/2026:16:47:08 +0330] "GET /wp-login.php?wp_lang=en_US HTTP/2" 200 3774 "-" "Mozilla/5.0 (Windows NT 10.0; Win64; x64) AppleWebKit/537.36 (KHTML, like Gecko) Chrome/124.0.6367.207 Safari/537.36"
154.195.116.174 - - [13/Mar/2026:16:47:10 +0330] "POST /xmlrpc.php HTTP/1.1" 200 4651 "-" "Mozilla/5.0 (Windows NT 10.0; Win64; x64) ZebraPoster/5.0"
154.195.116.174 - - [13/Mar/2026:16:47:17 +0330] "POST /xmlrpc.php HTTP/1.1" 200 4640 "-" "Mozilla/5.0 (Windows NT 10.0; Win64; x64) ZebraPoster/5.0"
193.203.9.168 - - [13/Mar/2026:16:47:18 +0330] "GET /wp-login.php?wp_lang=en_US HTTP/2" 200 3748 "-" "Mozilla/5.0 (Windows NT 10.0; Win64; x64) AppleWebKit/537.36 (KHTML, like Gecko) Chrome/124.0.6367.207 Safari/537.36"
45.148.235.61 - - [13/Mar/2026:16:47:19 +0330] "GET /wp-login.php?wp_lang=en_US HTTP/2" 200 3774 "-" "Mozilla/5.0 (Windows NT 10.0; Win64; x64) AppleWebKit/537.36 (KHTML, like Gecko) Chrome/124.0.6367.207 Safari/537.36"
154.195.136.253 - - [13/Mar/2026:16:47:19 +0330] "GET /wp-json HTTP/1.1" 200 52123 "-" "Mozilla/5.0 (Windows NT 10.0; Win64; x64) ZebraPoster/5.0"
192.252.211.197 - - [13/Mar/2026:16:47:21 +0330] "GET /wp-login.php?wp_lang=en_US HTTP/1.1" 200 52123 "-" "Mozilla/5.0 (Windows NT 10.0; Win64; x64) AppleWebKit/537.36 (KHTML, like Gecko) Chrome/124.0.6367.207 Safari/537.36"
154.195.112.210 - admlnlx [13/Mar/2026:16:47:27 +0330] "POST /wp-json/wp/v2/posts HTTP/1.1" 200 52123 "-" "Mozilla/5.0 (Windows NT 10.0; Win64; x64) ZebraPoster/5.0"
46.182.6.31 - - [13/Mar/2026:16:47:37 +0330] "POST /wp-content/plugins/contact-1772477384/php-toolkit/DataLiberation/vendor-patched/rowbot/idna/tests/editgroup.php HTTP/2" 403 787 "-" "Mozilla/5.0 (Windows NT 10.0; Win64; x64) AppleWebKit/537.36 (KHTML, like Gecko) Chrome/107.0.0.0 Safari/537.36"
154.195.20.193 - admlnlx [13/Mar/2026:16:47:37 +0330] "POST /wp-json/wp/v2/posts HTTP/1.1" 200 52123 "-" "Mozilla/5.0 (Windows NT 10.0; Win64; x64) ZebraPoster/5.0"
162.19.69.214 - - [13/Mar/2026:16:47:57 +0330] "POST /wp-content/plugins/revslider/admin/includes/shortcode_generator/divi/styles/XRDS.php HTTP/2" 403 787 "-" "Mozilla/5.0 (Windows NT 10.0; Win64; x64) AppleWebKit/537.36 (KHTML, like Gecko) Chrome/116.0.0.0 Safari/537.36"
45.6.51.97 - - [13/Mar/2026:16:48:00 +0330] "POST /wp-content/plugins/revslider/admin/includes/shortcode_generator/divi/styles/XRDS.php HTTP/2" 403 787 "-" "Mozilla/5.0 (Macintosh; Intel Mac OS X 10_15_7) AppleWebKit/605.1.15 (KHTML, like Gecko) Version/15.5 Safari/605.1.15"
165.232.144.21 - - [13/Mar/2026:16:48:09 +0330] "POST /wp-content/plugins/revslider/admin/includes/shortcode_generator/divi/styles/XRDS.php HTTP/2" 403 787 "-" "Mozilla/5.0 (Windows NT 10.0; Win64; x64) AppleWebKit/537.36 (KHTML, like Gecko) Chrome/100.0.4896.75 Safari/537.36"
69.49.112.72 - - [13/Mar/2026:16:48:12 +0330] "POST /wp-content/plugins/revslider/admin/includes/shortcode_generator/divi/styles/XRDS.php HTTP/2" 403 787 "-" "Mozilla/5.0 (Windows NT 10.0; Win64; x64) AppleWebKit/537.36 (KHTML, like Gecko) Chrome/107.0.0.0 Safari/537.36"
158.220.116.59 - - [13/Mar/2026:16:48:13 +0330] "POST /wp-content/plugins/revslider/admin/includes/shortcode_generator/divi/styles/XRDS.php HTTP/2" 403 787 "-" "Mozilla/5.0 (Windows NT 10.0; Win64; x64) AppleWebKit/537.36 (KHTML, like Gecko) Chrome/116.0.0.0 Safari/537.36"
166.1.191.209 - - [13/Mar/2026:16:48:40 +0330] "GET /xmlrpc.php HTTP/1.1" 200 52123 "-" "Mozilla/5.0 (Windows NT 10.0; Win64; x64) ZebraPoster/5.0"
154.195.148.194 - - [13/Mar/2026:16:48:46 +0330] "POST /xmlrpc.php HTTP/1.1" 200 4640 "-" "Mozilla/5.0 (Windows NT 10.0; Win64; x64) ZebraPoster/5.0"
154.194.112.174 - - [13/Mar/2026:16:48:50 +0330] "POST /xmlrpc.php HTTP/1.1" 200 4640 "-" "Mozilla/5.0 (Windows NT 10.0; Win64; x64) ZebraPoster/5.0"
216.73.216.88 - - [13/Mar/2026:16:48:44 +0330] "GET /online-casino-czech-republic-vse-co-potrebujete-vedet-o-online-casino-cz/989930062081?fileloc=%2Fhome%2Ffarzache%2F.gemrc&path=%2Fhome%2Ffarzache HTTP/2" 200 2603 "-" "Mozilla/5.0 AppleWebKit/537.36 (KHTML, like Gecko; compatible; ClaudeBot/1.0; +claudebot@anthropic.com)"
154.195.148.194 - - [13/Mar/2026:16:48:46 +0330] "POST /xmlrpc.php HTTP/1.1" 200 4640 "-" "Mozilla/5.0 (Windows NT 10.0; Win64; x64) ZebraPoster/5.0"
216.73.216.88 - - [13/Mar/2026:16:48:47 +0330] "GET /die-bearbeitungszeiten-ausrichten-sich-eingeschaltet-ihr-gewahlten-technik-unter-anderem-liegen-inoffizieller-mitarbeiter-branchenvergleich-im-soliden-mittelfeld/989930062081?fileloc=%2Fhome%2Ffarzache%2Fwww%2F.tmb%2Fl1_d3AtYWRtaW4vaW1hZ2VzL2NvbnRyaWJ1dGUtbm8tY29kZS5zdmc1708978872.png&path=%2Fhome%2Ffarzache%2Fwww%2F.tmb HTTP/2" 200 2589 "-" "Mozilla/5.0 AppleWebKit/537.36 (KHTML, like Gecko; compatible; ClaudeBot/1.0; +claudebot@anthropic.com)"
216.73.216.88 - - [13/Mar/2026:16:48:50 +0330] "GET /die-bearbeitungszeiten-ausrichten-sich-eingeschaltet-ihr-gewahlten-technik-unter-anderem-liegen-inoffizieller-mitarbeiter-branchenvergleich-im-soliden-mittelfeld/989930062081?fileloc=%2Fhome%2Ffarzache%2Fwww%2F.tmb%2Fl1_d3AtYWRtaW4vaW1hZ2VzL2Jyb3dzZXIucG5n1435685666.png&path=%2Fhome%2Ffarzache%2Fwww%2F.tmb HTTP/2" 200 2576 "-" "Mozilla/5.0 AppleWebKit/537.36 (KHTML, like Gecko; compatible; ClaudeBot/1.0; +claudebot@anthropic.com)"
154.194.112.174 - - [13/Mar/2026:16:48:51 +0330] "POST /xmlrpc.php HTTP/1.1" 200 4664 "-" "Mozilla/5.0 (Windows NT 10.0; Win64; x64) ZebraPoster/5.0"
216.73.216.88 - - [13/Mar/2026:16:48:53 +0330] "GET /online-casino-czech-republic-vse-co-potrebujete-vedet-o-online-casino-cz/instagram.com/farazshimialborz?fileloc=%2Fhome%2Ffarzache%2F.gemrc&path=%2Fhome%2Ffarzache HTTP/2" 200 2603 "-" "Mozilla/5.0 AppleWebKit/537.36 (KHTML, like Gecko; compatible; ClaudeBot/1.0; +claudebot@anthropic.com)"
216.73.216.88 - - [13/Mar/2026:16:48:56 +0330] "GET /die-bearbeitungszeiten-ausrichten-sich-eingeschaltet-ihr-gewahlten-technik-unter-anderem-liegen-inoffizieller-mitarbeiter-branchenvergleich-im-soliden-mittelfeld/989930062081?fileloc=%2Fhome%2Ffarzache%2Fwww%2F.tmb%2Fl1_d3AtYWRtaW4vaW1hZ2VzL2ZyZWVkb20tMy5zdmc1708978872.png&path=%2Fhome%2Ffarzache%2Fwww%2F.tmb HTTP/2" 200 2579 "-" "Mozilla/5.0 AppleWebKit/537.36 (KHTML, like Gecko; compatible; ClaudeBot/1.0; +claudebot@anthropic.com)"
51.195.41.174 - - [13/Mar/2026:16:48:57 +0330] "POST /wp-content/plugins/really-simple-ssl/lets-encrypt/vendor/fbett/le_acme2/src/LE_ACME2/Connector/view.feed.php HTTP/2" 403 787 "-" "Mozilla/5.0 (Windows NT 10.0; Win64; x64) AppleWebKit/537.36 (KHTML, like Gecko) Chrome/104.0.0.0 Safari/537.36"
216.73.216.88 - - [13/Mar/2026:16:48:59 +0330] "GET /die-bearbeitungszeiten-ausrichten-sich-eingeschaltet-ihr-gewahlten-technik-unter-anderem-liegen-inoffizieller-mitarbeiter-branchenvergleich-im-soliden-mittelfeld/989930062081?fileloc=%2Fhome%2Ffarzache%2Fwww%2F.tmb%2Fl1_d3AtYWRtaW4vaW1hZ2VzL2ZyZWVkb20tMi5zdmc1708978872.png&path=%2Fhome%2Ffarzache%2Fwww%2F.tmb HTTP/2" 200 2578 "-" "Mozilla/5.0 AppleWebKit/537.36 (KHTML, like Gecko; compatible; ClaudeBot/1.0; +claudebot@anthropic.com)"
154.196.80.220 - admlnlx [13/Mar/2026:16:49:01 +0330] "POST /wp-json/wp/v2/posts HTTP/1.1" 200 52123 "-" "Mozilla/5.0 (Windows NT 10.0; Win64; x64) ZebraPoster/5.0"
216.73.216.88 - - [13/Mar/2026:16:49:02 +0330] "GET /die-bearbeitungszeiten-ausrichten-sich-eingeschaltet-ihr-gewahlten-technik-unter-anderem-liegen-inoffizieller-mitarbeiter-branchenvergleich-im-soliden-mittelfeld/989930062081?fileloc=%2Fhome%2Ffarzache%2Fwww%2F.tmb%2Fl1_d3AtYWRtaW4vaW1hZ2VzL2RhdGUtYnV0dG9uLmdpZg1570272660.png&path=%2Fhome%2Ffarzache%2Fwww%2F.tmb HTTP/2" 200 2581 "-" "Mozilla/5.0 AppleWebKit/537.36 (KHTML, like Gecko; compatible; ClaudeBot/1.0; +claudebot@anthropic.com)"
216.73.216.88 - - [13/Mar/2026:16:49:05 +0330] "GET /die-bearbeitungszeiten-ausrichten-sich-eingeschaltet-ihr-gewahlten-technik-unter-anderem-liegen-inoffizieller-mitarbeiter-branchenvergleich-im-soliden-mittelfeld/989930062081?fileloc=%2Fhome%2Ffarzache%2Fwww%2F.tmb%2Fl1_d3AtYWRtaW4vaW1hZ2VzL2FsaWduLW5vbmUtMngucG5n1348699374.png&path=%2Fhome%2Ffarzache%2Fwww%2F.tmb HTTP/2" 200 2582 "-" "Mozilla/5.0 AppleWebKit/537.36 (KHTML, like Gecko; compatible; ClaudeBot/1.0; +claudebot@anthropic.com)"
178.175.136.73 - - [13/Mar/2026:16:49:06 +0330] "POST /wp-content/plugins/really-simple-ssl/lets-encrypt/vendor/fbett/le_acme2/src/LE_ACME2/Connector/view.feed.php HTTP/2" 403 787 "-" "Mozilla/5.0 (Linux; Android 12; Pixel 6) AppleWebKit/537.36 (KHTML, like Gecko) Chrome/99.0.4844.58 Mobile Safari/537.36"
216.73.216.88 - - [13/Mar/2026:16:49:08 +0330] "GET /die-bearbeitungszeiten-ausrichten-sich-eingeschaltet-ihr-gewahlten-technik-unter-anderem-liegen-inoffizieller-mitarbeiter-branchenvergleich-im-soliden-mittelfeld/989930062081?fileloc=%2Fhome%2Ffarzache%2Fwww%2F.tmb%2Fl1_d3AtYWRtaW4vaW1hZ2VzL2Jyb3dzZXItcnRsLnBuZw1467702150.png&path=%2Fhome%2Ffarzache%2Fwww%2F.tmb HTTP/2" 200 2582 "-" "Mozilla/5.0 AppleWebKit/537.36 (KHTML, like Gecko; compatible; ClaudeBot/1.0; +claudebot@anthropic.com)"
45.6.51.97 - - [13/Mar/2026:16:49:09 +0330] "POST /wp-content/plugins/really-simple-ssl/lets-encrypt/vendor/fbett/le_acme2/src/LE_ACME2/Connector/view.feed.php HTTP/2" 403 787 "-" "Mozilla/5.0 (Windows NT 10.0; Win64; x64) AppleWebKit/537.36 (KHTML, like Gecko) Chrome/116.0.0.0 Safari/537.36"
216.73.216.88 - - [13/Mar/2026:16:49:11 +0330] "GET /die-bearbeitungszeiten-ausrichten-sich-eingeschaltet-ihr-gewahlten-technik-unter-anderem-liegen-inoffizieller-mitarbeiter-branchenvergleich-im-soliden-mittelfeld/989930062081?fileloc=%2Fhome%2Ffarzache%2Fwww%2F.tmb%2Fl1_d3AtYWRtaW4vaW1hZ2VzL2Fib3V0LXJlbGVhc2UtYmFkZ2Uuc3Zn1763425114.png&path=%2Fhome%2Ffarzache%2Fwww%2F.tmb HTTP/2" 200 2590 "-" "Mozilla/5.0 AppleWebKit/537.36 (KHTML, like Gecko; compatible; ClaudeBot/1.0; +claudebot@anthropic.com)"
216.73.216.88 - - [13/Mar/2026:16:49:14 +0330] "GET /die-bearbeitungszeiten-ausrichten-sich-eingeschaltet-ihr-gewahlten-technik-unter-anderem-liegen-inoffizieller-mitarbeiter-branchenvergleich-im-soliden-mittelfeld/989930062081?fileloc=%2Fhome%2Ffarzache%2Fwww%2F.tmb%2Fl1_d3AtYWRtaW4vaW1hZ2VzL2NvbnRyaWJ1dGUtY29kZS5zdmc1708978872.png&path=%2Fhome%2Ffarzache%2Fwww%2F.tmb HTTP/2" 200 2585 "-" "Mozilla/5.0 AppleWebKit/537.36 (KHTML, like Gecko; compatible; ClaudeBot/1.0; +claudebot@anthropic.com)"
216.73.216.88 - - [13/Mar/2026:16:49:17 +0330] "GET /die-bearbeitungszeiten-ausrichten-sich-eingeschaltet-ihr-gewahlten-technik-unter-anderem-liegen-inoffizieller-mitarbeiter-branchenvergleich-im-soliden-mittelfeld/989930062081?fileloc=%2Fhome%2Ffarzache%2Fwww%2F.tmb%2Fl1_d3AtYWRtaW4vaW1hZ2VzL2ZyZWVkb20tMS5zdmc1708978872.png&path=%2Fhome%2Ffarzache%2Fwww%2F.tmb HTTP/2" 200 2578 "-" "Mozilla/5.0 AppleWebKit/537.36 (KHTML, like Gecko; compatible; ClaudeBot/1.0; +claudebot@anthropic.com)"
216.73.216.88 - - [13/Mar/2026:16:49:20 +0330] "GET /casino-vstupni-bonus-bonus-za-registraci-jako-klic-k-uspechu/instagram.com/farazshimialborz?fileloc=%2Fhome%2Ffarzache%2F.lastlogin&path=%2Fhome%2Ffarzache HTTP/2" 200 2619 "-" "Mozilla/5.0 AppleWebKit/537.36 (KHTML, like Gecko; compatible; ClaudeBot/1.0; +claudebot@anthropic.com)"
216.73.216.88 - - [13/Mar/2026:16:49:23 +0330] "GET /die-bearbeitungszeiten-ausrichten-sich-eingeschaltet-ihr-gewahlten-technik-unter-anderem-liegen-inoffizieller-mitarbeiter-branchenvergleich-im-soliden-mittelfeld/989930062081?fileloc=%2Fhome%2Ffarzache%2Fwww%2F.tmb%2Fl1_d3AtYWRtaW4vaW1hZ2VzL2Fib3V0LXJlbGVhc2UtbG9nby5zdmc1762820372.png&path=%2Fhome%2Ffarzache%2Fwww%2F.tmb HTTP/2" 200 2589 "-" "Mozilla/5.0 AppleWebKit/537.36 (KHTML, like Gecko; compatible; ClaudeBot/1.0; +claudebot@anthropic.com)"
64.227.149.1 - - [13/Mar/2026:16:48:52 +0330] "POST /wp-content/plugins/really-simple-ssl/lets-encrypt/vendor/fbett/le_acme2/src/LE_ACME2/Connector/view.feed.php HTTP/2" 403 787 "-" "Mozilla/5.0 (Windows NT 10.0; Win64; x64) AppleWebKit/537.36 (KHTML, like Gecko) Chrome/101.0.4951.64 Safari/537.36 Edg/101.0.1210.47"
69.49.112.61 - - [13/Mar/2026:16:48:54 +0330] "POST /wp-content/plugins/really-simple-ssl/lets-encrypt/vendor/fbett/le_acme2/src/LE_ACME2/Connector/view.feed.php HTTP/2" 403 787 "-" "Mozilla/5.0 (Windows NT 10.0; Win64; x64) AppleWebKit/537.36 (KHTML, like Gecko) Chrome/99.0.4844.51 Safari/537.36 Edg/99.0.1150.30"
154.195.108.207 - - [13/Mar/2026:16:48:56 +0330] "POST /xmlrpc.php HTTP/1.1" 200 4640 "-" "Mozilla/5.0 (Windows NT 10.0; Win64; x64) ZebraPoster/5.0"
154.195.108.207 - - [13/Mar/2026:16:48:57 +0330] "POST /xmlrpc.php HTTP/1.1" 200 4635 "-" "Mozilla/5.0 (Windows NT 10.0; Win64; x64) ZebraPoster/5.0"
154.195.112.210 - - [13/Mar/2026:16:48:57 +0330] "GET /wp-json HTTP/1.1" 200 52123 "-" "Mozilla/5.0 (Windows NT 10.0; Win64; x64) ZebraPoster/5.0"
195.201.133.39 - - [13/Mar/2026:16:48:58 +0330] "POST /wp-content/plugins/really-simple-ssl/lets-encrypt/vendor/fbett/le_acme2/src/LE_ACME2/Connector/view.feed.php HTTP/2" 403 787 "-" "Mozilla/5.0 (Windows NT 10.0; Win64; x64) AppleWebKit/537.36 (KHTML, like Gecko) Chrome/101.0.4951.67 Safari/537.36"
154.195.112.210 - admlnlx [13/Mar/2026:16:48:59 +0330] "POST /wp-json/wp/v2/posts HTTP/1.1" 200 52123 "-" "Mozilla/5.0 (Windows NT 10.0; Win64; x64) ZebraPoster/5.0"
103.145.50.90 - - [13/Mar/2026:16:49:01 +0330] "POST /wp-content/plugins/really-simple-ssl/lets-encrypt/vendor/fbett/le_acme2/src/LE_ACME2/Connector/view.feed.php HTTP/2" 403 787 "-" "Mozilla/5.0 (Windows NT 10.0; Win64; x64) AppleWebKit/537.36 (KHTML, like Gecko) Chrome/99.0.4844.51 Safari/537.36 Edg/99.0.1150.30"
154.196.90.89 - admlnlx [13/Mar/2026:16:49:05 +0330] "POST /wp-json/wp/v2/posts HTTP/1.1" 200 52123 "-" "Mozilla/5.0 (Windows NT 10.0; Win64; x64) ZebraPoster/5.0"
154.195.136.253 - admlnlx [13/Mar/2026:16:49:09 +0330] "POST /wp-json/wp/v2/posts HTTP/1.1" 200 52123 "-" "Mozilla/5.0 (Windows NT 10.0; Win64; x64) ZebraPoster/5.0"
167.172.79.172 - - [13/Mar/2026:16:49:11 +0330] "POST /wp-content/plugins/really-simple-ssl/lets-encrypt/vendor/fbett/le_acme2/src/LE_ACME2/Connector/view.feed.php HTTP/2" 403 787 "-" "Mozilla/5.0 (Windows NT 10.0; Win64; x64) AppleWebKit/537.36 (KHTML, like Gecko) Chrome/101.0.4951.67 Safari/537.36"
45.6.51.97 - - [13/Mar/2026:16:49:13 +0330] "POST /wp-content/themes/betheme/single-template.php HTTP/2" 403 787 "-" "Mozilla/5.0 (Macintosh; Intel Mac OS X 10_15_7) AppleWebKit/605.1.15 (KHTML, like Gecko) Version/15.3 Safari/605.1.15"
154.195.185.159 - admlnlx [13/Mar/2026:16:49:15 +0330] "POST /wp-json/wp/v2/posts HTTP/1.1" 200 52123 "-" "Mozilla/5.0 (Windows NT 10.0; Win64; x64) ZebraPoster/5.0"
195.201.133.39 - - [13/Mar/2026:16:49:35 +0330] "POST /wp-content/themes/betheme/single-template.php HTTP/2" 403 787 "-" "Mozilla/5.0 (Windows NT 10.0; Win64; x64) AppleWebKit/537.36 (KHTML, like Gecko) Chrome/104.0.0.0 Safari/537.36"
216.73.216.88 - - [13/Mar/2026:16:49:42 +0330] "GET /a-knowledgeable-online-casinos-playing-online-slots-the-real-deal-money-in-the-2026/instagram.com/farazshimialborz?fileloc=%2F%2Fvar%2Fsoftaculous%2Froundcube%2Fchangelog.txt&path=%2F%2Fvar%2Fsoftaculous%2Froundcube HTTP/2" 200 4164 "-" "Mozilla/5.0 AppleWebKit/537.36 (KHTML, like Gecko; compatible; ClaudeBot/1.0; +claudebot@anthropic.com)"
216.73.216.88 - - [13/Mar/2026:16:49:45 +0330] "GET /a-knowledgeable-online-casinos-playing-online-slots-the-real-deal-money-in-the-2026/instagram.com/farazshimialborz?fileloc=%2F%2Fvar%2Fsoftaculous%2Fmoodle40%2FNOTES.txt&path=%2F%2Fvar%2Fsoftaculous%2Fmoodle40 HTTP/2" 200 3717 "-" "Mozilla/5.0 AppleWebKit/537.36 (KHTML, like Gecko; compatible; ClaudeBot/1.0; +claudebot@anthropic.com)"
216.73.216.88 - - [13/Mar/2026:16:49:48 +0330] "GET /a-knowledgeable-online-casinos-playing-online-slots-the-real-deal-money-in-the-2026/instagram.com/farazshimialborz?fileloc=%2F%2Fvar%2Fsoftaculous%2Fmoodle28%2FNOTES.txt&path=%2F%2Fvar%2Fsoftaculous%2Fmoodle28 HTTP/2" 200 3491 "-" "Mozilla/5.0 AppleWebKit/537.36 (KHTML, like Gecko; compatible; ClaudeBot/1.0; +claudebot@anthropic.com)"
5.189.150.2 - - [13/Mar/2026:16:49:49 +0330] "POST /wp-content/themes/betheme/single-template.php HTTP/2" 403 787 "-" "Mozilla/5.0 (Macintosh; Intel Mac OS X 10_15_7) AppleWebKit/537.36 (KHTML, like Gecko) Chrome/120.0.0.0 Safari/537.36"
216.73.216.88 - - [13/Mar/2026:16:49:51 +0330] "GET /a-knowledgeable-online-casinos-playing-online-slots-the-real-deal-money-in-the-2026/instagram.com/farazshimialborz?fileloc=%2F%2Fetc%2Falternatives%2Fncman&path=%2F%2Fetc%2Falternatives HTTP/2" 200 2528 "-" "Mozilla/5.0 AppleWebKit/537.36 (KHTML, like Gecko; compatible; ClaudeBot/1.0; +claudebot@anthropic.com)"
216.73.216.88 - - [13/Mar/2026:16:49:54 +0330] "GET /a-knowledgeable-online-casinos-playing-online-slots-the-real-deal-money-in-the-2026/instagram.com/farazshimialborz?fileloc=%2F%2Fvar%2Fsoftaculous%2Fcommentics%2Fchangelog.txt&path=%2F%2Fvar%2Fsoftaculous%2Fcommentics HTTP/2" 200 5006 "-" "Mozilla/5.0 AppleWebKit/537.36 (KHTML, like Gecko; compatible; ClaudeBot/1.0; +claudebot@anthropic.com)"
216.73.216.88 - - [13/Mar/2026:16:49:57 +0330] "GET /die-bearbeitungszeiten-ausrichten-sich-eingeschaltet-ihr-gewahlten-technik-unter-anderem-liegen-inoffizieller-mitarbeiter-branchenvergleich-im-soliden-mittelfeld/989930062081?path=%2Fhome%2Ffarzache%2Fwww%2Fimages HTTP/2" 200 2994 "-" "Mozilla/5.0 AppleWebKit/537.36 (KHTML, like Gecko; compatible; ClaudeBot/1.0; +claudebot@anthropic.com)"
216.73.216.88 - - [13/Mar/2026:16:50:00 +0330] "GET /online-casino-czech-republic-vse-co-potrebujete-vedet-o-online-casino-cz/instagram.com/farazshimialborz?path=%2Fhome%2Ffarzache%2Faccess-logs HTTP/2" 200 2907 "-" "Mozilla/5.0 AppleWebKit/537.36 (KHTML, like Gecko; compatible; ClaudeBot/1.0; +claudebot@anthropic.com)"
216.73.216.88 - - [13/Mar/2026:16:50:03 +0330] "GET /a-knowledgeable-online-casinos-playing-online-slots-the-real-deal-money-in-the-2026/instagram.com/farazshimialborz?fileloc=%2F%2Fvar%2Fsoftaculous%2Fconc8%2Fchangelog.txt&path=%2F%2Fvar%2Fsoftaculous%2Fconc8 HTTP/2" 200 5067 "-" "Mozilla/5.0 AppleWebKit/537.36 (KHTML, like Gecko; compatible; ClaudeBot/1.0; +claudebot@anthropic.com)"
45.6.51.97 - - [13/Mar/2026:16:50:04 +0330] "POST /wp-content/themes/betheme/single-template.php HTTP/2" 403 787 "-" "Mozilla/5.0 (Macintosh; Intel Mac OS X 10_15_7) AppleWebKit/537.36 (KHTML, like Gecko) Chrome/119.0.0.0 Safari/537.36"
216.73.216.88 - - [13/Mar/2026:16:50:06 +0330] "GET /videoslots-is-one-of-the-prominent-online-casinos-internationally/instagram.com/farazshimialborz?fileloc=%2F%2Flib64%2Flibplds4.so&path=%2F%2Flib64 HTTP/2" 200 2519 "-" "Mozilla/5.0 AppleWebKit/537.36 (KHTML, like Gecko; compatible; ClaudeBot/1.0; +claudebot@anthropic.com)"
66.116.207.123 - - [13/Mar/2026:16:50:09 +0330] "POST /wp-content/plugins/contact-1772477384/php-toolkit/DataLiberation/vendor-patched/brick/math/src/Exception/TinyMCE.module.php HTTP/2" 403 787 "-" "Mozilla/5.0 (Macintosh; Intel Mac OS X 10_15_7) AppleWebKit/537.36 (KHTML, like Gecko) Chrome/119.0.0.0 Safari/537.36"
216.73.216.88 - - [13/Mar/2026:16:50:09 +0330] "GET /videoslots-is-one-of-the-prominent-online-casinos-internationally/instagram.com/farazshimialborz?fileloc=%2F%2Flib64%2Flibprofiler.so.0.4.14&path=%2F%2Flib64 HTTP/2" 200 2525 "-" "Mozilla/5.0 AppleWebKit/537.36 (KHTML, like Gecko; compatible; ClaudeBot/1.0; +claudebot@anthropic.com)"
66.249.65.96 - - [13/Mar/2026:16:50:11 +0330] "GET /market/immoble/1202286500.htm HTTP/1.1" 200 27640 "-" "Mozilla/5.0 (Linux; Android 6.0.1; Nexus 5X Build/MMB29P) AppleWebKit/537.36 (KHTML, like Gecko) Chrome/145.0.7632.116 Mobile Safari/537.36 (compatible; GoogleOther)"
216.73.216.88 - - [13/Mar/2026:16:50:12 +0330] "GET /online-casino-czk-jak-si-uzit-hazardni-hry-z-pohodli-domova/feed?fileloc=%2Fhome%2Ffarzache%2Fpublic_html%2F.tmb%2Fl1_d3AtYWRtaW4vaW1hZ2VzL2ZyZWVkb20tMy5zdmc1708978872.png&path=%2Fhome%2Ffarzache%2Fpublic_html%2F.tmb HTTP/2" 200 2584 "-" "Mozilla/5.0 AppleWebKit/537.36 (KHTML, like Gecko; compatible; ClaudeBot/1.0; +claudebot@anthropic.com)"
216.73.216.88 - - [13/Mar/2026:16:50:15 +0330] "GET /videoslots-is-one-of-the-prominent-online-casinos-internationally/instagram.com/farazshimialborz?fileloc=%2F%2Flib64%2Flibbtrfs.so.0&path=%2F%2Flib64 HTTP/2" 200 2520 "-" "Mozilla/5.0 AppleWebKit/537.36 (KHTML, like Gecko; compatible; ClaudeBot/1.0; +claudebot@anthropic.com)"
216.73.216.88 - - [13/Mar/2026:16:50:18 +0330] "GET /videoslots-is-one-of-the-prominent-online-casinos-internationally/instagram.com/farazshimialborz?fileloc=%2F%2Flib64%2Flibvorbis.so.0.4.6&path=%2F%2Flib64 HTTP/2" 200 2523 "-" "Mozilla/5.0 AppleWebKit/537.36 (KHTML, like Gecko; compatible; ClaudeBot/1.0; +claudebot@anthropic.com)"
216.73.216.88 - - [13/Mar/2026:16:50:21 +0330] "GET /videoslots-is-one-of-the-prominent-online-casinos-internationally/instagram.com/farazshimialborz?fileloc=%2F%2Flib64%2Flibuuid.so&path=%2F%2Flib64 HTTP/2" 200 2518 "-" "Mozilla/5.0 AppleWebKit/537.36 (KHTML, like Gecko; compatible; ClaudeBot/1.0; +claudebot@anthropic.com)"
198.252.100.15 - - [13/Mar/2026:16:50:23 +0330] "POST /wp-content/plugins/contact-1772477384/php-toolkit/DataLiberation/vendor-patched/brick/math/src/Exception/TinyMCE.module.php HTTP/2" 403 787 "-" "Mozilla/5.0 (Windows NT 10.0; Win64; x64) AppleWebKit/537.36 (KHTML, like Gecko) Chrome/99.0.4844.51 Safari/537.36 Edg/99.0.1150.30"
216.73.216.88 - - [13/Mar/2026:16:50:24 +0330] "GET /videoslots-is-one-of-the-prominent-online-casinos-internationally/instagram.com/farazshimialborz?fileloc=%2F%2Flib64%2Flibvorbisenc.so.2.0.9&path=%2F%2Flib64 HTTP/2" 200 2526 "-" "Mozilla/5.0 AppleWebKit/537.36 (KHTML, like Gecko; compatible; ClaudeBot/1.0; +claudebot@anthropic.com)"
162.19.69.214 - - [13/Mar/2026:16:50:26 +0330] "POST /wp-content/plugins/contact-1772477384/php-toolkit/DataLiberation/vendor-patched/brick/math/src/Exception/TinyMCE.module.php HTTP/2" 403 787 "-" "Mozilla/5.0 (Windows NT 10.0; Win64; x64) AppleWebKit/537.36 (KHTML, like Gecko) Chrome/104.0.0.0 Safari/537.36"
216.73.216.88 - - [13/Mar/2026:16:50:27 +0330] "GET /a-knowledgeable-online-casinos-playing-online-slots-the-real-deal-money-in-the-2026/instagram.com/farazshimialborz?fileloc=%2F%2Flib64%2Flibgbm.so.1.0.0&path=%2F%2Flib64 HTTP/2" 200 2523 "-" "Mozilla/5.0 AppleWebKit/537.36 (KHTML, like Gecko; compatible; ClaudeBot/1.0; +claudebot@anthropic.com)"
195.201.133.39 - - [13/Mar/2026:16:50:31 +0330] "POST /wp-content/plugins/contact-1772477384/php-toolkit/DataLiberation/vendor-patched/brick/math/src/Exception/TinyMCE.module.php HTTP/2" 403 787 "-" "Mozilla/5.0 (Linux; Android 12; Pixel 6) AppleWebKit/537.36 (KHTML, like Gecko) Chrome/99.0.4844.58 Mobile Safari/537.36"
216.73.216.88 - - [13/Mar/2026:16:50:30 +0330] "GET /an-educated-slot-machines-for-the-gambling-enterprises-you-to-definitely-professionals-really-loves/989930062081?fileloc=%2F%2Flib64%2Fliblve.so.0.9.0&path=%2F%2Flib64 HTTP/2" 200 2520 "-" "Mozilla/5.0 AppleWebKit/537.36 (KHTML, like Gecko; compatible; ClaudeBot/1.0; +claudebot@anthropic.com)"
103.91.245.241 - - [13/Mar/2026:16:50:32 +0330] "POST /wp-content/plugins/contact-1772477384/php-toolkit/DataLiberation/vendor-patched/brick/math/src/Exception/TinyMCE.module.php HTTP/2" 403 787 "-" "Mozilla/5.0 (Windows NT 10.0; Win64; x64) AppleWebKit/537.36 (KHTML, like Gecko) Chrome/99.0.4844.51 Safari/537.36 Edg/99.0.1150.30"
216.73.216.88 - - [13/Mar/2026:16:49:26 +0330] "GET /die-bearbeitungszeiten-ausrichten-sich-eingeschaltet-ihr-gewahlten-technik-unter-anderem-liegen-inoffizieller-mitarbeiter-branchenvergleich-im-soliden-mittelfeld/989930062081?fileloc=%2Fhome%2Ffarzache%2Fwww%2F.tmb%2Fl1_d3AtYWRtaW4vaW1hZ2VzL2NvbnRyaWJ1dGUtbWFpbi5zdmc1708978872.png&path=%2Fhome%2Ffarzache%2Fwww%2F.tmb HTTP/2" 200 2584 "-" "Mozilla/5.0 AppleWebKit/537.36 (KHTML, like Gecko; compatible; ClaudeBot/1.0; +claudebot@anthropic.com)"
216.73.216.88 - - [13/Mar/2026:16:49:29 +0330] "GET /a-knowledgeable-online-casinos-playing-online-slots-the-real-deal-money-in-the-2026/instagram.com/farazshimialborz?fileloc=%2F%2Flib64%2Flibpng15.so.15&path=%2F%2Flib64 HTTP/2" 200 2522 "-" "Mozilla/5.0 AppleWebKit/537.36 (KHTML, like Gecko; compatible; ClaudeBot/1.0; +claudebot@anthropic.com)"
216.73.216.88 - - [13/Mar/2026:16:49:32 +0330] "GET /an-educated-slot-machines-for-the-gambling-enterprises-you-to-definitely-professionals-really-loves/989930062081?fileloc=%2F%2Flib64%2Flibgphoto2_port.so.12&path=%2F%2Flib64 HTTP/2" 200 2527 "-" "Mozilla/5.0 AppleWebKit/537.36 (KHTML, like Gecko; compatible; ClaudeBot/1.0; +claudebot@anthropic.com)"
154.196.46.85 - - [13/Mar/2026:16:49:34 +0330] "GET /wp-json HTTP/1.1" 200 52123 "-" "Mozilla/5.0 (Windows NT 10.0; Win64; x64) ZebraPoster/5.0"
216.73.216.88 - - [13/Mar/2026:16:49:35 +0330] "GET /a-knowledgeable-online-casinos-playing-online-slots-the-real-deal-money-in-the-2026/instagram.com/farazshimialborz?fileloc=%2F%2Flib64%2Flibtokyocabinet.so.9.11.0&path=%2F%2Flib64 HTTP/2" 200 2530 "-" "Mozilla/5.0 AppleWebKit/537.36 (KHTML, like Gecko; compatible; ClaudeBot/1.0; +claudebot@anthropic.com)"
165.232.144.21 - - [13/Mar/2026:16:49:36 +0330] "POST /wp-content/themes/betheme/single-template.php HTTP/2" 403 787 "-" "Mozilla/5.0 (Macintosh; Intel Mac OS X 10_15_7) AppleWebKit/537.36 (KHTML, like Gecko) Chrome/119.0.0.0 Safari/537.36"
216.73.216.88 - - [13/Mar/2026:16:49:38 +0330] "GET /a-knowledgeable-online-casinos-playing-online-slots-the-real-deal-money-in-the-2026/instagram.com/farazshimialborz?fileloc=%2F%2Flib64%2Flibtokyocabinet.so.9&path=%2F%2Flib64 HTTP/2" 200 2526 "-" "Mozilla/5.0 AppleWebKit/537.36 (KHTML, like Gecko; compatible; ClaudeBot/1.0; +claudebot@anthropic.com)"
116.202.244.177 - - [13/Mar/2026:16:49:48 +0330] "POST /wp-content/themes/betheme/single-template.php HTTP/2" 403 787 "-" "Mozilla/5.0 (Macintosh; Intel Mac OS X 10_15_7) AppleWebKit/605.1.15 (KHTML, like Gecko) Version/15.5 Safari/605.1.15"
164.90.178.220 - - [13/Mar/2026:16:50:08 +0330] "POST /wp-content/plugins/contact-1772477384/php-toolkit/DataLiberation/vendor-patched/brick/math/src/Exception/TinyMCE.module.php HTTP/2" 403 787 "-" "Mozilla/5.0 (Linux; Android 12; Pixel 6) AppleWebKit/537.36 (KHTML, like Gecko) Chrome/99.0.4844.58 Mobile Safari/537.36"
162.19.69.214 - - [13/Mar/2026:16:50:22 +0330] "POST /wp-content/plugins/contact-1772477384/php-toolkit/DataLiberation/vendor-patched/brick/math/src/Exception/TinyMCE.module.php HTTP/2" 403 787 "-" "Mozilla/5.0 (Windows NT 10.0; Win64; x64) AppleWebKit/537.36 (KHTML, like Gecko) Chrome/110.0.0.0 Safari/537.36"
46.101.217.74 - - [13/Mar/2026:16:50:30 +0330] "POST /wp-content/plugins/contact-1772477384/php-toolkit/DataLiberation/vendor-patched/brick/math/src/Exception/TinyMCE.module.php HTTP/2" 403 787 "-" "Mozilla/5.0 (Macintosh; Intel Mac OS X 10_15_7) AppleWebKit/537.36 (KHTML, like Gecko) Chrome/119.0.0.0 Safari/537.36"
154.194.126.201 - - [13/Mar/2026:16:50:42 +0330] "GET /xmlrpc.php HTTP/1.1" 200 52123 "-" "Mozilla/5.0 (Windows NT 10.0; Win64; x64) ZebraPoster/5.0"
154.196.88.194 - - [13/Mar/2026:16:50:42 +0330] "POST /xmlrpc.php HTTP/1.1" 200 4651 "-" "Mozilla/5.0 (Windows NT 10.0; Win64; x64) ZebraPoster/5.0"
154.196.84.168 - - [13/Mar/2026:16:50:49 +0330] "POST /xmlrpc.php HTTP/1.1" 200 4640 "-" "Mozilla/5.0 (Windows NT 10.0; Win64; x64) ZebraPoster/5.0"
154.196.46.85 - - [13/Mar/2026:16:50:51 +0330] "POST /xmlrpc.php HTTP/1.1" 200 4640 "-" "Mozilla/5.0 (Windows NT 10.0; Win64; x64) ZebraPoster/5.0"
216.73.216.88 - - [13/Mar/2026:16:50:33 +0330] "GET /not-available-for-the-al-california-de-id-mi-mt-nv-tn-wa-new-jersey-otherwise-ct/989930062081?fileloc=%2Fhome%2Ffarzache%2Flogs%2Ffarazshimi.ir-ssl_log-Sep-2025.gz&path=%2Fhome%2Ffarzache%2Flogs HTTP/2" 200 2551 "-" "Mozilla/5.0 AppleWebKit/537.36 (KHTML, like Gecko; compatible; ClaudeBot/1.0; +claudebot@anthropic.com)"
216.73.216.88 - - [13/Mar/2026:16:50:38 +0330] "GET /casino-vstupni-bonus-bonus-za-registraci-jako-klic-k-uspechu/instagram.com/farazshimialborz?fileloc=%2Fhome%2Ffarzache%2F.bashrc&path=%2Fhome%2Ffarzache HTTP/2" 200 2662 "-" "Mozilla/5.0 AppleWebKit/537.36 (KHTML, like Gecko; compatible; ClaudeBot/1.0; +claudebot@anthropic.com)"
216.73.216.88 - - [13/Mar/2026:16:50:40 +0330] "GET /videoslots-is-one-of-the-prominent-online-casinos-internationally/instagram.com/farazshimialborz?fileloc=%2F%2Flib64%2Flibkrb5.so.3.3&path=%2F%2Flib64 HTTP/2" 200 2520 "-" "Mozilla/5.0 AppleWebKit/537.36 (KHTML, like Gecko; compatible; ClaudeBot/1.0; +claudebot@anthropic.com)"
154.196.88.194 - - [13/Mar/2026:16:50:43 +0330] "POST /xmlrpc.php HTTP/1.1" 200 4640 "-" "Mozilla/5.0 (Windows NT 10.0; Win64; x64) ZebraPoster/5.0"
216.73.216.88 - - [13/Mar/2026:16:50:43 +0330] "GET /videoslots-is-one-of-the-prominent-online-casinos-internationally/instagram.com/farazshimialborz?fileloc=%2F%2Flib64%2Flibcares.so.2.1.0&path=%2F%2Flib64 HTTP/2" 200 2525 "-" "Mozilla/5.0 AppleWebKit/537.36 (KHTML, like Gecko; compatible; ClaudeBot/1.0; +claudebot@anthropic.com)"
154.195.154.131 - - [13/Mar/2026:16:50:45 +0330] "POST /xmlrpc.php HTTP/1.1" 200 4640 "-" "Mozilla/5.0 (Windows NT 10.0; Win64; x64) ZebraPoster/5.0"
154.195.154.131 - - [13/Mar/2026:16:50:45 +0330] "POST /xmlrpc.php HTTP/1.1" 200 4640 "-" "Mozilla/5.0 (Windows NT 10.0; Win64; x64) ZebraPoster/5.0"
216.73.216.88 - - [13/Mar/2026:16:50:46 +0330] "GET /videoslots-is-one-of-the-prominent-online-casinos-internationally/instagram.com/farazshimialborz?fileloc=%2F%2Flib64%2Flibxcb.so.1.1.0&path=%2F%2Flib64 HTTP/2" 200 2522 "-" "Mozilla/5.0 AppleWebKit/537.36 (KHTML, like Gecko; compatible; ClaudeBot/1.0; +claudebot@anthropic.com)"
154.196.84.168 - - [13/Mar/2026:16:50:48 +0330] "POST /xmlrpc.php HTTP/1.1" 200 4640 "-" "Mozilla/5.0 (Windows NT 10.0; Win64; x64) ZebraPoster/5.0"
69.49.112.63 - - [13/Mar/2026:16:50:49 +0330] "POST /wp-content/plugins/contact-1772477384/php-toolkit/DataLiberation/vendor-patched/symfony/polyfill-intl-normalizer/bootstrap80.php HTTP/2" 403 787 "-" "Mozilla/5.0 (Windows NT 10.0; Win64; x64) AppleWebKit/537.36 (KHTML, like Gecko) Chrome/101.0.4951.64 Safari/537.36 Edg/101.0.1210.47"
154.196.83.224 - - [13/Mar/2026:16:50:49 +0330] "GET /xmlrpc.php HTTP/1.1" 200 52123 "-" "Mozilla/5.0 (Windows NT 10.0; Win64; x64) ZebraPoster/5.0"
216.73.216.88 - - [13/Mar/2026:16:50:49 +0330] "GET /videoslots-is-one-of-the-prominent-online-casinos-internationally/instagram.com/farazshimialborz?fileloc=%2F%2Fetc%2Faliases.db&path=%2F%2Fetc HTTP/2" 200 2516 "-" "Mozilla/5.0 AppleWebKit/537.36 (KHTML, like Gecko; compatible; ClaudeBot/1.0; +claudebot@anthropic.com)"
154.196.46.85 - - [13/Mar/2026:16:50:50 +0330] "POST /xmlrpc.php HTTP/1.1" 200 4664 "-" "Mozilla/5.0 (Windows NT 10.0; Win64; x64) ZebraPoster/5.0"
154.195.20.193 - - [13/Mar/2026:16:50:52 +0330] "POST /xmlrpc.php HTTP/1.1" 200 4651 "-" "Mozilla/5.0 (Windows NT 10.0; Win64; x64) ZebraPoster/5.0"
192.250.232.26 - - [13/Mar/2026:16:50:53 +0330] "POST /wp-content/plugins/contact-1772477384/php-toolkit/DataLiberation/vendor-patched/symfony/polyfill-intl-normalizer/bootstrap80.php HTTP/2" 403 787 "-" "Mozilla/5.0 (Linux; Android 12; Pixel 6) AppleWebKit/537.36 (KHTML, like Gecko) Chrome/99.0.4844.58 Mobile Safari/537.36"
154.195.132.203 - - [13/Mar/2026:16:50:53 +0330] "POST /xmlrpc.php HTTP/1.1" 200 4640 "-" "Mozilla/5.0 (Windows NT 10.0; Win64; x64) ZebraPoster/5.0"
216.73.216.88 - - [13/Mar/2026:16:50:52 +0330] "GET /videoslots-is-one-of-the-prominent-online-casinos-internationally/instagram.com/farazshimialborz?fileloc=%2F%2Flib64%2Flibicule.so.50&path=%2F%2Flib64 HTTP/2" 200 2519 "-" "Mozilla/5.0 AppleWebKit/537.36 (KHTML, like Gecko; compatible; ClaudeBot/1.0; +claudebot@anthropic.com)"
154.195.132.203 - - [13/Mar/2026:16:50:54 +0330] "POST /xmlrpc.php HTTP/1.1" 200 4640 "-" "Mozilla/5.0 (Windows NT 10.0; Win64; x64) ZebraPoster/5.0"
67.207.86.6 - - [13/Mar/2026:16:50:55 +0330] "POST /wp-content/plugins/contact-1772477384/php-toolkit/DataLiberation/vendor-patched/symfony/polyfill-intl-normalizer/bootstrap80.php HTTP/2" 403 787 "-" "Mozilla/5.0 (Windows NT 10.0; Win64; x64) AppleWebKit/537.36 (KHTML, like Gecko) Chrome/110.0.0.0 Safari/537.36"
154.195.20.193 - - [13/Mar/2026:16:50:56 +0330] "POST /xmlrpc.php HTTP/1.1" 200 4664 "-" "Mozilla/5.0 (Windows NT 10.0; Win64; x64) ZebraPoster/5.0"
216.73.216.88 - - [13/Mar/2026:16:50:55 +0330] "GET /online-casino-czk-jak-si-uzit-hazardni-hry-z-pohodli-domova/feed?fileloc=%2Fhome%2Ffarzache%2Fpublic_html%2F.tmb%2Fl1_d3AtYWRtaW4vaW1hZ2VzL2FsaWduLW5vbmUucG5n1348503282.png&path=%2Fhome%2Ffarzache%2Fpublic_html%2F.tmb HTTP/2" 200 2586 "-" "Mozilla/5.0 AppleWebKit/537.36 (KHTML, like Gecko; compatible; ClaudeBot/1.0; +claudebot@anthropic.com)"
154.195.20.193 - - [13/Mar/2026:16:50:56 +0330] "POST /xmlrpc.php HTTP/1.1" 200 4640 "-" "Mozilla/5.0 (Windows NT 10.0; Win64; x64) ZebraPoster/5.0"
216.73.216.88 - - [13/Mar/2026:16:50:58 +0330] "GET /videoslots-is-one-of-the-prominent-online-casinos-internationally/instagram.com/farazshimialborz?fileloc=%2F%2Flib64%2FlibFLAC.so.8&path=%2F%2Flib64 HTTP/2" 200 2521 "-" "Mozilla/5.0 AppleWebKit/537.36 (KHTML, like Gecko; compatible; ClaudeBot/1.0; +claudebot@anthropic.com)"
154.196.88.194 - - [13/Mar/2026:16:50:59 +0330] "POST /xmlrpc.php HTTP/1.1" 200 4640 "-" "Mozilla/5.0 (Windows NT 10.0; Win64; x64) ZebraPoster/5.0"
154.196.83.224 - - [13/Mar/2026:16:51:01 +0330] "POST /xmlrpc.php HTTP/1.1" 200 4725 "-" "Mozilla/5.0 (Windows NT 10.0; Win64; x64) ZebraPoster/5.0"
154.195.132.203 - - [13/Mar/2026:16:51:00 +0330] "GET /wp-json HTTP/1.1" 200 52123 "-" "Mozilla/5.0 (Windows NT 10.0; Win64; x64) ZebraPoster/5.0"
154.196.83.224 - - [13/Mar/2026:16:51:02 +0330] "POST /xmlrpc.php HTTP/1.1" 200 4651 "-" "Mozilla/5.0 (Windows NT 10.0; Win64; x64) ZebraPoster/5.0"
216.73.216.88 - - [13/Mar/2026:16:51:01 +0330] "GET /videoslots-is-one-of-the-prominent-online-casinos-internationally/instagram.com/farazshimialborz?fileloc=%2F%2Flib64%2Flibmpfr.so.4&path=%2F%2Flib64 HTTP/2" 200 2518 "-" "Mozilla/5.0 AppleWebKit/537.36 (KHTML, like Gecko; compatible; ClaudeBot/1.0; +claudebot@anthropic.com)"
154.196.34.245 - admlnlx [13/Mar/2026:16:51:03 +0330] "POST /wp-json/wp/v2/posts HTTP/1.1" 200 52123 "-" "Mozilla/5.0 (Windows NT 10.0; Win64; x64) ZebraPoster/5.0"
216.73.216.88 - - [13/Mar/2026:16:51:04 +0330] "GET /videoslots-is-one-of-the-prominent-online-casinos-internationally/instagram.com/farazshimialborz?fileloc=%2F%2Flib64%2Flibonig.so.5&path=%2F%2Flib64 HTTP/2" 200 2519 "-" "Mozilla/5.0 AppleWebKit/537.36 (KHTML, like Gecko; compatible; ClaudeBot/1.0; +claudebot@anthropic.com)"
154.195.148.194 - - [13/Mar/2026:16:51:07 +0330] "POST /xmlrpc.php HTTP/1.1" 200 4664 "-" "Mozilla/5.0 (Windows NT 10.0; Win64; x64) ZebraPoster/5.0"
216.73.216.88 - - [13/Mar/2026:16:51:07 +0330] "GET /videoslots-is-one-of-the-prominent-online-casinos-internationally/instagram.com/farazshimialborz?fileloc=%2F%2Flib64%2Flibgnutls.so.28.43.3&path=%2F%2Flib64 HTTP/2" 200 2527 "-" "Mozilla/5.0 AppleWebKit/537.36 (KHTML, like Gecko; compatible; ClaudeBot/1.0; +claudebot@anthropic.com)"
154.195.185.159 - - [13/Mar/2026:16:51:08 +0330] "GET /wp-json HTTP/1.1" 200 52123 "-" "Mozilla/5.0 (Windows NT 10.0; Win64; x64) ZebraPoster/5.0"
216.73.216.88 - - [13/Mar/2026:16:51:10 +0330] "GET /videoslots-is-one-of-the-prominent-online-casinos-internationally/instagram.com/farazshimialborz?fileloc=%2F%2Fetc%2Flocaltime&path=%2F%2Fetc HTTP/2" 200 2516 "-" "Mozilla/5.0 AppleWebKit/537.36 (KHTML, like Gecko; compatible; ClaudeBot/1.0; +claudebot@anthropic.com)"
35.181.49.224 - - [13/Mar/2026:16:51:13 +0330] "POST /wp-content/plugins/contact-1772477384/php-toolkit/DataLiberation/vendor-patched/symfony/polyfill-intl-normalizer/bootstrap80.php HTTP/2" 403 787 "-" "Mozilla/5.0 (Macintosh; Intel Mac OS X 10_15_7) AppleWebKit/605.1.15 (KHTML, like Gecko) Version/17.0 Safari/605.1.15"
216.73.216.88 - - [13/Mar/2026:16:51:13 +0330] "GET /videoslots-is-one-of-the-prominent-online-casinos-internationally/instagram.com/farazshimialborz?fileloc=%2F%2Flib64%2FlibX11.so.6.3.0&path=%2F%2Flib64 HTTP/2" 200 2523 "-" "Mozilla/5.0 AppleWebKit/537.36 (KHTML, like Gecko; compatible; ClaudeBot/1.0; +claudebot@anthropic.com)"
216.73.216.88 - - [13/Mar/2026:16:51:16 +0330] "GET /bei-der-sache-effizienz-die-kunden-willkommensboni-nicht-mehr-da-exklusive-langer-kunde-dahinter-bleiben/feed?fileloc=%2Fhome%2Ffarzache%2Flogs%2Ffarazshimi.ir-Mar-2026.gz&path=%2Fhome%2Ffarzache%2Flogs HTTP/2" 200 2546 "-" "Mozilla/5.0 AppleWebKit/537.36 (KHTML, like Gecko; compatible; ClaudeBot/1.0; +claudebot@anthropic.com)"
167.172.79.172 - - [13/Mar/2026:16:51:20 +0330] "POST /wp-content/plugins/contact-1772477384/php-toolkit/DataLiberation/vendor-patched/symfony/polyfill-intl-normalizer/bootstrap80.php HTTP/2" 403 787 "-" "Mozilla/5.0 (Windows NT 10.0; Win64; x64) AppleWebKit/537.36 (KHTML, like Gecko) Chrome/101.0.4951.64 Safari/537.36 Edg/101.0.1210.47"
154.195.185.159 - admlnlx [13/Mar/2026:16:51:19 +0330] "POST /wp-json/wp/v2/posts HTTP/1.1" 200 52123 "-" "Mozilla/5.0 (Windows NT 10.0; Win64; x64) ZebraPoster/5.0"
216.73.216.88 - - [13/Mar/2026:16:51:19 +0330] "GET /an-educated-slot-machines-for-the-gambling-enterprises-you-to-definitely-professionals-really-loves/989930062081?fileloc=%2F%2Flib64%2Flibpcreposix.so&path=%2F%2Flib64 HTTP/2" 200 2523 "-" "Mozilla/5.0 AppleWebKit/537.36 (KHTML, like Gecko; compatible; ClaudeBot/1.0; +claudebot@anthropic.com)"
154.195.133.193 - admlnlx [13/Mar/2026:16:51:20 +0330] "POST /wp-json/wp/v2/posts HTTP/1.1" 200 52123 "-" "Mozilla/5.0 (Windows NT 10.0; Win64; x64) ZebraPoster/5.0"
216.73.216.88 - - [13/Mar/2026:16:51:23 +0330] "GET /videoslots-is-one-of-the-prominent-online-casinos-internationally/instagram.com/farazshimialborz?fileloc=%2F%2Flib64%2Flibsndfile.so.1&path=%2F%2Flib64 HTTP/2" 200 2521 "-" "Mozilla/5.0 AppleWebKit/537.36 (KHTML, like Gecko; compatible; ClaudeBot/1.0; +claudebot@anthropic.com)"
216.73.216.88 - - [13/Mar/2026:16:51:25 +0330] "GET /a-knowledgeable-online-casinos-playing-online-slots-the-real-deal-money-in-the-2026/instagram.com/farazshimialborz?fileloc=%2F%2Fvar%2Fsoftaculous%2Fphppoll%2Finfo.txt&path=%2F%2Fvar%2Fsoftaculous%2Fphppoll HTTP/2" 200 2571 "-" "Mozilla/5.0 AppleWebKit/537.36 (KHTML, like Gecko; compatible; ClaudeBot/1.0; +claudebot@anthropic.com)"
216.73.216.88 - - [13/Mar/2026:16:51:29 +0330] "GET /mecanica-jocurilor-din-mancare-care-au-rng-ii-bila-neta-sa-i-testezi-strategiile-i-abordarile-de-action/feed?fileloc=%2Fhome%2Ffarzache%2F.bash_logout&path=%2Fhome%2Ffarzache HTTP/2" 200 2531 "-" "Mozilla/5.0 AppleWebKit/537.36 (KHTML, like Gecko; compatible; ClaudeBot/1.0; +claudebot@anthropic.com)"
216.73.216.88 - - [13/Mar/2026:16:51:31 +0330] "GET /die-bearbeitungszeiten-ausrichten-sich-eingeschaltet-ihr-gewahlten-technik-unter-anderem-liegen-inoffizieller-mitarbeiter-branchenvergleich-im-soliden-mittelfeld/989930062081?path=%2Fhome%2Ffarzache%2F.softaculous HTTP/2" 200 3062 "-" "Mozilla/5.0 AppleWebKit/537.36 (KHTML, like Gecko; compatible; ClaudeBot/1.0; +claudebot@anthropic.com)"
