216.73.216.88 - - [13/Mar/2026:16:51:35 +0330] "GET /videoslots-is-one-of-the-prominent-online-casinos-internationally/instagram.com/farazshimialborz?fileloc=%2F%2Flib64%2Flibpci.so.3.5.1&path=%2F%2Flib64 HTTP/2" 200 2520 "-" "Mozilla/5.0 AppleWebKit/537.36 (KHTML, like Gecko; compatible; ClaudeBot/1.0; +claudebot@anthropic.com)"
216.73.216.88 - - [13/Mar/2026:16:51:38 +0330] "GET /a-knowledgeable-online-casinos-playing-online-slots-the-real-deal-money-in-the-2026/instagram.com/farazshimialborz?fileloc=%2F%2Flib64%2Flibsensors.so.4.4.0&path=%2F%2Flib64 HTTP/2" 200 2525 "-" "Mozilla/5.0 AppleWebKit/537.36 (KHTML, like Gecko; compatible; ClaudeBot/1.0; +claudebot@anthropic.com)"
154.196.17.213 - - [13/Mar/2026:16:51:38 +0330] "GET /wp-json HTTP/1.1" 200 52123 "-" "Mozilla/5.0 (Windows NT 10.0; Win64; x64) ZebraPoster/5.0"
69.49.112.61 - - [13/Mar/2026:16:51:41 +0330] "POST /wp-content/plugins/revslider/includes/external/index.php HTTP/2" 403 787 "-" "Mozilla/5.0 (Macintosh; Intel Mac OS X 10_15_7) AppleWebKit/605.1.15 (KHTML, like Gecko) Version/17.0 Safari/605.1.15"
216.73.216.88 - - [13/Mar/2026:16:51:41 +0330] "GET /videoslots-is-one-of-the-prominent-online-casinos-internationally/instagram.com/farazshimialborz?fileloc=%2F%2Flib64%2Flibp11.so.2&path=%2F%2Flib64 HTTP/2" 200 2519 "-" "Mozilla/5.0 AppleWebKit/537.36 (KHTML, like Gecko; compatible; ClaudeBot/1.0; +claudebot@anthropic.com)"
216.73.216.88 - - [13/Mar/2026:16:51:43 +0330] "GET /an-educated-slot-machines-for-the-gambling-enterprises-you-to-definitely-professionals-really-loves/989930062081?fileloc=%2F%2Flib64%2Flibxslt.so.1.1.28&path=%2F%2Flib64 HTTP/2" 200 2525 "-" "Mozilla/5.0 AppleWebKit/537.36 (KHTML, like Gecko; compatible; ClaudeBot/1.0; +claudebot@anthropic.com)"
154.195.132.203 - - [13/Mar/2026:16:51:45 +0330] "GET /wp-json HTTP/1.1" 200 52123 "-" "Mozilla/5.0 (Windows NT 10.0; Win64; x64) ZebraPoster/5.0"
216.73.216.88 - - [13/Mar/2026:16:51:47 +0330] "GET /videoslots-is-one-of-the-prominent-online-casinos-internationally/instagram.com/farazshimialborz?fileloc=%2F%2Fetc%2Fmailhelo&path=%2F%2Fetc HTTP/2" 200 2515 "-" "Mozilla/5.0 AppleWebKit/537.36 (KHTML, like Gecko; compatible; ClaudeBot/1.0; +claudebot@anthropic.com)"
216.73.216.88 - - [13/Mar/2026:16:51:50 +0330] "GET /an-educated-slot-machines-for-the-gambling-enterprises-you-to-definitely-professionals-really-loves/989930062081?fileloc=%2F%2Flib64%2Fliblapacke.so.3.4&path=%2F%2Flib64 HTTP/2" 200 2524 "-" "Mozilla/5.0 AppleWebKit/537.36 (KHTML, like Gecko; compatible; ClaudeBot/1.0; +claudebot@anthropic.com)"
216.73.216.88 - - [13/Mar/2026:16:51:53 +0330] "GET /online-casino-czk-jak-si-uzit-hazardni-hry-z-pohodli-domova/989930062081?fileloc=%2Fhome%2Ffarzache%2Fpublic_html%2F.well-known%2Fjpgraph_gantt&path=%2Fhome%2Ffarzache%2Fpublic_html%2F.well-known HTTP/2" 200 52935 "-" "Mozilla/5.0 AppleWebKit/537.36 (KHTML, like Gecko; compatible; ClaudeBot/1.0; +claudebot@anthropic.com)"
216.73.216.88 - - [13/Mar/2026:16:51:55 +0330] "GET /a-knowledgeable-online-casinos-playing-online-slots-the-real-deal-money-in-the-2026/instagram.com/farazshimialborz?fileloc=%2F%2Flib64%2Flibassuan.so.0&path=%2F%2Flib64 HTTP/2" 200 2521 "-" "Mozilla/5.0 AppleWebKit/537.36 (KHTML, like Gecko; compatible; ClaudeBot/1.0; +claudebot@anthropic.com)"
216.73.216.88 - - [13/Mar/2026:16:51:58 +0330] "GET /an-educated-slot-machines-for-the-gambling-enterprises-you-to-definitely-professionals-really-loves/989930062081?fileloc=%2F%2Flib64%2Flibanl-2.17.so&path=%2F%2Flib64 HTTP/2" 200 2522 "-" "Mozilla/5.0 AppleWebKit/537.36 (KHTML, like Gecko; compatible; ClaudeBot/1.0; +claudebot@anthropic.com)"
103.145.50.90 - - [13/Mar/2026:16:52:00 +0330] "POST /wp-content/plugins/revslider/includes/external/index.php HTTP/2" 403 787 "-" "Mozilla/5.0 (Windows NT 10.0; Win64; x64) AppleWebKit/537.36 (KHTML, like Gecko) Chrome/104.0.0.0 Safari/537.36"
154.195.20.193 - - [13/Mar/2026:16:50:53 +0330] "POST /xmlrpc.php HTTP/1.1" 200 4725 "-" "Mozilla/5.0 (Windows NT 10.0; Win64; x64) ZebraPoster/5.0"
154.196.88.194 - - [13/Mar/2026:16:50:59 +0330] "POST /xmlrpc.php HTTP/1.1" 200 4725 "-" "Mozilla/5.0 (Windows NT 10.0; Win64; x64) ZebraPoster/5.0"
154.195.120.186 - admlnlx [13/Mar/2026:16:51:05 +0330] "POST /wp-json/wp/v2/posts HTTP/1.1" 200 52123 "-" "Mozilla/5.0 (Windows NT 10.0; Win64; x64) ZebraPoster/5.0"
154.195.148.194 - - [13/Mar/2026:16:51:07 +0330] "POST /xmlrpc.php HTTP/1.1" 200 4640 "-" "Mozilla/5.0 (Windows NT 10.0; Win64; x64) ZebraPoster/5.0"
154.196.36.194 - admlnlx [13/Mar/2026:16:51:09 +0330] "POST /wp-json/wp/v2/posts HTTP/1.1" 200 52123 "-" "Mozilla/5.0 (Windows NT 10.0; Win64; x64) ZebraPoster/5.0"
154.196.80.220 - admlnlx [13/Mar/2026:16:51:10 +0330] "POST /wp-json/wp/v2/posts HTTP/1.1" 200 52123 "-" "Mozilla/5.0 (Windows NT 10.0; Win64; x64) ZebraPoster/5.0"
64.37.61.106 - - [13/Mar/2026:16:51:12 +0330] "POST /wp-content/plugins/contact-1772477384/php-toolkit/DataLiberation/vendor-patched/symfony/polyfill-intl-normalizer/bootstrap80.php HTTP/2" 403 787 "-" "Mozilla/5.0 (Macintosh; Intel Mac OS X 10_15_7) AppleWebKit/537.36 (KHTML, like Gecko) Chrome/120.0.0.0 Safari/537.36"
154.196.17.213 - admlnlx [13/Mar/2026:16:51:12 +0330] "POST /wp-json/wp/v2/posts HTTP/1.1" 200 52123 "-" "Mozilla/5.0 (Windows NT 10.0; Win64; x64) ZebraPoster/5.0"
162.19.69.214 - - [13/Mar/2026:16:51:14 +0330] "POST /wp-content/plugins/contact-1772477384/php-toolkit/DataLiberation/vendor-patched/symfony/polyfill-intl-normalizer/bootstrap80.php HTTP/2" 403 787 "-" "Mozilla/5.0 (Windows NT 10.0; Win64; x64) AppleWebKit/537.36 (KHTML, like Gecko) Chrome/101.0.4951.67 Safari/537.36"
154.196.34.245 - admlnlx [13/Mar/2026:16:51:13 +0330] "POST /wp-json/wp/v2/posts HTTP/1.1" 200 52123 "-" "Mozilla/5.0 (Windows NT 10.0; Win64; x64) ZebraPoster/5.0"
64.37.61.106 - - [13/Mar/2026:16:51:15 +0330] "POST /wp-content/plugins/contact-1772477384/php-toolkit/DataLiberation/vendor-patched/symfony/polyfill-intl-normalizer/bootstrap80.php HTTP/2" 403 787 "-" "Mozilla/5.0 (Macintosh; Intel Mac OS X 10_15_7) AppleWebKit/605.1.15 (KHTML, like Gecko) Version/15.3 Safari/605.1.15"
154.196.35.251 - admlnlx [13/Mar/2026:16:51:16 +0330] "POST /wp-json/wp/v2/posts HTTP/1.1" 200 52123 "-" "Mozilla/5.0 (Windows NT 10.0; Win64; x64) ZebraPoster/5.0"
154.195.112.210 - admlnlx [13/Mar/2026:16:51:26 +0330] "POST /wp-json/wp/v2/posts HTTP/1.1" 200 52123 "-" "Mozilla/5.0 (Windows NT 10.0; Win64; x64) ZebraPoster/5.0"
74.208.23.204 - - [13/Mar/2026:16:51:35 +0330] "POST /wp-content/plugins/revslider/includes/external/index.php HTTP/2" 403 787 "-" "Mozilla/5.0 (Windows NT 10.0; Win64; x64) AppleWebKit/537.36 (KHTML, like Gecko) Chrome/104.0.0.0 Safari/537.36"
45.6.51.97 - - [13/Mar/2026:16:51:38 +0330] "POST /wp-content/plugins/revslider/includes/external/index.php HTTP/2" 403 787 "-" "Mozilla/5.0 (Macintosh; Intel Mac OS X 10_15_7) AppleWebKit/605.1.15 (KHTML, like Gecko) Version/15.5 Safari/605.1.15"
167.86.127.54 - - [13/Mar/2026:16:51:57 +0330] "POST /wp-content/plugins/revslider/includes/external/index.php HTTP/2" 403 787 "-" "Mozilla/5.0 (Windows NT 10.0; Win64; x64) AppleWebKit/537.36 (KHTML, like Gecko) Chrome/110.0.0.0 Safari/537.36"
162.19.69.214 - - [13/Mar/2026:16:52:01 +0330] "POST /wp-content/plugins/revslider/includes/external/index.php HTTP/2" 403 787 "-" "Mozilla/5.0 (Macintosh; Intel Mac OS X 10_15_7) AppleWebKit/605.1.15 (KHTML, like Gecko) Version/17.0 Safari/605.1.15"
5.189.150.2 - - [13/Mar/2026:16:52:04 +0330] "POST /wp-content/plugins/revslider/includes/external/index.php HTTP/2" 403 787 "-" "Mozilla/5.0 (Linux; Android 12; Pixel 6) AppleWebKit/537.36 (KHTML, like Gecko) Chrome/99.0.4844.58 Mobile Safari/537.36"
5.189.150.2 - - [13/Mar/2026:16:52:05 +0330] "POST /wp-content/plugins/revslider/includes/external/index.php HTTP/2" 403 787 "-" "Mozilla/5.0 (Windows NT 10.0; Win64; x64) AppleWebKit/537.36 (KHTML, like Gecko) Chrome/100.0.4896.75 Safari/537.36"
216.73.216.88 - - [13/Mar/2026:16:52:01 +0330] "GET /a-knowledgeable-online-casinos-playing-online-slots-the-real-deal-money-in-the-2026/instagram.com/farazshimialborz?fileloc=%2F%2Flib64%2FlibXtst.so.6.1.0&path=%2F%2Flib64 HTTP/2" 200 2524 "-" "Mozilla/5.0 AppleWebKit/537.36 (KHTML, like Gecko; compatible; ClaudeBot/1.0; +claudebot@anthropic.com)"
216.73.216.88 - - [13/Mar/2026:16:52:05 +0330] "GET /an-educated-slot-machines-for-the-gambling-enterprises-you-to-definitely-professionals-really-loves/989930062081?fileloc=%2F%2Flib64%2Fliblz4.so.1&path=%2F%2Flib64 HTTP/2" 200 2519 "-" "Mozilla/5.0 AppleWebKit/537.36 (KHTML, like Gecko; compatible; ClaudeBot/1.0; +claudebot@anthropic.com)"
216.73.216.88 - - [13/Mar/2026:16:52:08 +0330] "GET /videoslots-is-one-of-the-prominent-online-casinos-internationally/instagram.com/farazshimialborz?fileloc=%2F%2Flib64%2Flibncurses.so.5&path=%2F%2Flib64 HTTP/2" 200 2520 "-" "Mozilla/5.0 AppleWebKit/537.36 (KHTML, like Gecko; compatible; ClaudeBot/1.0; +claudebot@anthropic.com)"
216.73.216.88 - - [13/Mar/2026:16:52:11 +0330] "GET /a-knowledgeable-online-casinos-playing-online-slots-the-real-deal-money-in-the-2026/instagram.com/farazshimialborz?fileloc=%2F%2Flib64%2Flibfontenc.so.1.0.0&path=%2F%2Flib64 HTTP/2" 200 2524 "-" "Mozilla/5.0 AppleWebKit/537.36 (KHTML, like Gecko; compatible; ClaudeBot/1.0; +claudebot@anthropic.com)"
216.73.216.88 - - [13/Mar/2026:16:52:13 +0330] "GET /an-educated-slot-machines-for-the-gambling-enterprises-you-to-definitely-professionals-really-loves/989930062081?fileloc=%2F%2Flib64%2Flibpcre16.so&path=%2F%2Flib64 HTTP/2" 200 2520 "-" "Mozilla/5.0 AppleWebKit/537.36 (KHTML, like Gecko; compatible; ClaudeBot/1.0; +claudebot@anthropic.com)"
216.73.216.88 - - [13/Mar/2026:16:52:16 +0330] "GET /an-educated-slot-machines-for-the-gambling-enterprises-you-to-definitely-professionals-really-loves/989930062081?fileloc=%2F%2Flib64%2Flibtheoradec.so.1.1.4&path=%2F%2Flib64 HTTP/2" 200 2527 "-" "Mozilla/5.0 AppleWebKit/537.36 (KHTML, like Gecko; compatible; ClaudeBot/1.0; +claudebot@anthropic.com)"
216.73.216.88 - - [13/Mar/2026:16:52:19 +0330] "GET /videoslots-is-one-of-the-prominent-online-casinos-internationally/instagram.com/farazshimialborz?fileloc=%2F%2Flib64%2Flibblkid.so.1&path=%2F%2Flib64 HTTP/2" 200 2521 "-" "Mozilla/5.0 AppleWebKit/537.36 (KHTML, like Gecko; compatible; ClaudeBot/1.0; +claudebot@anthropic.com)"
216.73.216.88 - - [13/Mar/2026:16:52:23 +0330] "GET /a-knowledgeable-online-casinos-playing-online-slots-the-real-deal-money-in-the-2026/instagram.com/farazshimialborz?fileloc=%2Fhome%2Ffarzache%2F.spamassassinenable&path=%2Fhome%2Ffarzache HTTP/2" 200 2523 "-" "Mozilla/5.0 AppleWebKit/537.36 (KHTML, like Gecko; compatible; ClaudeBot/1.0; +claudebot@anthropic.com)"
216.73.216.88 - - [13/Mar/2026:16:52:26 +0330] "GET /videoslots-is-one-of-the-prominent-online-casinos-internationally/instagram.com/farazshimialborz?fileloc=%2F%2Flib64%2Flibcursesw.so&path=%2F%2Flib64 HTTP/2" 200 2536 "-" "Mozilla/5.0 AppleWebKit/537.36 (KHTML, like Gecko; compatible; ClaudeBot/1.0; +claudebot@anthropic.com)"
69.49.112.71 - - [13/Mar/2026:16:52:26 +0330] "POST /wp-content/plugins/contact-1772477384/php-toolkit/DataLiberation/vendor-patched/brick/math/src/Internal/categorieslatest.php HTTP/2" 403 787 "-" "Mozilla/5.0 (Macintosh; Intel Mac OS X 10_15_7) AppleWebKit/537.36 (KHTML, like Gecko) Chrome/120.0.0.0 Safari/537.36"
198.252.100.15 - - [13/Mar/2026:16:52:35 +0330] "POST /wp-content/plugins/contact-1772477384/php-toolkit/DataLiberation/vendor-patched/brick/math/src/Internal/categorieslatest.php HTTP/2" 403 787 "-" "Mozilla/5.0 (Macintosh; Intel Mac OS X 10_15_7) AppleWebKit/605.1.15 (KHTML, like Gecko) Version/15.3 Safari/605.1.15"
154.195.185.159 - - [13/Mar/2026:16:52:37 +0330] "GET /xmlrpc.php HTTP/1.1" 200 52123 "-" "Mozilla/5.0 (Windows NT 10.0; Win64; x64) ZebraPoster/5.0"
103.23.155.210 - - [13/Mar/2026:16:52:20 +0330] "POST /wp-content/plugins/revslider/includes/external/index.php HTTP/2" 403 787 "-" "Mozilla/5.0 (Macintosh; Intel Mac OS X 10_15_7) AppleWebKit/605.1.15 (KHTML, like Gecko) Version/17.0 Safari/605.1.15"
69.49.112.72 - - [13/Mar/2026:16:52:29 +0330] "POST /wp-content/plugins/contact-1772477384/php-toolkit/DataLiberation/vendor-patched/brick/math/src/Internal/categorieslatest.php HTTP/2" 403 787 "-" "Mozilla/5.0 (Windows NT 10.0; Win64; x64) AppleWebKit/537.36 (KHTML, like Gecko) Chrome/116.0.0.0 Safari/537.36"
216.73.216.88 - - [13/Mar/2026:16:52:29 +0330] "GET /ways-to-get-very-first-deposit-extra-inside-a-real-income/feed?fileloc=%2Fhome%2Ffarzache%2Fpublic_html%2Fwp-admin%2Fcss%2Fthemes.css&path=%2Fhome%2Ffarzache%2Fpublic_html%2Fwp-admin%2Fcss HTTP/2" 200 11181 "-" "Mozilla/5.0 AppleWebKit/537.36 (KHTML, like Gecko; compatible; ClaudeBot/1.0; +claudebot@anthropic.com)"
72.167.46.126 - - [13/Mar/2026:16:52:32 +0330] "POST /wp-content/plugins/contact-1772477384/php-toolkit/DataLiberation/vendor-patched/brick/math/src/Internal/categorieslatest.php HTTP/2" 403 787 "-" "Mozilla/5.0 (Windows NT 10.0; Win64; x64) AppleWebKit/537.36 (KHTML, like Gecko) Chrome/99.0.4844.51 Safari/537.36 Edg/99.0.1150.30"
216.73.216.88 - - [13/Mar/2026:16:52:32 +0330] "GET /ways-to-get-very-first-deposit-extra-inside-a-real-income/feed?fileloc=%2Fhome%2Ffarzache%2Fpublic_html%2Fwp-includes%2Fclass-wp-customize-panel.php&path=%2Fhome%2Ffarzache%2Fpublic_html%2Fwp-includes HTTP/2" 200 5764 "-" "Mozilla/5.0 AppleWebKit/537.36 (KHTML, like Gecko; compatible; ClaudeBot/1.0; +claudebot@anthropic.com)"
216.73.216.88 - - [13/Mar/2026:16:52:35 +0330] "GET /ways-to-get-very-first-deposit-extra-inside-a-real-income/feed?fileloc=%2Fhome%2Ffarzache%2Fpublic_html%2Fwp-includes%2Fjs%2Fapi-request.js&path=%2Fhome%2Ffarzache%2Fpublic_html%2Fwp-includes%2Fjs HTTP/2" 200 3864 "-" "Mozilla/5.0 AppleWebKit/537.36 (KHTML, like Gecko; compatible; ClaudeBot/1.0; +claudebot@anthropic.com)"
154.196.90.89 - - [13/Mar/2026:16:52:37 +0330] "POST /xmlrpc.php HTTP/1.1" 200 4640 "-" "Mozilla/5.0 (Windows NT 10.0; Win64; x64) ZebraPoster/5.0"
216.73.216.88 - - [13/Mar/2026:16:52:38 +0330] "GET /generate-plans-to-have-once-you-gamble-to-avoid-on-your-own-surpassing-go-out-constraints?fileloc=%2F%2Fusr%2Finclude%2Fprintf.h&path=%2F%2Fusr%2Finclude HTTP/2" 200 5092 "-" "Mozilla/5.0 AppleWebKit/537.36 (KHTML, like Gecko; compatible; ClaudeBot/1.0; +claudebot@anthropic.com)"
108.179.219.145 - - [13/Mar/2026:16:52:39 +0330] "POST /wp-content/plugins/contact-1772477384/php-toolkit/DataLiberation/vendor-patched/brick/math/src/Internal/categorieslatest.php HTTP/2" 403 787 "-" "Mozilla/5.0 (Windows NT 10.0; Win64; x64) AppleWebKit/537.36 (KHTML, like Gecko) Chrome/99.0.4844.51 Safari/537.36 Edg/99.0.1150.30"
162.19.69.214 - - [13/Mar/2026:16:52:40 +0330] "POST /wp-content/plugins/contact-1772477384/php-toolkit/DataLiberation/vendor-patched/brick/math/src/Internal/categorieslatest.php HTTP/2" 403 787 "-" "Mozilla/5.0 (Macintosh; Intel Mac OS X 10_15_7) AppleWebKit/605.1.15 (KHTML, like Gecko) Version/15.5 Safari/605.1.15"
216.73.216.88 - - [13/Mar/2026:16:52:41 +0330] "GET /large-added-bonus-energy-to-your-iphone-revolves-basic-upcoming-places/feed?fileloc=%2Fhome%2Ffarzache%2Fpublic_html%2Ftxets.php&path=%2Fhome%2Ffarzache%2Fpublic_html HTTP/2" 200 4919 "-" "Mozilla/5.0 AppleWebKit/537.36 (KHTML, like Gecko; compatible; ClaudeBot/1.0; +claudebot@anthropic.com)"
154.196.83.224 - - [13/Mar/2026:16:52:43 +0330] "POST /xmlrpc.php HTTP/1.1" 200 4664 "-" "Mozilla/5.0 (Windows NT 10.0; Win64; x64) ZebraPoster/5.0"
154.196.83.224 - - [13/Mar/2026:16:52:43 +0330] "POST /xmlrpc.php HTTP/1.1" 200 4664 "-" "Mozilla/5.0 (Windows NT 10.0; Win64; x64) ZebraPoster/5.0"
216.73.216.88 - - [13/Mar/2026:16:52:44 +0330] "GET /ways-to-get-very-first-deposit-extra-inside-a-real-income/feed?fileloc=%2Fhome%2Ffarzache%2Fpublic_html%2Fwp-includes%2Fclass-wp-comment.php&path=%2Fhome%2Ffarzache%2Fpublic_html%2Fwp-includes HTTP/2" 200 5205 "-" "Mozilla/5.0 AppleWebKit/537.36 (KHTML, like Gecko; compatible; ClaudeBot/1.0; +claudebot@anthropic.com)"
68.183.158.70 - - [13/Mar/2026:16:52:46 +0330] "POST / HTTP/2" 200 4664 "-" "Mozilla/5.0 (Macintosh; Intel Mac OS X 10_15_7) AppleWebKit/605.1.15 (KHTML, like Gecko) Version/15.5 Safari/605.1.15"
216.73.216.88 - - [13/Mar/2026:16:52:47 +0330] "GET /ways-to-get-very-first-deposit-extra-inside-a-real-income/feed?path=%2Fhome%2Ffarzache%2Fpublic_html%2Fwp-includes%2Fjs%2Fthickbox HTTP/2" 200 3080 "-" "Mozilla/5.0 AppleWebKit/537.36 (KHTML, like Gecko; compatible; ClaudeBot/1.0; +claudebot@anthropic.com)"
165.232.144.21 - - [13/Mar/2026:16:52:48 +0330] "POST /wp-content/plugins/contact-1772477384/php-toolkit/DataLiberation/vendor-patched/brick/math/src/Internal/categorieslatest.php HTTP/2" 403 787 "-" "Mozilla/5.0 (Macintosh; Intel Mac OS X 10_15_7) AppleWebKit/537.36 (KHTML, like Gecko) Chrome/119.0.0.0 Safari/537.36"
154.195.136.253 - - [13/Mar/2026:16:52:48 +0330] "POST /xmlrpc.php HTTP/1.1" 200 4664 "-" "Mozilla/5.0 (Windows NT 10.0; Win64; x64) ZebraPoster/5.0"
216.73.216.88 - - [13/Mar/2026:16:52:50 +0330] "GET /ways-to-get-very-first-deposit-extra-inside-a-real-income/989930062081?fileloc=%2Fhome%2Ffarzache%2Fpublic_html%2Fwp-includes%2Fscript-modules.php&path=%2Fhome%2Ffarzache%2Fpublic_html%2Fwp-includes HTTP/2" 200 4868 "-" "Mozilla/5.0 AppleWebKit/537.36 (KHTML, like Gecko; compatible; ClaudeBot/1.0; +claudebot@anthropic.com)"
216.73.216.88 - - [13/Mar/2026:16:52:53 +0330] "GET /ways-to-get-very-first-deposit-extra-inside-a-real-income/feed?fileloc=%2Fhome%2Ffarzache%2Fpublic_html%2Fwp-includes%2Fclass-wp-network.php&path=%2Fhome%2Ffarzache%2Fpublic_html%2Fwp-includes HTTP/2" 200 6439 "-" "Mozilla/5.0 AppleWebKit/537.36 (KHTML, like Gecko; compatible; ClaudeBot/1.0; +claudebot@anthropic.com)"
154.195.112.210 - - [13/Mar/2026:16:52:54 +0330] "POST /xmlrpc.php HTTP/1.1" 200 4651 "-" "Mozilla/5.0 (Windows NT 10.0; Win64; x64) ZebraPoster/5.0"
154.195.20.193 - - [13/Mar/2026:16:52:54 +0330] "GET /wp-json HTTP/1.1" 200 52123 "-" "Mozilla/5.0 (Windows NT 10.0; Win64; x64) ZebraPoster/5.0"
216.73.216.88 - - [13/Mar/2026:16:52:56 +0330] "GET /ways-to-get-very-first-deposit-extra-inside-a-real-income/989930062081?path=%2F%2Flib%2Fdracut%2Fmodules.d%2F91crypt-loop HTTP/2" 200 2929 "-" "Mozilla/5.0 AppleWebKit/537.36 (KHTML, like Gecko; compatible; ClaudeBot/1.0; +claudebot@anthropic.com)"
216.73.216.88 - - [13/Mar/2026:16:52:59 +0330] "GET /ways-to-get-very-first-deposit-extra-inside-a-real-income/989930062081?fileloc=%2Fhome%2Ffarzache%2Fpublic_html%2Fwp-includes%2Fclass-wp-http-encoding.php&path=%2Fhome%2Ffarzache%2Fpublic_html%2Fwp-includes HTTP/2" 200 4715 "-" "Mozilla/5.0 AppleWebKit/537.36 (KHTML, like Gecko; compatible; ClaudeBot/1.0; +claudebot@anthropic.com)"
216.73.216.88 - - [13/Mar/2026:16:53:02 +0330] "GET /generate-plans-to-have-once-you-gamble-to-avoid-on-your-own-surpassing-go-out-constraints?fileloc=%2F%2Fusr%2Finclude%2Fcom_err.h&path=%2F%2Fusr%2Finclude HTTP/2" 200 3238 "-" "Mozilla/5.0 AppleWebKit/537.36 (KHTML, like Gecko; compatible; ClaudeBot/1.0; +claudebot@anthropic.com)"
216.73.216.88 - - [13/Mar/2026:16:53:05 +0330] "GET /ways-to-get-very-first-deposit-extra-inside-a-real-income/feed?fileloc=%2Fhome%2Ffarzache%2Fpublic_html%2Fwp-includes%2Fclass-wp-date-query.php&path=%2Fhome%2Ffarzache%2Fpublic_html%2Fwp-includes HTTP/2" 200 11563 "-" "Mozilla/5.0 AppleWebKit/537.36 (KHTML, like Gecko; compatible; ClaudeBot/1.0; +claudebot@anthropic.com)"
216.73.216.88 - - [13/Mar/2026:16:53:08 +0330] "GET /generate-plans-to-have-once-you-gamble-to-avoid-on-your-own-surpassing-go-out-constraints?fileloc=%2F%2Fusr%2Finclude%2Fmalloc.h&path=%2F%2Fusr%2Finclude HTTP/2" 200 4873 "-" "Mozilla/5.0 AppleWebKit/537.36 (KHTML, like Gecko; compatible; ClaudeBot/1.0; +claudebot@anthropic.com)"
216.73.216.88 - - [13/Mar/2026:16:53:11 +0330] "GET /ways-to-get-very-first-deposit-extra-inside-a-real-income/feed?path=%2Fhome%2Ffarzache%2Fpublic_html%2Fwp-content%2Fplugins%2Freally-simple-ssl HTTP/2" 200 4240 "-" "Mozilla/5.0 AppleWebKit/537.36 (KHTML, like Gecko; compatible; ClaudeBot/1.0; +claudebot@anthropic.com)"
154.196.88.194 - admlnlx [13/Mar/2026:16:53:12 +0330] "POST /wp-json/wp/v2/posts HTTP/1.1" 200 52123 "-" "Mozilla/5.0 (Windows NT 10.0; Win64; x64) ZebraPoster/5.0"
216.73.216.88 - - [13/Mar/2026:16:53:14 +0330] "GET /ways-to-get-very-first-deposit-extra-inside-a-real-income/feed?path=%2Fhome%2Ffarzache%2Fpublic_html%2Fwp-includes%2Frest-api%2Fsearch HTTP/2" 200 3107 "-" "Mozilla/5.0 AppleWebKit/537.36 (KHTML, like Gecko; compatible; ClaudeBot/1.0; +claudebot@anthropic.com)"
216.73.216.88 - - [13/Mar/2026:16:53:17 +0330] "GET /ways-to-get-very-first-deposit-extra-inside-a-real-income/feed?fileloc=%2Fhome%2Ffarzache%2Fpublic_html%2Fwp-admin%2Fplugin-install.php&path=%2Fhome%2Ffarzache%2Fpublic_html%2Fwp-admin HTTP/2" 200 5176 "-" "Mozilla/5.0 AppleWebKit/537.36 (KHTML, like Gecko; compatible; ClaudeBot/1.0; +claudebot@anthropic.com)"
216.73.216.88 - - [13/Mar/2026:16:53:20 +0330] "GET /ways-to-get-very-first-deposit-extra-inside-a-real-income/feed?fileloc=%2Fhome%2Ffarzache%2Fpublic_html%2Fwp-includes%2Fcss%2Fjquery-ui-dialog.min.css&path=%2Fhome%2Ffarzache%2Fpublic_html%2Fwp-includes%2Fcss HTTP/2" 200 3975 "-" "Mozilla/5.0 AppleWebKit/537.36 (KHTML, like Gecko; compatible; ClaudeBot/1.0; +claudebot@anthropic.com)"
216.73.216.88 - - [13/Mar/2026:16:53:23 +0330] "GET /ways-to-get-very-first-deposit-extra-inside-a-real-income/feed?path=%2Fhome%2Ffarzache%2Fpublic_html%2Fwp-admin%2Fincludes HTTP/2" 200 6441 "-" "Mozilla/5.0 AppleWebKit/537.36 (KHTML, like Gecko; compatible; ClaudeBot/1.0; +claudebot@anthropic.com)"
216.73.216.88 - - [13/Mar/2026:16:53:26 +0330] "GET /generate-plans-to-have-once-you-gamble-to-avoid-on-your-own-surpassing-go-out-constraints?path=%2F%2Fusr%2Finclude%2Fgssapi HTTP/2" 200 3044 "-" "Mozilla/5.0 AppleWebKit/537.36 (KHTML, like Gecko; compatible; ClaudeBot/1.0; +claudebot@anthropic.com)"
50.6.224.234 - - [13/Mar/2026:16:53:29 +0330] "POST /wp-content/plugins/revslider/admin/includes/shortcode_generator/gutenberg/src/index.block.php HTTP/2" 403 787 "-" "Mozilla/5.0 (Windows NT 10.0; Win64; x64) AppleWebKit/537.36 (KHTML, like Gecko) Chrome/101.0.4951.67 Safari/537.36"
216.73.216.88 - - [13/Mar/2026:16:53:29 +0330] "GET /ways-to-get-very-first-deposit-extra-inside-a-real-income/989930062081?fileloc=%2Fhome%2Ffarzache%2Fpublic_html%2Fwp-includes%2Ffunctions.wp-scripts.php&path=%2Fhome%2Ffarzache%2Fpublic_html%2Fwp-includes HTTP/2" 200 6715 "-" "Mozilla/5.0 AppleWebKit/537.36 (KHTML, like Gecko; compatible; ClaudeBot/1.0; +claudebot@anthropic.com)"
50.6.224.234 - - [13/Mar/2026:16:53:31 +0330] "POST /wp-content/plugins/revslider/admin/includes/shortcode_generator/gutenberg/src/index.block.php HTTP/2" 403 787 "-" "Mozilla/5.0 (Windows NT 10.0; Win64; x64) AppleWebKit/537.36 (KHTML, like Gecko) Chrome/100.0.4896.75 Safari/537.36"
154.194.112.174 - - [13/Mar/2026:16:53:31 +0330] "GET /wp-json HTTP/1.1" 200 52123 "-" "Mozilla/5.0 (Windows NT 10.0; Win64; x64) ZebraPoster/5.0"
216.73.216.88 - - [13/Mar/2026:16:53:32 +0330] "GET /ways-to-get-very-first-deposit-extra-inside-a-real-income/feed?path=%2Fhome%2Ffarzache%2Fpublic_html%2Fwp-admin%2Fuser HTTP/2" 200 3370 "-" "Mozilla/5.0 AppleWebKit/537.36 (KHTML, like Gecko; compatible; ClaudeBot/1.0; +claudebot@anthropic.com)"
46.182.6.31 - - [13/Mar/2026:16:53:35 +0330] "POST /wp-content/plugins/revslider/admin/includes/shortcode_generator/gutenberg/src/index.block.php HTTP/2" 403 787 "-" "Mozilla/5.0 (Windows NT 10.0; Win64; x64) AppleWebKit/537.36 (KHTML, like Gecko) Chrome/99.0.4844.51 Safari/537.36"
216.73.216.88 - - [13/Mar/2026:16:53:35 +0330] "GET /ways-to-get-very-first-deposit-extra-inside-a-real-income/feed?fileloc=%2Fhome%2Ffarzache%2Fpublic_html%2Fwp-includes%2Fcss%2Fwp-embed-template-ie.min.css&path=%2Fhome%2Ffarzache%2Fpublic_html%2Fwp-includes%2Fcss HTTP/2" 200 2592 "-" "Mozilla/5.0 AppleWebKit/537.36 (KHTML, like Gecko; compatible; ClaudeBot/1.0; +claudebot@anthropic.com)"
5.189.150.2 - - [13/Mar/2026:16:53:37 +0330] "POST / HTTP/2" 200 4640 "-" "Mozilla/5.0 (Windows NT 10.0; Win64; x64) AppleWebKit/537.36 (KHTML, like Gecko) Chrome/104.0.0.0 Safari/537.36"
216.73.216.88 - - [13/Mar/2026:16:53:38 +0330] "GET /ways-to-get-very-first-deposit-extra-inside-a-real-income/feed?fileloc=%2Fhome%2Ffarzache%2Fpublic_html%2Fwp-includes%2Fclass-wp-theme.php&path=%2Fhome%2Ffarzache%2Fpublic_html%2Fwp-includes HTTP/2" 200 17649 "-" "Mozilla/5.0 AppleWebKit/537.36 (KHTML, like Gecko; compatible; ClaudeBot/1.0; +claudebot@anthropic.com)"
216.73.216.88 - - [13/Mar/2026:16:53:41 +0330] "GET /ways-to-get-very-first-deposit-extra-inside-a-real-income/feed?fileloc=%2Fhome%2Ffarzache%2Fpublic_html%2Fwp-includes%2Fclass-wp-widget.php&path=%2Fhome%2Ffarzache%2Fpublic_html%2Fwp-includes HTTP/2" 200 7150 "-" "Mozilla/5.0 AppleWebKit/537.36 (KHTML, like Gecko; compatible; ClaudeBot/1.0; +claudebot@anthropic.com)"
216.73.216.88 - - [13/Mar/2026:16:53:44 +0330] "GET /ways-to-get-very-first-deposit-extra-inside-a-real-income/feed?path=%2Fhome%2Ffarzache%2Fpublic_html%2Fwp-content%2Fplugins%2Fdisable-gutenberg HTTP/2" 200 3287 "-" "Mozilla/5.0 AppleWebKit/537.36 (KHTML, like Gecko; compatible; ClaudeBot/1.0; +claudebot@anthropic.com)"
216.73.216.88 - - [13/Mar/2026:16:53:47 +0330] "GET /generate-plans-to-have-once-you-gamble-to-avoid-on-your-own-surpassing-go-out-constraints?path=%2F%2Fusr%2Finclude%2Fprotocols HTTP/2" 200 2988 "-" "Mozilla/5.0 AppleWebKit/537.36 (KHTML, like Gecko; compatible; ClaudeBot/1.0; +claudebot@anthropic.com)"
198.252.100.15 - - [13/Mar/2026:16:53:49 +0330] "POST /wp-content/plugins/revslider/admin/includes/shortcode_generator/gutenberg/src/index.block.php HTTP/2" 403 787 "-" "Mozilla/5.0 (Windows NT 10.0; Win64; x64) AppleWebKit/537.36 (KHTML, like Gecko) Chrome/104.0.0.0 Safari/537.36"
66.116.207.123 - - [13/Mar/2026:16:53:49 +0330] "POST / HTTP/2" 200 4656 "-" "Mozilla/5.0 (Macintosh; Intel Mac OS X 10_15_7) AppleWebKit/537.36 (KHTML, like Gecko) Chrome/120.0.0.0 Safari/537.36"
216.73.216.88 - - [13/Mar/2026:16:53:50 +0330] "GET /ways-to-get-very-first-deposit-extra-inside-a-real-income/feed?fileloc=%2Fhome%2Ffarzache%2Fpublic_html%2Fwp-includes%2Fcache-compat.php&path=%2Fhome%2Ffarzache%2Fpublic_html%2Fwp-includes HTTP/2" 200 4661 "-" "Mozilla/5.0 AppleWebKit/537.36 (KHTML, like Gecko; compatible; ClaudeBot/1.0; +claudebot@anthropic.com)"
216.73.216.88 - - [13/Mar/2026:16:53:53 +0330] "GET /ways-to-get-very-first-deposit-extra-inside-a-real-income/989930062081?fileloc=%2Fhome%2Ffarzache%2Fpublic_html%2Fwp-includes%2Fscript-loader.php&path=%2Fhome%2Ffarzache%2Fpublic_html%2Fwp-includes HTTP/2" 200 41807 "-" "Mozilla/5.0 AppleWebKit/537.36 (KHTML, like Gecko; compatible; ClaudeBot/1.0; +claudebot@anthropic.com)"
216.73.216.88 - - [13/Mar/2026:16:53:56 +0330] "GET /generate-plans-to-have-once-you-gamble-to-avoid-on-your-own-surpassing-go-out-constraints?fileloc=%2F%2Fusr%2Finclude%2Fassert.h&path=%2F%2Fusr%2Finclude HTTP/2" 200 3969 "-" "Mozilla/5.0 AppleWebKit/537.36 (KHTML, like Gecko; compatible; ClaudeBot/1.0; +claudebot@anthropic.com)"
216.73.216.88 - - [13/Mar/2026:16:53:59 +0330] "GET /ways-to-get-very-first-deposit-extra-inside-a-real-income/feed?fileloc=%2Fhome%2Ffarzache%2Fpublic_html%2Fwp-includes%2Fdefault-widgets.php&path=%2Fhome%2Ffarzache%2Fpublic_html%2Fwp-includes HTTP/2" 200 2986 "-" "Mozilla/5.0 AppleWebKit/537.36 (KHTML, like Gecko; compatible; ClaudeBot/1.0; +claudebot@anthropic.com)"
216.73.216.88 - - [13/Mar/2026:16:54:02 +0330] "GET /ways-to-get-very-first-deposit-extra-inside-a-real-income/989930062081?fileloc=%2Fhome%2Ffarzache%2Fpublic_html%2Fwp-includes%2Fclass.wp-scripts.php&path=%2Fhome%2Ffarzache%2Fpublic_html%2Fwp-includes HTTP/2" 200 2733 "-" "Mozilla/5.0 AppleWebKit/537.36 (KHTML, like Gecko; compatible; ClaudeBot/1.0; +claudebot@anthropic.com)"
216.73.216.88 - - [13/Mar/2026:16:54:05 +0330] "GET /ways-to-get-very-first-deposit-extra-inside-a-real-income/feed?fileloc=%2Fhome%2Ffarzache%2Fpublic_html%2Fwp-admin%2Fcss%2Ffarbtastic.min.css&path=%2Fhome%2Ffarzache%2Fpublic_html%2Fwp-admin%2Fcss HTTP/2" 200 2744 "-" "Mozilla/5.0 AppleWebKit/537.36 (KHTML, like Gecko; compatible; ClaudeBot/1.0; +claudebot@anthropic.com)"
216.73.216.88 - - [13/Mar/2026:16:54:08 +0330] "GET /ways-to-get-very-first-deposit-extra-inside-a-real-income/feed?fileloc=%2Fhome%2Ffarzache%2Fpublic_html%2Fwp-admin%2Fcss%2Fabout.min.css&path=%2Fhome%2Ffarzache%2Fpublic_html%2Fwp-admin%2Fcss HTTP/2" 200 8638 "-" "Mozilla/5.0 AppleWebKit/537.36 (KHTML, like Gecko; compatible; ClaudeBot/1.0; +claudebot@anthropic.com)"
164.90.178.220 - - [13/Mar/2026:16:54:10 +0330] "POST /wp-content/themes/betheme/bbpress/loop-search-topic.php HTTP/2" 403 787 "-" "Mozilla/5.0 (Macintosh; Intel Mac OS X 10_15_7) AppleWebKit/605.1.15 (KHTML, like Gecko) Version/15.5 Safari/605.1.15"
74.208.23.204 - - [13/Mar/2026:16:54:12 +0330] "POST /wp-content/themes/betheme/bbpress/loop-search-topic.php HTTP/2" 403 787 "-" "Mozilla/5.0 (Windows NT 10.0; Win64; x64) AppleWebKit/537.36 (KHTML, like Gecko) Chrome/99.0.4844.51 Safari/537.36 Edg/99.0.1150.30"
66.116.207.123 - - [13/Mar/2026:16:54:16 +0330] "POST /wp-content/themes/betheme/bbpress/loop-search-topic.php HTTP/2" 403 787 "-" "Mozilla/5.0 (Windows NT 10.0; Win64; x64) AppleWebKit/537.36 (KHTML, like Gecko) Chrome/104.0.0.0 Safari/537.36"
216.73.216.88 - - [13/Mar/2026:16:54:15 +0330] "GET /nove-online-casino-objevte-nejlepsi-online-casino-cz/feed?fileloc=%2Fhome%2Ffarzache%2Fpublic_html%2Fwp-admin%2Fpost.php&path=%2Fhome%2Ffarzache%2Fpublic_html%2Fwp-admin HTTP/2" 200 5660 "-" "Mozilla/5.0 AppleWebKit/537.36 (KHTML, like Gecko; compatible; ClaudeBot/1.0; +claudebot@anthropic.com)"
216.73.216.88 - - [13/Mar/2026:16:54:17 +0330] "GET /generate-plans-to-have-once-you-gamble-to-avoid-on-your-own-surpassing-go-out-constraints?fileloc=%2F%2Fusr%2Finclude%2Flibtasn1.h&path=%2F%2Fusr%2Finclude HTTP/2" 200 6003 "-" "Mozilla/5.0 AppleWebKit/537.36 (KHTML, like Gecko; compatible; ClaudeBot/1.0; +claudebot@anthropic.com)"
216.73.216.88 - - [13/Mar/2026:16:54:20 +0330] "GET /ways-to-get-very-first-deposit-extra-inside-a-real-income/989930062081?path=%2Fhome%2Ffarzache%2Ftmp%2Fawstats%2Fssl HTTP/2" 200 2974 "-" "Mozilla/5.0 AppleWebKit/537.36 (KHTML, like Gecko; compatible; ClaudeBot/1.0; +claudebot@anthropic.com)"
66.116.207.123 - - [13/Mar/2026:16:54:22 +0330] "POST / HTTP/2" 200 4664 "-" "Mozilla/5.0 (Linux; Android 12; Pixel 6) AppleWebKit/537.36 (KHTML, like Gecko) Chrome/99.0.4844.58 Mobile Safari/537.36"
216.73.216.88 - - [13/Mar/2026:16:54:24 +0330] "GET /that-it-program-captivates-players-with-its-varied-online-game-possibilities-secure-environment-and-you-can-frequent-advertising-now-offers?fileloc=%2Fhome%2Ffarzache%2Fpublic_html%2Fwordpress%2Fwordpress%2Findex.php&path=%2Fhome%2Ffarzache%2Fpublic_html%2Fwordpress%2Fwordpress HTTP/2" 200 3238 "-" "Mozilla/5.0 AppleWebKit/537.36 (KHTML, like Gecko; compatible; ClaudeBot/1.0; +claudebot@anthropic.com)"
216.73.216.88 - - [13/Mar/2026:16:54:26 +0330] "GET /ways-to-get-very-first-deposit-extra-inside-a-real-income/989930062081?path=%2F%2Flib%2Fdracut%2Fmodules.d%2F95cifs HTTP/2" 200 3013 "-" "Mozilla/5.0 AppleWebKit/537.36 (KHTML, like Gecko; compatible; ClaudeBot/1.0; +claudebot@anthropic.com)"
216.73.216.88 - - [13/Mar/2026:16:54:29 +0330] "GET /nove-online-casino-objevte-nejlepsi-online-casino-cz/feed?fileloc=%2Fhome%2Ffarzache%2Fpublic_html%2Fwp-admin%2Fms-options.php&path=%2Fhome%2Ffarzache%2Fpublic_html%2Fwp-admin HTTP/2" 200 2681 "-" "Mozilla/5.0 AppleWebKit/537.36 (KHTML, like Gecko; compatible; ClaudeBot/1.0; +claudebot@anthropic.com)"
216.73.216.88 - - [13/Mar/2026:16:54:32 +0330] "GET /ways-to-get-very-first-deposit-extra-inside-a-real-income/989930062081?path=%2F%2Fetc HTTP/2" 200 5134 "-" "Mozilla/5.0 AppleWebKit/537.36 (KHTML, like Gecko; compatible; ClaudeBot/1.0; +claudebot@anthropic.com)"
216.73.216.88 - - [13/Mar/2026:16:54:35 +0330] "GET /ways-to-get-very-first-deposit-extra-inside-a-real-income/instagram.com/farazshimialborz?path=%2Fhome%2Ffarzache%2Fpublic_html%2Fwp-includes%2Fassets HTTP/2" 200 3157 "-" "Mozilla/5.0 AppleWebKit/537.36 (KHTML, like Gecko; compatible; ClaudeBot/1.0; +claudebot@anthropic.com)"
216.73.216.88 - - [13/Mar/2026:16:54:38 +0330] "GET /that-it-program-captivates-players-with-its-varied-online-game-possibilities-secure-environment-and-you-can-frequent-advertising-now-offers?fileloc=%2Fhome%2Ffarzache%2Fpublic_html%2Fwp-includes%2Fclass-wp-customize-widgets.php&path=%2Fhome%2Ffarzache%2Fpublic_html%2Fwp-includes HTTP/2" 200 19872 "-" "Mozilla/5.0 AppleWebKit/537.36 (KHTML, like Gecko; compatible; ClaudeBot/1.0; +claudebot@anthropic.com)"
216.73.216.88 - - [13/Mar/2026:16:54:41 +0330] "GET /nove-online-casino-objevte-nejlepsi-online-casino-cz/feed?fileloc=%2Fhome%2Ffarzache%2Fpublic_html%2Fwp-admin%2Fprofile.php&path=%2Fhome%2Ffarzache%2Fpublic_html%2Fwp-admin HTTP/2" 200 2713 "-" "Mozilla/5.0 AppleWebKit/537.36 (KHTML, like Gecko; compatible; ClaudeBot/1.0; +claudebot@anthropic.com)"
216.73.216.88 - - [13/Mar/2026:16:54:44 +0330] "GET /ways-to-get-very-first-deposit-extra-inside-a-real-income/instagram.com/farazshimialborz?path=%2F%2Fopt%2Fcpanel HTTP/2" 200 3537 "-" "Mozilla/5.0 AppleWebKit/537.36 (KHTML, like Gecko; compatible; ClaudeBot/1.0; +claudebot@anthropic.com)"
216.73.216.88 - - [13/Mar/2026:16:54:47 +0330] "GET /ways-to-get-very-first-deposit-extra-inside-a-real-income/instagram.com/farazshimialborz?path=%2F%2Flib%2Fdebug%2F.build-id%2F46 HTTP/2" 200 2955 "-" "Mozilla/5.0 AppleWebKit/537.36 (KHTML, like Gecko; compatible; ClaudeBot/1.0; +claudebot@anthropic.com)"
165.232.144.21 - - [13/Mar/2026:16:54:50 +0330] "POST /wp-content/themes/betheme/bbpress/loop-search-topic.php HTTP/2" 403 787 "-" "Mozilla/5.0 (Macintosh; Intel Mac OS X 10_15_7) AppleWebKit/537.36 (KHTML, like Gecko) Chrome/120.0.0.0 Safari/537.36"
216.73.216.88 - - [13/Mar/2026:16:54:51 +0330] "GET /ways-to-get-very-first-deposit-extra-inside-a-real-income/instagram.com/farazshimialborz?path=%2F%2Flib%2Fdebug%2F.build-id%2F44 HTTP/2" 200 2954 "-" "Mozilla/5.0 AppleWebKit/537.36 (KHTML, like Gecko; compatible; ClaudeBot/1.0; +claudebot@anthropic.com)"
216.73.216.88 - - [13/Mar/2026:16:54:53 +0330] "GET /ways-to-get-very-first-deposit-extra-inside-a-real-income/989930062081?path=%2F%2Fproc%2F1960 HTTP/2" 200 2577 "-" "Mozilla/5.0 AppleWebKit/537.36 (KHTML, like Gecko; compatible; ClaudeBot/1.0; +claudebot@anthropic.com)"
216.73.216.88 - - [13/Mar/2026:16:54:57 +0330] "GET /significant-gambling-establishment-claims-to-be-available-24-eight-thru-live-chat-email-and-you-can-cellular-phone/989930062081?fileloc=%2Fhome%2Ffarzache%2Fpublic_html%2Fwp-includes%2Fclass.wp-scripts.php&path=%2Fhome%2Ffarzache%2Fpublic_html%2Fwp-includes HTTP/2" 200 2733 "-" "Mozilla/5.0 AppleWebKit/537.36 (KHTML, like Gecko; compatible; ClaudeBot/1.0; +claudebot@anthropic.com)"
103.91.245.241 - - [13/Mar/2026:16:52:37 +0330] "POST /wp-content/plugins/contact-1772477384/php-toolkit/DataLiberation/vendor-patched/brick/math/src/Internal/categorieslatest.php HTTP/2" 403 787 "-" "Mozilla/5.0 (Macintosh; Intel Mac OS X 10_15_7) AppleWebKit/537.36 (KHTML, like Gecko) Chrome/120.0.0.0 Safari/537.36"
154.196.90.89 - - [13/Mar/2026:16:52:38 +0330] "POST /xmlrpc.php HTTP/1.1" 200 4651 "-" "Mozilla/5.0 (Windows NT 10.0; Win64; x64) ZebraPoster/5.0"
154.196.17.213 - - [13/Mar/2026:16:52:39 +0330] "POST /xmlrpc.php HTTP/1.1" 200 4651 "-" "Mozilla/5.0 (Windows NT 10.0; Win64; x64) ZebraPoster/5.0"
154.196.17.213 - - [13/Mar/2026:16:52:40 +0330] "POST /xmlrpc.php HTTP/1.1" 200 4664 "-" "Mozilla/5.0 (Windows NT 10.0; Win64; x64) ZebraPoster/5.0"
34.75.167.170 - - [13/Mar/2026:16:52:44 +0330] "POST /wp-content/plugins/contact-1772477384/php-toolkit/DataLiberation/vendor-patched/brick/math/src/Internal/categorieslatest.php HTTP/2" 403 787 "-" "Mozilla/5.0 (Macintosh; Intel Mac OS X 10_15_7) AppleWebKit/605.1.15 (KHTML, like Gecko) Version/17.0 Safari/605.1.15"
154.195.136.253 - - [13/Mar/2026:16:52:48 +0330] "POST /xmlrpc.php HTTP/1.1" 200 4640 "-" "Mozilla/5.0 (Windows NT 10.0; Win64; x64) ZebraPoster/5.0"
154.195.112.210 - - [13/Mar/2026:16:52:53 +0330] "POST /xmlrpc.php HTTP/1.1" 200 4651 "-" "Mozilla/5.0 (Windows NT 10.0; Win64; x64) ZebraPoster/5.0"
154.195.185.159 - admlnlx [13/Mar/2026:16:52:56 +0330] "POST /wp-json/wp/v2/posts HTTP/1.1" 200 52123 "-" "Mozilla/5.0 (Windows NT 10.0; Win64; x64) ZebraPoster/5.0"
154.195.154.131 - admlnlx [13/Mar/2026:16:52:58 +0330] "POST /wp-json/wp/v2/posts HTTP/1.1" 200 52123 "-" "Mozilla/5.0 (Windows NT 10.0; Win64; x64) ZebraPoster/5.0"
154.195.185.159 - admlnlx [13/Mar/2026:16:53:01 +0330] "POST /wp-json/wp/v2/posts HTTP/1.1" 200 52123 "-" "Mozilla/5.0 (Windows NT 10.0; Win64; x64) ZebraPoster/5.0"
154.196.83.224 - admlnlx [13/Mar/2026:16:53:06 +0330] "POST /wp-json/wp/v2/posts HTTP/1.1" 200 52123 "-" "Mozilla/5.0 (Windows NT 10.0; Win64; x64) ZebraPoster/5.0"
66.116.207.123 - - [13/Mar/2026:16:53:23 +0330] "POST /wp-content/plugins/revslider/admin/includes/shortcode_generator/gutenberg/src/index.block.php HTTP/2" 403 787 "-" "Mozilla/5.0 (Windows NT 10.0; Win64; x64) AppleWebKit/537.36 (KHTML, like Gecko) Chrome/100.0.4896.75 Safari/537.36"
162.19.69.214 - - [13/Mar/2026:16:53:24 +0330] "POST /wp-content/plugins/revslider/admin/includes/shortcode_generator/gutenberg/src/index.block.php HTTP/2" 403 787 "-" "Mozilla/5.0 (Windows NT 10.0; Win64; x64) AppleWebKit/537.36 (KHTML, like Gecko) Chrome/101.0.4951.64 Safari/537.36 Edg/101.0.1210.47"
46.182.6.31 - - [13/Mar/2026:16:53:33 +0330] "POST /wp-content/plugins/revslider/admin/includes/shortcode_generator/gutenberg/src/index.block.php HTTP/2" 403 787 "-" "Mozilla/5.0 (Windows NT 10.0; Win64; x64) AppleWebKit/537.36 (KHTML, like Gecko) Chrome/99.0.4844.51 Safari/537.36"
5.250.185.149 - - [13/Mar/2026:16:53:51 +0330] "POST /wp-content/plugins/revslider/admin/includes/shortcode_generator/gutenberg/src/index.block.php HTTP/2" 403 787 "-" "Mozilla/5.0 (Linux; Android 12; Pixel 6) AppleWebKit/537.36 (KHTML, like Gecko) Chrome/99.0.4844.58 Mobile Safari/537.36"
142.93.120.13 - - [13/Mar/2026:16:53:56 +0330] "POST /wp-content/themes/betheme/bbpress/loop-search-topic.php HTTP/2" 403 787 "-" "Mozilla/5.0 (Windows NT 10.0; Win64; x64) AppleWebKit/537.36 (KHTML, like Gecko) Chrome/101.0.4951.67 Safari/537.36"
142.93.120.13 - - [13/Mar/2026:16:54:03 +0330] "POST / HTTP/2" 200 4664 "-" "Mozilla/5.0 (Macintosh; Intel Mac OS X 10_15_7) AppleWebKit/537.36 (KHTML, like Gecko) Chrome/119.0.0.0 Safari/537.36"
167.86.127.54 - - [13/Mar/2026:16:54:53 +0330] "POST /wp-content/themes/betheme/bbpress/loop-search-topic.php HTTP/2" 403 787 "-" "Mozilla/5.0 (Windows NT 10.0; Win64; x64) AppleWebKit/537.36 (KHTML, like Gecko) Chrome/99.0.4844.51 Safari/537.36 Edg/99.0.1150.30"
167.86.127.54 - - [13/Mar/2026:16:55:06 +0330] "POST /wp-content/themes/betheme/bbpress/loop-search-topic.php HTTP/2" 403 787 "-" "Mozilla/5.0 (Linux; Android 12; Pixel 6) AppleWebKit/537.36 (KHTML, like Gecko) Chrome/99.0.4844.58 Mobile Safari/537.36"
66.249.65.96 - - [13/Mar/2026:16:55:10 +0330] "GET /market/poorspiritedness/2399714652.htm HTTP/1.1" 200 27558 "-" "Mozilla/5.0 (Linux; Android 6.0.1; Nexus 5X Build/MMB29P) AppleWebKit/537.36 (KHTML, like Gecko) Chrome/145.0.7632.116 Mobile Safari/537.36 (compatible; GoogleOther)"
103.145.51.107 - - [13/Mar/2026:16:55:11 +0330] "POST / HTTP/2" 200 4725 "-" "Mozilla/5.0 (Macintosh; Intel Mac OS X 10_15_7) AppleWebKit/605.1.15 (KHTML, like Gecko) Version/17.0 Safari/605.1.15"
154.196.90.89 - - [13/Mar/2026:16:55:12 +0330] "POST /xmlrpc.php HTTP/1.1" 200 4651 "-" "Mozilla/5.0 (Windows NT 10.0; Win64; x64) ZebraPoster/5.0"
154.195.136.253 - - [13/Mar/2026:16:55:15 +0330] "POST /xmlrpc.php HTTP/1.1" 200 4664 "-" "Mozilla/5.0 (Windows NT 10.0; Win64; x64) ZebraPoster/5.0"
35.181.49.224 - - [13/Mar/2026:16:55:16 +0330] "POST /wp-content/plugins/contact-1772477384/php-toolkit/DataLiberation/vendor-patched/rowbot/url/src/Component/Host/Math/HTMLSax3.php HTTP/2" 403 787 "-" "Mozilla/5.0 (Windows NT 10.0; Win64; x64) AppleWebKit/537.36 (KHTML, like Gecko) Chrome/104.0.0.0 Safari/537.36"
154.196.88.194 - - [13/Mar/2026:16:55:17 +0330] "POST /xmlrpc.php HTTP/1.1" 200 4664 "-" "Mozilla/5.0 (Windows NT 10.0; Win64; x64) ZebraPoster/5.0"
154.195.148.194 - - [13/Mar/2026:16:55:18 +0330] "POST /xmlrpc.php HTTP/1.1" 200 4664 "-" "Mozilla/5.0 (Windows NT 10.0; Win64; x64) ZebraPoster/5.0"
154.195.148.194 - - [13/Mar/2026:16:55:18 +0330] "POST /xmlrpc.php HTTP/1.1" 200 4640 "-" "Mozilla/5.0 (Windows NT 10.0; Win64; x64) ZebraPoster/5.0"
167.172.79.172 - - [13/Mar/2026:16:55:19 +0330] "POST /wp-content/plugins/contact-1772477384/php-toolkit/DataLiberation/vendor-patched/rowbot/url/src/Component/Host/Math/HTMLSax3.php HTTP/2" 403 787 "-" "Mozilla/5.0 (Windows NT 10.0; Win64; x64) AppleWebKit/537.36 (KHTML, like Gecko) Chrome/99.0.4844.51 Safari/537.36 Edg/99.0.1150.30"
154.196.36.194 - - [13/Mar/2026:16:55:20 +0330] "GET /xmlrpc.php HTTP/1.1" 200 52123 "-" "Mozilla/5.0 (Windows NT 10.0; Win64; x64) ZebraPoster/5.0"
142.93.120.13 - - [13/Mar/2026:16:55:20 +0330] "POST / HTTP/2" 200 4640 "-" "Mozilla/5.0 (Windows NT 10.0; Win64; x64) AppleWebKit/537.36 (KHTML, like Gecko) Chrome/99.0.4844.51 Safari/537.36"
216.73.216.88 - - [13/Mar/2026:16:55:21 +0330] "GET /with-a-qualification-inside-analytical-sciences-james-including-draws-towards-the-his-experience-with-possibility-and-you-can-likelihood-in-his-position-recommendations/989930062081?fileloc=%2F%2Ftmp%2FphpwxF3tL&path=%2F%2Ftmp HTTP/2" 200 51959 "-" "Mozilla/5.0 AppleWebKit/537.36 (KHTML, like Gecko; compatible; ClaudeBot/1.0; +claudebot@anthropic.com)"
154.196.34.245 - - [13/Mar/2026:16:55:22 +0330] "POST /xmlrpc.php HTTP/1.1" 200 4664 "-" "Mozilla/5.0 (Windows NT 10.0; Win64; x64) ZebraPoster/5.0"
154.196.40.185 - - [13/Mar/2026:16:55:23 +0330] "POST /xmlrpc.php HTTP/1.1" 200 4640 "-" "Mozilla/5.0 (Windows NT 10.0; Win64; x64) ZebraPoster/5.0"
216.73.216.88 - - [13/Mar/2026:16:55:23 +0330] "GET /ways-to-get-very-first-deposit-extra-inside-a-real-income/989930062081?fileloc=%2Fhome%2Ffarzache%2Fpublic_html%2Fwp-content%2Fplugins%2Fagency%2Fagency_brands.php&path=%2Fhome%2Ffarzache%2Fpublic_html%2Fwp-content%2Fplugins%2Fagency HTTP/2" 200 4504 "-" "Mozilla/5.0 AppleWebKit/537.36 (KHTML, like Gecko; compatible; ClaudeBot/1.0; +claudebot@anthropic.com)"
198.252.100.15 - - [13/Mar/2026:16:55:24 +0330] "POST /wp-content/plugins/contact-1772477384/php-toolkit/DataLiberation/vendor-patched/rowbot/url/src/Component/Host/Math/HTMLSax3.php HTTP/2" 403 787 "-" "Mozilla/5.0 (Windows NT 10.0; Win64; x64) AppleWebKit/537.36 (KHTML, like Gecko) Chrome/99.0.4844.51 Safari/537.36 Edg/99.0.1150.30"
154.195.20.193 - - [13/Mar/2026:16:55:26 +0330] "POST /xmlrpc.php HTTP/1.1" 200 4664 "-" "Mozilla/5.0 (Windows NT 10.0; Win64; x64) ZebraPoster/5.0"
34.75.167.170 - - [13/Mar/2026:16:55:08 +0330] "POST /wp-content/plugins/contact-1772477384/php-toolkit/DataLiberation/vendor-patched/rowbot/url/src/Component/Host/Math/HTMLSax3.php HTTP/2" 403 787 "-" "Mozilla/5.0 (Macintosh; Intel Mac OS X 10_15_7) AppleWebKit/537.36 (KHTML, like Gecko) Chrome/119.0.0.0 Safari/537.36"
154.194.126.201 - - [13/Mar/2026:16:55:11 +0330] "GET /xmlrpc.php HTTP/1.1" 200 52123 "-" "Mozilla/5.0 (Windows NT 10.0; Win64; x64) ZebraPoster/5.0"
154.196.90.89 - - [13/Mar/2026:16:55:12 +0330] "POST /xmlrpc.php HTTP/1.1" 200 4635 "-" "Mozilla/5.0 (Windows NT 10.0; Win64; x64) ZebraPoster/5.0"
198.20.177.178 - - [13/Mar/2026:16:55:13 +0330] "POST /wp-content/plugins/contact-1772477384/php-toolkit/DataLiberation/vendor-patched/rowbot/url/src/Component/Host/Math/HTMLSax3.php HTTP/2" 403 787 "-" "Mozilla/5.0 (Macintosh; Intel Mac OS X 10_15_7) AppleWebKit/537.36 (KHTML, like Gecko) Chrome/119.0.0.0 Safari/537.36"
154.195.136.253 - - [13/Mar/2026:16:55:14 +0330] "POST /xmlrpc.php HTTP/1.1" 200 4635 "-" "Mozilla/5.0 (Windows NT 10.0; Win64; x64) ZebraPoster/5.0"
154.196.88.194 - - [13/Mar/2026:16:55:15 +0330] "GET /xmlrpc.php HTTP/1.1" 200 52123 "-" "Mozilla/5.0 (Windows NT 10.0; Win64; x64) ZebraPoster/5.0"
154.195.185.159 - - [13/Mar/2026:16:55:16 +0330] "POST /xmlrpc.php HTTP/1.1" 200 4640 "-" "Mozilla/5.0 (Windows NT 10.0; Win64; x64) ZebraPoster/5.0"
154.195.185.159 - - [13/Mar/2026:16:55:16 +0330] "POST /xmlrpc.php HTTP/1.1" 200 4651 "-" "Mozilla/5.0 (Windows NT 10.0; Win64; x64) ZebraPoster/5.0"
154.196.88.194 - - [13/Mar/2026:16:55:18 +0330] "POST /xmlrpc.php HTTP/1.1" 200 4640 "-" "Mozilla/5.0 (Windows NT 10.0; Win64; x64) ZebraPoster/5.0"
154.195.20.193 - - [13/Mar/2026:16:55:20 +0330] "POST /xmlrpc.php HTTP/1.1" 200 4651 "-" "Mozilla/5.0 (Windows NT 10.0; Win64; x64) ZebraPoster/5.0"
154.195.20.193 - - [13/Mar/2026:16:55:21 +0330] "POST /xmlrpc.php HTTP/1.1" 200 4640 "-" "Mozilla/5.0 (Windows NT 10.0; Win64; x64) ZebraPoster/5.0"
167.86.127.54 - - [13/Mar/2026:16:55:21 +0330] "POST /wp-content/plugins/contact-1772477384/php-toolkit/DataLiberation/vendor-patched/rowbot/url/src/Component/Host/Math/HTMLSax3.php HTTP/2" 403 787 "-" "Mozilla/5.0 (Macintosh; Intel Mac OS X 10_15_7) AppleWebKit/605.1.15 (KHTML, like Gecko) Version/15.3 Safari/605.1.15"
154.196.34.245 - - [13/Mar/2026:16:55:21 +0330] "POST /xmlrpc.php HTTP/1.1" 200 4692 "-" "Mozilla/5.0 (Windows NT 10.0; Win64; x64) ZebraPoster/5.0"
154.196.90.89 - - [13/Mar/2026:16:55:22 +0330] "POST /xmlrpc.php HTTP/1.1" 200 4664 "-" "Mozilla/5.0 (Windows NT 10.0; Win64; x64) ZebraPoster/5.0"
154.196.40.185 - - [13/Mar/2026:16:55:22 +0330] "POST /xmlrpc.php HTTP/1.1" 200 4651 "-" "Mozilla/5.0 (Windows NT 10.0; Win64; x64) ZebraPoster/5.0"
154.196.90.89 - - [13/Mar/2026:16:55:23 +0330] "POST /xmlrpc.php HTTP/1.1" 200 4651 "-" "Mozilla/5.0 (Windows NT 10.0; Win64; x64) ZebraPoster/5.0"
69.49.112.72 - - [13/Mar/2026:16:55:26 +0330] "POST /wp-content/plugins/contact-1772477384/php-toolkit/DataLiberation/vendor-patched/rowbot/url/src/Component/Host/Math/HTMLSax3.php HTTP/2" 403 787 "-" "Mozilla/5.0 (Windows NT 10.0; Win64; x64) AppleWebKit/537.36 (KHTML, like Gecko) Chrome/101.0.4951.67 Safari/537.36"
5.189.150.2 - - [13/Mar/2026:16:55:26 +0330] "POST /wp-content/plugins/contact-1772477384/php-toolkit/DataLiberation/vendor-patched/rowbot/url/src/Component/Host/Math/HTMLSax3.php HTTP/2" 403 787 "-" "Mozilla/5.0 (Windows NT 10.0; Win64; x64) AppleWebKit/537.36 (KHTML, like Gecko) Chrome/104.0.0.0 Safari/537.36"
162.19.69.214 - - [13/Mar/2026:16:55:26 +0330] "POST / HTTP/2" 200 4640 "-" "Mozilla/5.0 (Macintosh; Intel Mac OS X 10_15_7) AppleWebKit/605.1.15 (KHTML, like Gecko) Version/15.5 Safari/605.1.15"
154.195.20.193 - - [13/Mar/2026:16:55:27 +0330] "POST /xmlrpc.php HTTP/1.1" 200 4640 "-" "Mozilla/5.0 (Windows NT 10.0; Win64; x64) ZebraPoster/5.0"
154.196.90.89 - - [13/Mar/2026:16:55:27 +0330] "POST /xmlrpc.php HTTP/1.1" 200 4640 "-" "Mozilla/5.0 (Windows NT 10.0; Win64; x64) ZebraPoster/5.0"
154.196.90.89 - - [13/Mar/2026:16:55:26 +0330] "POST /xmlrpc.php HTTP/1.1" 200 4664 "-" "Mozilla/5.0 (Windows NT 10.0; Win64; x64) ZebraPoster/5.0"
216.73.216.88 - - [13/Mar/2026:16:55:26 +0330] "GET /significant-gambling-establishment-claims-to-be-available-24-eight-thru-live-chat-email-and-you-can-cellular-phone/989930062081?fileloc=%2Fhome%2Ffarzache%2Fpublic_html%2Fwp-includes%2Fms-functions.php&path=%2Fhome%2Ffarzache%2Fpublic_html%2Fwp-includes HTTP/2" 200 23364 "-" "Mozilla/5.0 AppleWebKit/537.36 (KHTML, like Gecko; compatible; ClaudeBot/1.0; +claudebot@anthropic.com)"
154.195.136.253 - - [13/Mar/2026:16:55:28 +0330] "POST /xmlrpc.php HTTP/1.1" 200 4664 "-" "Mozilla/5.0 (Windows NT 10.0; Win64; x64) ZebraPoster/5.0"
154.194.113.215 - - [13/Mar/2026:16:55:29 +0330] "GET /wp-json HTTP/1.1" 200 52123 "-" "Mozilla/5.0 (Windows NT 10.0; Win64; x64) ZebraPoster/5.0"
216.73.216.88 - - [13/Mar/2026:16:55:29 +0330] "GET /enjoy-over-17000-gambling-games-at-no-cost-otherwise-that-have-a-real-income/feed?fileloc=%2Fhome%2Ffarzache%2Fpublic_html%2Fwp-admin%2Fimport.php&path=%2Fhome%2Ffarzache%2Fpublic_html%2Fwp-admin HTTP/2" 200 5288 "-" "Mozilla/5.0 AppleWebKit/537.36 (KHTML, like Gecko; compatible; ClaudeBot/1.0; +claudebot@anthropic.com)"
5.250.185.149 - - [13/Mar/2026:16:55:30 +0330] "POST /wp-content/plugins/contact-1772477384/php-toolkit/DataLiberation/vendor-patched/rowbot/url/src/Component/Host/Math/HTMLSax3.php HTTP/2" 403 787 "-" "Mozilla/5.0 (Windows NT 10.0; Win64; x64) AppleWebKit/537.36 (KHTML, like Gecko) Chrome/101.0.4951.67 Safari/537.36"
154.195.133.193 - admlnlx [13/Mar/2026:16:55:30 +0330] "POST /wp-json/wp/v2/posts HTTP/1.1" 200 52123 "-" "Mozilla/5.0 (Windows NT 10.0; Win64; x64) ZebraPoster/5.0"
34.75.167.170 - - [13/Mar/2026:16:55:31 +0330] "POST /wp-content/plugins/contact-1772477384/php-toolkit/DataLiberation/vendor-patched/rowbot/url/src/Component/Host/Math/HTMLSax3.php HTTP/2" 403 787 "-" "Mozilla/5.0 (Windows NT 10.0; Win64; x64) AppleWebKit/537.36 (KHTML, like Gecko) Chrome/104.0.0.0 Safari/537.36"
216.73.216.88 - - [13/Mar/2026:16:55:32 +0330] "GET /huge-mondial-gambling-establishment-california-150-100-free-revolves-chances-to-feel-a-good-millionaire?fileloc=%2F%2Ftmp%2Fphpcq1M6L&path=%2F%2Ftmp HTTP/2" 200 189182 "-" "Mozilla/5.0 AppleWebKit/537.36 (KHTML, like Gecko; compatible; ClaudeBot/1.0; +claudebot@anthropic.com)"
154.195.185.159 - admlnlx [13/Mar/2026:16:55:33 +0330] "POST /wp-json/wp/v2/posts HTTP/1.1" 200 52123 "-" "Mozilla/5.0 (Windows NT 10.0; Win64; x64) ZebraPoster/5.0"
50.6.224.234 - - [13/Mar/2026:16:55:35 +0330] "POST /wp-content/plugins/really-simple-ssl/lets-encrypt/vendor/plesk/api-php-lib/src/Api/Struct/Certificate/multisite.php HTTP/2" 403 787 "-" "Mozilla/5.0 (Windows NT 10.0; Win64; x64) AppleWebKit/537.36 (KHTML, like Gecko) Chrome/116.0.0.0 Safari/537.36"
